Back
From: metabase:user:d2c9f356-b46f-11df-9a90-20a83c0b7757
Subject: FAIL Class-DBI-Sweet-0.08 v5.14.4 SunOS/Solaris
Date: 2013-04-30T18:24:24Z
This distribution has been tested as part of the CPAN Testers
project, supporting the Perl programming language. See
http://wiki.cpantesters.org/ for more information or email
questions to cpan-testers-discuss@perl.org
--
Dear Marcus Ramberg,
This is a computer-generated report for Class-DBI-Sweet-0.08
on perl 5.14.4, created by CPAN-Reporter-1.2010.
Thank you for uploading your work to CPAN. However, there was a problem
testing your distribution.
If you think this report is invalid, please consult the CPAN Testers Wiki
for suggestions on how to avoid getting FAIL reports for missing library
or binary dependencies, unsupported operating systems, and so on:
http://wiki.cpantesters.org/wiki/CPANAuthorNotes
Sections of this report:
* Tester comments
* Program output
* Prerequisites
* Environment and other context
------------------------------
TESTER COMMENTS
------------------------------
Additional comments from tester:
this report is from an automated smoke testing program
and was not reviewed by a human for accuracy
------------------------------
PROGRAM OUTPUT
------------------------------
Output from './Build test':
t/01use.t ................................ ok
t/02pod.t ................................ skipped: set TEST_POD to enable this test
t/03podcoverage.t ........................ skipped: set TEST_POD to enable this test
Can't use string ("5/8") as a HASH ref while "strict refs" in use at /export/home/cpant2/.cpan/build/Class-DBI-Sweet-0.08-wMavgR/blib/lib/Class/DBI/Sweet.pm line 309.
# Looks like you planned 17 tests but ran 1.
# Looks like your test exited with 255 just after 1.
t/04join.t ...............................
Dubious, test returned 255 (wstat 65280, 0xff00)
Failed 16/17 subtests
Can't use string ("4/8") as a HASH ref while "strict refs" in use at /export/home/cpant2/.cpan/build/Class-DBI-Sweet-0.08-wMavgR/blib/lib/Class/DBI/Sweet.pm line 126.
# Looks like you planned 5 tests but ran 1.
# Looks like your test exited with 255 just after 1.
t/05count.t ..............................
Dubious, test returned 255 (wstat 65280, 0xff00)
Failed 4/5 subtests
Can't use string ("4/8") as a HASH ref while "strict refs" in use at /export/home/cpant2/.cpan/build/Class-DBI-Sweet-0.08-wMavgR/blib/lib/Class/DBI/Sweet.pm line 212.
# Looks like you planned 31 tests but ran 1.
# Looks like your test exited with 255 just after 1.
t/06object_cache.t .......................
Dubious, test returned 255 (wstat 65280, 0xff00)
Failed 30/31 subtests
Can't use string ("4/8") as a HASH ref while "strict refs" in use at /export/home/cpant2/.cpan/build/Class-DBI-Sweet-0.08-wMavgR/blib/lib/Class/DBI/Sweet.pm line 212.
# Looks like you planned 7 tests but ran 1.
# Looks like your test exited with 2 just after 1.
t/07prefetch.t ...........................
Dubious, test returned 2 (wstat 512, 0x200)
Failed 6/7 subtests
Can't use string ("4/8") as a HASH ref while "strict refs" in use at /export/home/cpant2/.cpan/build/Class-DBI-Sweet-0.08-wMavgR/blib/lib/Class/DBI/Sweet.pm line 126.
# Looks like you planned 10 tests but ran 1.
# Looks like your test exited with 255 just after 1.
t/08pager.t ..............................
Dubious, test returned 255 (wstat 65280, 0xff00)
Failed 9/10 subtests
t/09sequence.t ........................... ok
t/cdbi-t-ocache/01-columns.t ............. ok
t/cdbi-t-ocache/03-subclassing.t ......... ok
t/cdbi-t-ocache/05-Query.t ............... ok
t/cdbi-t-ocache/06-hasa.t ................ ok
t/cdbi-t-ocache/08-inheritcols.t ......... ok
t/cdbi-t-ocache/09-has_many.t ............ ok
t/cdbi-t-ocache/10-mysql.t ............... skipped: Need Date::Simple for this test
mutiple trigger registration in one add_trigger() call is deprecated. at /export/home/cpant2/perl5/perlbrew/perls/perl-5.14.4/lib/site_perl/5.14.4/Class/DBI.pm line 1019.
# Looks like your test exited with 255 before it could output anything.
t/cdbi-t-ocache/11-triggers.t ............
Dubious, test returned 255 (wstat 65280, 0xff00)
Failed 13/13 subtests
t/cdbi-t-ocache/12-filter.t .............. ok
t/cdbi-t-ocache/13-constraint.t .......... ok
t/cdbi-t-ocache/14-might_have.t .......... ok
t/cdbi-t-ocache/16-reserved.t ............ ok
t/cdbi-t-ocache/17-data_type.t ........... skipped: needs DBD::Pg for testing
t/cdbi-t-ocache/18-has_a.t ............... ok
t/cdbi-t-ocache/19-set_sql.t ............. ok
t/cdbi-t-ocache/21-iterator.t ............ ok
t/cdbi-t-ocache/22-deflate_order.t ....... skipped: Need Time::Piece::MySQL for this test
t/cdbi-t-ocache/23-cascade.t ............. ok
t/cdbi-t-ocache/24-meta_info.t ........... ok
t/cdbi-t-ocache/25-closures_in_meta.t .... skipped: Need MySQL for this test
t/cdbi-t-ocache/97-pod.t ................. ok
t/cdbi-t-ocache/98-failure.t ............. ok
t/cdbi-t-ocache/99-misc.t ................ ok
t/cdbi-t-rescache/01-columns.t ........... ok
t/cdbi-t-rescache/03-subclassing.t ....... ok
t/cdbi-t-rescache/05-Query.t ............. ok
t/cdbi-t-rescache/06-hasa.t .............. ok
t/cdbi-t-rescache/08-inheritcols.t ....... ok
t/cdbi-t-rescache/09-has_many.t .......... ok
t/cdbi-t-rescache/10-mysql.t ............. skipped: Need Date::Simple for this test
mutiple trigger registration in one add_trigger() call is deprecated. at /export/home/cpant2/perl5/perlbrew/perls/perl-5.14.4/lib/site_perl/5.14.4/Class/DBI.pm line 1019.
# Looks like your test exited with 255 before it could output anything.
t/cdbi-t-rescache/11-triggers.t ..........
Dubious, test returned 255 (wstat 65280, 0xff00)
Failed 13/13 subtests
t/cdbi-t-rescache/12-filter.t ............ ok
t/cdbi-t-rescache/13-constraint.t ........ ok
t/cdbi-t-rescache/14-might_have.t ........ ok
t/cdbi-t-rescache/16-reserved.t .......... ok
t/cdbi-t-rescache/17-data_type.t ......... skipped: needs DBD::Pg for testing
t/cdbi-t-rescache/18-has_a.t ............. ok
t/cdbi-t-rescache/19-set_sql.t ........... ok
t/cdbi-t-rescache/21-iterator.t .......... ok
t/cdbi-t-rescache/22-deflate_order.t ..... skipped: Need Time::Piece::MySQL for this test
t/cdbi-t-rescache/23-cascade.t ........... ok
t/cdbi-t-rescache/24-meta_info.t ......... ok
t/cdbi-t-rescache/25-closures_in_meta.t .. skipped: Need MySQL for this test
t/cdbi-t-rescache/97-pod.t ............... ok
t/cdbi-t-rescache/98-failure.t ........... ok
t/cdbi-t-rescache/99-misc.t .............. ok
t/cdbi-t/01-columns.t .................... ok
t/cdbi-t/02-Film.t ....................... ok
t/cdbi-t/03-subclassing.t ................ ok
t/cdbi-t/04-lazy.t ....................... ok
t/cdbi-t/05-Query.t ...................... ok
t/cdbi-t/06-hasa.t ....................... ok
t/cdbi-t/08-inheritcols.t ................ ok
t/cdbi-t/09-has_many.t ................... ok
t/cdbi-t/10-mysql.t ...................... skipped: Need Date::Simple for this test
mutiple trigger registration in one add_trigger() call is deprecated. at /export/home/cpant2/perl5/perlbrew/perls/perl-5.14.4/lib/site_perl/5.14.4/Class/DBI.pm line 1019.
# Looks like your test exited with 255 before it could output anything.
t/cdbi-t/11-triggers.t ...................
Dubious, test returned 255 (wstat 65280, 0xff00)
Failed 13/13 subtests
t/cdbi-t/12-filter.t ..................... ok
t/cdbi-t/13-constraint.t ................. ok
t/cdbi-t/14-might_have.t ................. ok
t/cdbi-t/17-data_type.t .................. skipped: needs DBD::Pg for testing
t/cdbi-t/18-has_a.t ...................... ok
t/cdbi-t/19-set_sql.t .................... ok
t/cdbi-t/21-iterator.t ................... ok
t/cdbi-t/22-deflate_order.t .............. skipped: Need Time::Piece::MySQL for this test
t/cdbi-t/23-cascade.t .................... ok
t/cdbi-t/24-meta_info.t .................. ok
t/cdbi-t/25-closures_in_meta.t ........... skipped: Need MySQL for this test
t/cdbi-t/97-pod.t ........................ ok
t/cdbi-t/98-failure.t .................... ok
t/cdbi-t/99-misc.t ....................... ok
Test Summary Report
-------------------
t/04join.t (Wstat: 65280 Tests: 1 Failed: 0)
Non-zero exit status: 255
Parse errors: Bad plan. You planned 17 tests but ran 1.
t/05count.t (Wstat: 65280 Tests: 1 Failed: 0)
Non-zero exit status: 255
Parse errors: Bad plan. You planned 5 tests but ran 1.
t/06object_cache.t (Wstat: 65280 Tests: 1 Failed: 0)
Non-zero exit status: 255
Parse errors: Bad plan. You planned 31 tests but ran 1.
t/07prefetch.t (Wstat: 512 Tests: 1 Failed: 0)
Non-zero exit status: 2
Parse errors: Bad plan. You planned 7 tests but ran 1.
t/08pager.t (Wstat: 65280 Tests: 1 Failed: 0)
Non-zero exit status: 255
Parse errors: Bad plan. You planned 10 tests but ran 1.
t/cdbi-t-ocache/11-triggers.t (Wstat: 65280 Tests: 0 Failed: 0)
Non-zero exit status: 255
Parse errors: Bad plan. You planned 13 tests but ran 0.
t/cdbi-t-rescache/11-triggers.t (Wstat: 65280 Tests: 0 Failed: 0)
Non-zero exit status: 255
Parse errors: Bad plan. You planned 13 tests but ran 0.
t/cdbi-t/11-triggers.t (Wstat: 65280 Tests: 0 Failed: 0)
Non-zero exit status: 255
Parse errors: Bad plan. You planned 13 tests but ran 0.
Files=79, Tests=1176, 18 wallclock secs ( 0.89 usr 0.55 sys + 11.09 cusr 2.51 csys = 15.04 CPU)
Result: FAIL
Failed 8/79 test programs. 0/1176 subtests failed.
------------------------------
PREREQUISITES
------------------------------
Prerequisite modules loaded:
requires:
Module Need Have
------------- ------- ------
Class::DBI v3.0.12 3.0.17
Data::Page 0 2.02
DBD::SQLite 1.08 1.37
DBI 0 1.625
List::Util 0 1.27
SQL::Abstract 1.17 1.73
------------------------------
ENVIRONMENT AND OTHER CONTEXT
------------------------------
Environment variables:
AUTOMATED_TESTING = 1
LANG = C
LD_LIBRARY_PATH = /usr/local/lib:
MANPATH_WITHOUT_PERLBREW =
PATH = /export/home/cpant2/perl5/perlbrew/bin:/export/home/cpant2/perl5/perlbrew/perls/perl-5.14.4/bin:/export/home/cpant2/perl5/bin:/usr/local/bin:/usr/bin
PATH_WITHOUT_PERLBREW = /export/home/cpant2/perl5/bin:/usr/local/bin:/usr/bin
PERL5LIB =
PERL5OPT =
PERL5_CPANPLUS_IS_RUNNING = 23810
PERL5_CPAN_IS_RUNNING = 23810
PERL5_CPAN_IS_RUNNING_IN_RECURSION = 1070,23810
PERLBREW_BASHRC_VERSION = 0.44
PERLBREW_HOME = /export/home/cpant2/.perlbrew
PERLBREW_MANPATH = /export/home/cpant2/perl5/perlbrew/perls/perl-5.14.4/man
PERLBREW_PATH = /export/home/cpant2/perl5/perlbrew/bin:/export/home/cpant2/perl5/perlbrew/perls/perl-5.14.4/bin
PERLBREW_PERL = perl-5.14.4
PERLBREW_ROOT = /export/home/cpant2/perl5/perlbrew
PERLBREW_VERSION = 0.44
PERL_CR_SMOKER_CURRENT = Class-DBI-Sweet-0.08
PERL_EXTUTILS_AUTOINSTALL = --defaultdeps
PERL_MM_USE_DEFAULT = 1
SHELL = /usr/bin/bash
TERM = xterm
Perl special variables (and OS-specific diagnostics, for MSWin32):
$^X = /export/home/cpant2/perl5/perlbrew/perls/perl-5.14.4/bin/perl5.14.4
$UID/$EUID = 101 / 101
$GID = 1 1
$EGID = 1 1
Perl module toolchain versions installed:
Module Have
------------------- --------
CPAN 2.00
CPAN::Meta 2.130880
Cwd 3.40
ExtUtils::CBuilder 0.280205
ExtUtils::Command 1.17
ExtUtils::Install 1.56
ExtUtils::MakeMaker 6.66
ExtUtils::Manifest 1.61
ExtUtils::ParseXS 3.18
File::Spec 3.40
JSON 2.57
JSON::PP 2.27202
Module::Build 0.4004
Module::Signature n/a
Parse::CPAN::Meta 1.4404
Test::Harness 3.26
Test::More 0.98
YAML 0.84
YAML::Syck 1.25
version 0.9902
--
Summary of my perl5 (revision 5 version 14 subversion 4) configuration:
Platform:
osname=solaris, osvers=2.10, archname=i86pc-solaris-64int
uname='sunos vmrz0046 5.10 generic_141445-09 i86pc i386 i86pc solaris '
config_args='-de -Dprefix=/export/home/cpant2/perl5/perlbrew/perls/perl-5.14.4 -Dcc=gcc -Duse64bitint -Dusedevel -Aeval:scriptdir=/export/home/cpant2/perl5/perlbrew/perls/perl-5.14.4/bin'
hint=recommended, useposix=true, d_sigaction=define
useithreads=undef, usemultiplicity=undef
useperlio=define, d_sfio=undef, uselargefiles=define, usesocks=undef
use64bitint=define, use64bitall=undef, uselongdouble=undef
usemymalloc=n, bincompat5005=undef
Compiler:
cc='gcc', ccflags ='-DPTR_IS_LONG -fno-strict-aliasing -pipe -I/usr/local/include -D_LARGEFILE_SOURCE -D_FILE_OFFSET_BITS=64 -DPERL_USE_SAFE_PUTENV',
optimize='-O',
cppflags='-DPTR_IS_LONG -fno-strict-aliasing -pipe -I/usr/local/include'
ccversion='', gccversion='3.4.6', gccosandvers='solaris2.10'
intsize=4, longsize=4, ptrsize=4, doublesize=8, byteorder=12345678
d_longlong=define, longlongsize=8, d_longdbl=define, longdblsize=12
ivtype='long long', ivsize=8, nvtype='double', nvsize=8, Off_t='off_t', lseeksize=8
alignbytes=4, prototype=define
Linker and Libraries:
ld='gcc', ldflags =' -L/usr/local/lib '
libpth=/usr/local/lib /usr/lib /usr/ccs/lib
libs=-lsocket -lnsl -lgdbm -ldl -lm -lc
perllibs=-lsocket -lnsl -ldl -lm -lc
libc=/lib/libc.so, so=so, useshrplib=false, libperl=libperl.a
gnulibc_version=''
Dynamic Linking:
dlsrc=dl_dlopen.xs, dlext=so, d_dlsymun=undef, ccdlflags=' '
cccdlflags='-fPIC', lddlflags='-G -L/usr/local/lib'
Characteristics of this binary (from libperl):
Compile-time options: PERL_DONT_CREATE_GVSV PERL_MALLOC_WRAP
PERL_PRESERVE_IVUV PERL_USE_DEVEL
PERL_USE_SAFE_PUTENV USE_64_BIT_INT USE_LARGE_FILES
USE_PERLIO USE_PERL_ATOF
Built under solaris
Compiled at Mar 19 2013 21:06:29
%ENV:
PERL5LIB=""
PERL5OPT=""
PERL5_CPANPLUS_IS_RUNNING="23810"
PERL5_CPAN_IS_RUNNING="23810"
PERL5_CPAN_IS_RUNNING_IN_RECURSION="1070,23810"
PERLBREW_BASHRC_VERSION="0.44"
PERLBREW_HOME="/export/home/cpant2/.perlbrew"
PERLBREW_MANPATH="/export/home/cpant2/perl5/perlbrew/perls/perl-5.14.4/man"
PERLBREW_PATH="/export/home/cpant2/perl5/perlbrew/bin:/export/home/cpant2/perl5/perlbrew/perls/perl-5.14.4/bin"
PERLBREW_PERL="perl-5.14.4"
PERLBREW_ROOT="/export/home/cpant2/perl5/perlbrew"
PERLBREW_VERSION="0.44"
PERL_CR_SMOKER_CURRENT="Class-DBI-Sweet-0.08"
PERL_EXTUTILS_AUTOINSTALL="--defaultdeps"
PERL_MM_USE_DEFAULT="1"
@INC:
/export/home/cpant2/perl5/perlbrew/perls/perl-5.14.4/lib/site_perl/5.14.4/i86pc-solaris-64int
/export/home/cpant2/perl5/perlbrew/perls/perl-5.14.4/lib/site_perl/5.14.4
/export/home/cpant2/perl5/perlbrew/perls/perl-5.14.4/lib/5.14.4/i86pc-solaris-64int
/export/home/cpant2/perl5/perlbrew/perls/perl-5.14.4/lib/5.14.4
.