Report for Set-Toolkit-0.11

Back
From: metabase:user:c1859b88-af6d-11df-b000-ae20fb0c70d3
Subject: FAIL Set-Toolkit-0.11 v5.10.1 OpenBSD
Date: 2010-09-22T09:31:32Z

This distribution has been tested as part of the CPAN Testers
project, supporting the Perl programming language.  See
http://wiki.cpantesters.org/ for more information or email
questions to cpan-testers-discuss@perl.org


--
Dear Sir Robert Burbridge,

This is a computer-generated report for Set-Toolkit-0.11
on perl 5.10.1, created by CPAN-Reporter-1.18.

Thank you for uploading your work to CPAN.  However, there was a problem
testing your distribution.

If you think this report is invalid, please consult the CPAN Testers Wiki
for suggestions on how to avoid getting FAIL reports for missing library
or binary dependencies, unsupported operating systems, and so on:

http://wiki.cpantesters.org/wiki/CPANAuthorNotes

Sections of this report:

    * Tester comments
    * Program output
    * Prerequisites
    * Environment and other context

------------------------------
TESTER COMMENTS
------------------------------

Additional comments from tester:

this report is from an automated smoke testing program
and was not reviewed by a human for accuracy

------------------------------
PROGRAM OUTPUT
------------------------------

Output from './Build test':

# Testing Set::Toolkit 0.11, Perl 5.010001, /usr/bin/perl
t/00-load.t ................ ok
t/pod-coverage.t ........... skipped: Test::Pod::Coverage 1.08 required for testing POD coverage
t/toolkit-as_array.t ....... ok
t/toolkit-as_boolean.t ..... ok

#   Failed test 'Set::Toolkit(HASH(0x206d663d8) e c a b d f)--as string (implicit): stocked set produces wrong output'
#   at t/toolkit-as_string.t line 54.
# Looks like you failed 1 test of 4.
t/toolkit-as_string.t ...... 
Dubious, test returned 1 (wstat 256, 0x100)
Failed 1/4 subtests 
t/toolkit-search.t ......... ok
t/toolkit-set_functions.t .. ok

Test Summary Report
-------------------
t/toolkit-as_string.t    (Wstat: 256 Tests: 4 Failed: 1)
  Failed test:  4
  Non-zero exit status: 1
Files=7, Tests=58,  5 wallclock secs ( 0.58 usr  0.46 sys +  2.50 cusr  0.93 csys =  4.47 CPU)
Result: FAIL
Failed 1/7 test programs. 1/58 subtests failed.

------------------------------
PREREQUISITES
------------------------------

Prerequisite modules loaded:

build_requires:

    Module        Need Have  
    ------------- ---- ------
    Test::More    0    0.96  

configure_requires:

    Module        Need Have  
    ------------- ---- ------
    Module::Build 0.36 0.3607


------------------------------
ENVIRONMENT AND OTHER CONTEXT
------------------------------

Environment variables:

    AUTOMATED_TESTING = 1
    PATH = /home/tester/bin:/bin:/sbin:/usr/bin:/usr/sbin:/usr/X11R6/bin:/usr/local/bin:/usr/local/sbin:/usr/games:.
    PERL5LIB = 
    PERL5OPT = 
    PERL5_CPANPLUS_IS_RUNNING = 23289
    PERL5_CPAN_IS_RUNNING = 23289
    PERL5_CPAN_IS_RUNNING_IN_RECURSION = 6388,23289
    PERL_CR_SMOKER_CURRENT = Set-Toolkit-0.11
    PERL_EXTUTILS_AUTOINSTALL = --defaultdeps
    PERL_MM_USE_DEFAULT = 1
    SHELL = /bin/ksh
    TERM = rxvt

Perl special variables (and OS-specific diagnostics, for MSWin32):

    $^X = /usr/bin/perl
    $UID/$EUID = 2000 / 2000
    $GID = 2000 2000 0
    $EGID = 2000 2000 0

Perl module toolchain versions installed:

    Module              Have  
    ------------------- ------
    CPAN                1.9402
    Cwd                 3.31  
    ExtUtils::CBuilder  0.2703
    ExtUtils::Command   1.16  
    ExtUtils::Install   1.54  
    ExtUtils::MakeMaker 6.56  
    ExtUtils::Manifest  1.58  
    ExtUtils::ParseXS   2.2206
    File::Spec          3.31  
    Module::Build       0.3607
    Module::Signature   n/a   
    Test::Harness       3.22  
    Test::More          0.96  
    YAML                0.71  
    YAML::Syck          1.12  
    version             0.82  


--

Summary of my perl5 (revision 5 version 10 subversion 1) configuration:
   
  Platform:
    osname=openbsd, osvers=4.8, archname=sparc64-openbsd
    uname='openbsd'
    config_args='-dsE -Dopenbsd_distribution=defined -Dmksymlinks'
    hint=recommended, useposix=true, d_sigaction=define
    useithreads=undef, usemultiplicity=undef
    useperlio=define, d_sfio=undef, uselargefiles=define, usesocks=undef
    use64bitint=define, use64bitall=define, uselongdouble=undef
    usemymalloc=n, bincompat5005=undef
  Compiler:
    cc='cc', ccflags ='-fno-strict-aliasing -fno-delete-null-pointer-checks -pipe -fstack-protector -I/usr/local/include',
    optimize='-O2',
    cppflags='-fno-strict-aliasing -fno-delete-null-pointer-checks -pipe -fstack-protector -I/usr/local/include'
    ccversion='', gccversion='4.2.1 20070719 ', gccosandvers='openbsd4.8'
    intsize=4, longsize=8, ptrsize=8, doublesize=8, byteorder=87654321
    d_longlong=define, longlongsize=8, d_longdbl=define, longdblsize=16
    ivtype='long', ivsize=8, nvtype='double', nvsize=8, Off_t='off_t', lseeksize=8
    alignbytes=8, prototype=define
  Linker and Libraries:
    ld='cc', ldflags ='-Wl,-E  -fstack-protector'
    libpth=/usr/lib
    libs=-lm -lutil -lc
    perllibs=-lm -lutil -lc
    libc=/usr/lib/libc.a, so=so, useshrplib=true, libperl=libperl.so.11.1
    gnulibc_version=''
  Dynamic Linking:
    dlsrc=dl_dlopen.xs, dlext=so, d_dlsymun=undef, ccdlflags='-Wl,-R/usr/libdata/perl5/sparc64-openbsd/5.10.1/CORE'
    cccdlflags='-DPIC -fPIC ', lddlflags='-shared -fPIC  -fstack-protector'


Characteristics of this binary (from libperl): 
  Compile-time options: PERL_DONT_CREATE_GVSV PERL_MALLOC_WRAP USE_64_BIT_ALL
                        USE_64_BIT_INT USE_LARGE_FILES USE_PERLIO
  Built under OpenBSD
  %ENV:
    PERL5LIB=""
    PERL5OPT=""
    PERL5_CPANPLUS_IS_RUNNING="23289"
    PERL5_CPAN_IS_RUNNING="23289"
    PERL5_CPAN_IS_RUNNING_IN_RECURSION="6388,23289"
    PERL_CR_SMOKER_CURRENT="Set-Toolkit-0.11"
    PERL_EXTUTILS_AUTOINSTALL="--defaultdeps"
    PERL_MM_USE_DEFAULT="1"
  @INC:
    /usr/libdata/perl5/sparc64-openbsd/5.10.1
    /usr/local/libdata/perl5/sparc64-openbsd/5.10.1
    /usr/libdata/perl5
    /usr/local/libdata/perl5
    /usr/local/libdata/perl5/site_perl/sparc64-openbsd
    /usr/libdata/perl5/site_perl/sparc64-openbsd
    /usr/local/libdata/perl5/site_perl
    /usr/libdata/perl5/site_perl
    .