POE-Component-Client-DNS v1.054 Perl 5 v5.22.4 x86_64-linux-ld

Status
Fail
From
Andreas J. König (ANDK)
Dist
POE-Component-Client-DNS v1.054
Platform
Perl 5 v5.22.4 x86_64-linux-ld
Date
2024-12-19 01:04:22
ID
2efbcc64-bda5-11ef-b228-fd9f878a15dd
This distribution has been tested as part of the CPAN Testers
project, supporting the Perl programming language.  See
http://wiki.cpantesters.org/ for more information or email
questions to cpan-testers-discuss@perl.org


--
Dear Rocco Caputo,

This is a computer-generated report for POE-Component-Client-DNS-1.054
on perl 5.22.4, created by CPAN-Reporter-1.2019.

Thank you for uploading your work to CPAN.  However, there was a problem
testing your distribution.

If you think this report is invalid, please consult the CPAN Testers Wiki
for suggestions on how to avoid getting FAIL reports for missing library
or binary dependencies, unsupported operating systems, and so on:

http://wiki.cpantesters.org/wiki/CPANAuthorNotes

Sections of this report:

    * Tester comments
    * Program output
    * Prerequisites
    * Environment and other context

------------------------------
TESTER COMMENTS
------------------------------

Additional comments from tester:

this report is from an automated smoke testing program
and was not reviewed by a human for accuracy

------------------------------
PROGRAM OUTPUT
------------------------------

Output from '/usr/bin/make test':

PERL_DL_NONLAZY=1 "/home/sand/src/perl/repoperls/installed-perls/host/k93msid/v5.22.4/af11/bin/perl" "-MExtUtils::Command::MM" "-MTest::Harness" "-e" "undef *Test::Harness::Switches; test_harness(0, 'blib/lib', 'blib/arch')" t/*.t
# Testing with Perl 5.022004, /home/sand/src/perl/repoperls/installed-perls/host/k93msid/v5.22.4/af11/bin/perl
#     ExtUtils::MakeMaker version is 7.70
#     Net::DNS version is 1.45
#     POE version is 1.370
#     Test::More version is 1.302201
#     Test::NoWarnings version is 1.06
t/000-report-versions.t .. ok

#   Failed test 'no warnings'
#   at /home/sand/src/perl/repoperls/installed-perls/host/k93msid/v5.22.4/af11/lib/site_perl/5.22.4/Test/Builder.pm line 193.
# There were 1 warning(s)
#     Previous test 0 ''
#     deprecated method; prefer $rr->rdstring() at t/01_resolve.t line 107.
#  at /home/sand/src/perl/repoperls/installed-perls/host/k93msid/v5.22.4/af11/lib/site_perl/5.22.4/Net/DNS/RR.pm line 727.
# 	Net::DNS::RR::_deprecate(Net::DNS::RR::TXT=HASH(0x5579160ec0f0), "prefer \$rr->rdstring()") called at /home/sand/src/perl/repoperls/installed-perls/host/k93msid/v5.22.4/af11/lib/site_perl/5.22.4/Net/DNS/RR.pm line 532
# 	Net::DNS::RR::rdatastr(Net::DNS::RR::TXT=HASH(0x5579160ec0f0)) called at t/01_resolve.t line 107
# 	main::client_got_response(undef, POE::Session=ARRAY(0x557914e78470), POE::Kernel=ARRAY(0x557915308a80), HASH(0x557915fc4cd0), "response", POE::Session=ARRAY(0x557914e77ee8), undef, "/tmp/loop_over_bdir-788307-bFRUjM/POE-Component-Client-DNS-1."..., ...) called at /home/sand/src/perl/repoperls/installed-perls/host/k93msid/v5.22.4/af11/lib/site_perl/5.22.4/POE/Session.pm line 464
# 	POE::Session::_invoke_state(POE::Session=ARRAY(0x557914e78470), POE::Session=ARRAY(0x557914e77ee8), "response", ARRAY(0x557915fcea30), "/tmp/loop_over_bdir-788307-bFRUjM/POE-Component-Client-DNS-1."..., 442, "got_dns_response") called at /home/sand/src/perl/repoperls/installed-perls/host/k93msid/v5.22.4/af11/lib/site_perl/5.22.4/POE/Kernel.pm line 1098
# 	eval {...} called at /home/sand/src/perl/repoperls/installed-perls/host/k93msid/v5.22.4/af11/lib/site_perl/5.22.4/POE/Kernel.pm line 1084
# 	POE::Kernel::_dispatch_event(POE::Kernel=ARRAY(0x557915308a80), POE::Session=ARRAY(0x557914e78470), POE::Session=ARRAY(0x557914e77ee8), "response", 1, ARRAY(0x557915fcea30), "/tmp/loop_over_bdir-788307-bFRUjM/POE-Component-Client-DNS-1."..., 442, ...) called at /home/sand/src/perl/repoperls/installed-perls/host/k93msid/v5.22.4/af11/lib/site_perl/5.22.4/POE/Resource/Events.pm line 385
# 	POE::Kernel::_data_ev_dispatch_due(POE::Kernel=ARRAY(0x557915308a80)) called at /home/sand/src/perl/repoperls/installed-perls/host/k93msid/v5.22.4/af11/lib/site_perl/5.22.4/POE/Loop/Select.pm line 309
# 	POE::Kernel::loop_do_timeslice(POE::Kernel=ARRAY(0x557915308a80)) called at /home/sand/src/perl/repoperls/installed-perls/host/k93msid/v5.22.4/af11/lib/site_perl/5.22.4/POE/Loop/Select.pm line 317
# 	POE::Kernel::loop_run(POE::Kernel=ARRAY(0x557915308a80)) called at /home/sand/src/perl/repoperls/installed-perls/host/k93msid/v5.22.4/af11/lib/site_perl/5.22.4/POE/Kernel.pm line 1292
# 	POE::Kernel::run(POE::Kernel=ARRAY(0x557915308a80)) called at t/01_resolve.t line 187
# 
# Looks like you failed 1 test of 4.
t/01_resolve.t ........... 
Dubious, test returned 1 (wstat 256, 0x100)
Failed 1/4 subtests 
t/02_tag_args.t .......... ok
t/03_api_3.t ............. ok
t/04_errors.t ............ ok
t/05_api_4.t ............. ok

#   Failed test 'no warnings'
#   at /home/sand/src/perl/repoperls/installed-perls/host/k93msid/v5.22.4/af11/lib/site_perl/5.22.4/Test/Builder.pm line 193.
# There were 1 warning(s)
#     Previous test 0 ''
#     deprecated method; prefer $rr->rdstring() at t/06_hosts.t line 143.
#  at /home/sand/src/perl/repoperls/installed-perls/host/k93msid/v5.22.4/af11/lib/site_perl/5.22.4/Net/DNS/RR.pm line 727.
# 	Net::DNS::RR::_deprecate(Net::DNS::RR::A=HASH(0x55719b0c1de8), "prefer \$rr->rdstring()") called at /home/sand/src/perl/repoperls/installed-perls/host/k93msid/v5.22.4/af11/lib/site_perl/5.22.4/Net/DNS/RR.pm line 532
# 	Net::DNS::RR::rdatastr(Net::DNS::RR::A=HASH(0x55719b0c1de8)) called at t/06_hosts.t line 143
# 	main::a_data(HASH(0x55719b0c1730)) called at t/06_hosts.t line 58
# 	main::response_no_hosts(undef, POE::Session=ARRAY(0x55719b0c04d8), POE::Kernel=ARRAY(0x55719a36c9a8), HASH(0x55719b0bfcc8), "response_no_hosts", POE::Session=ARRAY(0x557199ee89c8), undef, "/tmp/loop_over_bdir-788307-bFRUjM/POE-Component-Client-DNS-1."..., ...) called at /home/sand/src/perl/repoperls/installed-perls/host/k93msid/v5.22.4/af11/lib/site_perl/5.22.4/POE/Session.pm line 464
# 	POE::Session::_invoke_state(POE::Session=ARRAY(0x55719b0c04d8), POE::Session=ARRAY(0x557199ee89c8), "response_no_hosts", ARRAY(0x55719a3f1bc8), "/tmp/loop_over_bdir-788307-bFRUjM/POE-Component-Client-DNS-1."..., 459, "got_dns_response") called at /home/sand/src/perl/repoperls/installed-perls/host/k93msid/v5.22.4/af11/lib/site_perl/5.22.4/POE/Kernel.pm line 1098
# 	eval {...} called at /home/sand/src/perl/repoperls/installed-perls/host/k93msid/v5.22.4/af11/lib/site_perl/5.22.4/POE/Kernel.pm line 1084
# 	POE::Kernel::_dispatch_event(POE::Kernel=ARRAY(0x55719a36c9a8), POE::Session=ARRAY(0x55719b0c04d8), POE::Session=ARRAY(0x557199ee89c8), "response_no_hosts", 1, ARRAY(0x55719a3f1bc8), "/tmp/loop_over_bdir-788307-bFRUjM/POE-Component-Client-DNS-1."..., 459, ...) called at /home/sand/src/perl/repoperls/installed-perls/host/k93msid/v5.22.4/af11/lib/site_perl/5.22.4/POE/Resource/Events.pm line 385
# 	POE::Kernel::_data_ev_dispatch_due(POE::Kernel=ARRAY(0x55719a36c9a8)) called at /home/sand/src/perl/repoperls/installed-perls/host/k93msid/v5.22.4/af11/lib/site_perl/5.22.4/POE/Loop/Select.pm line 309
# 	POE::Kernel::loop_do_timeslice(POE::Kernel=ARRAY(0x55719a36c9a8)) called at /home/sand/src/perl/repoperls/installed-perls/host/k93msid/v5.22.4/af11/lib/site_perl/5.22.4/POE/Loop/Select.pm line 317
# 	POE::Kernel::loop_run(POE::Kernel=ARRAY(0x55719a36c9a8)) called at /home/sand/src/perl/repoperls/installed-perls/host/k93msid/v5.22.4/af11/lib/site_perl/5.22.4/POE/Kernel.pm line 1292
# 	POE::Kernel::run("POE::Kernel") called at t/06_hosts.t line 42
# 
# Looks like you failed 1 test of 5.
t/06_hosts.t ............. 
Dubious, test returned 1 (wstat 256, 0x100)
Failed 1/5 subtests 
t/author-pod-coverage.t .. skipped: these tests are for testing by the author
t/author-pod-syntax.t .... skipped: these tests are for testing by the author

Test Summary Report
-------------------
t/01_resolve.t         (Wstat: 256 (exited 1) Tests: 4 Failed: 1)
  Failed test:  4
  Non-zero exit status: 1
t/06_hosts.t           (Wstat: 256 (exited 1) Tests: 5 Failed: 1)
  Failed test:  5
  Non-zero exit status: 1
Files=9, Tests=40, 29 wallclock secs ( 0.03 usr  0.02 sys +  1.81 cusr  0.63 csys =  2.49 CPU)
Result: FAIL
Failed 2/9 test programs. 2/40 subtests failed.
make: *** [Makefile:850: test_dynamic] Error 255

------------------------------
PREREQUISITES
------------------------------

Prerequisite modules loaded:

requires:

    Module              Need  Have    
    ------------------- ----- --------
    Net::DNS            0.65  1.45    
    POE                 1.294 1.370   
    Test::More          0.96  1.302201
    Test::NoWarnings    1.02  1.06    

build_requires:

    Module              Need  Have    
    ------------------- ----- --------
    ExtUtils::MakeMaker 0     7.70    

configure_requires:

    Module              Need  Have    
    ------------------- ----- --------
    ExtUtils::MakeMaker 0     7.70    


------------------------------
ENVIRONMENT AND OTHER CONTEXT
------------------------------

Environment variables:

    AUTOMATED_TESTING = 1
    LANG = en_US.UTF-8
    LANGUAGE = en_US:en
    PATH = /home/sand/bin:/usr/local/bin:/usr/bin:/bin:/usr/games:/usr/local/perl/bin:/usr/X11/bin:/sbin:/usr/sbin
    PERL5LIB = 
    PERL5OPT = 
    PERL5_CPANPLUS_IS_RUNNING = 1299295
    PERL5_CPAN_IS_RUNNING = 1299295
    PERL_CANARY_STABILITY_NOPROMPT = 1
    PERL_MM_USE_DEFAULT = 1
    PERL_USE_UNSAFE_INC = 1
    SHELL = /usr/bin/zsh
    TERM = screen

Perl special variables (and OS-specific diagnostics, for MSWin32):

    $^X = /home/sand/src/perl/repoperls/installed-perls/host/k93msid/v5.22.4/af11/bin/perl
    $UID/$EUID = 1005 / 1005
    $GID = 1005 1005
    $EGID = 1005 1005

Perl module toolchain versions installed:

    Module              Have    
    ------------------- --------
    CPAN                2.38    
    CPAN::Meta          2.150010
    Cwd                 3.75    
    ExtUtils::CBuilder  0.280236
    ExtUtils::Command   7.70    
    ExtUtils::Install   2.22    
    ExtUtils::MakeMaker 7.70    
    ExtUtils::Manifest  1.70    
    ExtUtils::ParseXS   3.44    
    File::Spec          3.75    
    JSON                4.10    
    JSON::PP            4.16    
    Module::Build       0.42_35 
    Module::Signature   0.89    
    Parse::CPAN::Meta   2.150010
    Test2               1.302201
    Test::Harness       3.50    
    Test::More          1.302201
    YAML                1.30    
    YAML::Syck          1.34    
    version             0.9930  


--

Summary of my perl5 (revision 5 version 22 subversion 4) configuration:
  Derived from: a26666a1317770d8a2228ac3657ba58020c3511f
  Platform:
    osname=linux, osvers=6.1.0-7-amd64, archname=x86_64-linux-ld
    uname='linux k93msid 6.1.0-7-amd64 #1 smp preempt_dynamic debian 6.1.20-1 (2023-03-19) x86_64 gnulinux '
    config_args='-Dprefix=/home/sand/src/perl/repoperls/installed-perls/host/k93msid/v5.22.4/af11 -Dmyhostname=k93msid -Dinstallusrbinperl=n -Uversiononly -Dusedevel -des -Ui_db -Dlibswanted=cl pthread socket inet nsl gdbm dbm malloc dl ld sun m crypt sec util c cposix posix ucb BSD gdbm_compat -Uuseithreads -Duselongdouble -DEBUGGING=-g'
    hint=recommended, useposix=true, d_sigaction=define
    useithreads=undef, usemultiplicity=undef
    use64bitint=define, use64bitall=define, uselongdouble=define
    usemymalloc=n, bincompat5005=undef
  Compiler:
    cc='cc', ccflags ='-fwrapv -fno-strict-aliasing -pipe -fstack-protector-strong -I/usr/local/include -D_LARGEFILE_SOURCE -D_FILE_OFFSET_BITS=64 -D_FORTIFY_SOURCE=2',
    optimize='-O2 -g',
    cppflags='-fwrapv -fno-strict-aliasing -pipe -fstack-protector-strong -I/usr/local/include'
    ccversion='', gccversion='12.2.0', gccosandvers=''
    intsize=4, longsize=8, ptrsize=8, doublesize=8, byteorder=12345678, doublekind=3
    d_longlong=define, longlongsize=8, d_longdbl=define, longdblsize=16, longdblkind=3
    ivtype='long', ivsize=8, nvtype='long double', nvsize=16, Off_t='off_t', lseeksize=8
    alignbytes=16, prototype=define
  Linker and Libraries:
    ld='cc', ldflags =' -fstack-protector-strong -L/usr/local/lib'
    libpth=/usr/local/lib /usr/include/x86_64-linux-gnu /usr/lib /lib/x86_64-linux-gnu /lib/../lib /usr/lib/x86_64-linux-gnu /usr/lib/../lib /lib /lib64 /usr/lib64
    libs=-lpthread -lnsl -ldl -lm -lcrypt -lutil -lc
    perllibs=-lpthread -lnsl -ldl -lm -lcrypt -lutil -lc
    libc=/lib/x86_64-linux-gnu/libc.so.6, so=so, useshrplib=false, libperl=libperl.a
    gnulibc_version='2.36'
  Dynamic Linking:
    dlsrc=dl_dlopen.xs, dlext=so, d_dlsymun=undef, ccdlflags='-Wl,-E'
    cccdlflags='-fPIC', lddlflags='-shared -O2 -g -L/usr/local/lib -fstack-protector-strong'


Characteristics of this binary (from libperl): 
  Compile-time options: HAS_TIMES PERLIO_LAYERS PERL_DONT_CREATE_GVSV
                        PERL_HASH_FUNC_ONE_AT_A_TIME_HARD PERL_MALLOC_WRAP
                        PERL_NEW_COPY_ON_WRITE PERL_PRESERVE_IVUV
                        PERL_USE_DEVEL USE_64_BIT_ALL USE_64_BIT_INT
                        USE_LARGE_FILES USE_LOCALE USE_LOCALE_COLLATE
                        USE_LOCALE_CTYPE USE_LOCALE_NUMERIC USE_LOCALE_TIME
                        USE_LONG_DOUBLE USE_PERLIO USE_PERL_ATOF
  Locally applied patches:
	uncommitted-changes
  Built under linux
  Compiled at May 20 2023 07:58:57
  %ENV:
    PERL5LIB=""
    PERL5OPT=""
    PERL5_CPANPLUS_IS_RUNNING="1299295"
    PERL5_CPAN_IS_RUNNING="1299295"
    PERL_CANARY_STABILITY_NOPROMPT="1"
    PERL_MM_USE_DEFAULT="1"
    PERL_USE_UNSAFE_INC="1"
  @INC:
    /home/sand/src/perl/repoperls/installed-perls/host/k93msid/v5.22.4/af11/lib/site_perl/5.22.4/x86_64-linux-ld
    /home/sand/src/perl/repoperls/installed-perls/host/k93msid/v5.22.4/af11/lib/site_perl/5.22.4
    /home/sand/src/perl/repoperls/installed-perls/host/k93msid/v5.22.4/af11/lib/5.22.4/x86_64-linux-ld
    /home/sand/src/perl/repoperls/installed-perls/host/k93msid/v5.22.4/af11/lib/5.22.4
    .