Report for Business-CCProcessor-0.09

Back
From: metabase:user:320bfe00-2aae-11df-837a-5e0a49663a4f
Subject: FAIL Business-CCProcessor-0.09 v5.14.4 GNU/Linux
Date: 2013-05-15T18:56:42Z

This distribution has been tested as part of the CPAN Testers
project, supporting the Perl programming language.  See
http://wiki.cpantesters.org/ for more information or email
questions to cpan-testers-discuss@perl.org


--
Dear Hugh Esco,

This is a computer-generated report for Business-CCProcessor-0.09
on perl 5.14.4, created by CPAN-Reporter-1.2010.

Thank you for uploading your work to CPAN.  However, there was a problem
testing your distribution.

If you think this report is invalid, please consult the CPAN Testers Wiki
for suggestions on how to avoid getting FAIL reports for missing library
or binary dependencies, unsupported operating systems, and so on:

http://wiki.cpantesters.org/wiki/CPANAuthorNotes

Sections of this report:

    * Tester comments
    * Program output
    * Prerequisites
    * Environment and other context

------------------------------
TESTER COMMENTS
------------------------------

Additional comments from tester:

this report is from an automated smoke testing program
and was not reviewed by a human for accuracy

------------------------------
PROGRAM OUTPUT
------------------------------

Output from './Build test':

# Testing Business::CCProcessor 0.09
t/00.load.t ..................... ok
t/10_exercise_public_methods.t .. ok
Use of uninitialized value in numeric ge (>=) at /home/src/perl/repoperls/installed-perls/perl/v5.14.4/9980/lib/site_perl/5.14.4/LWP/UserAgent.pm line 285.
Use of uninitialized value in concatenation (.) or string at /home/src/perl/repoperls/installed-perls/perl/v5.14.4/9980/lib/site_perl/5.14.4/LWP/UserAgent.pm line 286.
t/12_build_button.t ............. ok

#   Failed test 'Test::Perl::Critic for "blib/lib/Business/CCProcessor.pm"'
#   at /home/src/perl/repoperls/installed-perls/perl/v5.14.4/9980/lib/site_perl/5.14.4/Test/Perl/Critic.pm line 110.
# 
# Perl::Critic found these violations in "blib/lib/Business/CCProcessor.pm":
# Variable, subroutine, and package names have to be in CamelCase at line 16, column 6.  (no explanation).  (Severity: 5)
# Variable, subroutine, and package names have to be in CamelCase at line 17, column 6.  (no explanation).  (Severity: 5)
# Variable, subroutine, and package names have to be in CamelCase at line 18, column 9.  (no explanation).  (Severity: 5)
# Variable, subroutine, and package names have to be in CamelCase at line 18, column 14.  (no explanation).  (Severity: 5)
# Variable, subroutine, and package names have to be in CamelCase at line 19, column 10.  (no explanation).  (Severity: 5)
# Variable, subroutine, and package names have to be in CamelCase at line 22, column 1.  (no explanation).  (Severity: 5)
# Variable, subroutine, and package names have to be in CamelCase at line 23, column 6.  (no explanation).  (Severity: 5)
# Variable, subroutine, and package names have to be in CamelCase at line 24, column 6.  (no explanation).  (Severity: 5)
# Variable, subroutine, and package names have to be in CamelCase at line 25, column 6.  (no explanation).  (Severity: 5)
# Variable, subroutine, and package names have to be in CamelCase at line 25, column 16.  (no explanation).  (Severity: 5)
# Variable, subroutine, and package names have to be in CamelCase at line 27, column 6.  (no explanation).  (Severity: 5)
# Variable, subroutine, and package names have to be in CamelCase at line 27, column 16.  (no explanation).  (Severity: 5)
# Variable, subroutine, and package names have to be in CamelCase at line 27, column 23.  (no explanation).  (Severity: 5)
# Variable, subroutine, and package names have to be in CamelCase at line 27, column 34.  (no explanation).  (Severity: 5)
# Variable, subroutine, and package names have to be in CamelCase at line 28, column 6.  (no explanation).  (Severity: 5)
# Variable, subroutine, and package names have to be in CamelCase at line 30, column 44.  (no explanation).  (Severity: 5)
# Variable, subroutine, and package names have to be in CamelCase at line 36, column 46.  (no explanation).  (Severity: 5)
# Variable, subroutine, and package names have to be in CamelCase at line 40, column 14.  (no explanation).  (Severity: 5)
# Variable, subroutine, and package names have to be in CamelCase at line 40, column 27.  (no explanation).  (Severity: 5)
# Variable, subroutine, and package names have to be in CamelCase at line 41, column 9.  (no explanation).  (Severity: 5)
# Variable, subroutine, and package names have to be in CamelCase at line 42, column 9.  (no explanation).  (Severity: 5)
# Variable, subroutine, and package names have to be in CamelCase at line 43, column 5.  (no explanation).  (Severity: 5)
# Variable, subroutine, and package names have to be in CamelCase at line 44, column 16.  (no explanation).  (Severity: 5)
# Variable, subroutine, and package names have to be in CamelCase at line 44, column 26.  (no explanation).  (Severity: 5)
# Variable, subroutine, and package names have to be in CamelCase at line 45, column 16.  (no explanation).  (Severity: 5)
# Variable, subroutine, and package names have to be in CamelCase at line 45, column 26.  (no explanation).  (Severity: 5)
# Variable, subroutine, and package names have to be in CamelCase at line 46, column 16.  (no explanation).  (Severity: 5)
# Variable, subroutine, and package names have to be in CamelCase at line 46, column 26.  (no explanation).  (Severity: 5)
# Variable, subroutine, and package names have to be in CamelCase at line 49, column 6.  (no explanation).  (Severity: 5)
# Variable, subroutine, and package names have to be in CamelCase at line 49, column 14.  (no explanation).  (Severity: 5)
# Variable, subroutine, and package names have to be in CamelCase at line 50, column 10.  (no explanation).  (Severity: 5)
# Variable, subroutine, and package names have to be in CamelCase at line 53, column 1.  (no explanation).  (Severity: 5)
# Variable, subroutine, and package names have to be in CamelCase at line 54, column 6.  (no explanation).  (Severity: 5)
# Variable, subroutine, and package names have to be in CamelCase at line 55, column 6.  (no explanation).  (Severity: 5)
# Variable, subroutine, and package names have to be in CamelCase at line 57, column 6.  (no explanation).  (Severity: 5)
# Variable, subroutine, and package names have to be in CamelCase at line 58, column 3.  (no explanation).  (Severity: 5)
# Variable, subroutine, and package names have to be in CamelCase at line 59, column 3.  (no explanation).  (Severity: 5)
# Variable, subroutine, and package names have to be in CamelCase at line 60, column 3.  (no explanation).  (Severity: 5)
# Variable, subroutine, and package names have to be in CamelCase at line 60, column 76.  (no explanation).  (Severity: 5)
# Variable, subroutine, and package names have to be in CamelCase at line 61, column 3.  (no explanation).  (Severity: 5)
# Variable, subroutine, and package names have to be in CamelCase at line 62, column 3.  (no explanation).  (Severity: 5)
# Variable, subroutine, and package names have to be in CamelCase at line 62, column 88.  (no explanation).  (Severity: 5)
# Variable, subroutine, and package names have to be in CamelCase at line 63, column 3.  (no explanation).  (Severity: 5)
# Variable, subroutine, and package names have to be in CamelCase at line 64, column 3.  (no explanation).  (Severity: 5)
# Variable, subroutine, and package names have to be in CamelCase at line 64, column 74.  (no explanation).  (Severity: 5)
# Variable, subroutine, and package names have to be in CamelCase at line 65, column 3.  (no explanation).  (Severity: 5)
# Variable, subroutine, and package names have to be in CamelCase at line 65, column 76.  (no explanation).  (Severity: 5)
# Variable, subroutine, and package names have to be in CamelCase at line 66, column 3.  (no explanation).  (Severity: 5)
# Variable, subroutine, and package names have to be in CamelCase at line 66, column 82.  (no explanation).  (Severity: 5)
# Variable, subroutine, and package names have to be in CamelCase at line 67, column 3.  (no explanation).  (Severity: 5)
# Variable, subroutine, and package names have to be in CamelCase at line 67, column 82.  (no explanation).  (Severity: 5)
# Variable, subroutine, and package names have to be in CamelCase at line 68, column 3.  (no explanation).  (Severity: 5)
# Variable, subroutine, and package names have to be in CamelCase at line 68, column 78.  (no explanation).  (Severity: 5)
# Variable, subroutine, and package names have to be in CamelCase at line 69, column 3.  (no explanation).  (Severity: 5)
# Variable, subroutine, and package names have to be in CamelCase at line 69, column 85.  (no explanation).  (Severity: 5)
# Variable, subroutine, and package names have to be in CamelCase at line 73, column 10.  (no explanation).  (Severity: 5)
# Variable, subroutine, and package names have to be in CamelCase at line 76, column 1.  (no explanation).  (Severity: 5)
# Variable, subroutine, and package names have to be in CamelCase at line 77, column 6.  (no explanation).  (Severity: 5)
# Variable, subroutine, and package names have to be in CamelCase at line 78, column 6.  (no explanation).  (Severity: 5)
# Variable, subroutine, and package names have to be in CamelCase at line 80, column 6.  (no explanation).  (Severity: 5)
# Variable, subroutine, and package names have to be in CamelCase at line 81, column 3.  (no explanation).  (Severity: 5)
# Variable, subroutine, and package names have to be in CamelCase at line 82, column 3.  (no explanation).  (Severity: 5)
# Variable, subroutine, and package names have to be in CamelCase at line 83, column 3.  (no explanation).  (Severity: 5)
# Variable, subroutine, and package names have to be in CamelCase at line 84, column 3.  (no explanation).  (Severity: 5)
# Variable, subroutine, and package names have to be in CamelCase at line 84, column 82.  (no explanation).  (Severity: 5)
# Variable, subroutine, and package names have to be in CamelCase at line 85, column 3.  (no explanation).  (Severity: 5)
# Variable, subroutine, and package names have to be in CamelCase at line 85, column 84.  (no explanation).  (Severity: 5)
# Variable, subroutine, and package names have to be in CamelCase at line 86, column 3.  (no explanation).  (Severity: 5)
# Variable, subroutine, and package names have to be in CamelCase at line 87, column 3.  (no explanation).  (Severity: 5)
# Variable, subroutine, and package names have to be in CamelCase at line 87, column 78.  (no explanation).  (Severity: 5)
# Variable, subroutine, and package names have to be in CamelCase at line 88, column 3.  (no explanation).  (Severity: 5)
# Variable, subroutine, and package names have to be in CamelCase at line 88, column 92.  (no explanation).  (Severity: 5)
# Variable, subroutine, and package names have to be in CamelCase at line 89, column 3.  (no explanation).  (Severity: 5)
# Variable, subroutine, and package names have to be in CamelCase at line 90, column 3.  (no explanation).  (Severity: 5)
# Variable, subroutine, and package names have to be in CamelCase at line 90, column 92.  (no explanation).  (Severity: 5)
# Variable, subroutine, and package names have to be in CamelCase at line 91, column 3.  (no explanation).  (Severity: 5)
# Variable, subroutine, and package names have to be in CamelCase at line 92, column 3.  (no explanation).  (Severity: 5)
# Variable, subroutine, and package names have to be in CamelCase at line 93, column 3.  (no explanation).  (Severity: 5)
# Variable, subroutine, and package names have to be in CamelCase at line 93, column 78.  (no explanation).  (Severity: 5)
# Variable, subroutine, and package names have to be in CamelCase at line 94, column 3.  (no explanation).  (Severity: 5)
# Variable, subroutine, and package names have to be in CamelCase at line 95, column 3.  (no explanation).  (Severity: 5)
# Variable, subroutine, and package names have to be in CamelCase at line 96, column 3.  (no explanation).  (Severity: 5)
# Variable, subroutine, and package names have to be in CamelCase at line 97, column 3.  (no explanation).  (Severity: 5)
# Variable, subroutine, and package names have to be in CamelCase at line 98, column 3.  (no explanation).  (Severity: 5)
# Variable, subroutine, and package names have to be in CamelCase at line 99, column 3.  (no explanation).  (Severity: 5)
# Variable, subroutine, and package names have to be in CamelCase at line 99, column 86.  (no explanation).  (Severity: 5)
# Variable, subroutine, and package names have to be in CamelCase at line 100, column 3.  (no explanation).  (Severity: 5)
# Variable, subroutine, and package names have to be in CamelCase at line 100, column 84.  (no explanation).  (Severity: 5)
# Variable, subroutine, and package names have to be in CamelCase at line 101, column 3.  (no explanation).  (Severity: 5)
# Variable, subroutine, and package names have to be in CamelCase at line 101, column 76.  (no explanation).  (Severity: 5)
# Variable, subroutine, and package names have to be in CamelCase at line 102, column 3.  (no explanation).  (Severity: 5)
# Variable, subroutine, and package names have to be in CamelCase at line 102, column 72.  (no explanation).  (Severity: 5)
# Variable, subroutine, and package names have to be in CamelCase at line 103, column 3.  (no explanation).  (Severity: 5)
# Variable, subroutine, and package names have to be in CamelCase at line 103, column 72.  (no explanation).  (Severity: 5)
# Variable, subroutine, and package names have to be in CamelCase at line 104, column 3.  (no explanation).  (Severity: 5)
# Variable, subroutine, and package names have to be in CamelCase at line 104, column 82.  (no explanation).  (Severity: 5)
# Variable, subroutine, and package names have to be in CamelCase at line 105, column 3.  (no explanation).  (Severity: 5)
# Variable, subroutine, and package names have to be in CamelCase at line 105, column 82.  (no explanation).  (Severity: 5)
# Variable, subroutine, and package names have to be in CamelCase at line 106, column 3.  (no explanation).  (Severity: 5)
# Variable, subroutine, and package names have to be in CamelCase at line 106, column 74.  (no explanation).  (Severity: 5)
# Variable, subroutine, and package names have to be in CamelCase at line 107, column 3.  (no explanation).  (Severity: 5)
# Variable, subroutine, and package names have to be in CamelCase at line 107, column 76.  (no explanation).  (Severity: 5)
# Variable, subroutine, and package names have to be in CamelCase at line 108, column 3.  (no explanation).  (Severity: 5)
# Variable, subroutine, and package names have to be in CamelCase at line 108, column 72.  (no explanation).  (Severity: 5)
# Variable, subroutine, and package names have to be in CamelCase at line 109, column 3.  (no explanation).  (Severity: 5)
# Variable, subroutine, and package names have to be in CamelCase at line 109, column 72.  (no explanation).  (Severity: 5)
# Variable, subroutine, and package names have to be in CamelCase at line 110, column 3.  (no explanation).  (Severity: 5)
# Variable, subroutine, and package names have to be in CamelCase at line 110, column 78.  (no explanation).  (Severity: 5)
# Variable, subroutine, and package names have to be in CamelCase at line 111, column 3.  (no explanation).  (Severity: 5)
# Variable, subroutine, and package names have to be in CamelCase at line 111, column 76.  (no explanation).  (Severity: 5)
# Variable, subroutine, and package names have to be in CamelCase at line 112, column 3.  (no explanation).  (Severity: 5)
# Variable, subroutine, and package names have to be in CamelCase at line 113, column 3.  (no explanation).  (Severity: 5)
# Variable, subroutine, and package names have to be in CamelCase at line 113, column 85.  (no explanation).  (Severity: 5)
# Variable, subroutine, and package names have to be in CamelCase at line 115, column 10.  (no explanation).  (Severity: 5)
# Variable, subroutine, and package names have to be in CamelCase at line 118, column 1.  (no explanation).  (Severity: 5)
# Variable, subroutine, and package names have to be in CamelCase at line 119, column 6.  (no explanation).  (Severity: 5)
# Variable, subroutine, and package names have to be in CamelCase at line 120, column 6.  (no explanation).  (Severity: 5)
# Variable, subroutine, and package names have to be in CamelCase at line 122, column 6.  (no explanation).  (Severity: 5)
# Variable, subroutine, and package names have to be in CamelCase at line 123, column 3.  (no explanation).  (Severity: 5)
# Variable, subroutine, and package names have to be in CamelCase at line 125, column 3.  (no explanation).  (Severity: 5)
# Variable, subroutine, and package names have to be in CamelCase at line 126, column 29.  (no explanation).  (Severity: 5)
# Variable, subroutine, and package names have to be in CamelCase at line 127, column 3.  (no explanation).  (Severity: 5)
# Variable, subroutine, and package names have to be in CamelCase at line 128, column 3.  (no explanation).  (Severity: 5)
# Variable, subroutine, and package names have to be in CamelCase at line 128, column 88.  (no explanation).  (Severity: 5)
# Variable, subroutine, and package names have to be in CamelCase at line 132, column 3.  (no explanation).  (Severity: 5)
# Variable, subroutine, and package names have to be in CamelCase at line 132, column 98.  (no explanation).  (Severity: 5)
# Variable, subroutine, and package names have to be in CamelCase at line 133, column 3.  (no explanation).  (Severity: 5)
# Variable, subroutine, and package names have to be in CamelCase at line 133, column 86.  (no explanation).  (Severity: 5)
# Variable, subroutine, and package names have to be in CamelCase at line 134, column 3.  (no explanation).  (Severity: 5)
# Variable, subroutine, and package names have to be in CamelCase at line 134, column 84.  (no explanation).  (Severity: 5)
# Variable, subroutine, and package names have to be in CamelCase at line 135, column 3.  (no explanation).  (Severity: 5)
# Variable, subroutine, and package names have to be in CamelCase at line 135, column 76.  (no explanation).  (Severity: 5)
# Variable, subroutine, and package names have to be in CamelCase at line 136, column 3.  (no explanation).  (Severity: 5)
# Variable, subroutine, and package names have to be in CamelCase at line 136, column 76.  (no explanation).  (Severity: 5)
# Variable, subroutine, and package names have to be in CamelCase at line 137, column 3.  (no explanation).  (Severity: 5)
# Variable, subroutine, and package names have to be in CamelCase at line 137, column 78.  (no explanation).  (Severity: 5)
# Variable, subroutine, and package names have to be in CamelCase at line 138, column 3.  (no explanation).  (Severity: 5)
# Variable, subroutine, and package names have to be in CamelCase at line 138, column 82.  (no explanation).  (Severity: 5)
# Variable, subroutine, and package names have to be in CamelCase at line 139, column 3.  (no explanation).  (Severity: 5)
# Variable, subroutine, and package names have to be in CamelCase at line 139, column 74.  (no explanation).  (Severity: 5)
# Variable, subroutine, and package names have to be in CamelCase at line 140, column 3.  (no explanation).  (Severity: 5)
# Variable, subroutine, and package names have to be in CamelCase at line 140, column 76.  (no explanation).  (Severity: 5)
# Variable, subroutine, and package names have to be in CamelCase at line 141, column 3.  (no explanation).  (Severity: 5)
# Variable, subroutine, and package names have to be in CamelCase at line 141, column 72.  (no explanation).  (Severity: 5)
# Variable, subroutine, and package names have to be in CamelCase at line 142, column 3.  (no explanation).  (Severity: 5)
# Variable, subroutine, and package names have to be in CamelCase at line 142, column 82.  (no explanation).  (Severity: 5)
# Variable, subroutine, and package names have to be in CamelCase at line 143, column 3.  (no explanation).  (Severity: 5)
# Variable, subroutine, and package names have to be in CamelCase at line 143, column 86.  (no explanation).  (Severity: 5)
# Variable, subroutine, and package names have to be in CamelCase at line 144, column 3.  (no explanation).  (Severity: 5)
# Variable, subroutine, and package names have to be in CamelCase at line 145, column 3.  (no explanation).  (Severity: 5)
# Variable, subroutine, and package names have to be in CamelCase at line 146, column 3.  (no explanation).  (Severity: 5)
# Variable, subroutine, and package names have to be in CamelCase at line 146, column 85.  (no explanation).  (Severity: 5)
# Variable, subroutine, and package names have to be in CamelCase at line 148, column 10.  (no explanation).  (Severity: 5)
# Looks like you failed 1 test of 1.
t/perlcritic.t .................. 
Dubious, test returned 1 (wstat 256, 0x100)
Failed 1/1 subtests 
t/pod-coverage.t ................ ok
t/pod.t ......................... ok

Test Summary Report
-------------------
t/perlcritic.t                (Wstat: 256 Tests: 1 Failed: 1)
  Failed test:  1
  Non-zero exit status: 1
Files=6, Tests=51,  3 wallclock secs ( 0.04 usr  0.01 sys +  1.46 cusr  0.11 csys =  1.62 CPU)
Result: FAIL
Failed 1/6 test programs. 1/51 subtests failed.

------------------------------
PREREQUISITES
------------------------------

Prerequisite modules loaded:

requires:

    Module             Need Have  
    ------------------ ---- ------
    Carp               0    1.26  
    CGI::FormBuilder   0    3.08  
    Test::HTML::Lint   0    2.20  
    Test::HTML::Tidy   0    1.00  
    Test::More         0    0.98  
    Test::Perl::Critic 0    1.02  
    version            0    0.9902
    WWW::Mechanize     0    1.72  


------------------------------
ENVIRONMENT AND OTHER CONTEXT
------------------------------

Environment variables:

    AUTOMATED_TESTING = 1
    LANG = en_US.UTF-8
    LANGUAGE = en_US:en
    PATH = /usr/lib/ccache:/home/sand/bin:/usr/local/bin:/usr/bin:/bin:/usr/bin/X11:/usr/games:/usr/local/perl/bin:/usr/X11/bin:/sbin:/usr/sbin
    PERL5LIB = 
    PERL5OPT = 
    PERL5_CPANPLUS_IS_RUNNING = 20949
    PERL5_CPAN_IS_RUNNING = 20949
    PERL_MM_USE_DEFAULT = 1
    SHELL = /usr/bin/zsh
    TERM = screen

Perl special variables (and OS-specific diagnostics, for MSWin32):

    $^X = /home/sand/src/perl/repoperls/installed-perls/perl/v5.14.4/9980/bin/perl
    $UID/$EUID = 1005 / 1005
    $GID = 1005 1005
    $EGID = 1005 1005

Perl module toolchain versions installed:

    Module              Have    
    ------------------- --------
    CPAN                2.00    
    CPAN::Meta          2.130880
    Cwd                 3.40    
    ExtUtils::CBuilder  0.280205
    ExtUtils::Command   1.17    
    ExtUtils::Install   1.56    
    ExtUtils::MakeMaker 6.66    
    ExtUtils::Manifest  1.60    
    ExtUtils::ParseXS   3.18_03 
    File::Spec          3.40    
    JSON                2.57    
    JSON::PP            2.27202 
    Module::Build       0.4005  
    Module::Signature   0.70    
    Parse::CPAN::Meta   1.4404  
    Test::Harness       3.28    
    Test::More          0.98    
    YAML                0.84    
    YAML::Syck          1.25    
    version             0.9902  


--

Summary of my perl5 (revision 5 version 14 subversion 4) configuration:
  Commit id: 26c5c13a4ece9084f310610bb17fb2f24c72a73e
  Platform:
    osname=linux, osvers=3.2.0-4-amd64, archname=x86_64-linux-thread-multi
    uname='linux k83 3.2.0-4-amd64 #1 smp debian 3.2.39-2 x86_64 gnulinux '
    config_args='-Dprefix=/home/src/perl/repoperls/installed-perls/perl/v5.14.4/9980 -Dmyhostname=k83 -Dinstallusrbinperl=n -Uversiononly -Dusedevel -des -Ui_db -Duseithreads -Uuselongdouble -DDEBUGGING=-g'
    hint=recommended, useposix=true, d_sigaction=define
    useithreads=define, usemultiplicity=define
    useperlio=define, d_sfio=undef, uselargefiles=define, usesocks=undef
    use64bitint=define, use64bitall=define, uselongdouble=undef
    usemymalloc=n, bincompat5005=undef
  Compiler:
    cc='cc', ccflags ='-D_REENTRANT -D_GNU_SOURCE -fno-strict-aliasing -pipe -fstack-protector -I/usr/local/include -D_LARGEFILE_SOURCE -D_FILE_OFFSET_BITS=64',
    optimize='-O2 -g',
    cppflags='-D_REENTRANT -D_GNU_SOURCE -fno-strict-aliasing -pipe -fstack-protector -I/usr/local/include'
    ccversion='', gccversion='4.7.2', gccosandvers=''
    intsize=4, longsize=8, ptrsize=8, doublesize=8, byteorder=12345678
    d_longlong=define, longlongsize=8, d_longdbl=define, longdblsize=16
    ivtype='long', ivsize=8, nvtype='double', nvsize=8, Off_t='off_t', lseeksize=8
    alignbytes=8, prototype=define
  Linker and Libraries:
    ld='cc', ldflags =' -fstack-protector -L/usr/local/lib'
    libpth=/usr/local/lib /lib/x86_64-linux-gnu /lib/../lib /usr/lib/x86_64-linux-gnu /usr/lib/../lib /lib /usr/lib
    libs=-lnsl -lgdbm -ldb -ldl -lm -lcrypt -lutil -lpthread -lc -lgdbm_compat
    perllibs=-lnsl -ldl -lm -lcrypt -lutil -lpthread -lc
    libc=, so=so, useshrplib=false, libperl=libperl.a
    gnulibc_version='2.13'
  Dynamic Linking:
    dlsrc=dl_dlopen.xs, dlext=so, d_dlsymun=undef, ccdlflags='-Wl,-E'
    cccdlflags='-fPIC', lddlflags='-shared -O2 -g -L/usr/local/lib -fstack-protector'


Characteristics of this binary (from libperl): 
  Compile-time options: MULTIPLICITY PERL_DONT_CREATE_GVSV
                        PERL_IMPLICIT_CONTEXT PERL_MALLOC_WRAP
                        PERL_PRESERVE_IVUV PERL_USE_DEVEL USE_64_BIT_ALL
                        USE_64_BIT_INT USE_ITHREADS USE_LARGE_FILES
                        USE_PERLIO USE_PERL_ATOF USE_REENTRANT_API
  Built under linux
  Compiled at Mar 12 2013 06:55:06
  %ENV:
    PERL5LIB=""
    PERL5OPT=""
    PERL5_CPANPLUS_IS_RUNNING="20949"
    PERL5_CPAN_IS_RUNNING="20949"
    PERL_MM_USE_DEFAULT="1"
  @INC:
    /home/src/perl/repoperls/installed-perls/perl/v5.14.4/9980/lib/site_perl/5.14.4/x86_64-linux-thread-multi
    /home/src/perl/repoperls/installed-perls/perl/v5.14.4/9980/lib/site_perl/5.14.4
    /home/src/perl/repoperls/installed-perls/perl/v5.14.4/9980/lib/5.14.4/x86_64-linux-thread-multi
    /home/src/perl/repoperls/installed-perls/perl/v5.14.4/9980/lib/5.14.4
    .