Back
From: metabase:user:320bfe00-2aae-11df-837a-5e0a49663a4f
Subject: FAIL HTTP-Engine-Compat-0.03 v5.14.2 GNU/Linux
Date: 2011-11-04T02:17:44Z
This distribution has been tested as part of the CPAN Testers
project, supporting the Perl programming language. See
http://wiki.cpantesters.org/ for more information or email
questions to cpan-testers-discuss@perl.org
--
Dear Kazuhiro Osawa,
This is a computer-generated report for HTTP-Engine-Compat-0.03
on perl 5.14.2, created by CPAN-Reporter-1.1902.
Thank you for uploading your work to CPAN. However, there was a problem
testing your distribution.
If you think this report is invalid, please consult the CPAN Testers Wiki
for suggestions on how to avoid getting FAIL reports for missing library
or binary dependencies, unsupported operating systems, and so on:
http://wiki.cpantesters.org/wiki/CPANAuthorNotes
Sections of this report:
* Tester comments
* Program output
* Prerequisites
* Environment and other context
------------------------------
TESTER COMMENTS
------------------------------
Additional comments from tester:
this report is from an automated smoke testing program
and was not reviewed by a human for accuracy
------------------------------
PROGRAM OUTPUT
------------------------------
Output from '/usr/bin/make test':
PERL_DL_NONLAZY=1 /home/sand/src/perl/repoperls/installed-perls/perl/v5.14.2/2a56/bin/perl "-MExtUtils::Command::MM" "-e" "test_harness(0, 'inc', 'blib/lib', 'blib/arch')" t/*.t t/*/*.t t/*/*/*.t t/*/*/*/*.t
Not inlining a constructor for HTTP::Engine since it defines its own constructor.
If you are certain you don't need to inline your constructor, specify inline_constructor => 0 in your call to HTTP::Engine->meta->make_immutable
t/00_compile.t ................................. ok
Not inlining a constructor for HTTP::Engine since it defines its own constructor.
If you are certain you don't need to inline your constructor, specify inline_constructor => 0 in your call to HTTP::Engine->meta->make_immutable
Can't locate object method "new" via package "HTTP::Request" at t/010_core/context.t line 20.
# Looks like your test died before it could output anything.
t/010_core/context.t ...........................
Dubious, test returned 255 (wstat 65280, 0xff00)
Failed 5/5 subtests
Not inlining a constructor for HTTP::Engine since it defines its own constructor.
If you are certain you don't need to inline your constructor, specify inline_constructor => 0 in your call to HTTP::Engine->meta->make_immutable
Not inlining a constructor for HTTP::Engine since it defines its own constructor.
If you are certain you don't need to inline your constructor, specify inline_constructor => 0 in your call to HTTP::Engine->meta->make_immutable
Not inlining a constructor for HTTP::Engine since it defines its own constructor.
If you are certain you don't need to inline your constructor, specify inline_constructor => 0 in your call to HTTP::Engine->meta->make_immutable
t/010_core/middleware-import.t ................. ok
Not inlining a constructor for HTTP::Engine since it defines its own constructor.
If you are certain you don't need to inline your constructor, specify inline_constructor => 0 in your call to HTTP::Engine->meta->make_immutable
t/010_core/middleware-import_loadmethods.t ..... ok
Not inlining a constructor for HTTP::Engine since it defines its own constructor.
If you are certain you don't need to inline your constructor, specify inline_constructor => 0 in your call to HTTP::Engine->meta->make_immutable
t/010_core/middleware-load_middleware.t ........ ok
Not inlining a constructor for HTTP::Engine since it defines its own constructor.
If you are certain you don't need to inline your constructor, specify inline_constructor => 0 in your call to HTTP::Engine->meta->make_immutable
Can't locate object method "new" via package "HTTP::Request" (perhaps you forgot to load "HTTP::Request"?) at t/010_core/middleware-wrap.t line 11.
# Looks like your test died before it could output anything.
t/010_core/middleware-wrap.t ...................
Dubious, test returned 255 (wstat 65280, 0xff00)
Failed 2/2 subtests
Can't locate object method "req" via package "HTTP::Engine::Request" at t/010_core/request-body.t line 23.
# No tests run!
t/010_core/request-body.t ......................
Dubious, test returned 255 (wstat 65280, 0xff00)
Failed 2/2 subtests
Can't locate object method "req" via package "HTTP::Engine::Request" at t/010_core/request-context.t line 10.
# No tests run!
t/010_core/request-context.t ...................
Dubious, test returned 255 (wstat 65280, 0xff00)
Failed 1/1 subtests
Can't locate object method "req" via package "HTTP::Engine::Request" at t/010_core/request-cookie.t line 23.
Can't locate object method "req" via package "HTTP::Engine::Request" at t/010_core/request-cookie.t line 40.
# No tests run!
t/010_core/request-cookie.t ....................
Dubious, test returned 255 (wstat 65280, 0xff00)
Failed 4/4 subtests
Can't locate object method "res" via package "HTTP::Engine::Request" at t/010_core/request_processor-response_error.t line 37.
Can't locate object method "status" via package "HTTP::Headers::Fast" at /home/src/perl/repoperls/installed-perls/perl/v5.14.2/2a56/lib/site_perl/5.14.2/HTTP/Message.pm line 649.
# Looks like your test died before it could output anything.
t/010_core/request_processor-response_error.t ..
Dubious, test returned 255 (wstat 65280, 0xff00)
Failed 20/20 subtests
Not inlining a constructor for HTTP::Engine since it defines its own constructor.
If you are certain you don't need to inline your constructor, specify inline_constructor => 0 in your call to HTTP::Engine->meta->make_immutable
Can't locate object method "new" via package "HTTP::Request" (perhaps you forgot to load "HTTP::Request"?) at t/010_core/response_redirect.t line 12.
# Looks like your test died before it could output anything.
t/010_core/response_redirect.t .................
Dubious, test returned 255 (wstat 65280, 0xff00)
Failed 8/8 subtests
Test Summary Report
-------------------
t/010_core/context.t (Wstat: 65280 Tests: 0 Failed: 0)
Non-zero exit status: 255
Parse errors: Bad plan. You planned 5 tests but ran 0.
t/010_core/middleware-wrap.t (Wstat: 65280 Tests: 0 Failed: 0)
Non-zero exit status: 255
Parse errors: Bad plan. You planned 2 tests but ran 0.
t/010_core/request-body.t (Wstat: 65280 Tests: 0 Failed: 0)
Non-zero exit status: 255
Parse errors: Bad plan. You planned 2 tests but ran 0.
t/010_core/request-context.t (Wstat: 65280 Tests: 0 Failed: 0)
Non-zero exit status: 255
Parse errors: Bad plan. You planned 1 tests but ran 0.
t/010_core/request-cookie.t (Wstat: 65280 Tests: 0 Failed: 0)
Non-zero exit status: 255
Parse errors: Bad plan. You planned 4 tests but ran 0.
t/010_core/request_processor-response_error.t (Wstat: 65280 Tests: 0 Failed: 0)
Non-zero exit status: 255
Parse errors: Bad plan. You planned 20 tests but ran 0.
t/010_core/response_redirect.t (Wstat: 65280 Tests: 0 Failed: 0)
Non-zero exit status: 255
Parse errors: Bad plan. You planned 8 tests but ran 0.
Files=11, Tests=8, 7 wallclock secs ( 0.04 usr 0.01 sys + 3.33 cusr 0.27 csys = 3.65 CPU)
Result: FAIL
Failed 7/11 test programs. 0/8 subtests failed.
make: *** [test_dynamic] Error 255
------------------------------
PREREQUISITES
------------------------------
Prerequisite modules loaded:
requires:
Module Need Have
------------------- ------- -------
ExtUtils::MakeMaker 6.6302 6.63_02
HTTP::Engine v0.0.15 0.03005
Test::More 0 0.98
YAML 0 0.77
build_requires:
Module Need Have
------------------- ------- -------
ExtUtils::MakeMaker 0 6.63_02
------------------------------
ENVIRONMENT AND OTHER CONTEXT
------------------------------
Environment variables:
AUTOMATED_TESTING = 1
LANG = en_US.UTF-8
LANGUAGE = en_US:en
PATH = /home/sand/bin:/usr/local/bin:/usr/bin:/bin:/usr/bin/X11:/usr/games:/usr/local/perl/bin:/usr/X11/bin:/sbin:/usr/sbin
PERL5LIB =
PERL5OPT =
PERL5_CPANPLUS_IS_RUNNING = 23210
PERL5_CPAN_IS_RUNNING = 23210
PERL_MM_USE_DEFAULT = 1
SHELL = /usr/bin/zsh
TERM = screen
Perl special variables (and OS-specific diagnostics, for MSWin32):
$^X = /home/sand/src/perl/repoperls/installed-perls/perl/v5.14.2/2a56/bin/perl
$UID/$EUID = 1005 / 1005
$GID = 1005 1005
$EGID = 1005 1005
Perl module toolchain versions installed:
Module Have
------------------- --------
CPAN 1.9800
Cwd 3.36
ExtUtils::CBuilder 0.280202
ExtUtils::Command 1.17
ExtUtils::Install 1.56
ExtUtils::MakeMaker 6.63_02
ExtUtils::Manifest 1.58
ExtUtils::ParseXS 3.05
File::Spec 3.33
Module::Build 0.3800
Module::Signature 0.68
Test::Harness 3.23
Test::More 0.98
YAML 0.77
YAML::Syck 1.17_02
version 0.94
--
Summary of my perl5 (revision 5 version 14 subversion 2) configuration:
Commit id: dc281e6088d189558b79a5121119b7196c8b3db0
Platform:
osname=linux, osvers=2.6.32-5-amd64, archname=x86_64-linux-thread-multi-ld
uname='linux k83 2.6.32-5-amd64 #1 smp mon oct 3 03:59:20 utc 2011 x86_64 gnulinux '
config_args='-Dprefix=/home/src/perl/repoperls/installed-perls/perl/v5.14.2/2a56 -Dinstallusrbinperl=n -Uversiononly -Dusedevel -des -Ui_db -Duseithreads -Duselongdouble -DDEBUGGING=-g'
hint=recommended, useposix=true, d_sigaction=define
useithreads=define, usemultiplicity=define
useperlio=define, d_sfio=undef, uselargefiles=define, usesocks=undef
use64bitint=define, use64bitall=define, uselongdouble=define
usemymalloc=n, bincompat5005=undef
Compiler:
cc='cc', ccflags ='-D_REENTRANT -D_GNU_SOURCE -fno-strict-aliasing -pipe -fstack-protector -I/usr/local/include -D_LARGEFILE_SOURCE -D_FILE_OFFSET_BITS=64',
optimize='-O2 -g',
cppflags='-D_REENTRANT -D_GNU_SOURCE -fno-strict-aliasing -pipe -fstack-protector -I/usr/local/include'
ccversion='', gccversion='4.4.5', gccosandvers=''
intsize=4, longsize=8, ptrsize=8, doublesize=8, byteorder=12345678
d_longlong=define, longlongsize=8, d_longdbl=define, longdblsize=16
ivtype='long', ivsize=8, nvtype='long double', nvsize=16, Off_t='off_t', lseeksize=8
alignbytes=16, prototype=define
Linker and Libraries:
ld='cc', ldflags =' -fstack-protector -L/usr/local/lib'
libpth=/usr/local/lib /lib/../lib /usr/lib/../lib /lib /usr/lib /lib64 /usr/lib64
libs=-lnsl -ldb -ldl -lm -lcrypt -lutil -lpthread -lc
perllibs=-lnsl -ldl -lm -lcrypt -lutil -lpthread -lc
libc=/lib/libc-2.11.2.so, so=so, useshrplib=false, libperl=libperl.a
gnulibc_version='2.11.2'
Dynamic Linking:
dlsrc=dl_dlopen.xs, dlext=so, d_dlsymun=undef, ccdlflags='-Wl,-E'
cccdlflags='-fPIC', lddlflags='-shared -O2 -g -L/usr/local/lib -fstack-protector'
Characteristics of this binary (from libperl):
Compile-time options: MULTIPLICITY PERL_DONT_CREATE_GVSV
PERL_IMPLICIT_CONTEXT PERL_MALLOC_WRAP
PERL_PRESERVE_IVUV PERL_USE_DEVEL USE_64_BIT_ALL
USE_64_BIT_INT USE_ITHREADS USE_LARGE_FILES
USE_LONG_DOUBLE USE_PERLIO USE_PERL_ATOF
USE_REENTRANT_API
Built under linux
Compiled at Oct 16 2011 06:05:32
%ENV:
PERL5LIB=""
PERL5OPT=""
PERL5_CPANPLUS_IS_RUNNING="23210"
PERL5_CPAN_IS_RUNNING="23210"
PERL_MM_USE_DEFAULT="1"
@INC:
/home/src/perl/repoperls/installed-perls/perl/v5.14.2/2a56/lib/site_perl/5.14.2/x86_64-linux-thread-multi-ld
/home/src/perl/repoperls/installed-perls/perl/v5.14.2/2a56/lib/site_perl/5.14.2
/home/src/perl/repoperls/installed-perls/perl/v5.14.2/2a56/lib/5.14.2/x86_64-linux-thread-multi-ld
/home/src/perl/repoperls/installed-perls/perl/v5.14.2/2a56/lib/5.14.2
.