AnyEvent-Redis-RipeRedis v1.62 Perl 5 v5.29.4 x86_64-linux
- Status
- Fail
- From
- Slaven Rezić (SREZIC)
- Dist
-
AnyEvent-Redis-RipeRedis v1.62
- Platform
- Perl 5 v5.29.4 x86_64-linux
- Date
- 2018-11-18 09:49:03
- ID
- 2e6953a0-eb17-11e8-b21c-81ed69b4cd3c
This distribution has been tested as part of the CPAN Testers
project, supporting the Perl programming language. See
http://wiki.cpantesters.org/ for more information or email
questions to cpan-testers-discuss@perl.org
--
Dear Eugene Ponizovsky,
This is a computer-generated report for AnyEvent-Redis-RipeRedis-1.62
on perl 5.29.4, created by CPAN-Reporter-1.2018.
Thank you for uploading your work to CPAN. However, there was a problem
testing your distribution.
If you think this report is invalid, please consult the CPAN Testers Wiki
for suggestions on how to avoid getting FAIL reports for missing library
or binary dependencies, unsupported operating systems, and so on:
http://wiki.cpantesters.org/wiki/CPANAuthorNotes
Sections of this report:
* Tester comments
* Program output
* Prerequisites
* Environment and other context
------------------------------
TESTER COMMENTS
------------------------------
Additional comments from tester:
none provided
------------------------------
PROGRAM OUTPUT
------------------------------
Output from '/usr/bin/make test':
PERL_DL_NONLAZY=1 "/opt/perl-5.29.4/bin/perl5.29.4" "-MExtUtils::Command::MM" "-MTest::Harness" "-e" "undef *Test::Harness::Switches; test_harness(0, 'blib/lib', 'blib/arch')" t/*.t
t/00-base.t .......... ok
t/01-accessors.t ..... ok
t/02-error-codes.t ... ok
t/03-auth.t .......... ok
t/04-commands.t ...... ok
t/05-db-select.t ..... ok
t/06-subs.t .......... ok
t/07-lazy-conn.t ..... ok
t/08-eval.t .......... ok
# Emergency exit from event loop. Test failed
# Failed test 'read timeout; client error message'
# at t/09-conn-errors.t line 327.
# got: 'Connection closed by client prematurely.'
# expected: 'Read timed out.'
# Failed test 'read timeout; client error code'
# at t/09-conn-errors.t line 328.
# got: '5'
# expected: '12'
# Failed test 'read timeout; command error message'
# at t/09-conn-errors.t line 329.
# got: 'Operation "brpop" aborted: Connection closed by client prematurely.'
# expected: 'Operation "brpop" aborted: Read timed out.'
# Failed test 'read timeout; command error code'
# at t/09-conn-errors.t line 331.
# got: '5'
# expected: '12'
# Looks like you failed 4 tests of 31.
t/09-conn-errors.t ...
Dubious, test returned 4 (wstat 1024, 0x400)
Failed 4/31 subtests
(less 5 skipped subtests: 22 okay)
t/10-exceptions.t .... ok
t/11-leaks.t ......... ok
t/12-pod.t ........... ok
t/13-pod-coverage.t .. ok
Test Summary Report
-------------------
t/09-conn-errors.t (Wstat: 1024 Tests: 31 Failed: 4)
Failed tests: 18-21
Non-zero exit status: 4
Files=14, Tests=242, 54 wallclock secs ( 0.05 usr 0.05 sys + 1.46 cusr 0.77 csys = 2.33 CPU)
Result: FAIL
Failed 1/14 test programs. 4/242 subtests failed.
Makefile:883: recipe for target 'test_dynamic' failed
make: *** [test_dynamic] Error 255
------------------------------
PREREQUISITES
------------------------------
Prerequisite modules loaded:
requires:
Module Need Have
------------------- -------- --------
AnyEvent 6.01 7.14
Carp 0 1.50
Digest::SHA 0 6.02
Encode 0 2.98
perl 5.008000 5.029004
Scalar::Util 0 1.50
build_requires:
Module Need Have
------------------- -------- --------
File::Temp 0.19 0.2308
POSIX 0 1.85
Test::Fatal 0.013 0.014
Test::More 0.98 1.302140
Test::TCP 2.12 2.19
Time::HiRes 0 1.9760
version 0.77 0.9924
configure_requires:
Module Need Have
------------------- -------- --------
ExtUtils::MakeMaker 6.64 7.34
------------------------------
ENVIRONMENT AND OTHER CONTEXT
------------------------------
Environment variables:
LANG = en_US.UTF-8
PATH = /usr/local/bin:/usr/bin:/bin:/usr/local/sbin:/usr/sbin:/sbin:/home/cpansand/bin/linux-gnu:/home/cpansand/bin/sh:/home/cpansand/bin:/usr/games:/home/cpansand/devel:/home/eserte/src/srezic-misc/scripts
PERL5LIB =
PERL5OPT =
PERL5_CPANPLUS_IS_RUNNING = 23205
PERL5_CPAN_IS_RUNNING = 23205
PERL5_CPAN_IS_RUNNING_IN_RECURSION = 20599,23205
PERLDOC = -MPod::Perldoc::ToTextOverstrike
PERL_BATCH = yes
PERL_CANARY_STABILITY_NOPROMPT = 1
PERL_CPAN_REPORTER_CONFIG = /var/tmp/cpansmoker-1023/2018111806/cpanreporter_000_config.ini
PERL_EXTUTILS_AUTOINSTALL = --defaultdeps
PERL_USE_UNSAFE_INC = 1
SHELL = /usr/bin/zsh
TERM = screen
TMPDIR = /var/tmp/cpansmoker-1023/2018111806
Perl special variables (and OS-specific diagnostics, for MSWin32):
$^X = /opt/perl-5.29.4/bin/perl5.29.4
$UID/$EUID = 1023 / 1023
$GID = 1023 1023
$EGID = 1023 1023
Perl module toolchain versions installed:
Module Have
------------------- --------
CPAN 2.21
CPAN::Meta 2.150010
Cwd 3.75
ExtUtils::CBuilder 0.280230
ExtUtils::Command 7.34
ExtUtils::Install 2.14
ExtUtils::MakeMaker 7.34
ExtUtils::Manifest 1.71
ExtUtils::ParseXS 3.39
File::Spec 3.75
JSON 2.97001
JSON::PP 2.97001
Module::Build 0.4224
Module::Signature n/a
Parse::CPAN::Meta 2.150010
Test::Harness 3.42
Test::More 1.302140
YAML 1.26
YAML::Syck 1.31
version 0.9924
--
Summary of my perl5 (revision 5 version 29 subversion 4) configuration:
Platform:
osname=linux
osvers=4.15.0-36-generic
archname=x86_64-linux
uname='linux ubuntu18 4.15.0-36-generic #39-ubuntu smp mon sep 24 16:19:09 utc 2018 x86_64 x86_64 x86_64 gnulinux '
config_args='-ds -e -Dprefix=/opt/perl-5.29.4 -Dusedevel -Dusemallocwrap=no -Dcf_email=srezic@cpan.org'
hint=recommended
useposix=true
d_sigaction=define
useithreads=undef
usemultiplicity=undef
use64bitint=define
use64bitall=define
uselongdouble=undef
usemymalloc=n
default_inc_excludes_dot=define
bincompat5005=undef
Compiler:
cc='cc'
ccflags ='-fwrapv -fno-strict-aliasing -pipe -fstack-protector-strong -I/usr/local/include -D_LARGEFILE_SOURCE -D_FILE_OFFSET_BITS=64'
optimize='-O2'
cppflags='-fwrapv -fno-strict-aliasing -pipe -fstack-protector-strong -I/usr/local/include'
ccversion=''
gccversion='7.3.0'
gccosandvers=''
intsize=4
longsize=8
ptrsize=8
doublesize=8
byteorder=12345678
doublekind=3
d_longlong=define
longlongsize=8
d_longdbl=define
longdblsize=16
longdblkind=3
ivtype='long'
ivsize=8
nvtype='double'
nvsize=8
Off_t='off_t'
lseeksize=8
alignbytes=8
prototype=define
Linker and Libraries:
ld='cc'
ldflags =' -fstack-protector-strong -L/usr/local/lib'
libpth=/usr/local/lib /usr/lib/gcc/x86_64-linux-gnu/7/include-fixed /usr/include/x86_64-linux-gnu /usr/lib /lib/x86_64-linux-gnu /lib/../lib /usr/lib/x86_64-linux-gnu /usr/lib/../lib /lib
libs=-lpthread -lnsl -lgdbm -ldb -ldl -lm -lcrypt -lutil -lc
perllibs=-lpthread -lnsl -ldl -lm -lcrypt -lutil -lc
libc=libc-2.27.so
so=so
useshrplib=false
libperl=libperl.a
gnulibc_version='2.27'
Dynamic Linking:
dlsrc=dl_dlopen.xs
dlext=so
d_dlsymun=undef
ccdlflags='-Wl,-E'
cccdlflags='-fPIC'
lddlflags='-shared -O2 -L/usr/local/lib -fstack-protector-strong'
Characteristics of this binary (from libperl):
Compile-time options:
HAS_TIMES
PERLIO_LAYERS
PERL_COPY_ON_WRITE
PERL_DONT_CREATE_GVSV
PERL_OP_PARENT
PERL_PRESERVE_IVUV
PERL_USE_DEVEL
USE_64_BIT_ALL
USE_64_BIT_INT
USE_LARGE_FILES
USE_LOCALE
USE_LOCALE_COLLATE
USE_LOCALE_CTYPE
USE_LOCALE_NUMERIC
USE_LOCALE_TIME
USE_PERLIO
USE_PERL_ATOF
Built under linux
Compiled at Oct 20 2018 18:49:33
%ENV:
PERL5LIB=""
PERL5OPT=""
PERL5_CPANPLUS_IS_RUNNING="23205"
PERL5_CPAN_IS_RUNNING="23205"
PERL5_CPAN_IS_RUNNING_IN_RECURSION="20599,23205"
PERLDOC="-MPod::Perldoc::ToTextOverstrike"
PERL_BATCH="yes"
PERL_CANARY_STABILITY_NOPROMPT="1"
PERL_CPAN_REPORTER_CONFIG="/var/tmp/cpansmoker-1023/2018111806/cpanreporter_000_config.ini"
PERL_EXTUTILS_AUTOINSTALL="--defaultdeps"
PERL_USE_UNSAFE_INC="1"
@INC:
/opt/perl-5.29.4/lib/site_perl/5.29.4/x86_64-linux
/opt/perl-5.29.4/lib/site_perl/5.29.4
/opt/perl-5.29.4/lib/5.29.4/x86_64-linux
/opt/perl-5.29.4/lib/5.29.4
.