Test-Module-Runnable v0.6.1 Perl 5 v5.14.0 i86pc-solaris-64

Status
Fail
From
Chris Williams (BINGOS)
Dist
Test-Module-Runnable v0.6.1
Platform
Perl 5 v5.14.0 i86pc-solaris-64
Date
2024-06-11 07:49:50
ID
2e5fc1ee-27c7-11ef-98b0-b3c3213a625c
This distribution has been tested as part of the CPAN Testers
project, supporting the Perl programming language.  See
http://wiki.cpantesters.org/ for more information or email
questions to cpan-testers-discuss@perl.org


--

Dear DDRP,

This is a computer-generated error report created automatically by
CPANPLUS, version 0.9914. Testers personal comments may appear
at the end of this report.


Thank you for uploading your work to CPAN.  However, it appears that
there were some problems testing your distribution.

TEST RESULTS:

Below is the error stack from stage 'make test':

PERL_DL_NONLAZY=1 "/home/cpan/pit/bare/perl-5.14.0/bin/perl" "-MExtUtils::Command::MM" "-MTest::Harness" "-e" "undef *Test::Harness::Switches; test_harness(0, 'blib/lib', 'blib/arch')" t/*.t
t/getopts.t ................... ok
t/mock.t ...................... ok

    #   Failed test 'bailed out as expected when mocking nonexistent method on class without AUTOLOAD'
    #   at t/mockNonExistentMethod.t line 97.
    #          got: 'Can't load '/home/cpan/pit/jail/FBPgyc0E35/lib/perl5/i86pc-solaris-64/auto/List/Util/Util.so' for module List::Util: ld.so.1: perl: fatal: relocation error: file /home/cpan/pit/jail/FBPgyc0E35/lib/perl5/i86pc-solaris-64/auto/List/Util/Util.so: symbol PL_curcop: referenced symbol not found at /home/cpan/pit/jail/FBPgyc0E35/lib/perl5/i86pc-solaris-64/XSLoader.pm line 96.
    # '
    #     expected: 'Bail out!  Cannot mock Private::Test::Module::Runnable::Dummy->noSuchMethod because it doesn't exist and Private::Test::Module::Runnable::Dummy has no AUTOLOAD
    # '
    # Looks like you failed 1 test of 2.

#   Failed test 'testClassWithoutAutoload'
#   at /home/cpan/pit/bare/conf/perl-5.14.0/.cpanplus/5.14.0/build/dGJuoo6Mlm/Test-Module-Runnable-0.6.1/blib/lib/Test/Module/Runnable/Base.pm line 321.
# Looks like you failed 1 test of 2.
t/mockNonExistentMethod.t ..... 
Dubious, test returned 1 (wstat 256, 0x100)
Failed 1/2 subtests 
t/modeSwitch.t ................ ok
t/podchecker.t ................ ok
t/tester.t .................... ok
t/unique.t .................... ok
t/uniqueDomain.t .............. ok
t/uniqueDomain_fuzz.t ......... ok
t/uniqueDomain_notExported.t .. ok
t/uniqueExport.t .............. ok
t/uniqueStr.t ................. ok
Private::Test::Module::Runnable::Dummy::methodDoesNotExist was not mocked at /home/cpan/pit/bare/conf/perl-5.14.0/.cpanplus/5.14.0/build/dGJuoo6Mlm/Test-Module-Runnable-0.6.1/blib/lib/Test/Module/Runnable/Base.pm line 433.
t/unmock.t .................... ok
t/version.t ................... ok

Test Summary Report
-------------------
t/mockNonExistentMethod.t   (Wstat: 256 (exited 1) Tests: 2 Failed: 1)
  Failed test:  1
  Non-zero exit status: 1
Files=14, Tests=45, 10 wallclock secs ( 0.57 usr  0.09 sys +  8.68 cusr  1.01 csys = 10.35 CPU)
Result: FAIL
Failed 1/14 test programs. 1/45 subtests failed.
*** Error code 255
make: Fatal error: Command failed for target `test_dynamic'


PREREQUISITES:

Here is a list of prerequisites you specified and versions we
managed to load:

	  Module Name                        Have     Want
	  List::MoreUtils                   0.430        0
	  Moose                            2.2207        0
	  Readonly                           2.05        0
	  Test::Deep                        1.204        0
	  Test::Exception                    0.43        0
	  Test::MockModule                0.178.0        0
	  Test::More                     1.302198        0
	  Test::Output                      1.034        0

Perl module toolchain versions installed:
	Module Name                        Have
	CPANPLUS                         0.9914
	CPANPLUS::Dist::Build              0.90
	Cwd                                3.75
	ExtUtils::CBuilder             0.280236
	ExtUtils::Command                  7.70
	ExtUtils::Install                  2.22
	ExtUtils::MakeMaker                7.70
	ExtUtils::Manifest                 1.75
	ExtUtils::ParseXS                  3.51
	File::Spec                         3.75
	Module::Build                    0.4234
	Pod::Parser                        1.37
	Pod::Simple                        3.16
	Test2                          1.302198
	Test::Harness                      3.48
	Test::More                     1.302198
	version                          0.9930

******************************** NOTE ********************************
The comments above are created mechanically, possibly without manual
checking by the sender.  As there are many people performing automatic
tests on each upload to CPAN, it is likely that you will receive
identical messages about the same problem.

If you believe that the message is mistaken, please reply to the first
one with correction and/or additional informations, and do not take
it personally.  We appreciate your patience. :)
**********************************************************************

Additional comments:


This report was machine-generated by CPANPLUS::Dist::YACSmoke 1.08.
Powered by minismokebox version 0.68

CPANPLUS is prefering Build.PL

------------------------------
ENVIRONMENT AND OTHER CONTEXT
------------------------------

Environment variables:

    AUTOMATED_TESTING = 1
    LANG = en_GB.UTF-8
    NONINTERACTIVE_TESTING = 1
    PATH = /usr/bin:/usr/sbin:/sbin:/opt/ooce/bin:/usr/gnu/bin
    PERL5LIB = /home/cpan/pit/jail/FBPgyc0E35/lib/perl5:/home/cpan/pit/bare/conf/perl-5.14.0/.cpanplus/5.14.0/build/dGJuoo6Mlm/Test-Module-Runnable-0.6.1/blib/lib:/home/cpan/pit/bare/conf/perl-5.14.0/.cpanplus/5.14.0/build/dGJuoo6Mlm/Test-Module-Runnable-0.6.1/blib/arch
    PERL5_CPANPLUS_IS_RUNNING = 3695
    PERL5_CPANPLUS_IS_VERSION = 0.9914
    PERL5_MINISMOKEBOX = 0.68
    PERL5_YACSMOKE_BASE = /home/cpan/pit/bare/conf/perl-5.14.0
    PERL_EXTUTILS_AUTOINSTALL = --defaultdeps
    PERL_LOCAL_LIB_ROOT = /home/cpan/pit/jail/FBPgyc0E35
    PERL_MB_OPT = --install_base "/home/cpan/pit/jail/FBPgyc0E35"
    PERL_MM_OPT = INSTALL_BASE=/home/cpan/pit/jail/FBPgyc0E35
    PERL_MM_USE_DEFAULT = 1
    SHELL = /bin/bash
    TERM = screen.xterm-256color

Perl special variables (and OS-specific diagnostics, for MSWin32):

    Perl: $^X = /home/cpan/pit/bare/perl-5.14.0/bin/perl
    UID:  $<  = 101
    EUID: $>  = 101
    GID:  $(  = 101 101
    EGID: $)  = 101 101


-------------------------------


--

Summary of my perl5 (revision 5 version 14 subversion 0) configuration:
   
  Platform:
    osname=solaris, osvers=2.11, archname=i86pc-solaris-64
    uname='sunos ouzel 5.11 omnios-r151034-0d278a0cc5 i86pc i386 i86pc '
    config_args='-des -Dprefix=/home/cpan/pit/bare/perl-5.14.0 -Duse64bitall -Dcc=gcc'
    hint=recommended, useposix=true, d_sigaction=define
    useithreads=undef, usemultiplicity=undef
    useperlio=define, d_sfio=undef, uselargefiles=define, usesocks=undef
    use64bitint=define, use64bitall=define, uselongdouble=undef
    usemymalloc=n, bincompat5005=undef
  Compiler:
    cc='gcc', ccflags ='-m64 -fwrapv -fno-strict-aliasing -pipe -fstack-protector -D_LARGEFILE_SOURCE -D_FILE_OFFSET_BITS=64 -DPERL_USE_SAFE_PUTENV',
    optimize='-O',
    cppflags='-m64 -fwrapv -fno-strict-aliasing -pipe -fstack-protector'
    ccversion='', gccversion='9.3.0', gccosandvers=''
    intsize=4, longsize=8, ptrsize=8, doublesize=8, byteorder=12345678
    d_longlong=define, longlongsize=8, d_longdbl=define, longdblsize=16
    ivtype='long', ivsize=8, nvtype='double', nvsize=8, Off_t='off_t', lseeksize=8
    alignbytes=8, prototype=define
  Linker and Libraries:
    ld='gcc', ldflags =' -m64 -fstack-protector -L/usr/gnu/lib '
    libpth=/usr/gnu/lib /usr/lib /usr/ccs/lib
    libs=-lsocket -lnsl -ldl -lm -lc
    perllibs=-lsocket -lnsl -ldl -lm -lc
    libc=/lib/libc.so, so=so, useshrplib=true, libperl=libperl.so
    gnulibc_version=''
  Dynamic Linking:
    dlsrc=dl_dlopen.xs, dlext=so, d_dlsymun=undef, ccdlflags='  -R /home/cpan/pit/bare/perl-5.14.0/lib/5.14.0/i86pc-solaris-64/CORE'
    cccdlflags='-fPIC', lddlflags=' -shared -m64 -L/usr/gnu/lib -fstack-protector'


Characteristics of this binary (from libperl): 
  Compile-time options: PERL_DONT_CREATE_GVSV PERL_MALLOC_WRAP
                        PERL_PRESERVE_IVUV PERL_USE_SAFE_PUTENV
                        USE_64_BIT_ALL USE_64_BIT_INT USE_LARGE_FILES
                        USE_PERLIO USE_PERL_ATOF
  Locally applied patches:
	Devel::PatchPerl 2.00
  Built under solaris
  Compiled at Aug 19 2020 04:28:22
  %ENV:
    PERL5LIB="/home/cpan/pit/jail/FBPgyc0E35/lib/perl5:/home/cpan/pit/bare/conf/perl-5.14.0/.cpanplus/5.14.0/build/dGJuoo6Mlm/Test-Module-Runnable-0.6.1/blib/lib:/home/cpan/pit/bare/conf/perl-5.14.0/.cpanplus/5.14.0/build/dGJuoo6Mlm/Test-Module-Runnable-0.6.1/blib/arch"
    PERL5_CPANPLUS_IS_RUNNING="3695"
    PERL5_CPANPLUS_IS_VERSION="0.9914"
    PERL5_MINISMOKEBOX="0.68"
    PERL5_YACSMOKE_BASE="/home/cpan/pit/bare/conf/perl-5.14.0"
    PERL_EXTUTILS_AUTOINSTALL="--defaultdeps"
    PERL_LOCAL_LIB_ROOT="/home/cpan/pit/jail/FBPgyc0E35"
    PERL_MB_OPT="--install_base "/home/cpan/pit/jail/FBPgyc0E35""
    PERL_MM_OPT="INSTALL_BASE=/home/cpan/pit/jail/FBPgyc0E35"
    PERL_MM_USE_DEFAULT="1"
  @INC:
    /home/cpan/pit/jail/FBPgyc0E35/lib/perl5/5.14.0/i86pc-solaris-64
    /home/cpan/pit/jail/FBPgyc0E35/lib/perl5/5.14.0
    /home/cpan/pit/jail/FBPgyc0E35/lib/perl5/i86pc-solaris-64
    /home/cpan/pit/jail/FBPgyc0E35/lib/perl5
    /home/cpan/pit/bare/conf/perl-5.14.0/.cpanplus/5.14.0/build/dGJuoo6Mlm/Test-Module-Runnable-0.6.1/blib/lib
    /home/cpan/pit/bare/conf/perl-5.14.0/.cpanplus/5.14.0/build/dGJuoo6Mlm/Test-Module-Runnable-0.6.1/blib/arch
    /home/cpan/pit/bare/perl-5.14.0/lib/site_perl/5.14.0/i86pc-solaris-64
    /home/cpan/pit/bare/perl-5.14.0/lib/site_perl/5.14.0
    /home/cpan/pit/bare/perl-5.14.0/lib/5.14.0/i86pc-solaris-64
    /home/cpan/pit/bare/perl-5.14.0/lib/5.14.0
    .