WebService-Freshservice v0.004 Perl 5 v5.40.0 x86_64-linux
- Status
- Fail
- From
- Slaven Rezić
- Dist
-
WebService-Freshservice v0.004
- Platform
- Perl 5 v5.40.0 x86_64-linux
- Date
- 2024-10-12 17:55:33
- ID
- 2dc1a31c-88c3-11ef-a3c3-05246e8775ea
This distribution has been tested as part of the CPAN Testers
project, supporting the Perl programming language. See
http://wiki.cpantesters.org/ for more information or email
questions to cpan-testers-discuss@perl.org
--
Dear Leon Wright,
This is a computer-generated report for WebService-Freshservice-0.004
on perl 5.40.0, created by CPAN-Reporter-1.2019.
Thank you for uploading your work to CPAN. However, there was a problem
testing your distribution.
If you think this report is invalid, please consult the CPAN Testers Wiki
for suggestions on how to avoid getting FAIL reports for missing library
or binary dependencies, unsupported operating systems, and so on:
http://wiki.cpantesters.org/wiki/CPANAuthorNotes
Sections of this report:
* Tester comments
* Program output
* Prerequisites
* Environment and other context
------------------------------
TESTER COMMENTS
------------------------------
Additional comments from tester:
none provided
------------------------------
PROGRAM OUTPUT
------------------------------
Output from '/usr/bin/make test':
PERL_DL_NONLAZY=1 "/opt/perl-5.40.0/bin/perl" "-MExtUtils::Command::MM" "-MTest::Harness" "-e" "undef *Test::Harness::Switches; test_harness(0, 'blib/lib', 'blib/arch')" t/*.t t/WebService/*.t t/WebService/Freshservice/*.t t/WebService/Freshservice/User/*.t
t/author-critic.t ............................. skipped: these tests are for testing by the author
t/author-pod-spell.t .......................... skipped: these tests are for testing by the author
t/freshservice.t .............................. ok
Argument "1.1.1" isn't numeric in numeric ge (>=) at t/lib/WebService/Freshservice/Test.pm line 59.
>> Dancer2 v1.1.1 server 491014 listening on http://0.0.0.0:3001
# Failed test 'no (unexpected) warnings (via done_testing)'
# at t/WebService/Freshservice.t line 196.
# Looks like you failed 1 test of 10.
t/WebService/Freshservice.t ...................
Dubious, test returned 1 (wstat 256, 0x100)
Failed 1/10 subtests
Argument "1.1.1" isn't numeric in numeric ge (>=) at t/lib/WebService/Freshservice/Test.pm line 59.
>> Dancer2 v1.1.1 server 491055 listening on http://0.0.0.0:3001
# Failed test 'no (unexpected) warnings (via done_testing)'
# at t/WebService/Freshservice/Agent.t line 97.
# Looks like you failed 1 test of 6.
t/WebService/Freshservice/Agent.t .............
Dubious, test returned 1 (wstat 256, 0x100)
Failed 1/6 subtests
Argument "1.1.1" isn't numeric in numeric ge (>=) at t/lib/WebService/Freshservice/Test.pm line 59.
>> Dancer2 v1.1.1 server 491256 listening on http://0.0.0.0:3001
# Failed test 'no (unexpected) warnings (via done_testing)'
# at t/WebService/Freshservice/API.t line 68.
# Looks like you failed 1 test of 9.
t/WebService/Freshservice/API.t ...............
Dubious, test returned 1 (wstat 256, 0x100)
Failed 1/9 subtests
Argument "1.1.1" isn't numeric in numeric ge (>=) at t/lib/WebService/Freshservice/Test.pm line 59.
>> Dancer2 v1.1.1 server 491300 listening on http://0.0.0.0:3001
# Failed test 'no (unexpected) warnings (via done_testing)'
# at t/WebService/Freshservice/User.t line 213.
# Looks like you failed 1 test of 9.
t/WebService/Freshservice/User.t ..............
Dubious, test returned 1 (wstat 256, 0x100)
Failed 1/9 subtests
Argument "1.1.1" isn't numeric in numeric ge (>=) at t/lib/WebService/Freshservice/Test.pm line 59.
>> Dancer2 v1.1.1 server 491506 listening on http://0.0.0.0:3001
# Failed test 'no (unexpected) warnings (via done_testing)'
# at t/WebService/Freshservice/User/CustomField.t line 52.
# Looks like you failed 1 test of 6.
t/WebService/Freshservice/User/CustomField.t ..
Dubious, test returned 1 (wstat 256, 0x100)
Failed 1/6 subtests
Test Summary Report
-------------------
t/WebService/Freshservice.t (Wstat: 256 (exited 1) Tests: 10 Failed: 1)
Failed test: 10
Non-zero exit status: 1
t/WebService/Freshservice/Agent.t (Wstat: 256 (exited 1) Tests: 6 Failed: 1)
Failed test: 6
Non-zero exit status: 1
t/WebService/Freshservice/API.t (Wstat: 256 (exited 1) Tests: 9 Failed: 1)
Failed test: 9
Non-zero exit status: 1
t/WebService/Freshservice/User.t (Wstat: 256 (exited 1) Tests: 9 Failed: 1)
Failed test: 9
Non-zero exit status: 1
t/WebService/Freshservice/User/CustomField.t (Wstat: 256 (exited 1) Tests: 6 Failed: 1)
Failed test: 6
Non-zero exit status: 1
Files=8, Tests=42, 28 wallclock secs ( 0.04 usr 0.00 sys + 2.15 cusr 0.31 csys = 2.50 CPU)
Result: FAIL
Failed 5/8 test programs. 5/42 subtests failed.
make: *** [Makefile:903: test_dynamic] Error 1
------------------------------
PREREQUISITES
------------------------------
Prerequisite modules loaded:
requires:
Module Need Have
------------------- -------- --------
Carp 0 1.54
Data::Dumper 0 2.189
JSON 0 4.10
List::MoreUtils 0 0.430
LWP::UserAgent 0 6.77
Method::Signatures 20140224 20170211
MIME::Base64 0 3.16_01
Moo 0 2.005005
MooX::HandlesVia 0 0.001009
namespace::clean 0 0.27
perl 5.010000 5.040000
strict 0 1.13
Try::Tiny 0 0.32
warnings 0 1.70
build_requires:
Module Need Have
------------------- -------- --------
Config::Tiny 0 2.30
ExtUtils::MakeMaker 0 7.70
lib 0 0.65
Scalar::Util 0 1.63
Test::More 0 1.302203
Test::Most 0 0.38
Test::Warnings 0 0.033
configure_requires:
Module Need Have
------------------- -------- --------
ExtUtils::MakeMaker 0 7.70
------------------------------
ENVIRONMENT AND OTHER CONTEXT
------------------------------
Environment variables:
LANG = C
PATH = /usr/local/bin:/usr/bin:/bin:/usr/local/sbin:/usr/sbin:/sbin:/home/cpansand/bin/linux-gnu:/home/cpansand/bin/sh:/home/cpansand/bin:/usr/games:/home/cpansand/devel:/home/eserte/src/srezic-misc/scripts
PERL5LIB = /home/cpansand/.local/share/.cpan/build/2024101217/Method-Signatures-20170211-3/blib/arch:/home/cpansand/.local/share/.cpan/build/2024101217/Method-Signatures-20170211-3/blib/lib:/home/cpansand/.local/share/.cpan/build/2024101217/Lexical-SealRequireHints-0.012-3/blib/arch:/home/cpansand/.local/share/.cpan/build/2024101217/Lexical-SealRequireHints-0.012-3/blib/lib:/home/cpansand/.local/share/.cpan/build/2024101217/Devel-Declare-0.006022-1/blib/arch:/home/cpansand/.local/share/.cpan/build/2024101217/Devel-Declare-0.006022-1/blib/lib
PERL5OPT =
PERL5_CPANPLUS_IS_RUNNING = 490092
PERL5_CPAN_IS_RUNNING = 490092
PERL5_CPAN_IS_RUNNING_IN_RECURSION = 488793,490092
PERLDOC = -MPod::Perldoc::ToTextOverstrike
PERL_BATCH = yes
PERL_CANARY_STABILITY_NOPROMPT = 1
PERL_CPAN_REPORTER_CONFIG = /var/tmp/cpansmoker-1023/2024101217/cpanreporter_001_config.ini
PERL_EXTUTILS_AUTOINSTALL = --defaultdeps
PERL_USE_UNSAFE_INC = 1
SHELL = /usr/bin/zsh
TERM = screen
TMPDIR = /var/tmp/cpansmoker-1023/2024101217
Perl special variables (and OS-specific diagnostics, for MSWin32):
$^X = /opt/perl-5.40.0/bin/perl
$UID/$EUID = 1023 / 1023
$GID = 1023 1023
$EGID = 1023 1023
Perl module toolchain versions installed:
Module Have
------------------- --------
CPAN 2.36
CPAN::Meta 2.150010
Cwd 3.90
ExtUtils::CBuilder 0.280240
ExtUtils::Command 7.70
ExtUtils::Install 2.22
ExtUtils::MakeMaker 7.70
ExtUtils::Manifest 1.75
ExtUtils::ParseXS 3.51
File::Spec 3.90
JSON 4.10
JSON::PP 4.16
Module::Build 0.4234
Module::Signature n/a
Parse::CPAN::Meta 2.150010
Test2 1.302203
Test::Harness 3.50
Test::More 1.302203
YAML 1.31
YAML::Syck 1.34
version 0.9930
--
Summary of my perl5 (revision 5 version 40 subversion 0) configuration:
Platform:
osname=linux
osvers=5.10.0-30-amd64
archname=x86_64-linux
uname='linux cloud7.bbbike.org 5.10.0-30-amd64 #1 smp debian 5.10.218-1 (2024-06-01) x86_64 gnulinux '
config_args='-ds -e -Dprefix=/opt/perl-5.40.0 -Dcf_email=srezic@cpan.org'
hint=recommended
useposix=true
d_sigaction=define
useithreads=undef
usemultiplicity=undef
use64bitint=define
use64bitall=define
uselongdouble=undef
usemymalloc=n
default_inc_excludes_dot=define
Compiler:
cc='cc'
ccflags ='-fwrapv -fno-strict-aliasing -pipe -fstack-protector-strong -I/usr/local/include -D_LARGEFILE_SOURCE -D_FILE_OFFSET_BITS=64 -D_FORTIFY_SOURCE=2'
optimize='-O2'
cppflags='-fwrapv -fno-strict-aliasing -pipe -fstack-protector-strong -I/usr/local/include'
ccversion=''
gccversion='10.2.1 20210110'
gccosandvers=''
intsize=4
longsize=8
ptrsize=8
doublesize=8
byteorder=12345678
doublekind=3
d_longlong=define
longlongsize=8
d_longdbl=define
longdblsize=16
longdblkind=3
ivtype='long'
ivsize=8
nvtype='double'
nvsize=8
Off_t='off_t'
lseeksize=8
alignbytes=8
prototype=define
Linker and Libraries:
ld='cc'
ldflags =' -fstack-protector-strong -L/usr/local/lib'
libpth=/usr/local/lib /usr/lib/x86_64-linux-gnu /usr/lib /usr/lib64
libs=-lpthread -lgdbm -ldb -ldl -lm -lcrypt -lutil -lc
perllibs=-lpthread -ldl -lm -lcrypt -lutil -lc
libc=libc-2.31.so
so=so
useshrplib=false
libperl=libperl.a
gnulibc_version='2.31'
Dynamic Linking:
dlsrc=dl_dlopen.xs
dlext=so
d_dlsymun=undef
ccdlflags='-Wl,-E'
cccdlflags='-fPIC'
lddlflags='-shared -O2 -L/usr/local/lib -fstack-protector-strong'
Characteristics of this binary (from libperl):
Compile-time options:
HAS_LONG_DOUBLE
HAS_STRTOLD
HAS_TIMES
PERLIO_LAYERS
PERL_COPY_ON_WRITE
PERL_DONT_CREATE_GVSV
PERL_HASH_FUNC_SIPHASH13
PERL_HASH_USE_SBOX32
PERL_MALLOC_WRAP
PERL_OP_PARENT
PERL_PRESERVE_IVUV
PERL_USE_SAFE_PUTENV
USE_64_BIT_ALL
USE_64_BIT_INT
USE_LARGE_FILES
USE_LOCALE
USE_LOCALE_COLLATE
USE_LOCALE_CTYPE
USE_LOCALE_NUMERIC
USE_LOCALE_TIME
USE_PERLIO
USE_PERL_ATOF
Built under linux
Compiled at Jun 10 2024 21:13:43
%ENV:
PERL5LIB="/home/cpansand/.local/share/.cpan/build/2024101217/Method-Signatures-20170211-3/blib/arch:/home/cpansand/.local/share/.cpan/build/2024101217/Method-Signatures-20170211-3/blib/lib:/home/cpansand/.local/share/.cpan/build/2024101217/Lexical-SealRequireHints-0.012-3/blib/arch:/home/cpansand/.local/share/.cpan/build/2024101217/Lexical-SealRequireHints-0.012-3/blib/lib:/home/cpansand/.local/share/.cpan/build/2024101217/Devel-Declare-0.006022-1/blib/arch:/home/cpansand/.local/share/.cpan/build/2024101217/Devel-Declare-0.006022-1/blib/lib"
PERL5OPT=""
PERL5_CPANPLUS_IS_RUNNING="490092"
PERL5_CPAN_IS_RUNNING="490092"
PERL5_CPAN_IS_RUNNING_IN_RECURSION="488793,490092"
PERLDOC="-MPod::Perldoc::ToTextOverstrike"
PERL_BATCH="yes"
PERL_CANARY_STABILITY_NOPROMPT="1"
PERL_CPAN_REPORTER_CONFIG="/var/tmp/cpansmoker-1023/2024101217/cpanreporter_001_config.ini"
PERL_EXTUTILS_AUTOINSTALL="--defaultdeps"
PERL_USE_UNSAFE_INC="1"
@INC:
/home/cpansand/.local/share/.cpan/build/2024101217/Method-Signatures-20170211-3/blib/arch
/home/cpansand/.local/share/.cpan/build/2024101217/Method-Signatures-20170211-3/blib/lib
/home/cpansand/.local/share/.cpan/build/2024101217/Lexical-SealRequireHints-0.012-3/blib/arch
/home/cpansand/.local/share/.cpan/build/2024101217/Lexical-SealRequireHints-0.012-3/blib/lib
/home/cpansand/.local/share/.cpan/build/2024101217/Devel-Declare-0.006022-1/blib/arch
/home/cpansand/.local/share/.cpan/build/2024101217/Devel-Declare-0.006022-1/blib/lib
/opt/perl-5.40.0/lib/site_perl/5.40.0/x86_64-linux
/opt/perl-5.40.0/lib/site_perl/5.40.0
/opt/perl-5.40.0/lib/5.40.0/x86_64-linux
/opt/perl-5.40.0/lib/5.40.0
.