App-Task v0.01 Perl 5 v5.12.0 i386-freebsd

Status
Fail
From
Chris Williams (BINGOS)
Dist
App-Task v0.01
Platform
Perl 5 v5.12.0 i386-freebsd
Date
2019-04-10 05:26:22
ID
2dbfe20c-5b51-11e9-9066-e374b0ba08e8
This distribution has been tested as part of the CPAN Testers
project, supporting the Perl programming language.  See
http://wiki.cpantesters.org/ for more information or email
questions to cpan-testers-discuss@perl.org


--

Dear DMUEY,

This is a computer-generated error report created automatically by
CPANPLUS, version 0.9176. Testers personal comments may appear
at the end of this report.


Thank you for uploading your work to CPAN.  However, it appears that
there were some problems testing your distribution.

TEST RESULTS:

Below is the error stack from stage 'make test':


#   Failed test 'use App::Task;'
#   at t/00.load.t line 4.
#     Tried to use 'App::Task'.
#     Error:  Invalid version format (non-numeric data) at /usr/home/cpan/pit/bare/conf/perl-5.12.0/.cpanplus/5.12.0/build/JRcEMMv6OR/App-Task-0.01/blib/lib/App/Task.pm line 11, near "package App::Task::Tie "
# syntax error at /usr/home/cpan/pit/bare/conf/perl-5.12.0/.cpanplus/5.12.0/build/JRcEMMv6OR/App-Task-0.01/blib/lib/App/Task.pm line 12, near "package App::Task::Tie {
#     "
# Compilation failed in require at t/00.load.t line 4.
# BEGIN failed--compilation aborted at t/00.load.t line 4.
# Testing App::Task 

#   Failed test 'export task()'
#   at t/00.load.t line 9.
# Looks like you failed 2 tests of 2.
t/00.load.t ........... 
Dubious, test returned 2 (wstat 512, 0x200)
Failed 2/2 subtests 
Invalid version format (non-numeric data) at /usr/home/cpan/pit/bare/conf/perl-5.12.0/.cpanplus/5.12.0/build/JRcEMMv6OR/App-Task-0.01/blib/lib/App/Task.pm line 11, near "package App::Task::Tie "
syntax error at /usr/home/cpan/pit/bare/conf/perl-5.12.0/.cpanplus/5.12.0/build/JRcEMMv6OR/App-Task-0.01/blib/lib/App/Task.pm line 12, near "package App::Task::Tie {
    "
Compilation failed in require at t/01.task-code.t line 8.
BEGIN failed--compilation aborted at t/01.task-code.t line 8.
# Looks like your test exited with 255 before it could output anything.
t/01.task-code.t ...... 
Dubious, test returned 255 (wstat 65280, 0xff00)
Failed 3/3 subtests 
Invalid version format (non-numeric data) at /usr/home/cpan/pit/bare/conf/perl-5.12.0/.cpanplus/5.12.0/build/JRcEMMv6OR/App-Task-0.01/blib/lib/App/Task.pm line 11, near "package App::Task::Tie "
syntax error at /usr/home/cpan/pit/bare/conf/perl-5.12.0/.cpanplus/5.12.0/build/JRcEMMv6OR/App-Task-0.01/blib/lib/App/Task.pm line 12, near "package App::Task::Tie {
    "
Compilation failed in require at t/02.task-string.t line 4.
BEGIN failed--compilation aborted at t/02.task-string.t line 4.
# Looks like your test exited with 255 before it could output anything.
t/02.task-string.t .... 
Dubious, test returned 255 (wstat 65280, 0xff00)
Failed 1/1 subtests 
Invalid version format (non-numeric data) at /usr/home/cpan/pit/bare/conf/perl-5.12.0/.cpanplus/5.12.0/build/JRcEMMv6OR/App-Task-0.01/blib/lib/App/Task.pm line 11, near "package App::Task::Tie "
syntax error at /usr/home/cpan/pit/bare/conf/perl-5.12.0/.cpanplus/5.12.0/build/JRcEMMv6OR/App-Task-0.01/blib/lib/App/Task.pm line 12, near "package App::Task::Tie {
    "
Compilation failed in require at t/03.task-arrayref.t line 4.
BEGIN failed--compilation aborted at t/03.task-arrayref.t line 4.
# Looks like your test exited with 255 before it could output anything.
t/03.task-arrayref.t .. 
Dubious, test returned 255 (wstat 65280, 0xff00)
Failed 1/1 subtests 
t/perlcritic.t ........ skipped: Critic tests are only run in RELEASE_TESTING mode.
t/perltidy.t .......... skipped: PerlTidy tests are only run in RELEASE_TESTING mode.
t/pkg-changes.t ....... skipped: pkg/Changes tests are only run in RELEASE_TESTING mode.
t/pkg-readme.t ........ skipped: pkg/README tests are only run in RELEASE_TESTING mode.
t/pod-coverage.t ...... skipped: POD tests are only run in RELEASE_TESTING mode.
t/pod-encoding.t ...... skipped: POD tests are only run in RELEASE_TESTING mode.
t/pod-spelling.t ...... skipped: POD tests are only run in RELEASE_TESTING mode.
t/pod-version.t ....... skipped: POD tests are only run in RELEASE_TESTING mode.
t/pod.t ............... skipped: POD tests are only run in RELEASE_TESTING mode.

Test Summary Report
-------------------
t/00.load.t         (Wstat: 512 Tests: 2 Failed: 2)
  Failed tests:  1-2
  Non-zero exit status: 2
t/01.task-code.t    (Wstat: 65280 Tests: 0 Failed: 0)
  Non-zero exit status: 255
  Parse errors: Bad plan.  You planned 3 tests but ran 0.
t/02.task-string.t  (Wstat: 65280 Tests: 0 Failed: 0)
  Non-zero exit status: 255
  Parse errors: Bad plan.  You planned 1 tests but ran 0.
t/03.task-arrayref.t (Wstat: 65280 Tests: 0 Failed: 0)
  Non-zero exit status: 255
  Parse errors: Bad plan.  You planned 1 tests but ran 0.
Files=13, Tests=2,  2 wallclock secs ( 0.07 usr  0.05 sys +  1.06 cusr  1.05 csys =  2.23 CPU)
Result: FAIL
Failed 4/13 test programs. 2/2 subtests failed.


PREREQUISITES:

Here is a list of prerequisites you specified and versions we
managed to load:

	  Module Name                        Have     Want
	  Test::More                     1.302162        0
	  Test::Trap                        0.3.4        0
	  Tie::Handle                         4.2        0

Perl module toolchain versions installed:
	Module Name                        Have
	CPANPLUS                         0.9176
	CPANPLUS::Dist::Build              0.90
	Cwd                                3.75
	ExtUtils::CBuilder             0.280230
	ExtUtils::Command                  7.34
	ExtUtils::Install                  2.14
	ExtUtils::MakeMaker                7.34
	ExtUtils::Manifest                 1.71
	ExtUtils::ParseXS                  3.35
	File::Spec                         3.75
	Module::Build                    0.4224
	Pod::Parser                        1.37
	Pod::Simple                        3.13
	Test2                          1.302162
	Test::Harness                      3.42
	Test::More                     1.302162
	version                          0.9924

******************************** NOTE ********************************
The comments above are created mechanically, possibly without manual
checking by the sender.  As there are many people performing automatic
tests on each upload to CPAN, it is likely that you will receive
identical messages about the same problem.

If you believe that the message is mistaken, please reply to the first
one with correction and/or additional informations, and do not take
it personally.  We appreciate your patience. :)
**********************************************************************

Additional comments:


This report was machine-generated by CPANPLUS::Dist::YACSmoke 1.06.
Powered by minismokebox version 0.68

------------------------------
ENVIRONMENT AND OTHER CONTEXT
------------------------------

Environment variables:

    AUTOMATED_TESTING = 1
    NONINTERACTIVE_TESTING = 1
    PATH = /sbin:/bin:/usr/sbin:/usr/bin:/usr/local/sbin:/usr/local/bin:/home/cpan/bin
    PERL5LIB = /usr/home/cpan/pit/jail/cgst0uhXfa/lib/perl5:/usr/home/cpan/pit/bare/conf/perl-5.12.0/.cpanplus/5.12.0/build/tmzDiuJkun/Test-Trap-v0.3.4/blib/lib:/usr/home/cpan/pit/bare/conf/perl-5.12.0/.cpanplus/5.12.0/build/tmzDiuJkun/Test-Trap-v0.3.4/blib/arch:/usr/home/cpan/pit/bare/conf/perl-5.12.0/.cpanplus/5.12.0/build/JRcEMMv6OR/App-Task-0.01/blib/lib:/usr/home/cpan/pit/bare/conf/perl-5.12.0/.cpanplus/5.12.0/build/JRcEMMv6OR/App-Task-0.01/blib/arch
    PERL5_CPANPLUS_IS_RUNNING = 27390
    PERL5_CPANPLUS_IS_VERSION = 0.9176
    PERL5_MINISMOKEBOX = 0.68
    PERL5_YACSMOKE_BASE = /usr/home/cpan/pit/bare/conf/perl-5.12.0
    PERL_EXTUTILS_AUTOINSTALL = --defaultdeps
    PERL_LOCAL_LIB_ROOT = /usr/home/cpan/pit/jail/cgst0uhXfa
    PERL_MB_OPT = --install_base "/usr/home/cpan/pit/jail/cgst0uhXfa"
    PERL_MM_OPT = INSTALL_BASE=/usr/home/cpan/pit/jail/cgst0uhXfa
    PERL_MM_USE_DEFAULT = 1
    SHELL = /usr/local/bin/bash
    TERM = screen

Perl special variables (and OS-specific diagnostics, for MSWin32):

    Perl: $^X = /usr/home/cpan/pit/bare/perl-5.12.0/bin/perl
    UID:  $<  = 1002
    EUID: $>  = 1002
    GID:  $(  = 1002 1002
    EGID: $)  = 1002 1002


-------------------------------


--

Summary of my perl5 (revision 5 version 12 subversion 0) configuration:
   
  Platform:
    osname=freebsd, osvers=12.0-release, archname=i386-freebsd
    uname='freebsd ffyrc 12.0-release freebsd 12.0-release r341666 generic i386 '
    config_args='-des -Dprefix=/usr/home/cpan/pit/bare/perl-5.12.0'
    hint=recommended, useposix=true, d_sigaction=define
    useithreads=undef, usemultiplicity=undef
    useperlio=define, d_sfio=undef, uselargefiles=define, usesocks=undef
    use64bitint=undef, use64bitall=undef, uselongdouble=undef
    usemymalloc=n, bincompat5005=undef
  Compiler:
    cc='cc', ccflags ='-DHAS_FPSETMASK -DHAS_FLOATINGPOINT_H -fno-strict-aliasing -pipe -fstack-protector -I/usr/local/include',
    optimize='-O2',
    cppflags='-DHAS_FPSETMASK -DHAS_FLOATINGPOINT_H -fno-strict-aliasing -pipe -fstack-protector -I/usr/local/include'
    ccversion='', gccversion='4.2.1 Compatible FreeBSD Clang 6.0.1 (tags/RELEASE_601/final 335540)', gccosandvers=''
    intsize=4, longsize=4, ptrsize=4, doublesize=8, byteorder=1234
    d_longlong=define, longlongsize=8, d_longdbl=define, longdblsize=12
    ivtype='long', ivsize=4, nvtype='double', nvsize=8, Off_t='off_t', lseeksize=8
    alignbytes=4, prototype=define
  Linker and Libraries:
    ld='cc', ldflags ='-Wl,-E  -fstack-protector -L/usr/local/lib'
    libpth=/usr/lib /usr/local/lib
    libs=-lgdbm -ldl -lm -lcrypt -lutil -lc
    perllibs=-ldl -lm -lcrypt -lutil -lc
    libc=, so=so, useshrplib=false, libperl=libperl.a
    gnulibc_version=''
  Dynamic Linking:
    dlsrc=dl_dlopen.xs, dlext=so, d_dlsymun=undef, ccdlflags=' '
    cccdlflags='-DPIC -fPIC', lddlflags='-shared  -L/usr/local/lib -fstack-protector'


Characteristics of this binary (from libperl): 
  Compile-time options: PERL_DONT_CREATE_GVSV PERL_MALLOC_WRAP
                        USE_LARGE_FILES USE_PERLIO USE_PERL_ATOF
  Locally applied patches:
	Devel::PatchPerl 1.52
  Built under freebsd
  Compiled at Dec 14 2018 14:11:06
  %ENV:
    PERL5LIB="/usr/home/cpan/pit/jail/cgst0uhXfa/lib/perl5:/usr/home/cpan/pit/bare/conf/perl-5.12.0/.cpanplus/5.12.0/build/tmzDiuJkun/Test-Trap-v0.3.4/blib/lib:/usr/home/cpan/pit/bare/conf/perl-5.12.0/.cpanplus/5.12.0/build/tmzDiuJkun/Test-Trap-v0.3.4/blib/arch:/usr/home/cpan/pit/bare/conf/perl-5.12.0/.cpanplus/5.12.0/build/JRcEMMv6OR/App-Task-0.01/blib/lib:/usr/home/cpan/pit/bare/conf/perl-5.12.0/.cpanplus/5.12.0/build/JRcEMMv6OR/App-Task-0.01/blib/arch"
    PERL5_CPANPLUS_IS_RUNNING="27390"
    PERL5_CPANPLUS_IS_VERSION="0.9176"
    PERL5_MINISMOKEBOX="0.68"
    PERL5_YACSMOKE_BASE="/usr/home/cpan/pit/bare/conf/perl-5.12.0"
    PERL_EXTUTILS_AUTOINSTALL="--defaultdeps"
    PERL_LOCAL_LIB_ROOT="/usr/home/cpan/pit/jail/cgst0uhXfa"
    PERL_MB_OPT="--install_base "/usr/home/cpan/pit/jail/cgst0uhXfa""
    PERL_MM_OPT="INSTALL_BASE=/usr/home/cpan/pit/jail/cgst0uhXfa"
    PERL_MM_USE_DEFAULT="1"
  @INC:
    /usr/home/cpan/pit/jail/cgst0uhXfa/lib/perl5/5.12.0/i386-freebsd
    /usr/home/cpan/pit/jail/cgst0uhXfa/lib/perl5/5.12.0
    /usr/home/cpan/pit/jail/cgst0uhXfa/lib/perl5/i386-freebsd
    /usr/home/cpan/pit/jail/cgst0uhXfa/lib/perl5
    /usr/home/cpan/pit/bare/conf/perl-5.12.0/.cpanplus/5.12.0/build/tmzDiuJkun/Test-Trap-v0.3.4/blib/lib
    /usr/home/cpan/pit/bare/conf/perl-5.12.0/.cpanplus/5.12.0/build/tmzDiuJkun/Test-Trap-v0.3.4/blib/arch
    /usr/home/cpan/pit/bare/conf/perl-5.12.0/.cpanplus/5.12.0/build/JRcEMMv6OR/App-Task-0.01/blib/lib
    /usr/home/cpan/pit/bare/conf/perl-5.12.0/.cpanplus/5.12.0/build/JRcEMMv6OR/App-Task-0.01/blib/arch
    /usr/home/cpan/pit/bare/perl-5.12.0/lib/site_perl/5.12.0/i386-freebsd
    /usr/home/cpan/pit/bare/perl-5.12.0/lib/site_perl/5.12.0
    /usr/home/cpan/pit/bare/perl-5.12.0/lib/5.12.0/i386-freebsd
    /usr/home/cpan/pit/bare/perl-5.12.0/lib/5.12.0
    .