Report for Class-Value-Net-1.110250

Back
From: metabase:user:5f77f54e-6c0d-1014-966e-55cac1b3e646
Subject: FAIL Class-Value-Net-1.110250 v5.16.3 
Date: 2014-11-18T21:28:37Z

This distribution has been tested as part of the CPAN Testers
project, supporting the Perl programming language.  See
http://wiki.cpantesters.org/ for more information or email
questions to cpan-testers-discuss@perl.org


--
Dear Marcel Gruenauer,

This is a computer-generated report for Class-Value-Net-1.110250
on perl 5.16.3, created by CPAN-Reporter-1.2011.

Thank you for uploading your work to CPAN.  However, there was a problem
testing your distribution.

If you think this report is invalid, please consult the CPAN Testers Wiki
for suggestions on how to avoid getting FAIL reports for missing library
or binary dependencies, unsupported operating systems, and so on:

http://wiki.cpantesters.org/wiki/CPANAuthorNotes

Sections of this report:

    * Tester comments
    * Program output
    * Prerequisites
    * Environment and other context

------------------------------
TESTER COMMENTS
------------------------------

Additional comments from tester:

none provided

------------------------------
PROGRAM OUTPUT
------------------------------

Output from 'C:\VS10\VC\bin\nmake.exe test':


Microsoft (R) Program Maintenance Utility Version 10.00.30319.01
Copyright (C) Microsoft Corporation.  All rights reserved.

	"C:\Perl\bin\perl.EXE" "-MExtUtils::Command::MM" "-MTest::Harness" "-e" "undef *Test::Harness::Switches; test_harness(0, 'blib\lib', 'blib\arch')" t\*.t
t\00-compile.t ............... ok
# Testing with Perl 5.016003, C:\Perl\bin\perl.EXE
#     Carp version is 1.3301
#     Class::Value version is 1.100840
#     Class::Value::Boolean version is 1.100840
#     Class::Value::Enum version is 1.100840
#     Class::Value::Exception::Base version is 1.100840
#     Class::Value::SemanticAdapter version is 1.100841
#     Class::Value::String version is 1.100840
#     Class::Value::Test version is 1.100840
#     Data::Semantic::Net::IPAddress::TestData::IPv4 version is 1.101760
#     Data::Semantic::Net::IPAddress::TestData::IPv6 version is 1.101760
#     English version is 1.05
#     Error version is 0.17022
#     Error::Hierarchy::Mixin version is 1.103530
#     Error::Hierarchy::Test version is 1.103530
#     ExtUtils::MakeMaker version is 7.02
#     File::Find version is 1.20
#     File::Temp version is 0.2304
#     Scalar::Util version is 1.41
#     Test::CompanionClasses version is 1.101370
#     Test::CompanionClasses::Base version is 1.101370
#     Test::More version is 1.001009
#     constant version is 1.27
#     parent version is 0.228
t\000-report-versions.t ...... ok
    
    #   Failed test 'normalize(0127.0000.01.000000004)'
    #   at C:/Perl/site/lib/Data/Semantic/Test.pm line 44.
    #          got: undef
    #     expected: '127.0.1.4'
    
    #   Failed test 'VALID   forbid_internal=1: 2001::1'
    #   at C:/Perl/site/lib/Data/Semantic/Test.pm line 34.
    
    #   Failed test 'VALID   forbid_internal=1: 2001::1:0'
    #   at C:/Perl/site/lib/Data/Semantic/Test.pm line 34.
    
    #   Failed test 'VALID   forbid_internal=1: 2001:10::'
    #   at C:/Perl/site/lib/Data/Semantic/Test.pm line 34.
    
    #   Failed test 'VALID   forbid_internal=1: 2001::1:0:0'
    #   at C:/Perl/site/lib/Data/Semantic/Test.pm line 34.
    
    #   Failed test 'VALID   forbid_internal=1: 2001::1:0:0:0'
    #   at C:/Perl/site/lib/Data/Semantic/Test.pm line 34.
    
    #   Failed test 'VALID   forbid_internal=1: 2001::1:0:0:0:0'
    #   at C:/Perl/site/lib/Data/Semantic/Test.pm line 34.
    
    #   Failed test 'VALID   forbid_internal=1: 2001::1:0:0:0:0:0'
    #   at C:/Perl/site/lib/Data/Semantic/Test.pm line 34.
    
    #   Failed test 'VALID   forbid_internal=1: 2001:10::dead'
    #   at C:/Perl/site/lib/Data/Semantic/Test.pm line 34.
    # Looks like you failed 9 tests of 127.

#   Failed test 'Class::Value::Net::IPAddress::IPv6_TEST'
#   at C:/Perl/site/lib/Test/CompanionClasses/Engine.pm line 54.
# Looks like you failed 1 test of 12.
t\01_companion_classes.t ..... 
Dubious, test returned 1 (wstat 256, 0x100)
Failed 1/12 subtests 
t\02_hostname.t .............. ok
t\author-critic.t ............ skipped: these tests are for testing by the author
t\release-check-changes.t .... skipped: these tests are for release candidate testing
t\release-dist-manifest.t .... skipped: these tests are for release candidate testing
t\release-distmeta.t ......... skipped: these tests are for release candidate testing
t\release-eol.t .............. skipped: these tests are for release candidate testing
t\release-has-version.t ...... skipped: these tests are for release candidate testing
t\release-kwalitee.t ......... skipped: these tests are for release candidate testing
t\release-minimum-version.t .. skipped: these tests are for release candidate testing
t\release-no-tabs.t .......... skipped: these tests are for release candidate testing
t\release-pod-coverage.t ..... skipped: these tests are for release candidate testing
t\release-pod-spell.t ........ skipped: these tests are for release candidate testing
t\release-pod-syntax.t ....... skipped: these tests are for release candidate testing
t\release-portability.t ...... skipped: these tests are for release candidate testing
t\release-synopsis.t ......... skipped: these tests are for release candidate testing
t\release-unused-vars.t ...... skipped: these tests are for release candidate testing

Test Summary Report
-------------------
t\01_companion_classes.t   (Wstat: 256 Tests: 12 Failed: 1)
  Failed test:  6
  Non-zero exit status: 1
Files=19, Tests=96, 12 wallclock secs ( 0.22 usr +  0.08 sys =  0.30 CPU)
Result: FAIL
Failed 1/19 test programs. 1/96 subtests failed.
NMAKE : fatal error U1077: 'C:\Perl\bin\perl.EXE' : return code '0xff'
Stop.

------------------------------
PREREQUISITES
------------------------------

Prerequisite modules loaded:

requires:

    Module                                         Need     Have    
    ---------------------------------------------- -------- --------
    Class::Value::Boolean                          0        1.100840
    Class::Value::Enum                             0        1.100840
    Class::Value::Exception::Base                  0        1.100840
    Class::Value::SemanticAdapter                  0        1.100841
    Class::Value::String                           0        1.100840
    Class::Value::Test                             0        1.100840
    constant                                       0        1.27    
    Data::Semantic::Net::IPAddress::TestData::IPv4 1.101750 1.101760
    Data::Semantic::Net::IPAddress::TestData::IPv6 0        1.101760
    Error::Hierarchy::Mixin                        0        1.103530
    Error::Hierarchy::Test                         0        1.103530
    parent                                         0        0.228   
    Test::CompanionClasses::Base                   0        1.101370
    Test::More                                     0        1.001009

build_requires:

    Module                                         Need     Have    
    ---------------------------------------------- -------- --------
    Carp                                           0        1.3301  
    Class::Value                                   0        1.100840
    English                                        0        1.05    
    Error                                          0        0.17022 
    File::Find                                     0        1.20    
    File::Temp                                     0        0.2304  
    Scalar::Util                                   0        1.41    
    Test::CompanionClasses                         0        1.101370
    Test::More                                     0.94     1.001009

configure_requires:

    Module                                         Need     Have    
    ---------------------------------------------- -------- --------
    ExtUtils::MakeMaker                            6.31     7.02    


------------------------------
ENVIRONMENT AND OTHER CONTEXT
------------------------------

Environment variables:

    COMSPEC = C:\TCMD\TCC.EXE
    INCLUDE = c:\openssl\include;c:\VS10\VC\INCLUDE;c:\VS10\VC\ATLMFC\INCLUDE;C:\Program Files (x86)\Microsoft SDKs\Windows\v7.0A\include
    LIB = c:\openssl\lib;c:\VS10\VC\LIB;c:\VS10\VC\ATLMFC\LIB;C:\Program Files (x86)\Microsoft SDKs\Windows\v7.0A\lib;c:\tcl\lib
    NUMBER_OF_PROCESSORS = 4
    PATH = C:\Windows;C:\Windows\System32;C:\Windows\System32\WBEM;C:\Tcl\bin;C:\Program Files (x86)\ActiveState Komodo IDE 8;C:\Perl\PDK\bin;C:\Python;C:\Python\Scripts;C:\Program Files\RSA SecurID Token Common;C:\Program Files (x86)\ImageMagick-6.8.7-Q16;C:\Program Files (x86)\ActiveState Komodo IDE 8;C:\TCMD;C:\Utils;C:\openssl\bin;C:\Perl\site\bin;C:\Perl\bin;C:\VS10\VC\bin;C:\Program Files (x86)\Nmap;C:\Windows\IDMU\COMMON;C:\Program Files (x86)\Microsoft F#\v4.0;C:\VS10\VSTSDB\Deploy;C:\VS10\Common7\IDE;C:\VS10\Common7\Tools;C:\Windows\Microsoft.NET\Framework\v4.0.30319;C:\Windows\Microsoft.NET\Framework\v3.5;C:\VS10\VC\vcpackages;C:\Program Files (x86)\Microsoft SDKs\Windows\v7.0A\Bin\NETFX 4.0 Tools;C:\Program Files (x86)\Microsoft SDKs\Windows\v7.0A\Bin;C:\Program Files (x86)\Graphviz 2.28\bin;C:\Windows\SYSTEM32\WINDOWSPOWERSHELL\V1.0\;C:\Apache24\bin;C:\Program Files (x86)\QuickTime\QTSystem;C:\Program Files\VanDyke Software\Clients;C:\Program Files (x86)\Intel\OpenCL SDK\2.0\bin\x86;C:\Program Files (x86)\Intel\OpenCL SDK\2.0\bin\x64;C:\Program Files\Intel\WiFi\bin;C:\Program Files\Common Files\Intel\WirelessCommon;C:\Program Files (x86)\WinSCP;C:\GnuPG\pub;C:\Program Files\VanDyke Software\Clients;C:\Program Files (x86)\WinSCP;C:\Program Files\VanDyke Software\Clients;C:\Program Files\VanDyke Software\Clients;C:\Program Files (x86)\QuickTime\QTSystem;C:\Pari;
    PERL5LIB = 
    PERL5OPT = 
    PERL5_CPANPLUS_IS_RUNNING = 14408
    PERL5_CPAN_IS_RUNNING = 14408
    PROCESSOR_IDENTIFIER = Intel64 Family 6 Model 42 Stepping 7, GenuineIntel
    TEMP = C:\Users\a00772a\AppData\Local\Temp
    TERM = dumb

Perl special variables (and OS-specific diagnostics, for MSWin32):

    $^X = C:\Perl\bin\perl.EXE
    $UID/$EUID = 0 / 0
    $GID = 0
    $EGID = 0
    Win32::GetOSName = Win7
    Win32::GetOSVersion = Service Pack 1, 6, 1, 7601, 2, 1, 0, 256, 1
    Win32::FsType = NTFS
    Win32::IsAdminUser = 1

Perl module toolchain versions installed:

    Module              Have    
    ------------------- --------
    CPAN                2.05    
    CPAN::Meta          2.142690
    Cwd                 3.47    
    ExtUtils::CBuilder  0.280220
    ExtUtils::Command   1.18    
    ExtUtils::Install   2.04    
    ExtUtils::MakeMaker 7.02    
    ExtUtils::Manifest  1.69    
    ExtUtils::ParseXS   3.24    
    File::Spec          3.47    
    JSON                2.90    
    JSON::PP            2.27300 
    Module::Build       0.4210  
    Module::Signature   0.73    
    Parse::CPAN::Meta   1.4414  
    Test::Harness       3.34    
    Test::More          1.001009
    YAML                1.13    
    YAML::Syck          1.27    
    version             0.9909  


--

Summary of my perl5 (revision 5 version 16 subversion 3) configuration:
   
  Platform:
    osname=MSWin32, osvers=5.2, archname=MSWin32-x86-multi-thread
    uname=''
    config_args='undef'
    hint=recommended, useposix=true, d_sigaction=undef
    useithreads=define, usemultiplicity=define
    useperlio=define, d_sfio=undef, uselargefiles=define, usesocks=undef
    use64bitint=undef, use64bitall=undef, uselongdouble=undef
    usemymalloc=n, bincompat5005=undef
  Compiler:
    cc='cl', ccflags ='-nologo -GF -W3 -MD -Zi -DNDEBUG -O1 -DWIN32 -D_CONSOLE -DNO_STRICT -DPERL_TEXTMODE_SCRIPTS -DUSE_SITECUSTOMIZE -DPERL_IMPLICIT_CONTEXT -DPERL_IMPLICIT_SYS -DUSE_PERLIO -D_USE_32BIT_TIME_T',
    optimize='-MD -Zi -DNDEBUG -O1',
    cppflags='-DWIN32'
    ccversion='16.0.40219', gccversion='', gccosandvers=''
    intsize=4, longsize=4, ptrsize=4, doublesize=8, byteorder=1234
    d_longlong=undef, longlongsize=8, d_longdbl=define, longdblsize=8
    ivtype='long', ivsize=4, nvtype='double', nvsize=8, Off_t='__int64', lseeksize=8
    alignbytes=8, prototype=define
  Linker and Libraries:
    ld='link', ldflags ='-nologo -nodefaultlib -debug -opt:ref,icf  -libpath:"C:\Perl\lib\CORE"  -machine:x86'
    libpth=\lib
    libs=oldnames.lib kernel32.lib user32.lib gdi32.lib winspool.lib  comdlg32.lib advapi32.lib shell32.lib ole32.lib oleaut32.lib  netapi32.lib uuid.lib ws2_32.lib mpr.lib winmm.lib  version.lib odbc32.lib odbccp32.lib comctl32.lib msvcrt.lib
    perllibs=oldnames.lib kernel32.lib user32.lib gdi32.lib winspool.lib  comdlg32.lib advapi32.lib shell32.lib ole32.lib oleaut32.lib  netapi32.lib uuid.lib ws2_32.lib mpr.lib winmm.lib  version.lib odbc32.lib odbccp32.lib comctl32.lib msvcrt.lib
    libc=msvcrt.lib, so=dll, useshrplib=true, libperl=perl516.lib
    gnulibc_version=''
  Dynamic Linking:
    dlsrc=dl_win32.xs, dlext=dll, d_dlsymun=undef, ccdlflags=' '
    cccdlflags=' ', lddlflags='-dll -nologo -nodefaultlib -debug -opt:ref,icf  -libpath:"C:\Perl\lib\CORE"  -machine:x86'


Characteristics of this binary (from libperl): 
  Compile-time options: HAS_TIMES HAVE_INTERP_INTERN MULTIPLICITY
                        PERLIO_LAYERS PERL_DONT_CREATE_GVSV
                        PERL_IMPLICIT_CONTEXT PERL_IMPLICIT_SYS
                        PERL_MALLOC_WRAP PERL_PRESERVE_IVUV PL_OP_SLAB_ALLOC
                        USE_ITHREADS USE_LARGE_FILES USE_LOCALE
                        USE_LOCALE_COLLATE USE_LOCALE_CTYPE
                        USE_LOCALE_NUMERIC USE_PERLIO USE_PERL_ATOF
                        USE_SITECUSTOMIZE
  Locally applied patches:
	ActivePerl Build 1604 [298023]
  Built under MSWin32
  Compiled at Apr 14 2014 14:32:20
  %ENV:
    PERL5_CPANPLUS_IS_RUNNING="14408"
    PERL5_CPAN_IS_RUNNING="14408"
  @INC:
    C:/Perl/site/lib/MSWin32-x86-multi-thread
    C:/Perl/site/lib
    C:/Perl/lib
    .