Data-CTable v1.03_02 Perl 5 v5.22.3 x86_64-linux
- Status
- Fail
- From
- Andreas J. König (ANDK)
- Dist
-
Data-CTable v1.03_02
- Platform
- Perl 5 v5.22.3 x86_64-linux
- Date
- 2018-11-18 10:17:37
- ID
- 2c8c2414-eb1b-11e8-90c2-1c5703258b13
This distribution has been tested as part of the CPAN Testers
project, supporting the Perl programming language. See
http://wiki.cpantesters.org/ for more information or email
questions to cpan-testers-discuss@perl.org
--
Dear Jay Hannah,
This is a computer-generated report for Data-CTable-1.03_02
on perl 5.22.3, created by CPAN-Reporter-1.2018.
Thank you for uploading your work to CPAN. However, there was a problem
testing your distribution.
If you think this report is invalid, please consult the CPAN Testers Wiki
for suggestions on how to avoid getting FAIL reports for missing library
or binary dependencies, unsupported operating systems, and so on:
http://wiki.cpantesters.org/wiki/CPANAuthorNotes
Sections of this report:
* Tester comments
* Program output
* Prerequisites
* Environment and other context
------------------------------
TESTER COMMENTS
------------------------------
Additional comments from tester:
this report is from an automated smoke testing program
and was not reviewed by a human for accuracy
------------------------------
PROGRAM OUTPUT
------------------------------
Output from '/usr/bin/make test':
PERL_DL_NONLAZY=1 "/home/sand/src/perl/repoperls/installed-perls/host/k93msid/v5.22.3/da1c/bin/perl" "-MExtUtils::Command::MM" "-MTest::Harness" "-e" "undef *Test::Harness::Switches; test_harness(0, 'blib/lib', 'blib/arch')" t/*.t
t/append.t ............ ok
t/cache.t ............. ok
t/cache_abs.t ......... ok
t/calc.t .............. ok
# Failed test at t/clean.t line 45.
# got: 'Âa fait dix ans.'
# expected: 'ÃÂa fait dix ans.'
# Failed test at t/clean.t line 46.
# got: 'CrÂÂe par SeÂor Âberpfeffer.'
# expected: 'CrÃÂÃÂe par SeÃÂor ÃÂberpfeffer.'
# Failed test at t/clean.t line 47.
# got: 'CrÂme glaÂÂe en croÂte.'
# expected: 'CrÃÂme glaÃÂÃÂe en croÃÂte.'
# Failed test at t/clean.t line 50.
# got: 'Ãa fait dix ans.'
# expected: 'ÃÂa fait dix ans.'
# Failed test at t/clean.t line 51.
# got: 'Créée par Señor Ãberpfeffer.'
# expected: 'Créée par Señor ÃÂberpfeffer.'
# Failed test at t/clean.t line 52.
# got: 'Crème glaçée en croûte.'
# expected: 'Crème glaçée en croûte.'
# Failed test at t/clean.t line 58.
# got: 'Crème glaçée en croûte.'
# expected: 'Crème glaçée en croûte.'
# Failed test at t/clean.t line 62.
# got: 'Ãa fait dix ans.'
# expected: 'ÃÂa fait dix ans.'
# Failed test at t/clean.t line 63.
# got: 'Créée par Señor Ãberpfeffer.'
# expected: 'Créée par Señor ÃÂberpfeffer.'
# Failed test at t/clean.t line 64.
# got: 'Crème glaçée en croûte.'
# expected: 'Crème glaçée en croûte.'
# Looks like you failed 10 tests of 25.
t/clean.t .............
Dubious, test returned 10 (wstat 2560, 0xa00)
Failed 10/25 subtests
t/col.t ............... ok
t/combine.t ........... ok
t/cull.t .............. ok
t/fieldlist.t ......... ok
t/format.t ............ skipped: Skipping test of format() and out() methods because Data::ShowTable is not installed on this platform.
t/formats.t ........... ok
t/indexes.t ........... ok
t/join.t .............. ok
t/join2.t ............. ok
t/progress.t .......... ok
t/read.t .............. ok
# Failed test at t/row.t line 44.
# Structures begin differing at:
# $got->{First} = undef
# $expected->{First} = ''
# Failed test at t/row.t line 51.
# Structures begin differing at:
# $got->{Last} = undef
# $expected->{Last} = ''
# Failed test at t/row.t line 58.
# Structures begin differing at:
# $got->{Age} = undef
# $expected->{Age} = ''
# Failed test at t/row.t line 78.
# Structures begin differing at:
# $got->{Last} = undef
# $expected->{Last} = ''
# Failed test at t/row.t line 84.
# Structures begin differing at:
# $got->{Age} = undef
# $expected->{Age} = ''
# Failed test at t/row.t line 90.
# Structures begin differing at:
# $got->{Last} = undef
# $expected->{Last} = ''
# Failed test at t/row.t line 95.
# Structures begin differing at:
# $got->{Last} = undef
# $expected->{Last} = ''
# Looks like you failed 7 tests of 46.
t/row.t ...............
Dubious, test returned 7 (wstat 1792, 0x700)
Failed 7/46 subtests
# Failed test at t/row_misc.t line 12.
# Structures begin differing at:
# $got->{Last} = undef
# $expected->{Last} = ''
# Looks like you failed 1 test of 35.
t/row_misc.t ..........
Dubious, test returned 1 (wstat 256, 0x100)
Failed 1/35 subtests
t/row_move.t .......... ok
t/sel.t ............... ok
t/select.t ............ ok
t/selection.t ......... ok
t/snapshot.t .......... ok
t/sort.t .............. ok
t/subclasses.t ........ ok
t/subroutines.t ....... ok
# Failed test 'First message must NOT appear...'
# at t/timedprog.t line 52.
# 'Testing delayed timed progress... 1 (25%)'
# doesn't match '(?^: 0 \( 0%\))'
# Looks like you failed 1 test of 6.
t/timedprog.t .........
Dubious, test returned 1 (wstat 256, 0x100)
Failed 1/6 subtests
t/unbalanced_quote.t .. ok
t/write.t ............. ok
Test Summary Report
-------------------
t/clean.t (Wstat: 2560 Tests: 25 Failed: 10)
Failed tests: 15-24
Non-zero exit status: 10
t/row.t (Wstat: 1792 Tests: 46 Failed: 7)
Failed tests: 18, 22, 26, 37, 40, 43, 45
Non-zero exit status: 7
t/row_misc.t (Wstat: 256 Tests: 35 Failed: 1)
Failed test: 1
Non-zero exit status: 1
t/timedprog.t (Wstat: 256 Tests: 6 Failed: 1)
Failed test: 5
Non-zero exit status: 1
Files=29, Tests=530, 12 wallclock secs ( 0.08 usr 0.12 sys + 9.63 cusr 0.51 csys = 10.34 CPU)
Result: FAIL
Failed 4/29 test programs. 19/530 subtests failed.
make: *** [Makefile:913: test_dynamic] Error 255
------------------------------
PREREQUISITES
------------------------------
Prerequisite modules loaded:
requires:
Module Need Have
------------------- ---- --------
FindBin 0 1.51
Test::More 0 1.302140
build_requires:
Module Need Have
------------------- ---- --------
ExtUtils::MakeMaker 0 7.34
configure_requires:
Module Need Have
------------------- ---- --------
ExtUtils::MakeMaker 0 7.34
------------------------------
ENVIRONMENT AND OTHER CONTEXT
------------------------------
Environment variables:
AUTOMATED_TESTING = 1
LANG = en_US.UTF-8
PATH = /home/sand/bin:/usr/local/bin:/usr/bin:/bin:/usr/games:/usr/local/perl/bin:/usr/X11/bin:/sbin:/usr/sbin
PERL5LIB =
PERL5OPT =
PERL5_CPANPLUS_IS_RUNNING = 2194
PERL5_CPAN_IS_RUNNING = 2194
PERL5_CPAN_IS_RUNNING_IN_RECURSION = 2358,2194
PERL_CANARY_STABILITY_NOPROMPT = 1
PERL_MM_USE_DEFAULT = 1
PERL_USE_UNSAFE_INC = 1
SHELL = /usr/bin/zsh
TERM = screen
Perl special variables (and OS-specific diagnostics, for MSWin32):
$^X = /home/sand/src/perl/repoperls/installed-perls/host/k93msid/v5.22.3/da1c/bin/perl
$UID/$EUID = 1005 / 1005
$GID = 1005 1005
$EGID = 1005 1005
Perl module toolchain versions installed:
Module Have
------------------- ----------
CPAN 2.21
CPAN::Meta 2.150010
Cwd 3.75
ExtUtils::CBuilder 0.280230
ExtUtils::Command 7.34
ExtUtils::Install 2.06
ExtUtils::MakeMaker 7.34
ExtUtils::Manifest 1.70
ExtUtils::ParseXS 3.35
File::Spec 3.75
JSON 2.97001
JSON::PP 2.27300_01
Module::Build 0.4224
Module::Signature 0.83
Parse::CPAN::Meta 2.150010
Test::Harness 3.42
Test::More 1.302140
YAML 1.27
YAML::Syck 1.31
version 0.9909
--
Summary of my perl5 (revision 5 version 22 subversion 3) configuration:
Derived from: 16b638b0a20de774856b3a21a75a5e373af5262c
Platform:
osname=linux, osvers=4.18.0-2-amd64, archname=x86_64-linux
uname='linux k93msid 4.18.0-2-amd64 #1 smp debian 4.18.10-2 (2018-10-07) x86_64 gnulinux '
config_args='-Dprefix=/home/sand/src/perl/repoperls/installed-perls/host/k93msid/v5.22.3/da1c -Dmyhostname=k93msid -Dinstallusrbinperl=n -Uversiononly -Dusedevel -des -Ui_db -Dlibswanted=cl pthread socket inet nsl gdbm dbm malloc dl ld sun m crypt sec util c cposix posix ucb BSD gdbm_compat -Uuseithreads -Uuselongdouble -DEBUGGING=-g'
hint=recommended, useposix=true, d_sigaction=define
useithreads=undef, usemultiplicity=undef
use64bitint=define, use64bitall=define, uselongdouble=undef
usemymalloc=n, bincompat5005=undef
Compiler:
cc='cc', ccflags ='-fwrapv -fno-strict-aliasing -pipe -fstack-protector-strong -I/usr/local/include -D_LARGEFILE_SOURCE -D_FILE_OFFSET_BITS=64',
optimize='-O2 -g',
cppflags='-fwrapv -fno-strict-aliasing -pipe -fstack-protector-strong -I/usr/local/include'
ccversion='', gccversion='8.2.0', gccosandvers=''
intsize=4, longsize=8, ptrsize=8, doublesize=8, byteorder=12345678, doublekind=3
d_longlong=define, longlongsize=8, d_longdbl=define, longdblsize=16, longdblkind=3
ivtype='long', ivsize=8, nvtype='double', nvsize=8, Off_t='off_t', lseeksize=8
alignbytes=8, prototype=define
Linker and Libraries:
ld='cc', ldflags =' -fstack-protector-strong -L/usr/local/lib'
libpth=/usr/local/lib /usr/lib/gcc/x86_64-linux-gnu/8/include-fixed /usr/include/x86_64-linux-gnu /usr/lib /lib/x86_64-linux-gnu /lib/../lib /usr/lib/x86_64-linux-gnu /usr/lib/../lib /lib
libs=-lpthread -lnsl -ldl -lm -lcrypt -lutil -lc
perllibs=-lpthread -lnsl -ldl -lm -lcrypt -lutil -lc
libc=libc-2.27.so, so=so, useshrplib=false, libperl=libperl.a
gnulibc_version='2.27'
Dynamic Linking:
dlsrc=dl_dlopen.xs, dlext=so, d_dlsymun=undef, ccdlflags='-Wl,-E'
cccdlflags='-fPIC', lddlflags='-shared -O2 -g -L/usr/local/lib -fstack-protector-strong'
Characteristics of this binary (from libperl):
Compile-time options: HAS_TIMES PERLIO_LAYERS PERL_DONT_CREATE_GVSV
PERL_HASH_FUNC_ONE_AT_A_TIME_HARD PERL_MALLOC_WRAP
PERL_NEW_COPY_ON_WRITE PERL_PRESERVE_IVUV
PERL_USE_DEVEL USE_64_BIT_ALL USE_64_BIT_INT
USE_LARGE_FILES USE_LOCALE USE_LOCALE_COLLATE
USE_LOCALE_CTYPE USE_LOCALE_NUMERIC USE_LOCALE_TIME
USE_PERLIO USE_PERL_ATOF
Locally applied patches:
uncommitted-changes
Built under linux
Compiled at Oct 28 2018 22:08:39
%ENV:
PERL5LIB=""
PERL5OPT=""
PERL5_CPANPLUS_IS_RUNNING="2194"
PERL5_CPAN_IS_RUNNING="2194"
PERL5_CPAN_IS_RUNNING_IN_RECURSION="2358,2194"
PERL_CANARY_STABILITY_NOPROMPT="1"
PERL_MM_USE_DEFAULT="1"
PERL_USE_UNSAFE_INC="1"
@INC:
/home/sand/src/perl/repoperls/installed-perls/host/k93msid/v5.22.3/da1c/lib/site_perl/5.22.3/x86_64-linux
/home/sand/src/perl/repoperls/installed-perls/host/k93msid/v5.22.3/da1c/lib/site_perl/5.22.3
/home/sand/src/perl/repoperls/installed-perls/host/k93msid/v5.22.3/da1c/lib/5.22.3/x86_64-linux
/home/sand/src/perl/repoperls/installed-perls/host/k93msid/v5.22.3/da1c/lib/5.22.3
.