Back
From: metabase:user:314402c4-2aae-11df-837a-5e0a49663a4f
Subject: FAIL Text-Generate-0.01 v5.14.4 FreeBSD
Date: 2014-06-03T14:55:58Z
This distribution has been tested as part of the CPAN Testers
project, supporting the Perl programming language. See
http://wiki.cpantesters.org/ for more information or email
questions to cpan-testers-discuss@perl.org
--
Dear Oleksandr Poplavskyy,
This is a computer-generated report for Text-Generate-0.01
on perl 5.14.4, created by CPAN-Reporter-1.2011.
Thank you for uploading your work to CPAN. However, there was a problem
testing your distribution.
If you think this report is invalid, please consult the CPAN Testers Wiki
for suggestions on how to avoid getting FAIL reports for missing library
or binary dependencies, unsupported operating systems, and so on:
http://wiki.cpantesters.org/wiki/CPANAuthorNotes
Sections of this report:
* Tester comments
* Program output
* Prerequisites
* Environment and other context
------------------------------
TESTER COMMENTS
------------------------------
Additional comments from tester:
none provided
------------------------------
PROGRAM OUTPUT
------------------------------
Output from './Build test':
t/001_Base/001_load.t ..... ok
t/001_Base/002_subs.t ..... ok
t/002_Pod/001_load.t ...... ok
t/003_TeX/001_load.t ...... ok
Can't locate OP/Base.pm in @INC (@INC contains: /usr/home/eserte/.cpan/build/Text-Generate-0.01-EEvM3S/blib/lib /usr/home/eserte/.cpan/build/Text-Generate-0.01-EEvM3S/blib/arch /home/eserte/.cpan/build/Mojolicious-Plugin-PlackMiddleware-0.31-bq0BH1/blib/arch /home/eserte/.cpan/build/Mojolicious-Plugin-PlackMiddleware-0.31-bq0BH1/blib/lib /home/eserte/.cpan/build/Class-Accessor-Complex-1.100880-YWTEut/blib/arch /home/eserte/.cpan/build/Class-Accessor-Complex-1.100880-YWTEut/blib/lib /home/eserte/.cpan/build/Class-Accessor-Installer-1.100880-Q50mRf/blib/arch /home/eserte/.cpan/build/Class-Accessor-Installer-1.100880-Q50mRf/blib/lib /home/eserte/.cpan/build/Data-Miscellany-1.100850-o0DJQG/blib/arch /home/eserte/.cpan/build/Data-Miscellany-1.100850-o0DJQG/blib/lib /home/eserte/.cpan/build/Class-Accessor-Complex-1.100880-YWTEut/blib/arch /home/eserte/.cpan/build/Class-Accessor-Complex-1.100880-YWTEut/blib/lib /home/eserte/.cpan/build/Class-Accessor-Installer-1.100880-Q50mRf/blib/arch /home/eserte/.cpan/build/Class-Accessor-Installer-1.100880-Q50mRf/blib/lib /home/eserte/.cpan/build/Data-Miscellany-1.100850-o0DJQG/blib/arch /home/eserte/.cpan/build/Data-Miscellany-1.100850-o0DJQG/blib/lib /home/eserte/.cpan/build/Mojolicious-Plugin-PlackMiddleware-0.31-bq0BH1/blib/arch /home/eserte/.cpan/build/Mojolicious-Plugin-PlackMiddleware-0.31-bq0BH1/blib/lib /usr/perl5.14.4/lib/site_perl/5.14.4/amd64-freebsd /usr/perl5.14.4/lib/site_perl/5.14.4 /usr/perl5.14.4/lib/5.14.4/amd64-freebsd /usr/perl5.14.4/lib/5.14.4 .) at t/003_TeX/002_sections.t line 13.
BEGIN failed--compilation aborted at t/003_TeX/002_sections.t line 13.
t/003_TeX/002_sections.t ..
Dubious, test returned 2 (wstat 512, 0x200)
No subtests run
Test Summary Report
-------------------
t/003_TeX/002_sections.t (Wstat: 512 Tests: 0 Failed: 0)
Non-zero exit status: 2
Parse errors: No plan found in TAP output
Files=5, Tests=18, 1 wallclock secs ( 0.04 usr 0.02 sys + 0.64 cusr 0.28 csys = 0.98 CPU)
Result: FAIL
Failed 1/5 test programs. 0/18 subtests failed.
------------------------------
PREREQUISITES
------------------------------
Prerequisite modules loaded:
requires:
Module Need Have
------------------------ ---- --------
Class::Accessor::Complex 0 1.100880
File::Slurp 0 9999.19
File::Spec::Functions 0 3.47
File::Temp 0 0.2304
IO::String 0 1.08
List::Compare 0 0.38
Test::More 0 1.001003
Try::Tiny 0 0.22
configure_requires:
Module Need Have
------------------------ ---- --------
Module::Build 0.42 0.4205
------------------------------
ENVIRONMENT AND OTHER CONTEXT
------------------------------
Environment variables:
DBIC_NO_WARN_BAD_PERL = 1
LC_ALL = de_DE.ISO8859-1
PATH = /usr/local/bin:/usr/bin:/bin:/usr/local/sbin:/usr/sbin:/sbin:/home/cpansand/bin/freebsd9.1:/home/cpansand/bin/sh:/home/cpansand/bin:/usr/games:/home/cpansand/devel:/usr/home/eserte/src/srezic-misc/scripts
PERL5LIB = /home/eserte/.cpan/build/Class-Accessor-Complex-1.100880-YWTEut/blib/arch:/home/eserte/.cpan/build/Class-Accessor-Complex-1.100880-YWTEut/blib/lib:/home/eserte/.cpan/build/Class-Accessor-Installer-1.100880-Q50mRf/blib/arch:/home/eserte/.cpan/build/Class-Accessor-Installer-1.100880-Q50mRf/blib/lib:/home/eserte/.cpan/build/Data-Miscellany-1.100850-o0DJQG/blib/arch:/home/eserte/.cpan/build/Data-Miscellany-1.100850-o0DJQG/blib/lib:/home/eserte/.cpan/build/Mojolicious-Plugin-PlackMiddleware-0.31-bq0BH1/blib/arch:/home/eserte/.cpan/build/Mojolicious-Plugin-PlackMiddleware-0.31-bq0BH1/blib/lib
PERL5OPT =
PERL5_CPANPLUS_IS_RUNNING = 59877
PERL5_CPAN_IS_RUNNING = 59877
PERL5_CPAN_IS_RUNNING_IN_RECURSION = 59858,59877
PERLDOC = -MPod::Perldoc::ToTextOverstrike
PERL_BATCH = yes
PERL_CPAN_REPORTER_CONFIG = /var/tmp/cpansmoker-1023/28gt01mWs7_config.ini
PERL_EXTUTILS_AUTOINSTALL = --defaultdeps
PERL_HTML_DISPLAY_CLASS = HTML::Display::Mozilla
SHELL = /usr/local/bin/zsh
TERM = screen
TMPDIR = /var/tmp/cpansmoker-1023
Perl special variables (and OS-specific diagnostics, for MSWin32):
$^X = /usr/perl5.14.4/bin/perl
$UID/$EUID = 1023 / 1023
$GID = 1023 1023
$EGID = 1023 1023
Perl module toolchain versions installed:
Module Have
------------------- ---------
CPAN 1.9600_01
CPAN::Meta 2.141520
Cwd 3.47
ExtUtils::CBuilder 0.280216
ExtUtils::Command 1.17
ExtUtils::Install 1.56
ExtUtils::MakeMaker 6.98
ExtUtils::Manifest 1.60
ExtUtils::ParseXS 3.24
File::Spec 3.47
JSON 2.90
JSON::PP 2.27203
Module::Build 0.4205
Module::Signature 0.73
Parse::CPAN::Meta 1.4414
Test::Harness 3.30
Test::More 1.001003
YAML 0.92
YAML::Syck 1.27
version 0.9908
--
Summary of my perl5 (revision 5 version 14 subversion 4) configuration:
Platform:
osname=freebsd, osvers=9.2-release-p4, archname=amd64-freebsd
uname='freebsd cvrsnica-freebsd-92 9.2-release-p4 freebsd 9.2-release-p4 #0: tue apr 8 18:08:22 utc 2014 root@amd64-builder.daemonology.net:usrobjusrsrcsysgeneric amd64 '
config_args='-ds -e -Dprefix=/usr/perl5.14.4'
hint=recommended, useposix=true, d_sigaction=define
useithreads=undef, usemultiplicity=undef
useperlio=define, d_sfio=undef, uselargefiles=define, usesocks=undef
use64bitint=define, use64bitall=define, uselongdouble=undef
usemymalloc=n, bincompat5005=undef
Compiler:
cc='cc', ccflags ='-DHAS_FPSETMASK -DHAS_FLOATINGPOINT_H -fno-strict-aliasing -pipe -fstack-protector -I/usr/local/include',
optimize='-O',
cppflags='-DHAS_FPSETMASK -DHAS_FLOATINGPOINT_H -fno-strict-aliasing -pipe -fstack-protector -I/usr/local/include'
ccversion='', gccversion='4.2.1 20070831 patched [FreeBSD]', gccosandvers=''
intsize=4, longsize=8, ptrsize=8, doublesize=8, byteorder=12345678
d_longlong=define, longlongsize=8, d_longdbl=define, longdblsize=16
ivtype='long', ivsize=8, nvtype='double', nvsize=8, Off_t='off_t', lseeksize=8
alignbytes=8, prototype=define
Linker and Libraries:
ld='cc', ldflags ='-Wl,-E -fstack-protector -L/usr/local/lib'
libpth=/usr/lib /usr/local/lib
libs=-lgdbm -lm -lcrypt -lutil -lc
perllibs=-lm -lcrypt -lutil -lc
libc=, so=so, useshrplib=false, libperl=libperl.a
gnulibc_version=''
Dynamic Linking:
dlsrc=dl_dlopen.xs, dlext=so, d_dlsymun=undef, ccdlflags=' '
cccdlflags='-DPIC -fPIC', lddlflags='-shared -L/usr/local/lib -fstack-protector'
Characteristics of this binary (from libperl):
Compile-time options: PERL_DONT_CREATE_GVSV PERL_MALLOC_WRAP
PERL_PRESERVE_IVUV USE_64_BIT_ALL USE_64_BIT_INT
USE_LARGE_FILES USE_PERLIO USE_PERL_ATOF
Built under freebsd
Compiled at May 16 2014 00:20:44
%ENV:
PERL5LIB="/home/eserte/.cpan/build/Class-Accessor-Complex-1.100880-YWTEut/blib/arch:/home/eserte/.cpan/build/Class-Accessor-Complex-1.100880-YWTEut/blib/lib:/home/eserte/.cpan/build/Class-Accessor-Installer-1.100880-Q50mRf/blib/arch:/home/eserte/.cpan/build/Class-Accessor-Installer-1.100880-Q50mRf/blib/lib:/home/eserte/.cpan/build/Data-Miscellany-1.100850-o0DJQG/blib/arch:/home/eserte/.cpan/build/Data-Miscellany-1.100850-o0DJQG/blib/lib:/home/eserte/.cpan/build/Mojolicious-Plugin-PlackMiddleware-0.31-bq0BH1/blib/arch:/home/eserte/.cpan/build/Mojolicious-Plugin-PlackMiddleware-0.31-bq0BH1/blib/lib"
PERL5OPT=""
PERL5_CPANPLUS_IS_RUNNING="59877"
PERL5_CPAN_IS_RUNNING="59877"
PERL5_CPAN_IS_RUNNING_IN_RECURSION="59858,59877"
PERLDOC="-MPod::Perldoc::ToTextOverstrike"
PERL_BATCH="yes"
PERL_CPAN_REPORTER_CONFIG="/var/tmp/cpansmoker-1023/28gt01mWs7_config.ini"
PERL_EXTUTILS_AUTOINSTALL="--defaultdeps"
PERL_HTML_DISPLAY_CLASS="HTML::Display::Mozilla"
@INC:
/home/eserte/.cpan/build/Class-Accessor-Complex-1.100880-YWTEut/blib/arch
/home/eserte/.cpan/build/Class-Accessor-Complex-1.100880-YWTEut/blib/lib
/home/eserte/.cpan/build/Class-Accessor-Installer-1.100880-Q50mRf/blib/arch
/home/eserte/.cpan/build/Class-Accessor-Installer-1.100880-Q50mRf/blib/lib
/home/eserte/.cpan/build/Data-Miscellany-1.100850-o0DJQG/blib/arch
/home/eserte/.cpan/build/Data-Miscellany-1.100850-o0DJQG/blib/lib
/home/eserte/.cpan/build/Mojolicious-Plugin-PlackMiddleware-0.31-bq0BH1/blib/arch
/home/eserte/.cpan/build/Mojolicious-Plugin-PlackMiddleware-0.31-bq0BH1/blib/lib
/usr/perl5.14.4/lib/site_perl/5.14.4/amd64-freebsd
/usr/perl5.14.4/lib/site_perl/5.14.4
/usr/perl5.14.4/lib/5.14.4/amd64-freebsd
/usr/perl5.14.4/lib/5.14.4
.