SparkX-Form-Field-Plugin-StarML v0.1 Perl 5 v5.12.1 OpenBSD.i386-openbsd-thread-multi

Status
Fail
From
Jeff Lavallee (JLAVALLEE)
Dist
SparkX-Form-Field-Plugin-StarML v0.1
Platform
Perl 5 v5.12.1 OpenBSD.i386-openbsd-thread-multi
Date
2010-08-14 04:19:44
ID
2aeaef9e-a75b-11df-9823-cfbc95cb063e
This distribution has been tested as part of the CPAN Testers
project, supporting the Perl programming language.  See
http://wiki.cpantesters.org/ for more information or email
questions to cpan-testers-discuss@perl.org


--
Dear James Laver,

This is a computer-generated report for SparkX-Form-Field-Plugin-StarML-0.1
on perl 5.12.1, created by CPAN-Reporter-1.1711.

Thank you for uploading your work to CPAN.  However, there was a problem
testing your distribution.

If you think this report is invalid, please consult the CPAN Testers Wiki
for suggestions on how to avoid getting FAIL reports for missing library
or binary dependencies, unsupported operating systems, and so on:

http://wiki.cpantesters.org/wiki/CPANAuthorNotes

Sections of this report:

    * Tester comments
    * Program output
    * Prerequisites
    * Environment and other context

------------------------------
TESTER COMMENTS
------------------------------

Additional comments from tester:

this report is from an automated smoke testing program
and was not reviewed by a human for accuracy

------------------------------
PROGRAM OUTPUT
------------------------------

Output from './Build test':


#   Failed test 'use SparkX::Form::Field::Plugin::StarML;'
#   at t/00-load.t line 6.
#     Tried to use 'SparkX::Form::Field::Plugin::StarML'.
#     Error:  Can't locate Moose/Role.pm in @INC (@INC contains: /home/smoke/.cpan/build/SparkX-Form-Field-Plugin-StarML-0.1-hKOLJx/blib/lib /home/smoke/.cpan/build/SparkX-Form-Field-Plugin-StarML-0.1-hKOLJx/blib/arch /usr/local/perl-5.12.1-threads/lib/site_perl/5.12.1/OpenBSD.i386-openbsd-thread-multi /usr/local/perl-5.12.1-threads/lib/site_perl/5.12.1 /usr/local/perl-5.12.1-threads/lib/5.12.1/OpenBSD.i386-openbsd-thread-multi /usr/local/perl-5.12.1-threads/lib/5.12.1) at /home/smoke/.cpan/build/SparkX-Form-Field-Plugin-StarML-0.1-hKOLJx/blib/lib/SparkX/Form/Field/Plugin/StarML.pm line 5.
# BEGIN failed--compilation aborted at /home/smoke/.cpan/build/SparkX-Form-Field-Plugin-StarML-0.1-hKOLJx/blib/lib/SparkX/Form/Field/Plugin/StarML.pm line 5.
# Compilation failed in require at (eval 4) line 2.
# BEGIN failed--compilation aborted at (eval 4) line 2.
Use of uninitialized value $SparkX::Form::Field::Plugin::StarML::VERSION in concatenation (.) or string at t/00-load.t line 9.
# Testing SparkX::Form::Field::Plugin::StarML , Perl 5.012001, /usr/local/perl-5.12.1-threads/bin/perl
# Looks like you failed 1 test of 1.
t/00-load.t .......... 
Dubious, test returned 1 (wstat 256, 0x100)
Failed 1/1 subtests 
t/01-pod.t ........... skipped: Test::Pod 1.22 required for testing POD
t/02-pod-coverage.t .. skipped: Test::Pod::Coverage 1.08 required for testing POD coverage
Can't locate Test/MockObject/Extends.pm in @INC (@INC contains: /home/smoke/.cpan/build/SparkX-Form-Field-Plugin-StarML-0.1-hKOLJx/blib/lib /home/smoke/.cpan/build/SparkX-Form-Field-Plugin-StarML-0.1-hKOLJx/blib/arch /usr/local/perl-5.12.1-threads/lib/site_perl/5.12.1/OpenBSD.i386-openbsd-thread-multi /usr/local/perl-5.12.1-threads/lib/site_perl/5.12.1 /usr/local/perl-5.12.1-threads/lib/5.12.1/OpenBSD.i386-openbsd-thread-multi /usr/local/perl-5.12.1-threads/lib/5.12.1) at t/03-module.t line 5.
BEGIN failed--compilation aborted at t/03-module.t line 5.
# Looks like your test exited with 2 before it could output anything.
t/03-module.t ........ 
Dubious, test returned 2 (wstat 512, 0x200)
Failed 4/4 subtests 

Test Summary Report
-------------------
t/00-load.t        (Wstat: 256 Tests: 1 Failed: 1)
  Failed test:  1
  Non-zero exit status: 1
t/03-module.t      (Wstat: 512 Tests: 0 Failed: 0)
  Non-zero exit status: 2
  Parse errors: Bad plan.  You planned 4 tests but ran 0.
Files=4, Tests=1,  1 wallclock secs ( 0.12 usr  0.04 sys +  0.38 cusr  0.07 csys =  0.61 CPU)
Result: FAIL
Failed 2/4 test programs. 1/1 subtests failed.

------------------------------
PREREQUISITES
------------------------------

Prerequisite modules loaded:

build_requires:

    Module     Need Have
    ---------- ---- ----
    Test::More 0    0.94


------------------------------
ENVIRONMENT AND OTHER CONTEXT
------------------------------

Environment variables:

    AUTOMATED_TESTING = 1
    PATH = /usr/bin:/bin:/usr/sbin:/sbin:/usr/X11R6/bin:/usr/local/bin
    PERL5LIB = 
    PERL5OPT = 
    PERL5_CPANPLUS_IS_RUNNING = 272
    PERL5_CPAN_IS_RUNNING = 272
    PERL5_CPAN_IS_RUNNING_IN_RECURSION = 30233,272
    PERL_CR_SMOKER_CURRENT = SparkX-Form-Field-Plugin-StarML-0.1
    PERL_EXTUTILS_AUTOINSTALL = --defaultdeps
    PERL_MM_USE_DEFAULT = 1
    SHELL = /usr/local/bin/bash
    TERM = screen

Perl special variables (and OS-specific diagnostics, for MSWin32):

    $^X = /usr/local/perl-5.12.1-threads/bin/perl
    $UID/$EUID = 1002 / 1002
    $GID = 1002 1002
    $EGID = 1002 1002

Perl module toolchain versions installed:

    Module              Have   
    ------------------- -------
    CPAN                1.94_56
    Cwd                 3.31   
    ExtUtils::CBuilder  0.27   
    ExtUtils::Command   1.16   
    ExtUtils::Install   1.55   
    ExtUtils::MakeMaker 6.56   
    ExtUtils::Manifest  1.57   
    ExtUtils::ParseXS   2.21   
    File::Spec          3.31   
    Module::Build       0.3603 
    Module::Signature   n/a    
    Test::Harness       3.17   
    Test::More          0.94   
    YAML                n/a    
    YAML::Syck          n/a    
    version             0.82   


--

Summary of my perl5 (revision 5 version 12 subversion 1) configuration:
   
  Platform:
    osname=openbsd, osvers=4.5, archname=OpenBSD.i386-openbsd-thread-multi
    uname='openbsd minimunch.int.zeroclue.org 4.5 generic#1749 i386 '
    config_args=''
    hint=recommended, useposix=true, d_sigaction=define
    useithreads=define, usemultiplicity=define
    useperlio=define, d_sfio=undef, uselargefiles=define, usesocks=undef
    use64bitint=undef, use64bitall=undef, uselongdouble=undef
    usemymalloc=n, bincompat5005=undef
  Compiler:
    cc='cc', ccflags ='-pthread -fno-strict-aliasing -pipe -fstack-protector -I/usr/local/include',
    optimize='-O2',
    cppflags='-pthread -fno-strict-aliasing -pipe -fstack-protector -I/usr/local/include'
    ccversion='', gccversion='3.3.5 (propolice)', gccosandvers='openbsd4.5'
    intsize=4, longsize=4, ptrsize=4, doublesize=8, byteorder=1234
    d_longlong=define, longlongsize=8, d_longdbl=define, longdblsize=12
    ivtype='long', ivsize=4, nvtype='double', nvsize=8, Off_t='off_t', lseeksize=8
    alignbytes=4, prototype=define
  Linker and Libraries:
    ld='cc', ldflags ='-pthread -Wl,-E  -fstack-protector -L/usr/local/lib'
    libpth=/usr/local/lib /usr/lib
    libs=-lgdbm -lm -lutil -lc
    perllibs=-lm -lutil -lc
    libc=/usr/lib/libc.so.50.1, so=so, useshrplib=false, libperl=libperl.a
    gnulibc_version=''
  Dynamic Linking:
    dlsrc=dl_dlopen.xs, dlext=so, d_dlsymun=undef, ccdlflags=' '
    cccdlflags='-DPIC -fPIC ', lddlflags='-shared -fPIC  -L/usr/local/lib -fstack-protector'


Characteristics of this binary (from libperl): 
  Compile-time options: MULTIPLICITY PERL_DONT_CREATE_GVSV
                        PERL_IMPLICIT_CONTEXT PERL_MALLOC_WRAP USE_ITHREADS
                        USE_LARGE_FILES USE_PERLIO USE_PERL_ATOF
                        USE_REENTRANT_API
  Built under openbsd
  Compiled at Jul 10 2010 15:48:57
  %ENV:
    PERL5LIB=""
    PERL5OPT=""
    PERL5_CPANPLUS_IS_RUNNING="272"
    PERL5_CPAN_IS_RUNNING="272"
    PERL5_CPAN_IS_RUNNING_IN_RECURSION="30233,272"
    PERL_CR_SMOKER_CURRENT="SparkX-Form-Field-Plugin-StarML-0.1"
    PERL_EXTUTILS_AUTOINSTALL="--defaultdeps"
    PERL_MM_USE_DEFAULT="1"
  @INC:
    /usr/local/perl-5.12.1-threads/lib/site_perl/5.12.1/OpenBSD.i386-openbsd-thread-multi
    /usr/local/perl-5.12.1-threads/lib/site_perl/5.12.1
    /usr/local/perl-5.12.1-threads/lib/5.12.1/OpenBSD.i386-openbsd-thread-multi
    /usr/local/perl-5.12.1-threads/lib/5.12.1
    .