Report for Pod-2-DocBook-0.03

Back
From: metabase:user:320bfe00-2aae-11df-837a-5e0a49663a4f
Subject: FAIL Pod-2-DocBook-0.03 v5.14.2 GNU/Linux
Date: 2012-01-26T00:53:31Z

This distribution has been tested as part of the CPAN Testers
project, supporting the Perl programming language.  See
http://wiki.cpantesters.org/ for more information or email
questions to cpan-testers-discuss@perl.org


--
Dear Jozef Kutej,

This is a computer-generated report for Pod-2-DocBook-0.03
on perl 5.14.2, created by CPAN-Reporter-1.2003.

Thank you for uploading your work to CPAN.  However, there was a problem
testing your distribution.

If you think this report is invalid, please consult the CPAN Testers Wiki
for suggestions on how to avoid getting FAIL reports for missing library
or binary dependencies, unsupported operating systems, and so on:

http://wiki.cpantesters.org/wiki/CPANAuthorNotes

Sections of this report:

    * Tester comments
    * Program output
    * Prerequisites
    * Environment and other context

------------------------------
TESTER COMMENTS
------------------------------

Additional comments from tester:

this report is from an automated smoke testing program
and was not reviewed by a human for accuracy

------------------------------
PROGRAM OUTPUT
------------------------------

Output from './Build test':

t/00-compile.t ................ ok
t/02-Pod-2-DocBook-make_id.t .. ok
t/Pod-2-DocBook.t ............. ok
t/distribution.t .............. ok
t/make_id.t ................... ok
t/perlcritic.t ................ skipped: Author test.  Set $ENV{TEST_AUTHOR} to a true value to run.
t/pod-coverage.t .............. ok
t/pod-spell.t ................. skipped: Set the environment variable TEST_SPELLING to enable this test.
t/pod.t ....................... ok
t/refentry.t .................. ok
t/signature.t ................. skipped: Set the environment variable TEST_SIGNATURE to enable this test.
Use of tied on a handle without * is deprecated at /home/src/perl/repoperls/installed-perls/perl/v5.14.2/165a/lib/5.14.2/Pod/Parser.pm line 1079.

#   Failed test 'XML::LibXML doesn't complain'
#   at t/valid_xml.t line 27.
# http://www.oasis-open.org/docbook/xml/4.2/dbhierx.mod:239: parser error : ContentDecl : Name or '(' expected
# <!ELEMENT setinfo %ho; ((%info.class;)+)
#                                      ^
# http://www.oasis-open.org/docbook/xml/4.2/dbhierx.mod:239: parser error : expected '>'
# <!ELEMENT setinfo %ho; ((%info.class;)+)
#                                        ^
# http://www.oasis-open.org/docbook/xml/4.2/dbhierx.mod:239: parser error : Content error in the external subset
# <!ELEMENT setinfo %ho; ((%info.class;)+)
#                                        ^
# http://www.oasis-open.org/docbook/xml/4.2/dbhierx.mod:239: parser error : Content error in the external subset
# 		%beginpage.exclusion;>
# 		                     ^
# http://www.oasis-open.org/docbook/xml/4.2/dbhierx.mod:239: parser error : Content error in the external subset
# <!--end of setinfo.element-->]]>
#  ^
# http://www.oasis-open.org/docbook/xml/4.2/dbhierx.mod:239: parser error : Content error in the external subset
# <!--end of setinfo.element-->]]>
#     ^
# http://www.oasis-open.org/docbook/xml/4.2/dbhierx.mod:239: validity error : All markup of the conditional section is not in the same entity
# <!--end of setinfo.element-->]]>
#     ^
# http://www.oasis-open.org/docbook/xml/4.2/dbhierx.mod:239: parser error : Content error in the external subset
# <!--end of setinfo.element-->]]>
#         ^
# Looks like you failed 1 test of 2.
t/valid_xml.t ................. 
Dubious, test returned 1 (wstat 256, 0x100)
Failed 1/2 subtests 

Test Summary Report
-------------------
t/valid_xml.t               (Wstat: 256 Tests: 2 Failed: 1)
  Failed test:  2
  Non-zero exit status: 1
Files=12, Tests=47, 21 wallclock secs ( 0.05 usr  0.01 sys +  0.57 cusr  0.14 csys =  0.77 CPU)
Result: FAIL
Failed 1/12 test programs. 1/47 subtests failed.

------------------------------
PREREQUISITES
------------------------------

Prerequisite modules loaded:

requires:

    Module           Need Have     
    ---------------- ---- ---------
    CPAN::Version    0    5.5001   
    Digest::MD5      0    2.51     
    List::MoreUtils  0    0.33     
    Pod::ParseLink   0    1.10     
    Pod::Parser      0    1.37     
    Text::ParseWords 0    3.27     
    Text::Wrap       0    2009.0305

build_requires:

    Module           Need Have     
    ---------------- ---- ---------
    Test::More       0    0.98     
    XML::LibXML      0    1.90     


------------------------------
ENVIRONMENT AND OTHER CONTEXT
------------------------------

Environment variables:

    AUTOMATED_TESTING = 1
    LANG = en_US.UTF-8
    LANGUAGE = en_US:en
    PATH = /home/sand/bin:/usr/local/bin:/usr/bin:/bin:/usr/bin/X11:/usr/games:/usr/local/perl/bin:/usr/X11/bin:/sbin:/usr/sbin
    PERL5LIB = 
    PERL5OPT = 
    PERL5_CPANPLUS_IS_RUNNING = 3945
    PERL5_CPAN_IS_RUNNING = 3945
    PERL_MM_USE_DEFAULT = 1
    SHELL = /usr/bin/zsh
    TERM = screen

Perl special variables (and OS-specific diagnostics, for MSWin32):

    $^X = /home/sand/src/perl/repoperls/installed-perls/perl/v5.14.2/165a/bin/perl
    $UID/$EUID = 1005 / 1005
    $GID = 1005 1005
    $EGID = 1005 1005

Perl module toolchain versions installed:

    Module              Have    
    ------------------- --------
    CPAN                1.9800  
    CPAN::Meta          2.113640
    Cwd                 3.36    
    ExtUtils::CBuilder  0.280202
    ExtUtils::Command   1.17    
    ExtUtils::Install   1.56    
    ExtUtils::MakeMaker 6.63_02 
    ExtUtils::Manifest  1.58    
    ExtUtils::ParseXS   3.07    
    File::Spec          3.33    
    JSON                2.53    
    JSON::PP            2.27200 
    Module::Build       0.3800  
    Module::Signature   0.68    
    Parse::CPAN::Meta   1.4401  
    Test::Harness       3.23    
    Test::More          0.98    
    YAML                0.73    
    YAML::Syck          1.19    
    version             0.95    


--

Summary of my perl5 (revision 5 version 14 subversion 2) configuration:
  Commit id: dc281e6088d189558b79a5121119b7196c8b3db0
  Platform:
    osname=linux, osvers=2.6.32-5-amd64, archname=x86_64-linux
    uname='linux k83 2.6.32-5-amd64 #1 smp mon oct 3 03:59:20 utc 2011 x86_64 gnulinux '
    config_args='-Dprefix=/home/src/perl/repoperls/installed-perls/perl/v5.14.2/165a -Dmyhostname=k83 -Dinstallusrbinperl=n -Uversiononly -Dusedevel -des -Ui_db -Uuseithreads -Uuselongdouble -DDEBUGGING=-g'
    hint=recommended, useposix=true, d_sigaction=define
    useithreads=undef, usemultiplicity=undef
    useperlio=define, d_sfio=undef, uselargefiles=define, usesocks=undef
    use64bitint=define, use64bitall=define, uselongdouble=undef
    usemymalloc=n, bincompat5005=undef
  Compiler:
    cc='cc', ccflags ='-fno-strict-aliasing -pipe -fstack-protector -I/usr/local/include -D_LARGEFILE_SOURCE -D_FILE_OFFSET_BITS=64',
    optimize='-O2 -g',
    cppflags='-fno-strict-aliasing -pipe -fstack-protector -I/usr/local/include'
    ccversion='', gccversion='4.4.5', gccosandvers=''
    intsize=4, longsize=8, ptrsize=8, doublesize=8, byteorder=12345678
    d_longlong=define, longlongsize=8, d_longdbl=define, longdblsize=16
    ivtype='long', ivsize=8, nvtype='double', nvsize=8, Off_t='off_t', lseeksize=8
    alignbytes=8, prototype=define
  Linker and Libraries:
    ld='cc', ldflags =' -fstack-protector -L/usr/local/lib'
    libpth=/usr/local/lib /lib/../lib /usr/lib/../lib /lib /usr/lib /lib64 /usr/lib64
    libs=-lnsl -ldb -ldl -lm -lcrypt -lutil -lc
    perllibs=-lnsl -ldl -lm -lcrypt -lutil -lc
    libc=/lib/libc-2.11.2.so, so=so, useshrplib=false, libperl=libperl.a
    gnulibc_version='2.11.2'
  Dynamic Linking:
    dlsrc=dl_dlopen.xs, dlext=so, d_dlsymun=undef, ccdlflags='-Wl,-E'
    cccdlflags='-fPIC', lddlflags='-shared -O2 -g -L/usr/local/lib -fstack-protector'


Characteristics of this binary (from libperl): 
  Compile-time options: PERL_DONT_CREATE_GVSV PERL_MALLOC_WRAP
                        PERL_PRESERVE_IVUV PERL_USE_DEVEL USE_64_BIT_ALL
                        USE_64_BIT_INT USE_LARGE_FILES USE_PERLIO
                        USE_PERL_ATOF
  Built under linux
  Compiled at Oct 23 2011 13:30:05
  %ENV:
    PERL5LIB=""
    PERL5OPT=""
    PERL5_CPANPLUS_IS_RUNNING="3945"
    PERL5_CPAN_IS_RUNNING="3945"
    PERL_MM_USE_DEFAULT="1"
  @INC:
    /home/src/perl/repoperls/installed-perls/perl/v5.14.2/165a/lib/site_perl/5.14.2/x86_64-linux
    /home/src/perl/repoperls/installed-perls/perl/v5.14.2/165a/lib/site_perl/5.14.2
    /home/src/perl/repoperls/installed-perls/perl/v5.14.2/165a/lib/5.14.2/x86_64-linux
    /home/src/perl/repoperls/installed-perls/perl/v5.14.2/165a/lib/5.14.2
    .