Module-Setup v0.09 Perl 5 v5.22.4 x86_64-linux-thread-multi-ld
- Status
- Fail
- From
- Andreas J. König (ANDK)
- Dist
-
Module-Setup v0.09
- Platform
- Perl 5 v5.22.4 x86_64-linux-thread-multi-ld
- Date
- 2017-11-17 23:08:04
- ID
- 2ac5c8dc-cbec-11e7-aff4-b9f7b24ff3ca
This distribution has been tested as part of the CPAN Testers
project, supporting the Perl programming language. See
http://wiki.cpantesters.org/ for more information or email
questions to cpan-testers-discuss@perl.org
--
Dear Kazuhiro Osawa,
This is a computer-generated report for Module-Setup-0.09
on perl 5.22.4, created by CPAN-Reporter-1.2018.
Thank you for uploading your work to CPAN. However, there was a problem
testing your distribution.
If you think this report is invalid, please consult the CPAN Testers Wiki
for suggestions on how to avoid getting FAIL reports for missing library
or binary dependencies, unsupported operating systems, and so on:
http://wiki.cpantesters.org/wiki/CPANAuthorNotes
Sections of this report:
* Tester comments
* Program output
* Prerequisites
* Environment and other context
------------------------------
TESTER COMMENTS
------------------------------
Additional comments from tester:
this report is from an automated smoke testing program
and was not reviewed by a human for accuracy
------------------------------
PROGRAM OUTPUT
------------------------------
Output from '/usr/bin/make test':
PERL_DL_NONLAZY=1 "/home/sand/src/perl/repoperls/installed-perls/host/k93msid/v5.22.4/5ea4/bin/perl" "-MExtUtils::Command::MM" "-MTest::Harness" "-e" "undef *Test::Harness::Switches; test_harness(0, 'inc', 'blib/lib', 'blib/arch')" t/*.t t/*/*.t
Possible precedence issue with control flow operator at /tmp/loop_over_bdir-32452-p4adJq/Module-Setup-0.09-0/inc/Test/Builder.pm line 858.
t/00_compile.t .................................... ok
Possible precedence issue with control flow operator at /tmp/loop_over_bdir-32452-p4adJq/Module-Setup-0.09-0/inc/Test/Builder.pm line 858.
t/010_core/detect-flavor-tests-error.t ............ ok
Possible precedence issue with control flow operator at /tmp/loop_over_bdir-32452-p4adJq/Module-Setup-0.09-0/inc/Test/Builder.pm line 858.
t/010_core/detect_module_and_flavor_name_error.t .. ok
Possible precedence issue with control flow operator at /tmp/loop_over_bdir-32452-p4adJq/Module-Setup-0.09-0/inc/Test/Builder.pm line 858.
t/010_core/dialog.t ............................... ok
Possible precedence issue with control flow operator at /tmp/loop_over_bdir-32452-p4adJq/Module-Setup-0.09-0/inc/Test/Builder.pm line 858.
t/010_core/distribute.t ........................... ok
Possible precedence issue with control flow operator at /tmp/loop_over_bdir-32452-p4adJq/Module-Setup-0.09-0/inc/Test/Builder.pm line 858.
t/010_core/flavor.t ............................... ok
Possible precedence issue with control flow operator at /tmp/loop_over_bdir-32452-p4adJq/Module-Setup-0.09-0/inc/Test/Builder.pm line 858.
t/010_core/load_argv.t ............................ ok
Possible precedence issue with control flow operator at /tmp/loop_over_bdir-32452-p4adJq/Module-Setup-0.09-0/inc/Test/Builder.pm line 858.
t/010_core/path.t ................................. ok
Possible precedence issue with control flow operator at /tmp/loop_over_bdir-32452-p4adJq/Module-Setup-0.09-0/inc/Test/Builder.pm line 858.
t/010_core/select-flavor.t ........................ ok
Possible precedence issue with control flow operator at /tmp/loop_over_bdir-32452-p4adJq/Module-Setup-0.09-0/inc/Test/Builder.pm line 858.
t/010_core/setup_base_dir.t ....................... ok
Possible precedence issue with control flow operator at /tmp/loop_over_bdir-32452-p4adJq/Module-Setup-0.09-0/inc/Test/Builder.pm line 858.
Redundant argument in sprintf at /tmp/loop_over_bdir-32452-p4adJq/Module-Setup-0.09-0/inc/Spiffy.pm line 225.
Redundant argument in sprintf at /tmp/loop_over_bdir-32452-p4adJq/Module-Setup-0.09-0/inc/Spiffy.pm line 225.
Redundant argument in sprintf at /tmp/loop_over_bdir-32452-p4adJq/Module-Setup-0.09-0/inc/Spiffy.pm line 225.
Redundant argument in sprintf at /tmp/loop_over_bdir-32452-p4adJq/Module-Setup-0.09-0/inc/Spiffy.pm line 225.
t/010_core/setup_options.t ........................ ok
Possible precedence issue with control flow operator at /tmp/loop_over_bdir-32452-p4adJq/Module-Setup-0.09-0/inc/Test/Builder.pm line 858.
t/010_core/setup_options_code.t ................... ok
Possible precedence issue with control flow operator at /tmp/loop_over_bdir-32452-p4adJq/Module-Setup-0.09-0/inc/Test/Builder.pm line 858.
t/010_core/stdout-log.t ........................... ok
Possible precedence issue with control flow operator at /tmp/loop_over_bdir-32452-p4adJq/Module-Setup-0.09-0/inc/Test/Builder.pm line 858.
t/010_core/system.t ............................... ok
Possible precedence issue with control flow operator at /tmp/loop_over_bdir-32452-p4adJq/Module-Setup-0.09-0/inc/Test/Builder.pm line 858.
t/010_core/test_util.t ............................ ok
Possible precedence issue with control flow operator at /tmp/loop_over_bdir-32452-p4adJq/Module-Setup-0.09-0/inc/Test/Builder.pm line 858.
t/020_run/additional.t ............................ ok
Possible precedence issue with control flow operator at /tmp/loop_over_bdir-32452-p4adJq/Module-Setup-0.09-0/inc/Test/Builder.pm line 858.
t/020_run/binary.t ................................ ok
Possible precedence issue with control flow operator at /tmp/loop_over_bdir-32452-p4adJq/Module-Setup-0.09-0/inc/Test/Builder.pm line 858.
t/020_run/direct.t ................................ ok
Possible precedence issue with control flow operator at /tmp/loop_over_bdir-32452-p4adJq/Module-Setup-0.09-0/inc/Test/Builder.pm line 858.
t/020_run/dupe-flavor.t ........................... ok
Possible precedence issue with control flow operator at /tmp/loop_over_bdir-32452-p4adJq/Module-Setup-0.09-0/inc/Test/Builder.pm line 858.
t/020_run/dupe.t .................................. ok
Possible precedence issue with control flow operator at /tmp/loop_over_bdir-32452-p4adJq/Module-Setup-0.09-0/inc/Test/Builder.pm line 858.
t/020_run/empty_dir.t ............................. ok
Possible precedence issue with control flow operator at /tmp/loop_over_bdir-32452-p4adJq/Module-Setup-0.09-0/inc/Test/Builder.pm line 858.
t/020_run/fail_flavor.t ........................... ok
Possible precedence issue with control flow operator at /tmp/loop_over_bdir-32452-p4adJq/Module-Setup-0.09-0/inc/Test/Builder.pm line 858.
t/020_run/hasnt-flavorclass.t ..................... ok
Possible precedence issue with control flow operator at /tmp/loop_over_bdir-32452-p4adJq/Module-Setup-0.09-0/inc/Test/Builder.pm line 858.
Redundant argument in sprintf at /tmp/loop_over_bdir-32452-p4adJq/Module-Setup-0.09-0/inc/Spiffy.pm line 225.
Redundant argument in sprintf at /tmp/loop_over_bdir-32452-p4adJq/Module-Setup-0.09-0/inc/Spiffy.pm line 225.
Redundant argument in sprintf at /tmp/loop_over_bdir-32452-p4adJq/Module-Setup-0.09-0/inc/Spiffy.pm line 225.
Redundant argument in sprintf at /tmp/loop_over_bdir-32452-p4adJq/Module-Setup-0.09-0/inc/Spiffy.pm line 225.
t/020_run/init.t .................................. ok
Possible precedence issue with control flow operator at /tmp/loop_over_bdir-32452-p4adJq/Module-Setup-0.09-0/inc/Test/Builder.pm line 858.
t/020_run/nullflavors.t ........................... ok
Possible precedence issue with control flow operator at /tmp/loop_over_bdir-32452-p4adJq/Module-Setup-0.09-0/inc/Test/Builder.pm line 858.
t/020_run/pack-additional.t ....................... ok
Possible precedence issue with control flow operator at /tmp/loop_over_bdir-32452-p4adJq/Module-Setup-0.09-0/inc/Test/Builder.pm line 858.
Redundant argument in sprintf at /tmp/loop_over_bdir-32452-p4adJq/Module-Setup-0.09-0/inc/Spiffy.pm line 225.
Redundant argument in sprintf at /tmp/loop_over_bdir-32452-p4adJq/Module-Setup-0.09-0/inc/Spiffy.pm line 225.
Redundant argument in sprintf at /tmp/loop_over_bdir-32452-p4adJq/Module-Setup-0.09-0/inc/Spiffy.pm line 225.
Redundant argument in sprintf at /tmp/loop_over_bdir-32452-p4adJq/Module-Setup-0.09-0/inc/Spiffy.pm line 225.
t/020_run/pack.t .................................. ok
Possible precedence issue with control flow operator at /tmp/loop_over_bdir-32452-p4adJq/Module-Setup-0.09-0/inc/Test/Builder.pm line 858.
Redundant argument in sprintf at /tmp/loop_over_bdir-32452-p4adJq/Module-Setup-0.09-0/inc/Spiffy.pm line 225.
Redundant argument in sprintf at /tmp/loop_over_bdir-32452-p4adJq/Module-Setup-0.09-0/inc/Spiffy.pm line 225.
Redundant argument in sprintf at /tmp/loop_over_bdir-32452-p4adJq/Module-Setup-0.09-0/inc/Spiffy.pm line 225.
Redundant argument in sprintf at /tmp/loop_over_bdir-32452-p4adJq/Module-Setup-0.09-0/inc/Spiffy.pm line 225.
t/020_run/simple.t ................................ ok
Possible precedence issue with control flow operator at /tmp/loop_over_bdir-32452-p4adJq/Module-Setup-0.09-0/inc/Test/Builder.pm line 858.
t/030_plugin/append_template_file.t ............... ok
Possible precedence issue with control flow operator at /tmp/loop_over_bdir-32452-p4adJq/Module-Setup-0.09-0/inc/Test/Builder.pm line 858.
t/030_plugin/append_template_file2.t .............. ok
Possible precedence issue with control flow operator at /tmp/loop_over_bdir-32452-p4adJq/Module-Setup-0.09-0/inc/Test/Builder.pm line 858.
t/030_plugin/illegalplugin.t ...................... ok
Possible precedence issue with control flow operator at /tmp/loop_over_bdir-32452-p4adJq/Module-Setup-0.09-0/inc/Test/Builder.pm line 858.
t/030_plugin/illegalpluginconfig.t ................ ok
Possible precedence issue with control flow operator at /tmp/loop_over_bdir-32452-p4adJq/Module-Setup-0.09-0/inc/Test/Builder.pm line 858.
t/030_plugin/localplugin.t ........................ ok
Possible precedence issue with control flow operator at /tmp/loop_over_bdir-32452-p4adJq/Module-Setup-0.09-0/inc/Test/Builder.pm line 858.
t/030_plugin/plain.t .............................. ok
Possible precedence issue with control flow operator at /tmp/loop_over_bdir-32452-p4adJq/Module-Setup-0.09-0/inc/Test/Builder.pm line 858.
t/030_plugin/site_github.t ........................ ok
Possible precedence issue with control flow operator at /tmp/loop_over_bdir-32452-p4adJq/Module-Setup-0.09-0/inc/Test/Builder.pm line 858.
t/030_plugin/template.t ........................... ok
Possible precedence issue with control flow operator at /tmp/loop_over_bdir-32452-p4adJq/Module-Setup-0.09-0/inc/Test/Builder.pm line 858.
t/030_plugin/test_makefile.t ...................... ok
Possible precedence issue with control flow operator at /tmp/loop_over_bdir-32452-p4adJq/Module-Setup-0.09-0/inc/Test/Builder.pm line 858.
error: pathspec 'commit' did not match any file(s) known to git.
t/030_plugin/vc_git.t ............................. ok
Possible precedence issue with control flow operator at /tmp/loop_over_bdir-32452-p4adJq/Module-Setup-0.09-0/inc/Test/Builder.pm line 858.
Name "Module::Setup::Flavor::Default::setup_config" used only once: possible typo at t/030_plugin/vc_svk.t line 17.
t/030_plugin/vc_svk.t ............................. ok
Possible precedence issue with control flow operator at /tmp/loop_over_bdir-32452-p4adJq/Module-Setup-0.09-0/inc/Test/Builder.pm line 858.
t/030_plugin/vc_svn.t ............................. ok
Possible precedence issue with control flow operator at /tmp/loop_over_bdir-32452-p4adJq/Module-Setup-0.09-0/inc/Test/Builder.pm line 858.
t/040_flavor/coderepos.t .......................... ok
Possible precedence issue with control flow operator at /tmp/loop_over_bdir-32452-p4adJq/Module-Setup-0.09-0/inc/Test/Builder.pm line 858.
t/040_flavor/default-setup_config.t ............... ok
Possible precedence issue with control flow operator at /tmp/loop_over_bdir-32452-p4adJq/Module-Setup-0.09-0/inc/Test/Builder.pm line 858.
t/040_flavor/default.t ............................ ok
Possible precedence issue with control flow operator at /tmp/loop_over_bdir-32452-p4adJq/Module-Setup-0.09-0/inc/Test/Builder.pm line 858.
t/040_flavor/github.t ............................. ok
Possible precedence issue with control flow operator at /tmp/loop_over_bdir-32452-p4adJq/Module-Setup-0.09-0/inc/Test/Builder.pm line 858.
Base class package "t::Helper::Basic" is not empty but "t/Helper/Basic.pm" exists in the current directory.
To help avoid security issues, base.pm now refuses to load optional modules
from the current working directory when it is the last entry in @INC.
If your software worked on previous versions of Perl, the best solution
is to use FindBin to detect the path properly and to add that path to
@INC. As a last resort, you can re-enable looking in the current working
directory by adding "use lib '.'" to your code.
at t/Helper/Basic/Callback.pm line 4.
BEGIN failed--compilation aborted at t/Helper/Basic/Callback.pm line 4.
Compilation failed in require at t/050_helper/basic-callback.t line 6.
BEGIN failed--compilation aborted at t/050_helper/basic-callback.t line 6.
# Looks like your test exited with 2 before it could output anything.
t/050_helper/basic-callback.t .....................
Dubious, test returned 2 (wstat 512, 0x200)
Failed 3/3 subtests
Possible precedence issue with control flow operator at /tmp/loop_over_bdir-32452-p4adJq/Module-Setup-0.09-0/inc/Test/Builder.pm line 858.
Base class package "t::Helper::Basic" is not empty but "t/Helper/Basic.pm" exists in the current directory.
To help avoid security issues, base.pm now refuses to load optional modules
from the current working directory when it is the last entry in @INC.
If your software worked on previous versions of Perl, the best solution
is to use FindBin to detect the path properly and to add that path to
@INC. As a last resort, you can re-enable looking in the current working
directory by adding "use lib '.'" to your code.
at t/Helper/Basic/Foo.pm line 4.
BEGIN failed--compilation aborted at t/Helper/Basic/Foo.pm line 4.
Compilation failed in require at t/050_helper/basic-foo.t line 6.
BEGIN failed--compilation aborted at t/050_helper/basic-foo.t line 6.
# Looks like your test exited with 2 before it could output anything.
t/050_helper/basic-foo.t ..........................
Dubious, test returned 2 (wstat 512, 0x200)
Failed 2/2 subtests
Possible precedence issue with control flow operator at /tmp/loop_over_bdir-32452-p4adJq/Module-Setup-0.09-0/inc/Test/Builder.pm line 858.
t/050_helper/basic.t .............................. ok
Test Summary Report
-------------------
t/050_helper/basic-callback.t (Wstat: 512 Tests: 0 Failed: 0)
Non-zero exit status: 2
Parse errors: Bad plan. You planned 3 tests but ran 0.
t/050_helper/basic-foo.t (Wstat: 512 Tests: 0 Failed: 0)
Non-zero exit status: 2
Parse errors: Bad plan. You planned 2 tests but ran 0.
Files=47, Tests=462, 39 wallclock secs ( 0.14 usr 0.25 sys + 11.08 cusr 2.83 csys = 14.30 CPU)
Result: FAIL
Failed 2/47 test programs. 0/462 subtests failed.
Makefile:881: recipe for target 'test_dynamic' failed
make: *** [test_dynamic] Error 255
------------------------------
PREREQUISITES
------------------------------
Prerequisite modules loaded:
requires:
Module Need Have
---------------------------- ---- --------
Class::Trigger 0 0.14
Cwd 0 3.62
ExtUtils::MakeMaker 0 7.30
File::Basename 0 2.85
File::Find::Rule 0 0.34
File::HomeDir 0 1.002
File::Path 0 2.15
File::Temp 0.2 0.2304
Filter::Util::Call 0 1.58
Getopt::Long 0 2.5
IO::Scalar 0 2.111
LWP::UserAgent 0 6.27
Module::Collect 0.06 0.06
Module::Install::AuthorTests 0 0.002
Module::Install::Repository 0 0.06
Path::Class 0 0.37
Pod::Usage 0 1.69
Scalar::Util 0 1.49
Storable 0 3.05_15
Template 2.2 2.27
Test::More 0 1.302108
Test::Requires 0 0.10
Text::Patch 0 1.8
YAML 0 1.24
build_requires:
Module Need Have
---------------------------- ---- --------
ExtUtils::MakeMaker 0 7.30
configure_requires:
Module Need Have
---------------------------- ---- --------
ExtUtils::MakeMaker 6.42 7.30
------------------------------
ENVIRONMENT AND OTHER CONTEXT
------------------------------
Environment variables:
AUTOMATED_TESTING = 1
LANG = en_US.UTF-8
PATH = /home/sand/bin:/usr/local/bin:/usr/bin:/bin:/usr/games:/usr/local/perl/bin:/usr/X11/bin:/sbin:/usr/sbin
PERL5LIB = /tmp/loop_over_bdir-32452-p4adJq/Text-Patch-1.8-0/blib/arch:/tmp/loop_over_bdir-32452-p4adJq/Text-Patch-1.8-0/blib/lib:/tmp/loop_over_bdir-32452-p4adJq/Module-Install-AuthorTests-0.002-0/blib/arch:/tmp/loop_over_bdir-32452-p4adJq/Module-Install-AuthorTests-0.002-0/blib/lib:/tmp/loop_over_bdir-32452-p4adJq/Module-Collect-0.06-0/blib/arch:/tmp/loop_over_bdir-32452-p4adJq/Module-Collect-0.06-0/blib/lib:/tmp/loop_over_bdir-32452-p4adJq/Module-Install-Repository-0.06-0/blib/arch:/tmp/loop_over_bdir-32452-p4adJq/Module-Install-Repository-0.06-0/blib/lib:/tmp/loop_over_bdir-32452-p4adJq/Module-Install-ReadmeMarkdownFromPod-0.04-0/blib/arch:/tmp/loop_over_bdir-32452-p4adJq/Module-Install-ReadmeMarkdownFromPod-0.04-0/blib/lib:/tmp/loop_over_bdir-32452-p4adJq/Module-Install-ManifestSkip-0.24-0/blib/arch:/tmp/loop_over_bdir-32452-p4adJq/Module-Install-ManifestSkip-0.24-0/blib/lib:/tmp/loop_over_bdir-32452-p4adJq/Module-Manifest-Skip-0.23-0/blib/arch:/tmp/loop_over_bdir-32452-p4adJq/Module-Manifest-Skip-0.23-0/blib/lib:/tmp/loop_over_bdir-32452-p4adJq/Module-Install-Homepage-0.01-0/blib/arch:/tmp/loop_over_bdir-32452-p4adJq/Module-Install-Homepage-0.01-0/blib/lib:/tmp/loop_over_bdir-32452-p4adJq/Module-Install-AutoManifest-0.003-0/blib/arch:/tmp/loop_over_bdir-32452-p4adJq/Module-Install-AutoManifest-0.003-0/blib/lib:/tmp/loop_over_bdir-32452-p4adJq/Module-Install-AutoLicense-0.10-0/blib/arch:/tmp/loop_over_bdir-32452-p4adJq/Module-Install-AutoLicense-0.10-0/blib/lib
PERL5OPT =
PERL5_CPANPLUS_IS_RUNNING = 32496
PERL5_CPAN_IS_RUNNING = 32496
PERL5_CPAN_IS_RUNNING_IN_RECURSION = 20021,32496
PERL_CANARY_STABILITY_NOPROMPT = 1
PERL_MM_USE_DEFAULT = 1
PERL_USE_UNSAFE_INC = 1
SHELL = /usr/bin/zsh
TERM = screen
Perl special variables (and OS-specific diagnostics, for MSWin32):
$^X = /home/sand/src/perl/repoperls/installed-perls/host/k93msid/v5.22.4/5ea4/bin/perl
$UID/$EUID = 1005 / 1005
$GID = 1005 1005
$EGID = 1005 1005
Perl module toolchain versions installed:
Module Have
------------------- --------
CPAN 2.18
CPAN::Meta 2.150010
Cwd 3.62
ExtUtils::CBuilder 0.280226
ExtUtils::Command 7.30
ExtUtils::Install 2.06
ExtUtils::MakeMaker 7.30
ExtUtils::Manifest 1.70
ExtUtils::ParseXS 3.35
File::Spec 3.62
JSON 2.94
JSON::PP 2.94
Module::Build 0.4224
Module::Signature 0.81
Parse::CPAN::Meta 2.150010
Test::Harness 3.39
Test::More 1.302108
YAML 1.24
YAML::Syck 1.30
version 0.9918
--
Summary of my perl5 (revision 5 version 22 subversion 4) configuration:
Derived from: a26666a1317770d8a2228ac3657ba58020c3511f
Platform:
osname=linux, osvers=4.12.0-2-amd64, archname=x86_64-linux-thread-multi-ld
uname='linux k93msid 4.12.0-2-amd64 #1 smp debian 4.12.13-1 (2017-09-19) x86_64 gnulinux '
config_args='-Dprefix=/home/sand/src/perl/repoperls/installed-perls/host/k93msid/v5.22.4/5ea4 -Dmyhostname=k93msid -Dinstallusrbinperl=n -Uversiononly -Dusedevel -des -Ui_db -Dlibswanted=cl pthread socket inet nsl gdbm dbm malloc dl ld sun m crypt sec util c cposix posix ucb BSD gdbm_compat -Duseithreads -Duselongdouble -DDEBUGGING=-g'
hint=recommended, useposix=true, d_sigaction=define
useithreads=define, usemultiplicity=define
use64bitint=define, use64bitall=define, uselongdouble=define
usemymalloc=n, bincompat5005=undef
Compiler:
cc='cc', ccflags ='-D_REENTRANT -D_GNU_SOURCE -fwrapv -fno-strict-aliasing -pipe -fstack-protector-strong -I/usr/local/include -D_LARGEFILE_SOURCE -D_FILE_OFFSET_BITS=64',
optimize='-O2 -g',
cppflags='-D_REENTRANT -D_GNU_SOURCE -fwrapv -fno-strict-aliasing -pipe -fstack-protector-strong -I/usr/local/include'
ccversion='', gccversion='7.2.0', gccosandvers=''
intsize=4, longsize=8, ptrsize=8, doublesize=8, byteorder=12345678, doublekind=3
d_longlong=define, longlongsize=8, d_longdbl=define, longdblsize=16, longdblkind=3
ivtype='long', ivsize=8, nvtype='long double', nvsize=16, Off_t='off_t', lseeksize=8
alignbytes=16, prototype=define
Linker and Libraries:
ld='cc', ldflags =' -fstack-protector-strong -L/usr/local/lib'
libpth=/usr/local/lib /usr/lib/gcc/x86_64-linux-gnu/7/include-fixed /usr/include/x86_64-linux-gnu /usr/lib /lib/x86_64-linux-gnu /lib/../lib /usr/lib/x86_64-linux-gnu /usr/lib/../lib /lib
libs=-lpthread -lnsl -ldl -lm -lcrypt -lutil -lc
perllibs=-lpthread -lnsl -ldl -lm -lcrypt -lutil -lc
libc=libc-2.24.so, so=so, useshrplib=false, libperl=libperl.a
gnulibc_version='2.24'
Dynamic Linking:
dlsrc=dl_dlopen.xs, dlext=so, d_dlsymun=undef, ccdlflags='-Wl,-E'
cccdlflags='-fPIC', lddlflags='-shared -O2 -g -L/usr/local/lib -fstack-protector-strong'
Characteristics of this binary (from libperl):
Compile-time options: HAS_TIMES MULTIPLICITY PERLIO_LAYERS
PERL_DONT_CREATE_GVSV
PERL_HASH_FUNC_ONE_AT_A_TIME_HARD
PERL_IMPLICIT_CONTEXT PERL_MALLOC_WRAP
PERL_NEW_COPY_ON_WRITE PERL_PRESERVE_IVUV
PERL_USE_DEVEL USE_64_BIT_ALL USE_64_BIT_INT
USE_ITHREADS USE_LARGE_FILES USE_LOCALE
USE_LOCALE_COLLATE USE_LOCALE_CTYPE
USE_LOCALE_NUMERIC USE_LOCALE_TIME USE_LONG_DOUBLE
USE_PERLIO USE_PERL_ATOF USE_REENTRANT_API
Locally applied patches:
uncommitted-changes
Built under linux
Compiled at Oct 2 2017 10:05:59
%ENV:
PERL5LIB="/tmp/loop_over_bdir-32452-p4adJq/Text-Patch-1.8-0/blib/arch:/tmp/loop_over_bdir-32452-p4adJq/Text-Patch-1.8-0/blib/lib:/tmp/loop_over_bdir-32452-p4adJq/Module-Install-AuthorTests-0.002-0/blib/arch:/tmp/loop_over_bdir-32452-p4adJq/Module-Install-AuthorTests-0.002-0/blib/lib:/tmp/loop_over_bdir-32452-p4adJq/Module-Collect-0.06-0/blib/arch:/tmp/loop_over_bdir-32452-p4adJq/Module-Collect-0.06-0/blib/lib:/tmp/loop_over_bdir-32452-p4adJq/Module-Install-Repository-0.06-0/blib/arch:/tmp/loop_over_bdir-32452-p4adJq/Module-Install-Repository-0.06-0/blib/lib:/tmp/loop_over_bdir-32452-p4adJq/Module-Install-ReadmeMarkdownFromPod-0.04-0/blib/arch:/tmp/loop_over_bdir-32452-p4adJq/Module-Install-ReadmeMarkdownFromPod-0.04-0/blib/lib:/tmp/loop_over_bdir-32452-p4adJq/Module-Install-ManifestSkip-0.24-0/blib/arch:/tmp/loop_over_bdir-32452-p4adJq/Module-Install-ManifestSkip-0.24-0/blib/lib:/tmp/loop_over_bdir-32452-p4adJq/Module-Manifest-Skip-0.23-0/blib/arch:/tmp/loop_over_bdir-32452-p4adJq/Module-Manifest-Skip-0.23-0/blib/lib:/tmp/loop_over_bdir-32452-p4adJq/Module-Install-Homepage-0.01-0/blib/arch:/tmp/loop_over_bdir-32452-p4adJq/Module-Install-Homepage-0.01-0/blib/lib:/tmp/loop_over_bdir-32452-p4adJq/Module-Install-AutoManifest-0.003-0/blib/arch:/tmp/loop_over_bdir-32452-p4adJq/Module-Install-AutoManifest-0.003-0/blib/lib:/tmp/loop_over_bdir-32452-p4adJq/Module-Install-AutoLicense-0.10-0/blib/arch:/tmp/loop_over_bdir-32452-p4adJq/Module-Install-AutoLicense-0.10-0/blib/lib"
PERL5OPT=""
PERL5_CPANPLUS_IS_RUNNING="32496"
PERL5_CPAN_IS_RUNNING="32496"
PERL5_CPAN_IS_RUNNING_IN_RECURSION="20021,32496"
PERL_CANARY_STABILITY_NOPROMPT="1"
PERL_MM_USE_DEFAULT="1"
PERL_USE_UNSAFE_INC="1"
@INC:
/tmp/loop_over_bdir-32452-p4adJq/Text-Patch-1.8-0/blib/arch
/tmp/loop_over_bdir-32452-p4adJq/Text-Patch-1.8-0/blib/lib
/tmp/loop_over_bdir-32452-p4adJq/Module-Install-AuthorTests-0.002-0/blib/arch
/tmp/loop_over_bdir-32452-p4adJq/Module-Install-AuthorTests-0.002-0/blib/lib
/tmp/loop_over_bdir-32452-p4adJq/Module-Collect-0.06-0/blib/arch
/tmp/loop_over_bdir-32452-p4adJq/Module-Collect-0.06-0/blib/lib
/tmp/loop_over_bdir-32452-p4adJq/Module-Install-Repository-0.06-0/blib/arch
/tmp/loop_over_bdir-32452-p4adJq/Module-Install-Repository-0.06-0/blib/lib
/tmp/loop_over_bdir-32452-p4adJq/Module-Install-ReadmeMarkdownFromPod-0.04-0/blib/arch
/tmp/loop_over_bdir-32452-p4adJq/Module-Install-ReadmeMarkdownFromPod-0.04-0/blib/lib
/tmp/loop_over_bdir-32452-p4adJq/Module-Install-ManifestSkip-0.24-0/blib/arch
/tmp/loop_over_bdir-32452-p4adJq/Module-Install-ManifestSkip-0.24-0/blib/lib
/tmp/loop_over_bdir-32452-p4adJq/Module-Manifest-Skip-0.23-0/blib/arch
/tmp/loop_over_bdir-32452-p4adJq/Module-Manifest-Skip-0.23-0/blib/lib
/tmp/loop_over_bdir-32452-p4adJq/Module-Install-Homepage-0.01-0/blib/arch
/tmp/loop_over_bdir-32452-p4adJq/Module-Install-Homepage-0.01-0/blib/lib
/tmp/loop_over_bdir-32452-p4adJq/Module-Install-AutoManifest-0.003-0/blib/arch
/tmp/loop_over_bdir-32452-p4adJq/Module-Install-AutoManifest-0.003-0/blib/lib
/tmp/loop_over_bdir-32452-p4adJq/Module-Install-AutoLicense-0.10-0/blib/arch
/tmp/loop_over_bdir-32452-p4adJq/Module-Install-AutoLicense-0.10-0/blib/lib
/home/sand/src/perl/repoperls/installed-perls/host/k93msid/v5.22.4/5ea4/lib/site_perl/5.22.4/x86_64-linux-thread-multi-ld
/home/sand/src/perl/repoperls/installed-perls/host/k93msid/v5.22.4/5ea4/lib/site_perl/5.22.4
/home/sand/src/perl/repoperls/installed-perls/host/k93msid/v5.22.4/5ea4/lib/5.22.4/x86_64-linux-thread-multi-ld
/home/sand/src/perl/repoperls/installed-perls/host/k93msid/v5.22.4/5ea4/lib/5.22.4
.