Report for C-DynaLib-0.61

Back
From: metabase:user:320bfe00-2aae-11df-837a-5e0a49663a4f
Subject: FAIL C-DynaLib-0.61 v5.22.1 GNU/Linux
Date: 2017-07-27T21:47:19Z

This distribution has been tested as part of the CPAN Testers
project, supporting the Perl programming language.  See
http://wiki.cpantesters.org/ for more information or email
questions to cpan-testers-discuss@perl.org


--
Dear Reini Urban,

This is a computer-generated report for C-DynaLib-0.61
on perl 5.22.1, created by CPAN-Reporter-1.2018.

Thank you for uploading your work to CPAN.  However, there was a problem
testing your distribution.

If you think this report is invalid, please consult the CPAN Testers Wiki
for suggestions on how to avoid getting FAIL reports for missing library
or binary dependencies, unsupported operating systems, and so on:

http://wiki.cpantesters.org/wiki/CPANAuthorNotes

Sections of this report:

    * Tester comments
    * Program output
    * Prerequisites
    * Environment and other context

------------------------------
TESTER COMMENTS
------------------------------

Additional comments from tester:

this report is from an automated smoke testing program
and was not reviewed by a human for accuracy

------------------------------
PROGRAM OUTPUT
------------------------------

Output from '/usr/bin/make test':

"/home/sand/src/perl/repoperls/installed-perls/host/k93msid/v5.22.1/89ad/bin/perl" -MExtUtils::Command::MM -e 'cp_nonempty' -- DynaLib.bs blib/arch/auto/C/DynaLib/DynaLib.bs 644
PERL_DL_NONLAZY=1 "/home/sand/src/perl/repoperls/installed-perls/host/k93msid/v5.22.1/89ad/bin/perl" "-MExtUtils::Command::MM" "-MTest::Harness" "-e" "undef *Test::Harness::Switches; test_harness(0, 'blib/lib', 'blib/arch')" t/*.t
Can't locate GCC/TranslationUnit.pm in @INC (you may need to install the GCC::TranslationUnit module) (@INC contains: /tmp/loop_over_bdir-14310-JdSj11/C-DynaLib-0.61-0/blib/lib /tmp/loop_over_bdir-14310-JdSj11/C-DynaLib-0.61-0/blib/arch /home/sand/src/perl/repoperls/installed-perls/host/k93msid/v5.22.1/89ad/lib/site_perl/5.22.1/x86_64-linux /home/sand/src/perl/repoperls/installed-perls/host/k93msid/v5.22.1/89ad/lib/site_perl/5.22.1 /home/sand/src/perl/repoperls/installed-perls/host/k93msid/v5.22.1/89ad/lib/5.22.1/x86_64-linux /home/sand/src/perl/repoperls/installed-perls/host/k93msid/v5.22.1/89ad/lib/5.22.1 .) at /tmp/loop_over_bdir-14310-JdSj11/C-DynaLib-0.61-0/blib/lib/C/DynaLib/Parse.pm line 16.
BEGIN failed--compilation aborted at /tmp/loop_over_bdir-14310-JdSj11/C-DynaLib-0.61-0/blib/lib/C/DynaLib/Parse.pm line 16.
Compilation failed in require at /tmp/loop_over_bdir-14310-JdSj11/C-DynaLib-0.61-0/blib/lib/C/DynaLib/Struct.pm line 5.
BEGIN failed--compilation aborted at /tmp/loop_over_bdir-14310-JdSj11/C-DynaLib-0.61-0/blib/lib/C/DynaLib/Struct.pm line 8.
Compilation failed in require at /tmp/loop_over_bdir-14310-JdSj11/C-DynaLib-0.61-0/blib/lib/C/DynaLib.pm line 21.
BEGIN failed--compilation aborted at /tmp/loop_over_bdir-14310-JdSj11/C-DynaLib-0.61-0/blib/lib/C/DynaLib.pm line 21.
Compilation failed in require at t/01test.t line 3.
BEGIN failed--compilation aborted at t/01test.t line 3.
# Looks like your test exited with 2 before it could output anything.
t/01test.t .......... 
Dubious, test returned 2 (wstat 512, 0x200)
Failed 11/11 subtests 
Can't locate GCC/TranslationUnit.pm in @INC (you may need to install the GCC::TranslationUnit module) (@INC contains: /tmp/loop_over_bdir-14310-JdSj11/C-DynaLib-0.61-0/blib/lib /tmp/loop_over_bdir-14310-JdSj11/C-DynaLib-0.61-0/blib/arch /home/sand/src/perl/repoperls/installed-perls/host/k93msid/v5.22.1/89ad/lib/site_perl/5.22.1/x86_64-linux /home/sand/src/perl/repoperls/installed-perls/host/k93msid/v5.22.1/89ad/lib/site_perl/5.22.1 /home/sand/src/perl/repoperls/installed-perls/host/k93msid/v5.22.1/89ad/lib/5.22.1/x86_64-linux /home/sand/src/perl/repoperls/installed-perls/host/k93msid/v5.22.1/89ad/lib/5.22.1 .) at /tmp/loop_over_bdir-14310-JdSj11/C-DynaLib-0.61-0/blib/lib/C/DynaLib/Parse.pm line 16.
BEGIN failed--compilation aborted at /tmp/loop_over_bdir-14310-JdSj11/C-DynaLib-0.61-0/blib/lib/C/DynaLib/Parse.pm line 16.
Compilation failed in require at /tmp/loop_over_bdir-14310-JdSj11/C-DynaLib-0.61-0/blib/lib/C/DynaLib/Struct.pm line 5.
BEGIN failed--compilation aborted at /tmp/loop_over_bdir-14310-JdSj11/C-DynaLib-0.61-0/blib/lib/C/DynaLib/Struct.pm line 8.
Compilation failed in require at t/02struct.t line 4.
BEGIN failed--compilation aborted at t/02struct.t line 4.
# Looks like your test exited with 2 before it could output anything.
t/02struct.t ........ 
Dubious, test returned 2 (wstat 512, 0x200)
Failed 5/5 subtests 
t/03win32.t ......... skipped: This module does only work on Windows
Can't locate GCC/TranslationUnit.pm in @INC (you may need to install the GCC::TranslationUnit module) (@INC contains: /tmp/loop_over_bdir-14310-JdSj11/C-DynaLib-0.61-0/blib/lib /tmp/loop_over_bdir-14310-JdSj11/C-DynaLib-0.61-0/blib/arch /home/sand/src/perl/repoperls/installed-perls/host/k93msid/v5.22.1/89ad/lib/site_perl/5.22.1/x86_64-linux /home/sand/src/perl/repoperls/installed-perls/host/k93msid/v5.22.1/89ad/lib/site_perl/5.22.1 /home/sand/src/perl/repoperls/installed-perls/host/k93msid/v5.22.1/89ad/lib/5.22.1/x86_64-linux /home/sand/src/perl/repoperls/installed-perls/host/k93msid/v5.22.1/89ad/lib/5.22.1 .) at /tmp/loop_over_bdir-14310-JdSj11/C-DynaLib-0.61-0/blib/lib/C/DynaLib/Parse.pm line 16.
BEGIN failed--compilation aborted at /tmp/loop_over_bdir-14310-JdSj11/C-DynaLib-0.61-0/blib/lib/C/DynaLib/Parse.pm line 16.
Compilation failed in require at /tmp/loop_over_bdir-14310-JdSj11/C-DynaLib-0.61-0/blib/lib/C/DynaLib/Struct.pm line 5.
BEGIN failed--compilation aborted at /tmp/loop_over_bdir-14310-JdSj11/C-DynaLib-0.61-0/blib/lib/C/DynaLib/Struct.pm line 8.
Compilation failed in require at /tmp/loop_over_bdir-14310-JdSj11/C-DynaLib-0.61-0/blib/lib/C/DynaLib.pm line 21.
BEGIN failed--compilation aborted at /tmp/loop_over_bdir-14310-JdSj11/C-DynaLib-0.61-0/blib/lib/C/DynaLib.pm line 21.
Compilation failed in require at t/04asmcall.t line 6.
BEGIN failed--compilation aborted at t/04asmcall.t line 6.
t/04asmcall.t ....... 
Dubious, test returned 2 (wstat 512, 0x200)
No subtests run 
Can't locate GCC/TranslationUnit.pm in @INC (you may need to install the GCC::TranslationUnit module) (@INC contains: /tmp/loop_over_bdir-14310-JdSj11/C-DynaLib-0.61-0/blib/lib /tmp/loop_over_bdir-14310-JdSj11/C-DynaLib-0.61-0/blib/arch /home/sand/src/perl/repoperls/installed-perls/host/k93msid/v5.22.1/89ad/lib/site_perl/5.22.1/x86_64-linux /home/sand/src/perl/repoperls/installed-perls/host/k93msid/v5.22.1/89ad/lib/site_perl/5.22.1 /home/sand/src/perl/repoperls/installed-perls/host/k93msid/v5.22.1/89ad/lib/5.22.1/x86_64-linux /home/sand/src/perl/repoperls/installed-perls/host/k93msid/v5.22.1/89ad/lib/5.22.1 .) at /tmp/loop_over_bdir-14310-JdSj11/C-DynaLib-0.61-0/blib/lib/C/DynaLib/Parse.pm line 16.
BEGIN failed--compilation aborted at /tmp/loop_over_bdir-14310-JdSj11/C-DynaLib-0.61-0/blib/lib/C/DynaLib/Parse.pm line 16.
Compilation failed in require at /tmp/loop_over_bdir-14310-JdSj11/C-DynaLib-0.61-0/blib/lib/C/DynaLib/Struct.pm line 5.
BEGIN failed--compilation aborted at /tmp/loop_over_bdir-14310-JdSj11/C-DynaLib-0.61-0/blib/lib/C/DynaLib/Struct.pm line 8.
Compilation failed in require at /tmp/loop_over_bdir-14310-JdSj11/C-DynaLib-0.61-0/blib/lib/C/DynaLib.pm line 21.
BEGIN failed--compilation aborted at /tmp/loop_over_bdir-14310-JdSj11/C-DynaLib-0.61-0/blib/lib/C/DynaLib.pm line 21.
Compilation failed in require at t/09distribution.t line 3.
BEGIN failed--compilation aborted at t/09distribution.t line 3.
t/09distribution.t .. 
Dubious, test returned 2 (wstat 512, 0x200)
No subtests run 

Test Summary Report
-------------------
t/01test.t        (Wstat: 512 Tests: 0 Failed: 0)
  Non-zero exit status: 2
  Parse errors: Bad plan.  You planned 11 tests but ran 0.
t/02struct.t      (Wstat: 512 Tests: 0 Failed: 0)
  Non-zero exit status: 2
  Parse errors: Bad plan.  You planned 5 tests but ran 0.
t/04asmcall.t     (Wstat: 512 Tests: 0 Failed: 0)
  Non-zero exit status: 2
  Parse errors: No plan found in TAP output
t/09distribution.t (Wstat: 512 Tests: 0 Failed: 0)
  Non-zero exit status: 2
  Parse errors: No plan found in TAP output
Files=5, Tests=0,  0 wallclock secs ( 0.01 usr  0.03 sys +  0.17 cusr  0.05 csys =  0.26 CPU)
Result: FAIL
Failed 4/5 test programs. 0/0 subtests failed.
Makefile:1056: recipe for target 'test_dynamic' failed
make: *** [test_dynamic] Error 2

------------------------------
PREREQUISITES
------------------------------

Prerequisite modules loaded:

requires:

    Module              Need Have    
    ------------------- ---- --------
    Convert::Binary::C  0.7  0.78    
    Test                0    1.26    
    Test::More          0    1.302089

build_requires:

    Module              Need Have    
    ------------------- ---- --------
    ExtUtils::MakeMaker 0    7.31_01 

configure_requires:

    Module              Need Have    
    ------------------- ---- --------
    ExtUtils::MakeMaker 0    7.31_01 


------------------------------
ENVIRONMENT AND OTHER CONTEXT
------------------------------

Environment variables:

    AUTOMATED_TESTING = 1
    LANG = en_US.UTF-8
    PATH = /home/sand/bin:/usr/local/bin:/usr/bin:/bin:/usr/games:/usr/local/perl/bin:/usr/X11/bin:/sbin:/usr/sbin
    PERL5LIB = 
    PERL5OPT = 
    PERL5_CPANPLUS_IS_RUNNING = 14314
    PERL5_CPAN_IS_RUNNING = 14314
    PERL_CANARY_STABILITY_NOPROMPT = 1
    PERL_MM_USE_DEFAULT = 1
    PERL_USE_UNSAFE_INC = 1
    SHELL = /usr/bin/zsh
    TERM = screen

Perl special variables (and OS-specific diagnostics, for MSWin32):

    $^X = /home/sand/src/perl/repoperls/installed-perls/host/k93msid/v5.22.1/89ad/bin/perl
    $UID/$EUID = 1005 / 1005
    $GID = 1005 1005
    $EGID = 1005 1005

Perl module toolchain versions installed:

    Module              Have    
    ------------------- --------
    CPAN                2.18    
    CPAN::Meta          2.150010
    Cwd                 3.62    
    ExtUtils::CBuilder  0.280224
    ExtUtils::Command   7.31_01 
    ExtUtils::Install   2.14    
    ExtUtils::MakeMaker 7.31_01 
    ExtUtils::Manifest  1.70    
    ExtUtils::ParseXS   3.28    
    File::Spec          3.62    
    JSON                2.94    
    JSON::PP            2.92    
    Module::Build       0.4224  
    Module::Signature   0.81    
    Parse::CPAN::Meta   1.4422  
    Test::Harness       3.40_01 
    Test::More          1.302089
    YAML                1.23    
    YAML::Syck          1.29    
    version             0.9918  


--

Summary of my perl5 (revision 5 version 22 subversion 1) configuration:
  Derived from: 0ab152a1d10861997fe3e1b985cc92f142f4cec7
  Platform:
    osname=linux, osvers=4.9.0-2-amd64, archname=x86_64-linux
    uname='linux k93msid 4.9.0-2-amd64 #1 smp debian 4.9.18-1 (2017-03-30) x86_64 gnulinux '
    config_args='-Dprefix=/home/sand/src/perl/repoperls/installed-perls/host/k93msid/v5.22.1/89ad -Dmyhostname=k93msid -Dinstallusrbinperl=n -Uversiononly -Dusedevel -des -Ui_db -Dlibswanted=cl pthread socket inet nsl gdbm dbm malloc dl ld sun m crypt sec util c cposix posix ucb BSD gdbm_compat -Uuseithreads -Uuselongdouble -DDEBUGGING=-g'
    hint=recommended, useposix=true, d_sigaction=define
    useithreads=undef, usemultiplicity=undef
    use64bitint=define, use64bitall=define, uselongdouble=undef
    usemymalloc=n, bincompat5005=undef
  Compiler:
    cc='cc', ccflags ='-fwrapv -fno-strict-aliasing -pipe -fstack-protector-strong -I/usr/local/include -D_LARGEFILE_SOURCE -D_FILE_OFFSET_BITS=64',
    optimize='-O2 -g',
    cppflags='-fwrapv -fno-strict-aliasing -pipe -fstack-protector-strong -I/usr/local/include'
    ccversion='', gccversion='6.3.0 20170406', gccosandvers=''
    intsize=4, longsize=8, ptrsize=8, doublesize=8, byteorder=12345678, doublekind=3
    d_longlong=define, longlongsize=8, d_longdbl=define, longdblsize=16, longdblkind=3
    ivtype='long', ivsize=8, nvtype='double', nvsize=8, Off_t='off_t', lseeksize=8
    alignbytes=8, prototype=define
  Linker and Libraries:
    ld='cc', ldflags =' -fstack-protector-strong -L/usr/local/lib'
    libpth=/usr/local/lib /usr/lib/gcc/x86_64-linux-gnu/6/include-fixed /usr/include/x86_64-linux-gnu /usr/lib /lib/x86_64-linux-gnu /lib/../lib /usr/lib/x86_64-linux-gnu /usr/lib/../lib /lib
    libs=-lpthread -lnsl -ldl -lm -lcrypt -lutil -lc
    perllibs=-lpthread -lnsl -ldl -lm -lcrypt -lutil -lc
    libc=libc-2.24.so, so=so, useshrplib=false, libperl=libperl.a
    gnulibc_version='2.24'
  Dynamic Linking:
    dlsrc=dl_dlopen.xs, dlext=so, d_dlsymun=undef, ccdlflags='-Wl,-E'
    cccdlflags='-fPIC', lddlflags='-shared -O2 -g -L/usr/local/lib -fstack-protector-strong'


Characteristics of this binary (from libperl): 
  Compile-time options: HAS_TIMES PERLIO_LAYERS PERL_DONT_CREATE_GVSV
                        PERL_HASH_FUNC_ONE_AT_A_TIME_HARD PERL_MALLOC_WRAP
                        PERL_NEW_COPY_ON_WRITE PERL_PRESERVE_IVUV
                        PERL_USE_DEVEL USE_64_BIT_ALL USE_64_BIT_INT
                        USE_LARGE_FILES USE_LOCALE USE_LOCALE_COLLATE
                        USE_LOCALE_CTYPE USE_LOCALE_NUMERIC USE_LOCALE_TIME
                        USE_PERLIO USE_PERL_ATOF
  Locally applied patches:
	uncommitted-changes
  Built under linux
  Compiled at Apr 17 2017 04:06:22
  %ENV:
    PERL5LIB=""
    PERL5OPT=""
    PERL5_CPANPLUS_IS_RUNNING="14314"
    PERL5_CPAN_IS_RUNNING="14314"
    PERL_CANARY_STABILITY_NOPROMPT="1"
    PERL_MM_USE_DEFAULT="1"
    PERL_USE_UNSAFE_INC="1"
  @INC:
    /home/sand/src/perl/repoperls/installed-perls/host/k93msid/v5.22.1/89ad/lib/site_perl/5.22.1/x86_64-linux
    /home/sand/src/perl/repoperls/installed-perls/host/k93msid/v5.22.1/89ad/lib/site_perl/5.22.1
    /home/sand/src/perl/repoperls/installed-perls/host/k93msid/v5.22.1/89ad/lib/5.22.1/x86_64-linux
    /home/sand/src/perl/repoperls/installed-perls/host/k93msid/v5.22.1/89ad/lib/5.22.1
    .