Back
From: metabase:user:320bfe00-2aae-11df-837a-5e0a49663a4f
Subject: FAIL Reaction-0.002005 v5.18.4 GNU/Linux
Date: 2017-06-19T02:44:05Z
This distribution has been tested as part of the CPAN Testers
project, supporting the Perl programming language. See
http://wiki.cpantesters.org/ for more information or email
questions to cpan-testers-discuss@perl.org
--
Dear Justin Hunter,
This is a computer-generated report for Reaction-0.002005
on perl 5.18.4, created by CPAN-Reporter-1.2018.
Thank you for uploading your work to CPAN. However, there was a problem
testing your distribution.
If you think this report is invalid, please consult the CPAN Testers Wiki
for suggestions on how to avoid getting FAIL reports for missing library
or binary dependencies, unsupported operating systems, and so on:
http://wiki.cpantesters.org/wiki/CPANAuthorNotes
Sections of this report:
* Tester comments
* Program output
* Prerequisites
* Environment and other context
------------------------------
TESTER COMMENTS
------------------------------
Additional comments from tester:
this report is from an automated smoke testing program
and was not reviewed by a human for accuracy
------------------------------
PROGRAM OUTPUT
------------------------------
Output from '/usr/bin/make test':
PERL_DL_NONLAZY=1 "/home/sand/src/perl/repoperls/installed-perls/host/k93msid/v5.18.4/f11c/bin/perl" "-MExtUtils::Command::MM" "-MTest::Harness" "-e" "undef *Test::Harness::Switches; test_harness(0, 'inc', 'blib/lib', 'blib/arch')" t/00componentui_compiles.t t/01app.t t/04load_all.t t/05reflect_attr_from.t t/im_dbic.t t/ui_focus_stack.t t/ui_view.t t/ui_viewport.t t/uncheck_bool_field.t
defined(%hash) is deprecated at /home/sand/src/perl/repoperls/installed-perls/host/k93msid/v5.18.4/f11c/lib/5.18.4/I18N/LangTags/Detect.pm line 140.
(Maybe you should just omit the defined()?)
defined(@array) is deprecated at /home/sand/src/perl/repoperls/installed-perls/host/k93msid/v5.18.4/f11c/lib/5.18.4/I18N/LangTags/Detect.pm line 140.
(Maybe you should just omit the defined()?)
Class::MOP::load_class is deprecated at /home/sand/src/perl/repoperls/installed-perls/host/k93msid/v5.18.4/f11c/lib/site_perl/5.18.4/x86_64-linux-thread-multi/Class/MOP.pm line 69.
Class::MOP::load_class("ComponentUI::TestModel") called at /tmp/loop_over_bdir-16417-XoCvdy/Reaction-0.002005-0/blib/lib/Catalyst/Model/Reaction/InterfaceModel/DBIC.pm line 24
Catalyst::Model::Reaction::InterfaceModel::DBIC::COMPONENT("ComponentUI::Model::TestModel", "ComponentUI", HASH(0x5600c55e1910)) called at /home/sand/src/perl/repoperls/installed-perls/host/k93msid/v5.18.4/f11c/lib/site_perl/5.18.4/Catalyst.pm line 3215
eval {...} called at /home/sand/src/perl/repoperls/installed-perls/host/k93msid/v5.18.4/f11c/lib/site_perl/5.18.4/Catalyst.pm line 3216
Catalyst::setup_component("ComponentUI", "ComponentUI::Model::TestModel") called at /home/sand/src/perl/repoperls/installed-perls/host/k93msid/v5.18.4/f11c/lib/site_perl/5.18.4/Catalyst.pm line 3193
Catalyst::__ANON__() called at /home/sand/src/perl/repoperls/installed-perls/host/k93msid/v5.18.4/f11c/lib/site_perl/5.18.4/Catalyst.pm line 3039
Catalyst::setup_components("ComponentUI") called at /home/sand/src/perl/repoperls/installed-perls/host/k93msid/v5.18.4/f11c/lib/site_perl/5.18.4/Catalyst.pm line 1422
Catalyst::setup("ComponentUI") called at /tmp/loop_over_bdir-16417-XoCvdy/Reaction-0.002005-0/blib/lib/ComponentUI.pm line 32
require ComponentUI.pm called at t/00componentui_compiles.t line 7
main::BEGIN() called at /tmp/loop_over_bdir-16417-XoCvdy/Reaction-0.002005-0/blib/lib/ComponentUI.pm line 0
eval {...} called at /tmp/loop_over_bdir-16417-XoCvdy/Reaction-0.002005-0/blib/lib/ComponentUI.pm line 0
eval 'package main;
BEGIN { ${^WARNING_BITS} = $args[-1] if defined $args[-1] }
#line 7 t/00componentui_compiles.t
use ComponentUI @{$args[0]};
1;
' called at /home/sand/src/perl/repoperls/installed-perls/host/k93msid/v5.18.4/f11c/lib/site_perl/5.18.4/Test/More.pm line 1032
Test::More::_eval("package main;\x{a}BEGIN { \${^WARNING_BITS} = \$args[-1] if defined"..., ARRAY(0x5600bed71c58), "UUUUUUUUUUUUUU\x{1}") called at /home/sand/src/perl/repoperls/installed-perls/host/k93msid/v5.18.4/f11c/lib/site_perl/5.18.4/Test/More.pm line 1007
Test::More::use_ok("ComponentUI") called at t/00componentui_compiles.t line 7
Class::MOP::load_class is deprecated at /home/sand/src/perl/repoperls/installed-perls/host/k93msid/v5.18.4/f11c/lib/site_perl/5.18.4/x86_64-linux-thread-multi/Class/MOP.pm line 69.
Class::MOP::load_class("Reaction::InterfaceModel::Object") called at /tmp/loop_over_bdir-16417-XoCvdy/Reaction-0.002005-0/blib/lib/Reaction/InterfaceModel/Reflector/DBIC.pm line 149
Reaction::InterfaceModel::Reflector::DBIC::reflect_schema(Reaction::InterfaceModel::Reflector::DBIC=HASH(0x5600c63c6cc0), "model_class", "ComponentUI::TestModel", "schema_class", "RTest::TestDB", "sources", ARRAY(0x5600c63c6f90)) called at /tmp/loop_over_bdir-16417-XoCvdy/Reaction-0.002005-0/blib/lib/ComponentUI/TestModel.pm line 10
require ComponentUI/TestModel.pm called at /home/sand/src/perl/repoperls/installed-perls/host/k93msid/v5.18.4/f11c/lib/site_perl/5.18.4/Module/Runtime.pm line 317
Module::Runtime::require_module("ComponentUI::TestModel") called at /home/sand/src/perl/repoperls/installed-perls/host/k93msid/v5.18.4/f11c/lib/site_perl/5.18.4/Class/Load.pm line 174
Class::Load::try {...} () called at /home/sand/src/perl/repoperls/installed-perls/host/k93msid/v5.18.4/f11c/lib/site_perl/5.18.4/Try/Tiny.pm line 98
eval {...} called at /home/sand/src/perl/repoperls/installed-perls/host/k93msid/v5.18.4/f11c/lib/site_perl/5.18.4/Try/Tiny.pm line 94
Try::Tiny::try(CODE(0x5600c5ea1c98), Try::Tiny::Catch=REF(0x5600c563b3b0)) called at /home/sand/src/perl/repoperls/installed-perls/host/k93msid/v5.18.4/f11c/lib/site_perl/5.18.4/Class/Load.pm line 180
Class::Load::try_load_class("ComponentUI::TestModel", undef) called at /home/sand/src/perl/repoperls/installed-perls/host/k93msid/v5.18.4/f11c/lib/site_perl/5.18.4/Class/Load.pm line 35
Class::Load::load_class("ComponentUI::TestModel") called at /tmp/loop_over_bdir-16417-XoCvdy/Reaction-0.002005-0/blib/lib/Catalyst/Model/Reaction/InterfaceModel/DBIC.pm line 24
Catalyst::Model::Reaction::InterfaceModel::DBIC::COMPONENT("ComponentUI::Model::TestModel", "ComponentUI", HASH(0x5600c55e1910)) called at /home/sand/src/perl/repoperls/installed-perls/host/k93msid/v5.18.4/f11c/lib/site_perl/5.18.4/Catalyst.pm line 3215
eval {...} called at /home/sand/src/perl/repoperls/installed-perls/host/k93msid/v5.18.4/f11c/lib/site_perl/5.18.4/Catalyst.pm line 3216
Catalyst::setup_component("ComponentUI", "ComponentUI::Model::TestModel") called at /home/sand/src/perl/repoperls/installed-perls/host/k93msid/v5.18.4/f11c/lib/site_perl/5.18.4/Catalyst.pm line 3193
Catalyst::__ANON__() called at /home/sand/src/perl/repoperls/installed-perls/host/k93msid/v5.18.4/f11c/lib/site_perl/5.18.4/Catalyst.pm line 3039
Catalyst::setup_components("ComponentUI") called at /home/sand/src/perl/repoperls/installed-perls/host/k93msid/v5.18.4/f11c/lib/site_perl/5.18.4/Catalyst.pm line 1422
Catalyst::setup("ComponentUI") called at /tmp/loop_over_bdir-16417-XoCvdy/Reaction-0.002005-0/blib/lib/ComponentUI.pm line 32
require ComponentUI.pm called at t/00componentui_compiles.t line 7
main::BEGIN() called at /tmp/loop_over_bdir-16417-XoCvdy/Reaction-0.002005-0/blib/lib/ComponentUI/TestModel.pm line 0
eval {...} called at /tmp/loop_over_bdir-16417-XoCvdy/Reaction-0.002005-0/blib/lib/ComponentUI/TestModel.pm line 0
eval 'package main;
BEGIN { ${^WARNING_BITS} = $args[-1] if defined $args[-1] }
#line 7 t/00componentui_compiles.t
use ComponentUI @{$args[0]};
1;
' called at /home/sand/src/perl/repoperls/installed-perls/host/k93msid/v5.18.4/f11c/lib/site_perl/5.18.4/Test/More.pm line 1032
Test::More::_eval("package main;\x{a}BEGIN { \${^WARNING_BITS} = \$args[-1] if defined"..., ARRAY(0x5600bed71c58), "UUUUUUUUUUUUUU\x{1}") called at /home/sand/src/perl/repoperls/installed-perls/host/k93msid/v5.18.4/f11c/lib/site_perl/5.18.4/Test/More.pm line 1007
Test::More::use_ok("ComponentUI") called at t/00componentui_compiles.t line 7
Class::MOP::load_class is deprecated at /home/sand/src/perl/repoperls/installed-perls/host/k93msid/v5.18.4/f11c/lib/site_perl/5.18.4/x86_64-linux-thread-multi/Class/MOP.pm line 69.
Class::MOP::load_class("Reaction::InterfaceModel::Object") called at /tmp/loop_over_bdir-16417-XoCvdy/Reaction-0.002005-0/blib/lib/Reaction/Class.pm line 123
Reaction::Class::do_class_sub("Reaction::Class", "ComponentUI::TestModel::Foo", "ComponentUI::TestModel::Foo", "is", "Reaction::InterfaceModel::Object", "which", CODE(0x5600c6751300)) called at /tmp/loop_over_bdir-16417-XoCvdy/Reaction-0.002005-0/blib/lib/Reaction/Class.pm line 86
Reaction::Class::("ComponentUI::TestModel::Foo", "is", "Reaction::InterfaceModel::Object", "which", CODE(0x5600c6751300)) called at /tmp/loop_over_bdir-16417-XoCvdy/Reaction-0.002005-0/blib/lib/ComponentUI/TestModel/Foo.pm line 8
require ComponentUI/TestModel/Foo.pm called at /home/sand/src/perl/repoperls/installed-perls/host/k93msid/v5.18.4/f11c/lib/site_perl/5.18.4/Module/Runtime.pm line 317
Module::Runtime::require_module("ComponentUI::TestModel::Foo") called at /home/sand/src/perl/repoperls/installed-perls/host/k93msid/v5.18.4/f11c/lib/site_perl/5.18.4/Class/Load.pm line 174
Class::Load::try {...} () called at /home/sand/src/perl/repoperls/installed-perls/host/k93msid/v5.18.4/f11c/lib/site_perl/5.18.4/Try/Tiny.pm line 98
eval {...} called at /home/sand/src/perl/repoperls/installed-perls/host/k93msid/v5.18.4/f11c/lib/site_perl/5.18.4/Try/Tiny.pm line 94
Try::Tiny::try(CODE(0x5600c6726ea8), Try::Tiny::Catch=REF(0x5600c671c530)) called at /home/sand/src/perl/repoperls/installed-perls/host/k93msid/v5.18.4/f11c/lib/site_perl/5.18.4/Class/Load.pm line 180
Class::Load::try_load_class("ComponentUI::TestModel::Foo", undef) called at /home/sand/src/perl/repoperls/installed-perls/host/k93msid/v5.18.4/f11c/lib/site_perl/5.18.4/Class/Load.pm line 35
Class::Load::load_class("ComponentUI::TestModel::Foo") called at /tmp/loop_over_bdir-16417-XoCvdy/Reaction-0.002005-0/blib/lib/Reaction/InterfaceModel/Reflector/DBIC.pm line 892
eval {...} called at /tmp/loop_over_bdir-16417-XoCvdy/Reaction-0.002005-0/blib/lib/Reaction/InterfaceModel/Reflector/DBIC.pm line 892
Reaction::InterfaceModel::Reflector::DBIC::_maybe_load_class(Reaction::InterfaceModel::Reflector::DBIC=HASH(0x5600c63c6cc0), "ComponentUI::TestModel::Foo") called at /tmp/loop_over_bdir-16417-XoCvdy/Reaction-0.002005-0/blib/lib/Reaction/InterfaceModel/Reflector/DBIC.pm line 876
Reaction::InterfaceModel::Reflector::DBIC::_load_or_create(Reaction::InterfaceModel::Reflector::DBIC=HASH(0x5600c63c6cc0), "ComponentUI::TestModel::Foo", "superclasses", ARRAY(0x5600c66a4ef0)) called at /tmp/loop_over_bdir-16417-XoCvdy/Reaction-0.002005-0/blib/lib/Reaction/InterfaceModel/Reflector/DBIC.pm line 448
Reaction::InterfaceModel::Reflector::DBIC::reflect_source_object(Reaction::InterfaceModel::Reflector::DBIC=HASH(0x5600c63c6cc0), "parent_class", "ComponentUI::TestModel", "source_class", "RTest::TestDB::Foo", "source_name", "Foo", "schema_class", ...) called at /tmp/loop_over_bdir-16417-XoCvdy/Reaction-0.002005-0/blib/lib/Reaction/InterfaceModel/Reflector/DBIC.pm line 323
Reaction::InterfaceModel::Reflector::DBIC::reflect_source(Reaction::InterfaceModel::Reflector::DBIC=HASH(0x5600c63c6cc0), "source_name", "Foo", "parent_class", "ComponentUI::TestModel", "schema_class", "RTest::TestDB", "source_class", ...) called at /tmp/loop_over_bdir-16417-XoCvdy/Reaction-0.002005-0/blib/lib/Reaction/InterfaceModel/Reflector/DBIC.pm line 185
Reaction::InterfaceModel::Reflector::DBIC::reflect_schema(Reaction::InterfaceModel::Reflector::DBIC=HASH(0x5600c63c6cc0), "model_class", "ComponentUI::TestModel", "schema_class", "RTest::TestDB", "sources", ARRAY(0x5600c63c6f90)) called at /tmp/loop_over_bdir-16417-XoCvdy/Reaction-0.002005-0/blib/lib/ComponentUI/TestModel.pm line 10
require ComponentUI/TestModel.pm called at /home/sand/src/perl/repoperls/installed-perls/host/k93msid/v5.18.4/f11c/lib/site_perl/5.18.4/Module/Runtime.pm line 317
Module::Runtime::require_module("ComponentUI::TestModel") called at /home/sand/src/perl/repoperls/installed-perls/host/k93msid/v5.18.4/f11c/lib/site_perl/5.18.4/Class/Load.pm line 174
Class::Load::try {...} () called at /home/sand/src/perl/repoperls/installed-perls/host/k93msid/v5.18.4/f11c/lib/site_perl/5.18.4/Try/Tiny.pm line 98
eval {...} called at /home/sand/src/perl/repoperls/installed-perls/host/k93msid/v5.18.4/f11c/lib/site_perl/5.18.4/Try/Tiny.pm line 94
Try::Tiny::try(CODE(0x5600c5ea1c98), Try::Tiny::Catch=REF(0x5600c563b3b0)) called at /home/sand/src/perl/repoperls/installed-perls/host/k93msid/v5.18.4/f11c/lib/site_perl/5.18.4/Class/Load.pm line 180
Class::Load::try_load_class("ComponentUI::TestModel", undef) called at /home/sand/src/perl/repoperls/installed-perls/host/k93msid/v5.18.4/f11c/lib/site_perl/5.18.4/Class/Load.pm line 35
Class::Load::load_class("ComponentUI::TestModel") called at /tmp/loop_over_bdir-16417-XoCvdy/Reaction-0.002005-0/blib/lib/Catalyst/Model/Reaction/InterfaceModel/DBIC.pm line 24
Catalyst::Model::Reaction::InterfaceModel::DBIC::COMPONENT("ComponentUI::Model::TestModel", "ComponentUI", HASH(0x5600c55e1910)) called at /home/sand/src/perl/repoperls/installed-perls/host/k93msid/v5.18.4/f11c/lib/site_perl/5.18.4/Catalyst.pm line 3215
eval {...} called at /home/sand/src/perl/repoperls/installed-perls/host/k93msid/v5.18.4/f11c/lib/site_perl/5.18.4/Catalyst.pm line 3216
Catalyst::setup_component("ComponentUI", "ComponentUI::Model::TestModel") called at /home/sand/src/perl/repoperls/installed-perls/host/k93msid/v5.18.4/f11c/lib/site_perl/5.18.4/Catalyst.pm line 3193
Catalyst::__ANON__() called at /home/sand/src/perl/repoperls/installed-perls/host/k93msid/v5.18.4/f11c/lib/site_perl/5.18.4/Catalyst.pm line 3039
Catalyst::setup_components("ComponentUI") called at /home/sand/src/perl/repoperls/installed-perls/host/k93msid/v5.18.4/f11c/lib/site_perl/5.18.4/Catalyst.pm line 1422
Catalyst::setup("ComponentUI") called at /tmp/loop_over_bdir-16417-XoCvdy/Reaction-0.002005-0/blib/lib/ComponentUI.pm line 32
require ComponentUI.pm called at t/00componentui_compiles.t line 7
main::BEGIN() called at /tmp/loop_over_bdir-16417-XoCvdy/Reaction-0.002005-0/blib/lib/ComponentUI/TestModel/Foo.pm line 0
eval {...} called at /tmp/loop_over_bdir-16417-XoCvdy/Reaction-0.002005-0/blib/lib/ComponentUI/TestModel/Foo.pm line 0
eval 'package main;
BEGIN { ${^WARNING_BITS} = $args[-1] if defined $args[-1] }
#line 7 t/00componentui_compiles.t
use ComponentUI @{$args[0]};
1;
' called at /home/sand/src/perl/repoperls/installed-perls/host/k93msid/v5.18.4/f11c/lib/site_perl/5.18.4/Test/More.pm line 1032
Test::More::_eval("package main;\x{a}BEGIN { \${^WARNING_BITS} = \$args[-1] if defined"..., ARRAY(0x5600bed71c58), "UUUUUUUUUUUUUU\x{1}") called at /home/sand/src/perl/repoperls/installed-perls/host/k93msid/v5.18.4/f11c/lib/site_perl/5.18.4/Test/More.pm line 1007
Test::More::use_ok("ComponentUI") called at t/00componentui_compiles.t line 7
t/00componentui_compiles.t .. ok
defined(%hash) is deprecated at /home/sand/src/perl/repoperls/installed-perls/host/k93msid/v5.18.4/f11c/lib/5.18.4/I18N/LangTags/Detect.pm line 140.
(Maybe you should just omit the defined()?)
defined(@array) is deprecated at /home/sand/src/perl/repoperls/installed-perls/host/k93msid/v5.18.4/f11c/lib/5.18.4/I18N/LangTags/Detect.pm line 140.
(Maybe you should just omit the defined()?)
Class::MOP::load_class is deprecated at /home/sand/src/perl/repoperls/installed-perls/host/k93msid/v5.18.4/f11c/lib/site_perl/5.18.4/x86_64-linux-thread-multi/Class/MOP.pm line 69.
Class::MOP::load_class("ComponentUI::TestModel") called at /tmp/loop_over_bdir-16417-XoCvdy/Reaction-0.002005-0/blib/lib/Catalyst/Model/Reaction/InterfaceModel/DBIC.pm line 24
Catalyst::Model::Reaction::InterfaceModel::DBIC::COMPONENT("ComponentUI::Model::TestModel", "ComponentUI", HASH(0x555967596838)) called at /home/sand/src/perl/repoperls/installed-perls/host/k93msid/v5.18.4/f11c/lib/site_perl/5.18.4/Catalyst.pm line 3215
eval {...} called at /home/sand/src/perl/repoperls/installed-perls/host/k93msid/v5.18.4/f11c/lib/site_perl/5.18.4/Catalyst.pm line 3216
Catalyst::setup_component("ComponentUI", "ComponentUI::Model::TestModel") called at /home/sand/src/perl/repoperls/installed-perls/host/k93msid/v5.18.4/f11c/lib/site_perl/5.18.4/Catalyst.pm line 3193
Catalyst::__ANON__() called at /home/sand/src/perl/repoperls/installed-perls/host/k93msid/v5.18.4/f11c/lib/site_perl/5.18.4/Catalyst.pm line 3039
Catalyst::setup_components("ComponentUI") called at /home/sand/src/perl/repoperls/installed-perls/host/k93msid/v5.18.4/f11c/lib/site_perl/5.18.4/Catalyst.pm line 1422
Catalyst::setup("ComponentUI") called at /tmp/loop_over_bdir-16417-XoCvdy/Reaction-0.002005-0/blib/lib/ComponentUI.pm line 32
require ComponentUI.pm called at /home/sand/src/perl/repoperls/installed-perls/host/k93msid/v5.18.4/f11c/lib/site_perl/5.18.4/Module/Runtime.pm line 317
Module::Runtime::require_module("ComponentUI") called at /home/sand/src/perl/repoperls/installed-perls/host/k93msid/v5.18.4/f11c/lib/site_perl/5.18.4/Class/Load.pm line 174
Class::Load::try {...} () called at /home/sand/src/perl/repoperls/installed-perls/host/k93msid/v5.18.4/f11c/lib/site_perl/5.18.4/Try/Tiny.pm line 98
eval {...} called at /home/sand/src/perl/repoperls/installed-perls/host/k93msid/v5.18.4/f11c/lib/site_perl/5.18.4/Try/Tiny.pm line 94
Try::Tiny::try(CODE(0x555961c056f0), Try::Tiny::Catch=REF(0x555961c058e8)) called at /home/sand/src/perl/repoperls/installed-perls/host/k93msid/v5.18.4/f11c/lib/site_perl/5.18.4/Class/Load.pm line 180
Class::Load::try_load_class("ComponentUI", undef) called at /home/sand/src/perl/repoperls/installed-perls/host/k93msid/v5.18.4/f11c/lib/site_perl/5.18.4/Class/Load.pm line 35
Class::Load::load_class("ComponentUI") called at /home/sand/src/perl/repoperls/installed-perls/host/k93msid/v5.18.4/f11c/lib/site_perl/5.18.4/Catalyst/Test.pm line 29
Catalyst::Test::_build_request_export("Catalyst::Test", HASH(0x5559621ee030)) called at /home/sand/src/perl/repoperls/installed-perls/host/k93msid/v5.18.4/f11c/lib/site_perl/5.18.4/Catalyst/Test.pm line 92
Catalyst::Test::__ANON__("Catalyst::Test", "all", HASH(0x5559621edfe8), HASH(0x555960cf0628)) called at /home/sand/src/perl/repoperls/installed-perls/host/k93msid/v5.18.4/f11c/lib/site_perl/5.18.4/Sub/Exporter.pm line 108
Sub::Exporter::_expand_group("Catalyst::Test", HASH(0x5559621ed718), ARRAY(0x555960cf06a0), HASH(0x555960cf0628), HASH(0x5559621ee060), HASH(0x555960cf0640)) called at /home/sand/src/perl/repoperls/installed-perls/host/k93msid/v5.18.4/f11c/lib/site_perl/5.18.4/Sub/Exporter.pm line 39
Sub::Exporter::_expand_groups("Catalyst::Test", HASH(0x5559621ed718), ARRAY(0x5559621ed958), HASH(0x555960cf0628)) called at /home/sand/src/perl/repoperls/installed-perls/host/k93msid/v5.18.4/f11c/lib/site_perl/5.18.4/Sub/Exporter.pm line 323
Sub::Exporter::__ANON__("Catalyst::Test", "-all", HASH(0x555960cf05b0)) called at /home/sand/src/perl/repoperls/installed-perls/host/k93msid/v5.18.4/f11c/lib/site_perl/5.18.4/Catalyst/Test.pm line 155
Catalyst::Test::import("Catalyst::Test", "ComponentUI") called at t/01app.t line 7
main::BEGIN() called at /tmp/loop_over_bdir-16417-XoCvdy/Reaction-0.002005-0/blib/lib/ComponentUI.pm line 0
eval {...} called at /tmp/loop_over_bdir-16417-XoCvdy/Reaction-0.002005-0/blib/lib/ComponentUI.pm line 0
eval 'package main;
BEGIN { ${^WARNING_BITS} = $args[-1] if defined $args[-1] }
#line 7 t/01app.t
use Catalyst::Test @{$args[0]};
1;
' called at /home/sand/src/perl/repoperls/installed-perls/host/k93msid/v5.18.4/f11c/lib/site_perl/5.18.4/Test/More.pm line 1032
Test::More::_eval("package main;\x{a}BEGIN { \${^WARNING_BITS} = \$args[-1] if defined"..., ARRAY(0x555960cb0af8), "UUUUUUUUUUUUUU\x{1}") called at /home/sand/src/perl/repoperls/installed-perls/host/k93msid/v5.18.4/f11c/lib/site_perl/5.18.4/Test/More.pm line 1007
Test::More::use_ok("Catalyst::Test", "ComponentUI") called at t/01app.t line 7
main::BEGIN() called at /tmp/loop_over_bdir-16417-XoCvdy/Reaction-0.002005-0/blib/lib/ComponentUI.pm line 0
eval {...} called at /tmp/loop_over_bdir-16417-XoCvdy/Reaction-0.002005-0/blib/lib/ComponentUI.pm line 0
Class::MOP::load_class is deprecated at /home/sand/src/perl/repoperls/installed-perls/host/k93msid/v5.18.4/f11c/lib/site_perl/5.18.4/x86_64-linux-thread-multi/Class/MOP.pm line 69.
Class::MOP::load_class("Reaction::InterfaceModel::Object") called at /tmp/loop_over_bdir-16417-XoCvdy/Reaction-0.002005-0/blib/lib/Reaction/InterfaceModel/Reflector/DBIC.pm line 149
Reaction::InterfaceModel::Reflector::DBIC::reflect_schema(Reaction::InterfaceModel::Reflector::DBIC=HASH(0x555968328fe8), "model_class", "ComponentUI::TestModel", "schema_class", "RTest::TestDB", "sources", ARRAY(0x555968329108)) called at /tmp/loop_over_bdir-16417-XoCvdy/Reaction-0.002005-0/blib/lib/ComponentUI/TestModel.pm line 10
require ComponentUI/TestModel.pm called at /home/sand/src/perl/repoperls/installed-perls/host/k93msid/v5.18.4/f11c/lib/site_perl/5.18.4/Module/Runtime.pm line 317
Module::Runtime::require_module("ComponentUI::TestModel") called at /home/sand/src/perl/repoperls/installed-perls/host/k93msid/v5.18.4/f11c/lib/site_perl/5.18.4/Class/Load.pm line 174
Class::Load::try {...} () called at /home/sand/src/perl/repoperls/installed-perls/host/k93msid/v5.18.4/f11c/lib/site_perl/5.18.4/Try/Tiny.pm line 98
eval {...} called at /home/sand/src/perl/repoperls/installed-perls/host/k93msid/v5.18.4/f11c/lib/site_perl/5.18.4/Try/Tiny.pm line 94
Try::Tiny::try(CODE(0x555967e25068), Try::Tiny::Catch=REF(0x555967d22720)) called at /home/sand/src/perl/repoperls/installed-perls/host/k93msid/v5.18.4/f11c/lib/site_perl/5.18.4/Class/Load.pm line 180
Class::Load::try_load_class("ComponentUI::TestModel", undef) called at /home/sand/src/perl/repoperls/installed-perls/host/k93msid/v5.18.4/f11c/lib/site_perl/5.18.4/Class/Load.pm line 35
Class::Load::load_class("ComponentUI::TestModel") called at /tmp/loop_over_bdir-16417-XoCvdy/Reaction-0.002005-0/blib/lib/Catalyst/Model/Reaction/InterfaceModel/DBIC.pm line 24
Catalyst::Model::Reaction::InterfaceModel::DBIC::COMPONENT("ComponentUI::Model::TestModel", "ComponentUI", HASH(0x555967596838)) called at /home/sand/src/perl/repoperls/installed-perls/host/k93msid/v5.18.4/f11c/lib/site_perl/5.18.4/Catalyst.pm line 3215
eval {...} called at /home/sand/src/perl/repoperls/installed-perls/host/k93msid/v5.18.4/f11c/lib/site_perl/5.18.4/Catalyst.pm line 3216
Catalyst::setup_component("ComponentUI", "ComponentUI::Model::TestModel") called at /home/sand/src/perl/repoperls/installed-perls/host/k93msid/v5.18.4/f11c/lib/site_perl/5.18.4/Catalyst.pm line 3193
Catalyst::__ANON__() called at /home/sand/src/perl/repoperls/installed-perls/host/k93msid/v5.18.4/f11c/lib/site_perl/5.18.4/Catalyst.pm line 3039
Catalyst::setup_components("ComponentUI") called at /home/sand/src/perl/repoperls/installed-perls/host/k93msid/v5.18.4/f11c/lib/site_perl/5.18.4/Catalyst.pm line 1422
Catalyst::setup("ComponentUI") called at /tmp/loop_over_bdir-16417-XoCvdy/Reaction-0.002005-0/blib/lib/ComponentUI.pm line 32
require ComponentUI.pm called at /home/sand/src/perl/repoperls/installed-perls/host/k93msid/v5.18.4/f11c/lib/site_perl/5.18.4/Module/Runtime.pm line 317
Module::Runtime::require_module("ComponentUI") called at /home/sand/src/perl/repoperls/installed-perls/host/k93msid/v5.18.4/f11c/lib/site_perl/5.18.4/Class/Load.pm line 174
Class::Load::try {...} () called at /home/sand/src/perl/repoperls/installed-perls/host/k93msid/v5.18.4/f11c/lib/site_perl/5.18.4/Try/Tiny.pm line 98
eval {...} called at /home/sand/src/perl/repoperls/installed-perls/host/k93msid/v5.18.4/f11c/lib/site_perl/5.18.4/Try/Tiny.pm line 94
Try::Tiny::try(CODE(0x555961c056f0), Try::Tiny::Catch=REF(0x555961c058e8)) called at /home/sand/src/perl/repoperls/installed-perls/host/k93msid/v5.18.4/f11c/lib/site_perl/5.18.4/Class/Load.pm line 180
Class::Load::try_load_class("ComponentUI", undef) called at /home/sand/src/perl/repoperls/installed-perls/host/k93msid/v5.18.4/f11c/lib/site_perl/5.18.4/Class/Load.pm line 35
Class::Load::load_class("ComponentUI") called at /home/sand/src/perl/repoperls/installed-perls/host/k93msid/v5.18.4/f11c/lib/site_perl/5.18.4/Catalyst/Test.pm line 29
Catalyst::Test::_build_request_export("Catalyst::Test", HASH(0x5559621ee030)) called at /home/sand/src/perl/repoperls/installed-perls/host/k93msid/v5.18.4/f11c/lib/site_perl/5.18.4/Catalyst/Test.pm line 92
Catalyst::Test::__ANON__("Catalyst::Test", "all", HASH(0x5559621edfe8), HASH(0x555960cf0628)) called at /home/sand/src/perl/repoperls/installed-perls/host/k93msid/v5.18.4/f11c/lib/site_perl/5.18.4/Sub/Exporter.pm line 108
Sub::Exporter::_expand_group("Catalyst::Test", HASH(0x5559621ed718), ARRAY(0x555960cf06a0), HASH(0x555960cf0628), HASH(0x5559621ee060), HASH(0x555960cf0640)) called at /home/sand/src/perl/repoperls/installed-perls/host/k93msid/v5.18.4/f11c/lib/site_perl/5.18.4/Sub/Exporter.pm line 39
Sub::Exporter::_expand_groups("Catalyst::Test", HASH(0x5559621ed718), ARRAY(0x5559621ed958), HASH(0x555960cf0628)) called at /home/sand/src/perl/repoperls/installed-perls/host/k93msid/v5.18.4/f11c/lib/site_perl/5.18.4/Sub/Exporter.pm line 323
Sub::Exporter::__ANON__("Catalyst::Test", "-all", HASH(0x555960cf05b0)) called at /home/sand/src/perl/repoperls/installed-perls/host/k93msid/v5.18.4/f11c/lib/site_perl/5.18.4/Catalyst/Test.pm line 155
Catalyst::Test::import("Catalyst::Test", "ComponentUI") called at t/01app.t line 7
main::BEGIN() called at /tmp/loop_over_bdir-16417-XoCvdy/Reaction-0.002005-0/blib/lib/ComponentUI/TestModel.pm line 0
eval {...} called at /tmp/loop_over_bdir-16417-XoCvdy/Reaction-0.002005-0/blib/lib/ComponentUI/TestModel.pm line 0
eval 'package main;
BEGIN { ${^WARNING_BITS} = $args[-1] if defined $args[-1] }
#line 7 t/01app.t
use Catalyst::Test @{$args[0]};
1;
' called at /home/sand/src/perl/repoperls/installed-perls/host/k93msid/v5.18.4/f11c/lib/site_perl/5.18.4/Test/More.pm line 1032
Test::More::_eval("package main;\x{a}BEGIN { \${^WARNING_BITS} = \$args[-1] if defined"..., ARRAY(0x555960cb0af8), "UUUUUUUUUUUUUU\x{1}") called at /home/sand/src/perl/repoperls/installed-perls/host/k93msid/v5.18.4/f11c/lib/site_perl/5.18.4/Test/More.pm line 1007
Test::More::use_ok("Catalyst::Test", "ComponentUI") called at t/01app.t line 7
main::BEGIN() called at /tmp/loop_over_bdir-16417-XoCvdy/Reaction-0.002005-0/blib/lib/ComponentUI/TestModel.pm line 0
eval {...} called at /tmp/loop_over_bdir-16417-XoCvdy/Reaction-0.002005-0/blib/lib/ComponentUI/TestModel.pm line 0
Class::MOP::load_class is deprecated at /home/sand/src/perl/repoperls/installed-perls/host/k93msid/v5.18.4/f11c/lib/site_perl/5.18.4/x86_64-linux-thread-multi/Class/MOP.pm line 69.
Class::MOP::load_class("Reaction::InterfaceModel::Object") called at /tmp/loop_over_bdir-16417-XoCvdy/Reaction-0.002005-0/blib/lib/Reaction/Class.pm line 123
Reaction::Class::do_class_sub("Reaction::Class", "ComponentUI::TestModel::Foo", "ComponentUI::TestModel::Foo", "is", "Reaction::InterfaceModel::Object", "which", CODE(0x55596846f918)) called at /tmp/loop_over_bdir-16417-XoCvdy/Reaction-0.002005-0/blib/lib/Reaction/Class.pm line 86
Reaction::Class::("ComponentUI::TestModel::Foo", "is", "Reaction::InterfaceModel::Object", "which", CODE(0x55596846f918)) called at /tmp/loop_over_bdir-16417-XoCvdy/Reaction-0.002005-0/blib/lib/ComponentUI/TestModel/Foo.pm line 8
require ComponentUI/TestModel/Foo.pm called at /home/sand/src/perl/repoperls/installed-perls/host/k93msid/v5.18.4/f11c/lib/site_perl/5.18.4/Module/Runtime.pm line 317
Module::Runtime::require_module("ComponentUI::TestModel::Foo") called at /home/sand/src/perl/repoperls/installed-perls/host/k93msid/v5.18.4/f11c/lib/site_perl/5.18.4/Class/Load.pm line 174
Class::Load::try {...} () called at /home/sand/src/perl/repoperls/installed-perls/host/k93msid/v5.18.4/f11c/lib/site_perl/5.18.4/Try/Tiny.pm line 98
eval {...} called at /home/sand/src/perl/repoperls/installed-perls/host/k93msid/v5.18.4/f11c/lib/site_perl/5.18.4/Try/Tiny.pm line 94
Try::Tiny::try(CODE(0x5559683296c0), Try::Tiny::Catch=REF(0x555968440730)) called at /home/sand/src/perl/repoperls/installed-perls/host/k93msid/v5.18.4/f11c/lib/site_perl/5.18.4/Class/Load.pm line 180
Class::Load::try_load_class("ComponentUI::TestModel::Foo", undef) called at /home/sand/src/perl/repoperls/installed-perls/host/k93msid/v5.18.4/f11c/lib/site_perl/5.18.4/Class/Load.pm line 35
Class::Load::load_class("ComponentUI::TestModel::Foo") called at /tmp/loop_over_bdir-16417-XoCvdy/Reaction-0.002005-0/blib/lib/Reaction/InterfaceModel/Reflector/DBIC.pm line 892
eval {...} called at /tmp/loop_over_bdir-16417-XoCvdy/Reaction-0.002005-0/blib/lib/Reaction/InterfaceModel/Reflector/DBIC.pm line 892
Reaction::InterfaceModel::Reflector::DBIC::_maybe_load_class(Reaction::InterfaceModel::Reflector::DBIC=HASH(0x555968328fe8), "ComponentUI::TestModel::Foo") called at /tmp/loop_over_bdir-16417-XoCvdy/Reaction-0.002005-0/blib/lib/Reaction/InterfaceModel/Reflector/DBIC.pm line 876
Reaction::InterfaceModel::Reflector::DBIC::_load_or_create(Reaction::InterfaceModel::Reflector::DBIC=HASH(0x555968328fe8), "ComponentUI::TestModel::Foo", "superclasses", ARRAY(0x555968429c80)) called at /tmp/loop_over_bdir-16417-XoCvdy/Reaction-0.002005-0/blib/lib/Reaction/InterfaceModel/Reflector/DBIC.pm line 448
Reaction::InterfaceModel::Reflector::DBIC::reflect_source_object(Reaction::InterfaceModel::Reflector::DBIC=HASH(0x555968328fe8), "parent_class", "ComponentUI::TestModel", "source_name", "Foo", "schema_class", "RTest::TestDB", "parent_domain_model_name", ...) called at /tmp/loop_over_bdir-16417-XoCvdy/Reaction-0.002005-0/blib/lib/Reaction/InterfaceModel/Reflector/DBIC.pm line 323
Reaction::InterfaceModel::Reflector::DBIC::reflect_source(Reaction::InterfaceModel::Reflector::DBIC=HASH(0x555968328fe8), "source_name", "Foo", "parent_class", "ComponentUI::TestModel", "schema_class", "RTest::TestDB", "source_class", ...) called at /tmp/loop_over_bdir-16417-XoCvdy/Reaction-0.002005-0/blib/lib/Reaction/InterfaceModel/Reflector/DBIC.pm line 185
Reaction::InterfaceModel::Reflector::DBIC::reflect_schema(Reaction::InterfaceModel::Reflector::DBIC=HASH(0x555968328fe8), "model_class", "ComponentUI::TestModel", "schema_class", "RTest::TestDB", "sources", ARRAY(0x555968329108)) called at /tmp/loop_over_bdir-16417-XoCvdy/Reaction-0.002005-0/blib/lib/ComponentUI/TestModel.pm line 10
require ComponentUI/TestModel.pm called at /home/sand/src/perl/repoperls/installed-perls/host/k93msid/v5.18.4/f11c/lib/site_perl/5.18.4/Module/Runtime.pm line 317
Module::Runtime::require_module("ComponentUI::TestModel") called at /home/sand/src/perl/repoperls/installed-perls/host/k93msid/v5.18.4/f11c/lib/site_perl/5.18.4/Class/Load.pm line 174
Class::Load::try {...} () called at /home/sand/src/perl/repoperls/installed-perls/host/k93msid/v5.18.4/f11c/lib/site_perl/5.18.4/Try/Tiny.pm line 98
eval {...} called at /home/sand/src/perl/repoperls/installed-perls/host/k93msid/v5.18.4/f11c/lib/site_perl/5.18.4/Try/Tiny.pm line 94
Try::Tiny::try(CODE(0x555967e25068), Try::Tiny::Catch=REF(0x555967d22720)) called at /home/sand/src/perl/repoperls/installed-perls/host/k93msid/v5.18.4/f11c/lib/site_perl/5.18.4/Class/Load.pm line 180
Class::Load::try_load_class("ComponentUI::TestModel", undef) called at /home/sand/src/perl/repoperls/installed-perls/host/k93msid/v5.18.4/f11c/lib/site_perl/5.18.4/Class/Load.pm line 35
Class::Load::load_class("ComponentUI::TestModel") called at /tmp/loop_over_bdir-16417-XoCvdy/Reaction-0.002005-0/blib/lib/Catalyst/Model/Reaction/InterfaceModel/DBIC.pm line 24
Catalyst::Model::Reaction::InterfaceModel::DBIC::COMPONENT("ComponentUI::Model::TestModel", "ComponentUI", HASH(0x555967596838)) called at /home/sand/src/perl/repoperls/installed-perls/host/k93msid/v5.18.4/f11c/lib/site_perl/5.18.4/Catalyst.pm line 3215
eval {...} called at /home/sand/src/perl/repoperls/installed-perls/host/k93msid/v5.18.4/f11c/lib/site_perl/5.18.4/Catalyst.pm line 3216
Catalyst::setup_component("ComponentUI", "ComponentUI::Model::TestModel") called at /home/sand/src/perl/repoperls/installed-perls/host/k93msid/v5.18.4/f11c/lib/site_perl/5.18.4/Catalyst.pm line 3193
Catalyst::__ANON__() called at /home/sand/src/perl/repoperls/installed-perls/host/k93msid/v5.18.4/f11c/lib/site_perl/5.18.4/Catalyst.pm line 3039
Catalyst::setup_components("ComponentUI") called at /home/sand/src/perl/repoperls/installed-perls/host/k93msid/v5.18.4/f11c/lib/site_perl/5.18.4/Catalyst.pm line 1422
Catalyst::setup("ComponentUI") called at /tmp/loop_over_bdir-16417-XoCvdy/Reaction-0.002005-0/blib/lib/ComponentUI.pm line 32
require ComponentUI.pm called at /home/sand/src/perl/repoperls/installed-perls/host/k93msid/v5.18.4/f11c/lib/site_perl/5.18.4/Module/Runtime.pm line 317
Module::Runtime::require_module("ComponentUI") called at /home/sand/src/perl/repoperls/installed-perls/host/k93msid/v5.18.4/f11c/lib/site_perl/5.18.4/Class/Load.pm line 174
Class::Load::try {...} () called at /home/sand/src/perl/repoperls/installed-perls/host/k93msid/v5.18.4/f11c/lib/site_perl/5.18.4/Try/Tiny.pm line 98
eval {...} called at /home/sand/src/perl/repoperls/installed-perls/host/k93msid/v5.18.4/f11c/lib/site_perl/5.18.4/Try/Tiny.pm line 94
Try::Tiny::try(CODE(0x555961c056f0), Try::Tiny::Catch=REF(0x555961c058e8)) called at /home/sand/src/perl/repoperls/installed-perls/host/k93msid/v5.18.4/f11c/lib/site_perl/5.18.4/Class/Load.pm line 180
Class::Load::try_load_class("ComponentUI", undef) called at /home/sand/src/perl/repoperls/installed-perls/host/k93msid/v5.18.4/f11c/lib/site_perl/5.18.4/Class/Load.pm line 35
Class::Load::load_class("ComponentUI") called at /home/sand/src/perl/repoperls/installed-perls/host/k93msid/v5.18.4/f11c/lib/site_perl/5.18.4/Catalyst/Test.pm line 29
Catalyst::Test::_build_request_export("Catalyst::Test", HASH(0x5559621ee030)) called at /home/sand/src/perl/repoperls/installed-perls/host/k93msid/v5.18.4/f11c/lib/site_perl/5.18.4/Catalyst/Test.pm line 92
Catalyst::Test::__ANON__("Catalyst::Test", "all", HASH(0x5559621edfe8), HASH(0x555960cf0628)) called at /home/sand/src/perl/repoperls/installed-perls/host/k93msid/v5.18.4/f11c/lib/site_perl/5.18.4/Sub/Exporter.pm line 108
Sub::Exporter::_expand_group("Catalyst::Test", HASH(0x5559621ed718), ARRAY(0x555960cf06a0), HASH(0x555960cf0628), HASH(0x5559621ee060), HASH(0x555960cf0640)) called at /home/sand/src/perl/repoperls/installed-perls/host/k93msid/v5.18.4/f11c/lib/site_perl/5.18.4/Sub/Exporter.pm line 39
Sub::Exporter::_expand_groups("Catalyst::Test", HASH(0x5559621ed718), ARRAY(0x5559621ed958), HASH(0x555960cf0628)) called at /home/sand/src/perl/repoperls/installed-perls/host/k93msid/v5.18.4/f11c/lib/site_perl/5.18.4/Sub/Exporter.pm line 323
Sub::Exporter::__ANON__("Catalyst::Test", "-all", HASH(0x555960cf05b0)) called at /home/sand/src/perl/repoperls/installed-perls/host/k93msid/v5.18.4/f11c/lib/site_perl/5.18.4/Catalyst/Test.pm line 155
Catalyst::Test::import("Catalyst::Test", "ComponentUI") called at t/01app.t line 7
main::BEGIN() called at /tmp/loop_over_bdir-16417-XoCvdy/Reaction-0.002005-0/blib/lib/ComponentUI/TestModel/Foo.pm line 0
eval {...} called at /tmp/loop_over_bdir-16417-XoCvdy/Reaction-0.002005-0/blib/lib/ComponentUI/TestModel/Foo.pm line 0
eval 'package main;
BEGIN { ${^WARNING_BITS} = $args[-1] if defined $args[-1] }
#line 7 t/01app.t
use Catalyst::Test @{$args[0]};
1;
' called at /home/sand/src/perl/repoperls/installed-perls/host/k93msid/v5.18.4/f11c/lib/site_perl/5.18.4/Test/More.pm line 1032
Test::More::_eval("package main;\x{a}BEGIN { \${^WARNING_BITS} = \$args[-1] if defined"..., ARRAY(0x555960cb0af8), "UUUUUUUUUUUUUU\x{1}") called at /home/sand/src/perl/repoperls/installed-perls/host/k93msid/v5.18.4/f11c/lib/site_perl/5.18.4/Test/More.pm line 1007
Test::More::use_ok("Catalyst::Test", "ComponentUI") called at t/01app.t line 7
main::BEGIN() called at /tmp/loop_over_bdir-16417-XoCvdy/Reaction-0.002005-0/blib/lib/ComponentUI/TestModel/Foo.pm line 0
eval {...} called at /tmp/loop_over_bdir-16417-XoCvdy/Reaction-0.002005-0/blib/lib/ComponentUI/TestModel/Foo.pm line 0
Class::MOP::load_class is deprecated at /home/sand/src/perl/repoperls/installed-perls/host/k93msid/v5.18.4/f11c/lib/site_perl/5.18.4/x86_64-linux-thread-multi/Class/MOP.pm line 69.
Class::MOP::load_class("ComponentUI::RenderingContext::Site") called at /tmp/loop_over_bdir-16417-XoCvdy/Reaction-0.002005-0/blib/lib/Reaction/UI/View.pm line 125
eval {...} called at /tmp/loop_over_bdir-16417-XoCvdy/Reaction-0.002005-0/blib/lib/Reaction/UI/View.pm line 125
Reaction::UI::View::find_related_class(ComponentUI::View::Site=HASH(0x555964862158), "RenderingContext") called at /tmp/loop_over_bdir-16417-XoCvdy/Reaction-0.002005-0/blib/lib/Reaction/UI/View.pm line 43
Reaction::UI::View::_build_rendering_context_class(ComponentUI::View::Site=HASH(0x555964862158)) called at reader Reaction::UI::View::rendering_context_class (defined at /tmp/loop_over_bdir-16417-XoCvdy/Reaction-0.002005-0/blib/lib/Reaction/UI/View.pm line 29) line 7
Reaction::UI::View::rendering_context_class(ComponentUI::View::Site=HASH(0x555964862158)) called at /tmp/loop_over_bdir-16417-XoCvdy/Reaction-0.002005-0/blib/lib/Reaction/UI/View.pm line 134
Reaction::UI::View::create_rendering_context(ComponentUI::View::Site=HASH(0x555964862158)) called at /tmp/loop_over_bdir-16417-XoCvdy/Reaction-0.002005-0/blib/lib/Reaction/UI/View.pm line 60
Reaction::UI::View::render_window(ComponentUI::View::Site=HASH(0x555964862158), Reaction::UI::Window=HASH(0x555968c15120)) called at /tmp/loop_over_bdir-16417-XoCvdy/Reaction-0.002005-0/blib/lib/Reaction/UI/Window.pm line 74
Reaction::UI::Window::flush_view(Reaction::UI::Window=HASH(0x555968c15120)) called at /tmp/loop_over_bdir-16417-XoCvdy/Reaction-0.002005-0/blib/lib/Reaction/UI/Window.pm line 36
Reaction::UI::Window::flush(Reaction::UI::Window=HASH(0x555968c15120)) called at /tmp/loop_over_bdir-16417-XoCvdy/Reaction-0.002005-0/blib/lib/Reaction/UI/Controller/Root.pm line 38
Reaction::UI::Controller::Root::end(ComponentUI::Controller::Root=HASH(0x555968ba4ee8), ComponentUI=HASH(0x555968ba04f8)) called at /home/sand/src/perl/repoperls/installed-perls/host/k93msid/v5.18.4/f11c/lib/site_perl/5.18.4/Catalyst/Action.pm line 358
Catalyst::Action::execute(Catalyst::Action=HASH(0x555968a02bc8), ComponentUI::Controller::Root=HASH(0x555968ba4ee8), ComponentUI=HASH(0x555968ba04f8)) called at /home/sand/src/perl/repoperls/installed-perls/host/k93msid/v5.18.4/f11c/lib/site_perl/5.18.4/Catalyst.pm line 2052
eval {...} called at /home/sand/src/perl/repoperls/installed-perls/host/k93msid/v5.18.4/f11c/lib/site_perl/5.18.4/Catalyst.pm line 2052
Catalyst::execute(ComponentUI=HASH(0x555968ba04f8), "ComponentUI::Controller::Root", Catalyst::Action=HASH(0x555968a02bc8)) called at /home/sand/src/perl/repoperls/installed-perls/host/k93msid/v5.18.4/f11c/lib/site_perl/5.18.4/Catalyst/Action.pm line 353
Catalyst::Action::dispatch(Catalyst::Action=HASH(0x555968a02bc8), ComponentUI=HASH(0x555968ba04f8)) called at /home/sand/src/perl/repoperls/installed-perls/host/k93msid/v5.18.4/f11c/lib/site_perl/5.18.4/Catalyst/Controller.pm line 189
Catalyst::Controller::_END(ComponentUI::Controller::Root=HASH(0x555968ba4ee8), ComponentUI=HASH(0x555968ba04f8)) called at /home/sand/src/perl/repoperls/installed-perls/host/k93msid/v5.18.4/f11c/lib/site_perl/5.18.4/Catalyst/Action.pm line 358
Catalyst::Action::execute(Catalyst::Action=HASH(0x555968a2fcb8), ComponentUI::Controller::Root=HASH(0x555968ba4ee8), ComponentUI=HASH(0x555968ba04f8)) called at /home/sand/src/perl/repoperls/installed-perls/host/k93msid/v5.18.4/f11c/lib/site_perl/5.18.4/Catalyst.pm line 2052
eval {...} called at /home/sand/src/perl/repoperls/installed-perls/host/k93msid/v5.18.4/f11c/lib/site_perl/5.18.4/Catalyst.pm line 2052
Catalyst::execute(ComponentUI=HASH(0x555968ba04f8), "ComponentUI::Controller::Root", Catalyst::Action=HASH(0x555968a2fcb8)) called at /home/sand/src/perl/repoperls/installed-perls/host/k93msid/v5.18.4/f11c/lib/site_perl/5.18.4/Catalyst/Action.pm line 353
Catalyst::Action::dispatch(Catalyst::Action=HASH(0x555968a2fcb8), ComponentUI=HASH(0x555968ba04f8)) called at /home/sand/src/perl/repoperls/installed-perls/host/k93msid/v5.18.4/f11c/lib/site_perl/5.18.4/Catalyst/Dispatcher.pm line 262
Catalyst::Dispatcher::_do_forward(Catalyst::Dispatcher=HASH(0x5559621ee2a0), "forward", ComponentUI=HASH(0x555968ba04f8), "_END") called at /home/sand/src/perl/repoperls/installed-perls/host/k93msid/v5.18.4/f11c/lib/site_perl/5.18.4/Catalyst/Dispatcher.pm line 242
Catalyst::Dispatcher::forward(Catalyst::Dispatcher=HASH(0x5559621ee2a0), ComponentUI=HASH(0x555968ba04f8), "_END") called at /home/sand/src/perl/repoperls/installed-perls/host/k93msid/v5.18.4/f11c/lib/site_perl/5.18.4/Catalyst.pm line 477
Catalyst::forward(ComponentUI=HASH(0x555968ba04f8), "_END") called at /home/sand/src/perl/repoperls/installed-perls/host/k93msid/v5.18.4/f11c/lib/site_perl/5.18.4/Catalyst/Controller.pm line 138
Catalyst::Controller::_DISPATCH(ComponentUI::Controller::Root=HASH(0x555968ba4ee8), ComponentUI=HASH(0x555968ba04f8)) called at /home/sand/src/perl/repoperls/installed-perls/host/k93msid/v5.18.4/f11c/lib/site_perl/5.18.4/Catalyst/Action.pm line 358
Catalyst::Action::execute(Catalyst::Action=HASH(0x555968a029a0), ComponentUI::Controller::Root=HASH(0x555968ba4ee8), ComponentUI=HASH(0x555968ba04f8)) called at /home/sand/src/perl/repoperls/installed-perls/host/k93msid/v5.18.4/f11c/lib/site_perl/5.18.4/Catalyst.pm line 2052
eval {...} called at /home/sand/src/perl/repoperls/installed-perls/host/k93msid/v5.18.4/f11c/lib/site_perl/5.18.4/Catalyst.pm line 2052
Catalyst::execute(ComponentUI=HASH(0x555968ba04f8), "ComponentUI::Controller::Root", Catalyst::Action=HASH(0x555968a029a0)) called at /home/sand/src/perl/repoperls/installed-perls/host/k93msid/v5.18.4/f11c/lib/site_perl/5.18.4/Catalyst/Action.pm line 353
Catalyst::Action::dispatch(Catalyst::Action=HASH(0x555968a029a0), ComponentUI=HASH(0x555968ba04f8)) called at /home/sand/src/perl/repoperls/installed-perls/host/k93msid/v5.18.4/f11c/lib/site_perl/5.18.4/Catalyst/Dispatcher.pm line 262
Catalyst::Dispatcher::_do_forward(Catalyst::Dispatcher=HASH(0x5559621ee2a0), "forward", ComponentUI=HASH(0x555968ba04f8), "//_DISPATCH") called at /home/sand/src/perl/repoperls/installed-perls/host/k93msid/v5.18.4/f11c/lib/site_perl/5.18.4/Catalyst/Dispatcher.pm line 242
Catalyst::Dispatcher::forward(Catalyst::Dispatcher=HASH(0x5559621ee2a0), ComponentUI=HASH(0x555968ba04f8), "//_DISPATCH") called at /home/sand/src/perl/repoperls/installed-perls/host/k93msid/v5.18.4/f11c/lib/site_perl/5.18.4/Catalyst.pm line 477
Catalyst::forward(ComponentUI=HASH(0x555968ba04f8), "//_DISPATCH") called at /home/sand/src/perl/repoperls/installed-perls/host/k93msid/v5.18.4/f11c/lib/site_perl/5.18.4/Catalyst/Dispatcher.pm line 107
Catalyst::Dispatcher::dispatch(Catalyst::Dispatcher=HASH(0x5559621ee2a0), ComponentUI=HASH(0x555968ba04f8)) called at /home/sand/src/perl/repoperls/installed-perls/host/k93msid/v5.18.4/f11c/lib/site_perl/5.18.4/Catalyst.pm line 1998
Catalyst::dispatch(ComponentUI=HASH(0x555968ba04f8)) called at /home/sand/src/perl/repoperls/installed-perls/host/k93msid/v5.18.4/f11c/lib/site_perl/5.18.4/Catalyst/Plugin/Static/Simple.pm line 86
Class::MOP::Class:::around(CODE(0x5559631b4ea8), ComponentUI=HASH(0x555968ba04f8)) called at /home/sand/src/perl/repoperls/installed-perls/host/k93msid/v5.18.4/f11c/lib/site_perl/5.18.4/x86_64-linux-thread-multi/Class/MOP/Method/Wrapped.pm line 164
ComponentUI::_wrapped_dispatch(ComponentUI=HASH(0x555968ba04f8)) called at /home/sand/src/perl/repoperls/installed-perls/host/k93msid/v5.18.4/f11c/lib/site_perl/5.18.4/x86_64-linux-thread-multi/Class/MOP/Method/Wrapped.pm line 95
ComponentUI::dispatch(ComponentUI=HASH(0x555968ba04f8)) called at /home/sand/src/perl/repoperls/installed-perls/host/k93msid/v5.18.4/f11c/lib/site_perl/5.18.4/Catalyst.pm line 2393
Catalyst::try {...} () called at /home/sand/src/perl/repoperls/installed-perls/host/k93msid/v5.18.4/f11c/lib/site_perl/5.18.4/Try/Tiny.pm line 103
eval {...} called at /home/sand/src/perl/repoperls/installed-perls/host/k93msid/v5.18.4/f11c/lib/site_perl/5.18.4/Try/Tiny.pm line 94
Try::Tiny::try(CODE(0x555968bb07f8), Try::Tiny::Catch=REF(0x555968bb0648)) called at /home/sand/src/perl/repoperls/installed-perls/host/k93msid/v5.18.4/f11c/lib/site_perl/5.18.4/Catalyst.pm line 2402
Catalyst::handle_request("ComponentUI", "env", HASH(0x555968badc48), "response_cb", CODE(0x555968bb06a8)) called at /home/sand/src/perl/repoperls/installed-perls/host/k93msid/v5.18.4/f11c/lib/site_perl/5.18.4/Catalyst/Engine.pm line 800
Catalyst::Engine::__ANON__(CODE(0x555968bb06a8)) called at /home/sand/src/perl/repoperls/installed-perls/host/k93msid/v5.18.4/f11c/lib/site_perl/5.18.4/Plack/Middleware/HTTPExceptions.pm line 32
Plack::Middleware::HTTPExceptions::try {...} () called at /home/sand/src/perl/repoperls/installed-perls/host/k93msid/v5.18.4/f11c/lib/site_perl/5.18.4/Try/Tiny.pm line 103
eval {...} called at /home/sand/src/perl/repoperls/installed-perls/host/k93msid/v5.18.4/f11c/lib/site_perl/5.18.4/Try/Tiny.pm line 94
Try::Tiny::try(CODE(0x555968bb04c8), Try::Tiny::Catch=REF(0x555968bae740)) called at /home/sand/src/perl/repoperls/installed-perls/host/k93msid/v5.18.4/f11c/lib/site_perl/5.18.4/Plack/Middleware/HTTPExceptions.pm line 41
Plack::Middleware::HTTPExceptions::__ANON__(CODE(0x555968bb03c0)) called at /home/sand/src/perl/repoperls/installed-perls/host/k93msid/v5.18.4/f11c/lib/site_perl/5.18.4/Plack/Util.pm line 339
Plack::Util::__ANON__(CODE(0x555968bb02b8)) called at /home/sand/src/perl/repoperls/installed-perls/host/k93msid/v5.18.4/f11c/lib/site_perl/5.18.4/Plack/Util.pm line 339
Plack::Util::__ANON__(CODE(0x555968bb01b0)) called at /home/sand/src/perl/repoperls/installed-perls/host/k93msid/v5.18.4/f11c/lib/site_perl/5.18.4/Plack/Util.pm line 339
Plack::Util::__ANON__(CODE(0x555968bb0138)) called at /home/sand/src/perl/repoperls/installed-perls/host/k93msid/v5.18.4/f11c/lib/site_perl/5.18.4/HTTP/Message/PSGI.pm line 100
HTTP::Message::PSGI::res_from_psgi(CODE(0x555968bae5f0)) called at /home/sand/src/perl/repoperls/installed-perls/host/k93msid/v5.18.4/f11c/lib/site_perl/5.18.4/HTTP/Message/PSGI.pm line 156
HTTP::Response::from_psgi("HTTP::Response", CODE(0x555968bae5f0)) called at /home/sand/src/perl/repoperls/installed-perls/host/k93msid/v5.18.4/f11c/lib/site_perl/5.18.4/Plack/Test/MockHTTP.pm line 24
Plack::Test::MockHTTP::try {...} () called at /home/sand/src/perl/repoperls/installed-perls/host/k93msid/v5.18.4/f11c/lib/site_perl/5.18.4/Try/Tiny.pm line 98
eval {...} called at /home/sand/src/perl/repoperls/installed-perls/host/k93msid/v5.18.4/f11c/lib/site_perl/5.18.4/Try/Tiny.pm line 94
Try::Tiny::try(CODE(0x55596077e5a0), Try::Tiny::Catch=REF(0x555968a44f88)) called at /home/sand/src/perl/repoperls/installed-perls/host/k93msid/v5.18.4/f11c/lib/site_perl/5.18.4/Plack/Test/MockHTTP.pm line 27
Plack::Test::MockHTTP::request(Plack::Test::MockHTTP=HASH(0x55596077e438), HTTP::Request=HASH(0x55596077dfb8)) called at /home/sand/src/perl/repoperls/installed-perls/host/k93msid/v5.18.4/f11c/lib/site_perl/5.18.4/Plack/Test.pm line 38
Plack::Test::__ANON__(HTTP::Request=HASH(0x55596077dfb8)) called at /home/sand/src/perl/repoperls/installed-perls/host/k93msid/v5.18.4/f11c/lib/site_perl/5.18.4/Catalyst/Test.pm line 281
Catalyst::Test::__ANON__(CODE(0x55596077e2d0)) called at /home/sand/src/perl/repoperls/installed-perls/host/k93msid/v5.18.4/f11c/lib/site_perl/5.18.4/Plack/Test.pm line 38
Plack::Test::test_psgi("mangle_response", CODE(0x5559621c8740), "app", CODE(0x555968b05ce0), "app", CODE(0x55596077e0f0), "client", CODE(0x55596077e198)) called at /home/sand/src/perl/repoperls/installed-perls/host/k93msid/v5.18.4/f11c/lib/site_perl/5.18.4/Catalyst/Test.pm line 284
Catalyst::Test::_request(HASH(0x555960775730), "/") called at /home/sand/src/perl/repoperls/installed-perls/host/k93msid/v5.18.4/f11c/lib/site_perl/5.18.4/Catalyst/Test.pm line 327
Catalyst::Test::_local_request("ComponentUI", "/") called at /home/sand/src/perl/repoperls/installed-perls/host/k93msid/v5.18.4/f11c/lib/site_perl/5.18.4/Catalyst/Test.pm line 32
Catalyst::Test::__ANON__("/") called at t/01app.t line 10
Class::MOP::is_class_loaded is deprecated at /home/sand/src/perl/repoperls/installed-perls/host/k93msid/v5.18.4/f11c/lib/site_perl/5.18.4/x86_64-linux-thread-multi/Class/MOP.pm line 87.
Class::MOP::is_class_loaded("ComponentUI::UI::Widget::SiteLayout") called at /tmp/loop_over_bdir-16417-XoCvdy/Reaction-0.002005-0/blib/lib/Reaction/UI/Skin.pm line 178
Reaction::UI::Skin::widget_class_for(Reaction::UI::Skin=HASH(0x555968c7c1b0), Reaction::UI::LayoutSet::TT=HASH(0x555968cb9ea8)) called at /tmp/loop_over_bdir-16417-XoCvdy/Reaction-0.002005-0/blib/lib/Reaction/UI/LayoutSet.pm line 28
Reaction::UI::LayoutSet::BUILD(Reaction::UI::LayoutSet::TT=HASH(0x555968cb9ea8), HASH(0x555968cb9e18)) called at constructor Reaction::UI::LayoutSet::TT::new (defined at /tmp/loop_over_bdir-16417-XoCvdy/Reaction-0.002005-0/blib/lib/Reaction/UI/LayoutSet/TT.pm line 43) line 80
Reaction::UI::LayoutSet::TT::new("Reaction::UI::LayoutSet::TT", "name", "site_layout", "skin", Reaction::UI::Skin=HASH(0x555968c7c1b0), "tt_object", Template=HASH(0x555964b40cf8), "source_file", ...) called at /tmp/loop_over_bdir-16417-XoCvdy/Reaction-0.002005-0/blib/lib/Reaction/UI/Skin.pm line 114
Reaction::UI::Skin::_create_layout_set(Reaction::UI::Skin=HASH(0x555968c7c1b0), "site_layout", ARRAY(0x555968ca1000), Reaction::UI::Skin=HASH(0x555968c7c1b0)) called at /tmp/loop_over_bdir-16417-XoCvdy/Reaction-0.002005-0/blib/lib/Reaction/UI/Skin.pm line 110
Reaction::UI::Skin::create_layout_set(Reaction::UI::Skin=HASH(0x555968c7c1b0), "site_layout") called at /tmp/loop_over_bdir-16417-XoCvdy/Reaction-0.002005-0/blib/lib/Reaction/UI/LayoutSet.pm line 83
Reaction::UI::LayoutSet::_load_file(Reaction::UI::LayoutSet::TT=HASH(0x555968ca0e38), Path::Class::File=HASH(0x555968c25828), HASH(0x555968ca0e08)) called at /tmp/loop_over_bdir-16417-XoCvdy/Reaction-0.002005-0/blib/lib/Reaction/UI/LayoutSet.pm line 27
Reaction::UI::LayoutSet::BUILD(Reaction::UI::LayoutSet::TT=HASH(0x555968ca0e38), HASH(0x555968ca0e08)) called at constructor Reaction::UI::LayoutSet::TT::new (defined at /tmp/loop_over_bdir-16417-XoCvdy/Reaction-0.002005-0/blib/lib/Reaction/UI/LayoutSet/TT.pm line 43) line 80
Reaction::UI::LayoutSet::TT::new("Reaction::UI::LayoutSet::TT", "name", "site_layout", "skin", Reaction::UI::Skin=HASH(0x555968c27798), "next_skin", Reaction::UI::Skin=HASH(0x555968c7c1b0), "tt_object", ...) called at /tmp/loop_over_bdir-16417-XoCvdy/Reaction-0.002005-0/blib/lib/Reaction/UI/Skin.pm line 114
Reaction::UI::Skin::_create_layout_set(Reaction::UI::Skin=HASH(0x555968c27798), "site_layout", ARRAY(0x555968c21aa0), Reaction::UI::Skin=HASH(0x555968c27798)) called at /tmp/loop_over_bdir-16417-XoCvdy/Reaction-0.002005-0/blib/lib/Reaction/UI/Skin.pm line 110
Reaction::UI::Skin::create_layout_set(Reaction::UI::Skin=HASH(0x555968c27798), "site_layout") called at /tmp/loop_over_bdir-16417-XoCvdy/Reaction-0.002005-0/blib/lib/Reaction/UI/LayoutSet.pm line 83
Reaction::UI::LayoutSet::_load_file(Reaction::UI::LayoutSet::TT=HASH(0x555968c7ecd0), Path::Class::File=HASH(0x5559688cc8b8), HASH(0x555968436b08)) called at /tmp/loop_over_bdir-16417-XoCvdy/Reaction-0.002005-0/blib/lib/Reaction/UI/LayoutSet.pm line 27
Reaction::UI::LayoutSet::BUILD(Reaction::UI::LayoutSet::TT=HASH(0x555968c7ecd0), HASH(0x555968436b08)) called at constructor Reaction::UI::LayoutSet::TT::new (defined at /tmp/loop_over_bdir-16417-XoCvdy/Reaction-0.002005-0/blib/lib/Reaction/UI/LayoutSet/TT.pm line 43) line 80
Reaction::UI::LayoutSet::TT::new("Reaction::UI::LayoutSet::TT", "name", "site_layout", "skin", Reaction::UI::Skin=HASH(0x555968c281a0), "next_skin", Reaction::UI::Skin=HASH(0x555968c27798), "tt_object", ...) called at /tmp/loop_over_bdir-16417-XoCvdy/Reaction-0.002005-0/blib/lib/Reaction/UI/Skin.pm line 114
Reaction::UI::Skin::_create_layout_set(Reaction::UI::Skin=HASH(0x555968c281a0), "site_layout", ARRAY(0x555968c1a540), Reaction::UI::Skin=HASH(0x555968c281a0)) called at /tmp/loop_over_bdir-16417-XoCvdy/Reaction-0.002005-0/blib/lib/Reaction/UI/Skin.pm line 110
Reaction::UI::Skin::create_layout_set(Reaction::UI::Skin=HASH(0x555968c281a0), "site_layout") called at inline delegation in Reaction::UI::View for skin->create_layout_set (attribute declared in /tmp/loop_over_bdir-16417-XoCvdy/Reaction-0.002005-0/blib/lib/Reaction/UI/View.pm at line 22) line 18
Reaction::UI::View::create_layout_set(ComponentUI::View::Site=HASH(0x555964862158), "site_layout") called at /tmp/loop_over_bdir-16417-XoCvdy/Reaction-0.002005-0/blib/lib/Reaction/UI/View.pm line 99
Reaction::UI::View::layout_set_for(ComponentUI::View::Site=HASH(0x555964862158), Reaction::UI::ViewPort::SiteLayout=HASH(0x555968c15798)) called at /tmp/loop_over_bdir-16417-XoCvdy/Reaction-0.002005-0/blib/lib/Reaction/UI/View.pm line 78
Reaction::UI::View::render_viewport_args(ComponentUI::View::Site=HASH(0x555964862158), Reaction::UI::ViewPort::SiteLayout=HASH(0x555968c15798)) called at /tmp/loop_over_bdir-16417-XoCvdy/Reaction-0.002005-0/blib/lib/Reaction/UI/View.pm line 61
Reaction::UI::View::render_window(ComponentUI::View::Site=HASH(0x555964862158), Reaction::UI::Window=HASH(0x555968c15120)) called at /tmp/loop_over_bdir-16417-XoCvdy/Reaction-0.002005-0/blib/lib/Reaction/UI/Window.pm line 74
Reaction::UI::Window::flush_view(Reaction::UI::Window=HASH(0x555968c15120)) called at /tmp/loop_over_bdir-16417-XoCvdy/Reaction-0.002005-0/blib/lib/Reaction/UI/Window.pm line 36
Reaction::UI::Window::flush(Reaction::UI::Window=HASH(0x555968c15120)) called at /tmp/loop_over_bdir-16417-XoCvdy/Reaction-0.002005-0/blib/lib/Reaction/UI/Controller/Root.pm line 38
Reaction::UI::Controller::Root::end(ComponentUI::Controller::Root=HASH(0x555968ba4ee8), ComponentUI=HASH(0x555968ba04f8)) called at /home/sand/src/perl/repoperls/installed-perls/host/k93msid/v5.18.4/f11c/lib/site_perl/5.18.4/Catalyst/Action.pm line 358
Catalyst::Action::execute(Catalyst::Action=HASH(0x555968a02bc8), ComponentUI::Controller::Root=HASH(0x555968ba4ee8), ComponentUI=HASH(0x555968ba04f8)) called at /home/sand/src/perl/repoperls/installed-perls/host/k93msid/v5.18.4/f11c/lib/site_perl/5.18.4/Catalyst.pm line 2052
eval {...} called at /home/sand/src/perl/repoperls/installed-perls/host/k93msid/v5.18.4/f11c/lib/site_perl/5.18.4/Catalyst.pm line 2052
Catalyst::execute(ComponentUI=HASH(0x555968ba04f8), "ComponentUI::Controller::Root", Catalyst::Action=HASH(0x555968a02bc8)) called at /home/sand/src/perl/repoperls/installed-perls/host/k93msid/v5.18.4/f11c/lib/site_perl/5.18.4/Catalyst/Action.pm line 353
Catalyst::Action::dispatch(Catalyst::Action=HASH(0x555968a02bc8), ComponentUI=HASH(0x555968ba04f8)) called at /home/sand/src/perl/repoperls/installed-perls/host/k93msid/v5.18.4/f11c/lib/site_perl/5.18.4/Catalyst/Controller.pm line 189
Catalyst::Controller::_END(ComponentUI::Controller::Root=HASH(0x555968ba4ee8), ComponentUI=HASH(0x555968ba04f8)) called at /home/sand/src/perl/repoperls/installed-perls/host/k93msid/v5.18.4/f11c/lib/site_perl/5.18.4/Catalyst/Action.pm line 358
Catalyst::Action::execute(Catalyst::Action=HASH(0x555968a2fcb8), ComponentUI::Controller::Root=HASH(0x555968ba4ee8), ComponentUI=HASH(0x555968ba04f8)) called at /home/sand/src/perl/repoperls/installed-perls/host/k93msid/v5.18.4/f11c/lib/site_perl/5.18.4/Catalyst.pm line 2052
eval {...} called at /home/sand/src/perl/repoperls/installed-perls/host/k93msid/v5.18.4/f11c/lib/site_perl/5.18.4/Catalyst.pm line 2052
Catalyst::execute(ComponentUI=HASH(0x555968ba04f8), "ComponentUI::Controller::Root", Catalyst::Action=HASH(0x555968a2fcb8)) called at /home/sand/src/perl/repoperls/installed-perls/host/k93msid/v5.18.4/f11c/lib/site_perl/5.18.4/Catalyst/Action.pm line 353
Catalyst::Action::dispatch(Catalyst::Action=HASH(0x555968a2fcb8), ComponentUI=HASH(0x555968ba04f8)) called at /home/sand/src/perl/repoperls/installed-perls/host/k93msid/v5.18.4/f11c/lib/site_perl/5.18.4/Catalyst/Dispatcher.pm line 262
Catalyst::Dispatcher::_do_forward(Catalyst::Dispatcher=HASH(0x5559621ee2a0), "forward", ComponentUI=HASH(0x555968ba04f8), "_END") called at /home/sand/src/perl/repoperls/installed-perls/host/k93msid/v5.18.4/f11c/lib/site_perl/5.18.4/Catalyst/Dispatcher.pm line 242
Catalyst::Dispatcher::forward(Catalyst::Dispatcher=HASH(0x5559621ee2a0), ComponentUI=HASH(0x555968ba04f8), "_END") called at /home/sand/src/perl/repoperls/installed-perls/host/k93msid/v5.18.4/f11c/lib/site_perl/5.18.4/Catalyst.pm line 477
Catalyst::forward(ComponentUI=HASH(0x555968ba04f8), "_END") called at /home/sand/src/perl/repoperls/installed-perls/host/k93msid/v5.18.4/f11c/lib/site_perl/5.18.4/Catalyst/Controller.pm line 138
Catalyst::Controller::_DISPATCH(ComponentUI::Controller::Root=HASH(0x555968ba4ee8), ComponentUI=HASH(0x555968ba04f8)) called at /home/sand/src/perl/repoperls/installed-perls/host/k93msid/v5.18.4/f11c/lib/site_perl/5.18.4/Catalyst/Action.pm line 358
Catalyst::Action::execute(Catalyst::Action=HASH(0x555968a029a0), ComponentUI::Controller::Root=HASH(0x555968ba4ee8), ComponentUI=HASH(0x555968ba04f8)) called at /home/sand/src/perl/repoperls/installed-perls/host/k93msid/v5.18.4/f11c/lib/site_perl/5.18.4/Catalyst.pm line 2052
eval {...} called at /home/sand/src/perl/repoperls/installed-perls/host/k93msid/v5.18.4/f11c/lib/site_perl/5.18.4/Catalyst.pm line 2052
Catalyst::execute(ComponentUI=HASH(0x555968ba04f8), "ComponentUI::Controller::Root", Catalyst::Action=HASH(0x555968a029a0)) called at /home/sand/src/perl/repoperls/installed-perls/host/k93msid/v5.18.4/f11c/lib/site_perl/5.18.4/Catalyst/Action.pm line 353
Catalyst::Action::dispatch(Catalyst::Action=HASH(0x555968a029a0), ComponentUI=HASH(0x555968ba04f8)) called at /home/sand/src/perl/repoperls/installed-perls/host/k93msid/v5.18.4/f11c/lib/site_perl/5.18.4/Catalyst/Dispatcher.pm line 262
Catalyst::Dispatcher::_do_forward(Catalyst::Dispatcher=HASH(0x5559621ee2a0), "forward", ComponentUI=HASH(0x555968ba04f8), "//_DISPATCH") called at /home/sand/src/perl/repoperls/installed-perls/host/k93msid/v5.18.4/f11c/lib/site_perl/5.18.4/Catalyst/Dispatcher.pm line 242
Catalyst::Dispatcher::forward(Catalyst::Dispatcher=HASH(0x5559621ee2a0), ComponentUI=HASH(0x555968ba04f8), "//_DISPATCH") called at /home/sand/src/perl/repoperls/installed-perls/host/k93msid/v5.18.4/f11c/lib/site_perl/5.18.4/Catalyst.pm line 477
Catalyst::forward(ComponentUI=HASH(0x555968ba04f8), "//_DISPATCH") called at /home/sand/src/perl/repoperls/installed-perls/host/k93msid/v5.18.4/f11c/lib/site_perl/5.18.4/Catalyst/Dispatcher.pm line 107
Catalyst::Dispatcher::dispatch(Catalyst::Dispatcher=HASH(0x5559621ee2a0), ComponentUI=HASH(0x555968ba04f8)) called at /home/sand/src/perl/repoperls/installed-perls/host/k93msid/v5.18.4/f11c/lib/site_perl/5.18.4/Catalyst.pm line 1998
Catalyst::dispatch(ComponentUI=HASH(0x555968ba04f8)) called at /home/sand/src/perl/repoperls/installed-perls/host/k93msid/v5.18.4/f11c/lib/site_perl/5.18.4/Catalyst/Plugin/Static/Simple.pm line 86
Class::MOP::Class:::around(CODE(0x5559631b4ea8), ComponentUI=HASH(0x555968ba04f8)) called at /home/sand/src/perl/repoperls/installed-perls/host/k93msid/v5.18.4/f11c/lib/site_perl/5.18.4/x86_64-linux-thread-multi/Class/MOP/Method/Wrapped.pm line 164
ComponentUI::_wrapped_dispatch(ComponentUI=HASH(0x555968ba04f8)) called at /home/sand/src/perl/repoperls/installed-perls/host/k93msid/v5.18.4/f11c/lib/site_perl/5.18.4/x86_64-linux-thread-multi/Class/MOP/Method/Wrapped.pm line 95
ComponentUI::dispatch(ComponentUI=HASH(0x555968ba04f8)) called at /home/sand/src/perl/repoperls/installed-perls/host/k93msid/v5.18.4/f11c/lib/site_perl/5.18.4/Catalyst.pm line 2393
Catalyst::try {...} () called at /home/sand/src/perl/repoperls/installed-perls/host/k93msid/v5.18.4/f11c/lib/site_perl/5.18.4/Try/Tiny.pm line 103
eval {...} called at /home/sand/src/perl/repoperls/installed-perls/host/k93msid/v5.18.4/f11c/lib/site_perl/5.18.4/Try/Tiny.pm line 94
Try::Tiny::try(CODE(0x555968bb07f8), Try::Tiny::Catch=REF(0x555968bb0648)) called at /home/sand/src/perl/repoperls/installed-perls/host/k93msid/v5.18.4/f11c/lib/site_perl/5.18.4/Catalyst.pm line 2402
Catalyst::handle_request("ComponentUI", "env", HASH(0x555968badc48), "response_cb", CODE(0x555968bb06a8)) called at /home/sand/src/perl/repoperls/installed-perls/host/k93msid/v5.18.4/f11c/lib/site_perl/5.18.4/Catalyst/Engine.pm line 800
Catalyst::Engine::__ANON__(CODE(0x555968bb06a8)) called at /home/sand/src/perl/repoperls/installed-perls/host/k93msid/v5.18.4/f11c/lib/site_perl/5.18.4/Plack/Middleware/HTTPExceptions.pm line 32
Plack::Middleware::HTTPExceptions::try {...} () called at /home/sand/src/perl/repoperls/installed-perls/host/k93msid/v5.18.4/f11c/lib/site_perl/5.18.4/Try/Tiny.pm line 103
eval {...} called at /home/sand/src/perl/repoperls/installed-perls/host/k93msid/v5.18.4/f11c/lib/site_perl/5.18.4/Try/Tiny.pm line 94
Try::Tiny::try(CODE(0x555968bb04c8), Try::Tiny::Catch=REF(0x555968bae740)) called at /home/sand/src/perl/repoperls/installed-perls/host/k93msid/v5.18.4/f11c/lib/site_perl/5.18.4/Plack/Middleware/HTTPExceptions.pm line 41
Plack::Middleware::HTTPExceptions::__ANON__(CODE(0x555968bb03c0)) called at /home/sand/src/perl/repoperls/installed-perls/host/k93msid/v5.18.4/f11c/lib/site_perl/5.18.4/Plack/Util.pm line 339
Plack::Util::__ANON__(CODE(0x555968bb02b8)) called at /home/sand/src/perl/repoperls/installed-perls/host/k93msid/v5.18.4/f11c/lib/site_perl/5.18.4/Plack/Util.pm line 339
Plack::Util::__ANON__(CODE(0x555968bb01b0)) called at /home/sand/src/perl/repoperls/installed-perls/host/k93msid/v5.18.4/f11c/lib/site_perl/5.18.4/Plack/Util.pm line 339
Plack::Util::__ANON__(CODE(0x555968bb0138)) called at /home/sand/src/perl/repoperls/installed-perls/host/k93msid/v5.18.4/f11c/lib/site_perl/5.18.4/HTTP/Message/PSGI.pm line 100
HTTP::Message::PSGI::res_from_psgi(CODE(0x555968bae5f0)) called at /home/sand/src/perl/repoperls/installed-perls/host/k93msid/v5.18.4/f11c/lib/site_perl/5.18.4/HTTP/Message/PSGI.pm line 156
HTTP::Response::from_psgi("HTTP::Response", CODE(0x555968bae5f0)) called at /home/sand/src/perl/repoperls/installed-perls/host/k93msid/v5.18.4/f11c/lib/site_perl/5.18.4/Plack/Test/MockHTTP.pm line 24
Plack::Test::MockHTTP::try {...} () called at /home/sand/src/perl/repoperls/installed-perls/host/k93msid/v5.18.4/f11c/lib/site_perl/5.18.4/Try/Tiny.pm line 98
eval {...} called at /home/sand/src/perl/repoperls/installed-perls/host/k93msid/v5.18.4/f11c/lib/site_perl/5.18.4/Try/Tiny.pm line 94
Try::Tiny::try(CODE(0x55596077e5a0), Try::Tiny::Catch=REF(0x555968a44f88)) called at /home/sand/src/perl/repoperls/installed-perls/host/k93msid/v5.18.4/f11c/lib/site_perl/5.18.4/Plack/Test/MockHTTP.pm line 27
Plack::Test::MockHTTP::request(Plack::Test::MockHTTP=HASH(0x55596077e438), HTTP::Request=HASH(0x55596077dfb8)) called at /home/sand/src/perl/repoperls/installed-perls/host/k93msid/v5.18.4/f11c/lib/site_perl/5.18.4/Plack/Test.pm line 38
Plack::Test::__ANON__(HTTP::Request=HASH(0x55596077dfb8)) called at /home/sand/src/perl/repoperls/installed-perls/host/k93msid/v5.18.4/f11c/lib/site_perl/5.18.4/Catalyst/Test.pm line 281
Catalyst::Test::__ANON__(CODE(0x55596077e2d0)) called at /home/sand/src/perl/repoperls/installed-perls/host/k93msid/v5.18.4/f11c/lib/site_perl/5.18.4/Plack/Test.pm line 38
Plack::Test::test_psgi("mangle_response", CODE(0x5559621c8740), "app", CODE(0x555968b05ce0), "app", CODE(0x55596077e0f0), "client", CODE(0x55596077e198)) called at /home/sand/src/perl/repoperls/installed-perls/host/k93msid/v5.18.4/f11c/lib/site_perl/5.18.4/Catalyst/Test.pm line 284
Catalyst::Test::_request(HASH(0x555960775730), "/") called at /home/sand/src/perl/repoperls/installed-perls/host/k93msid/v5.18.4/f11c/lib/site_perl/5.18.4/Catalyst/Test.pm line 327
Catalyst::Test::_local_request("ComponentUI", "/") called at /home/sand/src/perl/repoperls/installed-perls/host/k93msid/v5.18.4/f11c/lib/site_perl/5.18.4/Catalyst/Test.pm line 32
Catalyst::Test::__ANON__("/") called at t/01app.t line 10
Class::MOP::load_class is deprecated at /home/sand/src/perl/repoperls/installed-perls/host/k93msid/v5.18.4/f11c/lib/site_perl/5.18.4/x86_64-linux-thread-multi/Class/MOP.pm line 69.
Class::MOP::load_class("Reaction::UI::Widget::SiteLayout") called at /tmp/loop_over_bdir-16417-XoCvdy/Reaction-0.002005-0/blib/lib/Reaction/UI/Skin.pm line 181
eval {...} called at /tmp/loop_over_bdir-16417-XoCvdy/Reaction-0.002005-0/blib/lib/Reaction/UI/Skin.pm line 181
Reaction::UI::Skin::widget_class_for(Reaction::UI::Skin=HASH(0x555968c7c1b0), Reaction::UI::LayoutSet::TT=HASH(0x555968cb9ea8)) called at /tmp/loop_over_bdir-16417-XoCvdy/Reaction-0.002005-0/blib/lib/Reaction/UI/LayoutSet.pm line 28
Reaction::UI::LayoutSet::BUILD(Reaction::UI::LayoutSet::TT=HASH(0x555968cb9ea8), HASH(0x555968cb9e18)) called at constructor Reaction::UI::LayoutSet::TT::new (defined at /tmp/loop_over_bdir-16417-XoCvdy/Reaction-0.002005-0/blib/lib/Reaction/UI/LayoutSet/TT.pm line 43) line 80
Reaction::UI::LayoutSet::TT::new("Reaction::UI::LayoutSet::TT", "name", "site_layout", "skin", Reaction::UI::Skin=HASH(0x555968c7c1b0), "tt_object", Template=HASH(0x555964b40cf8), "source_file", ...) called at /tmp/loop_over_bdir-16417-XoCvdy/Reaction-0.002005-0/blib/lib/Reaction/UI/Skin.pm line 114
Reaction::UI::Skin::_create_layout_set(Reaction::UI::Skin=HASH(0x555968c7c1b0), "site_layout", ARRAY(0x555968ca1000), Reaction::UI::Skin=HASH(0x555968c7c1b0)) called at /tmp/loop_over_bdir-16417-XoCvdy/Reaction-0.002005-0/blib/lib/Reaction/UI/Skin.pm line 110
Reaction::UI::Skin::create_layout_set(Reaction::UI::Skin=HASH(0x555968c7c1b0), "site_layout") called at /tmp/loop_over_bdir-16417-XoCvdy/Reaction-0.002005-0/blib/lib/Reaction/UI/LayoutSet.pm line 83
Reaction::UI::LayoutSet::_load_file(Reaction::UI::LayoutSet::TT=HASH(0x555968ca0e38), Path::Class::File=HASH(0x555968c25828), HASH(0x555968ca0e08)) called at /tmp/loop_over_bdir-16417-XoCvdy/Reaction-0.002005-0/blib/lib/Reaction/UI/LayoutSet.pm line 27
Reaction::UI::LayoutSet::BUILD(Reaction::UI::LayoutSet::TT=HASH(0x555968ca0e38), HASH(0x555968ca0e08)) called at constructor Reaction::UI::LayoutSet::TT::new (defined at /tmp/loop_over_bdir-16417-XoCvdy/Reaction-0.002005-0/blib/lib/Reaction/UI/LayoutSet/TT.pm line 43) line 80
Reaction::UI::LayoutSet::TT::new("Reaction::UI::LayoutSet::TT", "name", "site_layout", "skin", Reaction::UI::Skin=HASH(0x555968c27798), "next_skin", Reaction::UI::Skin=HASH(0x555968c7c1b0), "tt_object", ...) called at /tmp/loop_over_bdir-16417-XoCvdy/Reaction-0.002005-0/blib/lib/Reaction/UI/Skin.pm line 114
Reaction::UI::Skin::_create_layout_set(Reaction::UI::Skin=HASH(0x555968c27798), "site_layout", ARRAY(0x555968c21aa0), Reaction::UI::Skin=HASH(0x555968c27798)) called at /tmp/loop_over_bdir-16417-XoCvdy/Reaction-0.002005-0/blib/lib/Reaction/UI/Skin.pm line 110
Reaction::UI::Skin::create_layout_set(Reaction::UI::Skin=HASH(0x555968c27798), "site_layout") called at /tmp/loop_over_bdir-16417-XoCvdy/Reaction-0.002005-0/blib/lib/Reaction/UI/LayoutSet.pm line 83
Reaction::UI::LayoutSet::_load_file(Reaction::UI::LayoutSet::TT=HASH(0x555968c7ecd0), Path::Class::File=HASH(0x5559688cc8b8), HASH(0x555968436b08)) called at /tmp/loop_over_bdir-16417-XoCvdy/Reaction-0.002005-0/blib/lib/Reaction/UI/LayoutSet.pm line 27
Reaction::UI::LayoutSet::BUILD(Reaction::UI::LayoutSet::TT=HASH(0x555968c7ecd0), HASH(0x555968436b08)) called at constructor Reaction::UI::LayoutSet::TT::new (defined at /tmp/loop_over_bdir-16417-XoCvdy/Reaction-0.002005-0/blib/lib/Reaction/UI/LayoutSet/TT.pm line 43) line 80
Reaction::UI::LayoutSet::TT::new("Reaction::UI::LayoutSet::TT", "name", "site_layout", "skin", Reaction::UI::Skin=HASH(0x555968c281a0), "next_skin", Reaction::UI::Skin=HASH(0x555968c27798), "tt_object", ...) called at /tmp/loop_over_bdir-16417-XoCvdy/Reaction-0.002005-0/blib/lib/Reaction/UI/Skin.pm line 114
Reaction::UI::Skin::_create_layout_set(Reaction::UI::Skin=HASH(0x555968c281a0), "site_layout", ARRAY(0x555968c1a540), Reaction::UI::Skin=HASH(0x555968c281a0)) called at /tmp/loop_over_bdir-16417-XoCvdy/Reaction-0.002005-0/blib/lib/Reaction/UI/Skin.pm line 110
Reaction::UI::Skin::create_layout_set(Reaction::UI::Skin=HASH(0x555968c281a0), "site_layout") called at inline delegation in Reaction::UI::View for skin->create_layout_set (attribute declared in /tmp/loop_over_bdir-16417-XoCvdy/Reaction-0.002005-0/blib/lib/Reaction/UI/View.pm at line 22) line 18
Reaction::UI::View::create_layout_set(ComponentUI::View::Site=HASH(0x555964862158), "site_layout") called at /tmp/loop_over_bdir-16417-XoCvdy/Reaction-0.002005-0/blib/lib/Reaction/UI/View.pm line 99
Reaction::UI::View::layout_set_for(ComponentUI::View::Site=HASH(0x555964862158), Reaction::UI::ViewPort::SiteLayout=HASH(0x555968c15798)) called at /tmp/loop_over_bdir-16417-XoCvdy/Reaction-0.002005-0/blib/lib/Reaction/UI/View.pm line 78
Reaction::UI::View::render_viewport_args(ComponentUI::View::Site=HASH(0x555964862158), Reaction::UI::ViewPort::SiteLayout=HASH(0x555968c15798)) called at /tmp/loop_over_bdir-16417-XoCvdy/Reaction-0.002005-0/blib/lib/Reaction/UI/View.pm line 61
Reaction::UI::View::render_window(ComponentUI::View::Site=HASH(0x555964862158), Reaction::UI::Window=HASH(0x555968c15120)) called at /tmp/loop_over_bdir-16417-XoCvdy/Reaction-0.002005-0/blib/lib/Reaction/UI/Window.pm line 74
Reaction::UI::Window::flush_view(Reaction::UI::Window=HASH(0x555968c15120)) called at /tmp/loop_over_bdir-16417-XoCvdy/Reaction-0.002005-0/blib/lib/Reaction/UI/Window.pm line 36
Reaction::UI::Window::flush(Reaction::UI::Window=HASH(0x555968c15120)) called at /tmp/loop_over_bdir-16417-XoCvdy/Reaction-0.002005-0/blib/lib/Reaction/UI/Controller/Root.pm line 38
Reaction::UI::Controller::Root::end(ComponentUI::Controller::Root=HASH(0x555968ba4ee8), ComponentUI=HASH(0x555968ba04f8)) called at /home/sand/src/perl/repoperls/installed-perls/host/k93msid/v5.18.4/f11c/lib/site_perl/5.18.4/Catalyst/Action.pm line 358
Catalyst::Action::execute(Catalyst::Action=HASH(0x555968a02bc8), ComponentUI::Controller::Root=HASH(0x555968ba4ee8), ComponentUI=HASH(0x555968ba04f8)) called at /home/sand/src/perl/repoperls/installed-perls/host/k93msid/v5.18.4/f11c/lib/site_perl/5.18.4/Catalyst.pm line 2052
eval {...} called at /home/sand/src/perl/repoperls/installed-perls/host/k93msid/v5.18.4/f11c/lib/site_perl/5.18.4/Catalyst.pm line 2052
Catalyst::execute(ComponentUI=HASH(0x555968ba04f8), "ComponentUI::Controller::Root", Catalyst::Action=HASH(0x555968a02bc8)) called at /home/sand/src/perl/repoperls/installed-perls/host/k93msid/v5.18.4/f11c/lib/site_perl/5.18.4/Catalyst/Action.pm line 353
Catalyst::Action::dispatch(Catalyst::Action=HASH(0x555968a02bc8), ComponentUI=HASH(0x555968ba04f8)) called at /home/sand/src/perl/repoperls/installed-perls/host/k93msid/v5.18.4/f11c/lib/site_perl/5.18.4/Catalyst/Controller.pm line 189
Catalyst::Controller::_END(ComponentUI::Controller::Root=HASH(0x555968ba4ee8), ComponentUI=HASH(0x555968ba04f8)) called at /home/sand/src/perl/repoperls/installed-perls/host/k93msid/v5.18.4/f11c/lib/site_perl/5.18.4/Catalyst/Action.pm line 358
Catalyst::Action::execute(Catalyst::Action=HASH(0x555968a2fcb8), ComponentUI::Controller::Root=HASH(0x555968ba4ee8), ComponentUI=HASH(0x555968ba04f8)) called at /home/sand/src/perl/repoperls/installed-perls/host/k93msid/v5.18.4/f11c/lib/site_perl/5.18.4/Catalyst.pm line 2052
eval {...} called at /home/sand/src/perl/repoperls/installed-perls/host/k93msid/v5.18.4/f11c/lib/site_perl/5.18.4/Catalyst.pm line 2052
Catalyst::execute(ComponentUI=HASH(0x555968ba04f8), "ComponentUI::Controller::Root", Catalyst::Action=HASH(0x555968a2fcb8)) called at /home/sand/src/perl/repoperls/installed-perls/host/k93msid/v5.18.4/f11c/lib/site_perl/5.18.4/Catalyst/Action.pm line 353
Catalyst::Action::dispatch(Catalyst::Action=HASH(0x555968a2fcb8), ComponentUI=HASH(0x555968ba04f8)) called at /home/sand/src/perl/repoperls/installed-perls/host/k93msid/v5.18.4/f11c/lib/site_perl/5.18.4/Catalyst/Dispatcher.pm line 262
Catalyst::Dispatcher::_do_forward(Catalyst::Dispatcher=HASH(0x5559621ee2a0), "forward", ComponentUI=HASH(0x555968ba04f8), "_END") called at /home/sand/src/perl/repoperls/installed-perls/host/k93msid/v5.18.4/f11c/lib/site_perl/5.18.4/Catalyst/Dispatcher.pm line 242
Catalyst::Dispatcher::forward(Catalyst::Dispatcher=HASH(0x5559621ee2a0), ComponentUI=HASH(0x555968ba04f8), "_END") called at /home/sand/src/perl/repoperls/installed-perls/host/k93msid/v5.18.4/f11c/lib/site_perl/5.18.4/Catalyst.pm line 477
Catalyst::forward(ComponentUI=HASH(0x555968ba04f8), "_END") called at /home/sand/src/perl/repoperls/installed-perls/host/k93msid/v5.18.4/f11c/lib/site_perl/5.18.4/Catalyst/Controller.pm line 138
Catalyst::Controller::_DISPATCH(ComponentUI::Controller::Root=HASH(0x555968ba4ee8), ComponentUI=HASH(0x555968ba04f8)) called at /home/sand/src/perl/repoperls/installed-perls/host/k93msid/v5.18.4/f11c/lib/site_perl/5.18.4/Catalyst/Action.pm line 358
Catalyst::Action::execute(Catalyst::Action=HASH(0x555968a029a0), ComponentUI::Controller::Root=HASH(0x555968ba4ee8), ComponentUI=HASH(0x555968ba04f8)) called at /home/sand/src/perl/repoperls/installed-perls/host/k93msid/v5.18.4/f11c/lib/site_perl/5.18.4/Catalyst.pm line 2052
eval {...} called at /home/sand/src/perl/repoperls/installed-perls/host/k93msid/v5.18.4/f11c/lib/site_perl/5.18.4/Catalyst.pm line 2052
Catalyst::execute(ComponentUI=HASH(0x555968ba04f8), "ComponentUI::Controller::Root", Catalyst::Action=HASH(0x555968a029a0)) called at /home/sand/src/perl/repoperls/installed-perls/host/k93msid/v5.18.4/f11c/lib/site_perl/5.18.4/Catalyst/Action.pm line 353
Catalyst::Action::dispatch(Catalyst::Action=HASH(0x555968a029a0), ComponentUI=HASH(0x555968ba04f8)) called at /home/sand/src/perl/repoperls/installed-perls/host/k93msid/v5.18.4/f11c/lib/site_perl/5.18.4/Catalyst/Dispatcher.pm line 262
Catalyst::Dispatcher::_do_forward(Catalyst::Dispatcher=HASH(0x5559621ee2a0), "forward", ComponentUI=HASH(0x555968ba04f8), "//_DISPATCH") called at /home/sand/src/perl/repoperls/installed-perls/host/k93msid/v5.18.4/f11c/lib/site_perl/5.18.4/Catalyst/Dispatcher.pm line 242
Catalyst::Dispatcher::forward(Catalyst::Dispatcher=HASH(0x5559621ee2a0), ComponentUI=HASH(0x555968ba04f8), "//_DISPATCH") called at /home/sand/src/perl/repoperls/installed-perls/host/k93msid/v5.18.4/f11c/lib/site_perl/5.18.4/Catalyst.pm line 477
Catalyst::forward(ComponentUI=HASH(0x555968ba04f8), "//_DISPATCH") called at /home/sand/src/perl/repoperls/installed-perls/host/k93msid/v5.18.4/f11c/lib/site_perl/5.18.4/Catalyst/Dispatcher.pm line 107
Catalyst::Dispatcher::dispatch(Catalyst::Dispatcher=HASH(0x5559621ee2a0), ComponentUI=HASH(0x555968ba04f8)) called at /home/sand/src/perl/repoperls/installed-perls/host/k93msid/v5.18.4/f11c/lib/site_perl/5.18.4/Catalyst.pm line 1998
Catalyst::dispatch(ComponentUI=HASH(0x555968ba04f8)) called at /home/sand/src/perl/repoperls/installed-perls/host/k93msid/v5.18.4/f11c/lib/site_perl/5.18.4/Catalyst/Plugin/Static/Simple.pm line 86
Class::MOP::Class:::around(CODE(0x5559631b4ea8), ComponentUI=HASH(0x555968ba04f8)) called at /home/sand/src/perl/repoperls/installed-perls/host/k93msid/v5.18.4/f11c/lib/site_perl/5.18.4/x86_64-linux-thread-multi/Class/MOP/Method/Wrapped.pm line 164
ComponentUI::_wrapped_dispatch(ComponentUI=HASH(0x555968ba04f8)) called at /home/sand/src/perl/repoperls/installed-perls/host/k93msid/v5.18.4/f11c/lib/site_perl/5.18.4/x86_64-linux-thread-multi/Class/MOP/Method/Wrapped.pm line 95
ComponentUI::dispatch(ComponentUI=HASH(0x555968ba04f8)) called at /home/sand/src/perl/repoperls/installed-perls/host/k93msid/v5.18.4/f11c/lib/site_perl/5.18.4/Catalyst.pm line 2393
Catalyst::try {...} () called at /home/sand/src/perl/repoperls/installed-perls/host/k93msid/v5.18.4/f11c/lib/site_perl/5.18.4/Try/Tiny.pm line 103
eval {...} called at /home/sand/src/perl/repoperls/installed-perls/host/k93msid/v5.18.4/f11c/lib/site_perl/5.18.4/Try/Tiny.pm line 94
Try::Tiny::try(CODE(0x555968bb07f8), Try::Tiny::Catch=REF(0x555968bb0648)) called at /home/sand/src/perl/repoperls/installed-perls/host/k93msid/v5.18.4/f11c/lib/site_perl/5.18.4/Catalyst.pm line 2402
Catalyst::handle_request("ComponentUI", "env", HASH(0x555968badc48), "response_cb", CODE(0x555968bb06a8)) called at /home/sand/src/perl/repoperls/installed-perls/host/k93msid/v5.18.4/f11c/lib/site_perl/5.18.4/Catalyst/Engine.pm line 800
Catalyst::Engine::__ANON__(CODE(0x555968bb06a8)) called at /home/sand/src/perl/repoperls/installed-perls/host/k93msid/v5.18.4/f11c/lib/site_perl/5.18.4/Plack/Middleware/HTTPExceptions.pm line 32
Plack::Middleware::HTTPExceptions::try {...} () called at /home/sand/src/perl/repoperls/installed-perls/host/k93msid/v5.18.4/f11c/lib/site_perl/5.18.4/Try/Tiny.pm line 103
eval {...} called at /home/sand/src/perl/repoperls/installed-perls/host/k93msid/v5.18.4/f11c/lib/site_perl/5.18.4/Try/Tiny.pm line 94
Try::Tiny::try(CODE(0x555968bb04c8), Try::Tiny::Catch=REF(0x555968bae740)) called at /home/sand/src/perl/repoperls/installed-perls/host/k93msid/v5.18.4/f11c/lib/site_perl/5.18.4/Plack/Middleware/HTTPExceptions.pm line 41
Plack::Middleware::HTTPExceptions::__ANON__(CODE(0x555968bb03c0)) called at /home/sand/src/perl/repoperls/installed-perls/host/k93msid/v5.18.4/f11c/lib/site_perl/5.18.4/Plack/Util.pm line 339
Plack::Util::__ANON__(CODE(0x555968bb02b8)) called at /home/sand/src/perl/repoperls/installed-perls/host/k93msid/v5.18.4/f11c/lib/site_perl/5.18.4/Plack/Util.pm line 339
Plack::Util::__ANON__(CODE(0x555968bb01b0)) called at /home/sand/src/perl/repoperls/installed-perls/host/k93msid/v5.18.4/f11c/lib/site_perl/5.18.4/Plack/Util.pm line 339
Plack::Util::__ANON__(CODE(0x555968bb0138)) called at /home/sand/src/perl/repoperls/installed-perls/host/k93msid/v5.18.4/f11c/lib/site_perl/5.18.4/HTTP/Message/PSGI.pm line 100
HTTP::Message::PSGI::res_from_psgi(CODE(0x555968bae5f0)) called at /home/sand/src/perl/repoperls/installed-perls/host/k93msid/v5.18.4/f11c/lib/site_perl/5.18.4/HTTP/Message/PSGI.pm line 156
HTTP::Response::from_psgi("HTTP::Response", CODE(0x555968bae5f0)) called at /home/sand/src/perl/repoperls/installed-perls/host/k93msid/v5.18.4/f11c/lib/site_perl/5.18.4/Plack/Test/MockHTTP.pm line 24
Plack::Test::MockHTTP::try {...} () called at /home/sand/src/perl/repoperls/installed-perls/host/k93msid/v5.18.4/f11c/lib/site_perl/5.18.4/Try/Tiny.pm line 98
eval {...} called at /home/sand/src/perl/repoperls/installed-perls/host/k93msid/v5.18.4/f11c/lib/site_perl/5.18.4/Try/Tiny.pm line 94
Try::Tiny::try(CODE(0x55596077e5a0), Try::Tiny::Catch=REF(0x555968a44f88)) called at /home/sand/src/perl/repoperls/installed-perls/host/k93msid/v5.18.4/f11c/lib/site_perl/5.18.4/Plack/Test/MockHTTP.pm line 27
Plack::Test::MockHTTP::request(Plack::Test::MockHTTP=HASH(0x55596077e438), HTTP::Request=HASH(0x55596077dfb8)) called at /home/sand/src/perl/repoperls/installed-perls/host/k93msid/v5.18.4/f11c/lib/site_perl/5.18.4/Plack/Test.pm line 38
Plack::Test::__ANON__(HTTP::Request=HASH(0x55596077dfb8)) called at /home/sand/src/perl/repoperls/installed-perls/host/k93msid/v5.18.4/f11c/lib/site_perl/5.18.4/Catalyst/Test.pm line 281
Catalyst::Test::__ANON__(CODE(0x55596077e2d0)) called at /home/sand/src/perl/repoperls/installed-perls/host/k93msid/v5.18.4/f11c/lib/site_perl/5.18.4/Plack/Test.pm line 38
Plack::Test::test_psgi("mangle_response", CODE(0x5559621c8740), "app", CODE(0x555968b05ce0), "app", CODE(0x55596077e0f0), "client", CODE(0x55596077e198)) called at /home/sand/src/perl/repoperls/installed-perls/host/k93msid/v5.18.4/f11c/lib/site_perl/5.18.4/Catalyst/Test.pm line 284
Catalyst::Test::_request(HASH(0x555960775730), "/") called at /home/sand/src/perl/repoperls/installed-perls/host/k93msid/v5.18.4/f11c/lib/site_perl/5.18.4/Catalyst/Test.pm line 327
Catalyst::Test::_local_request("ComponentUI", "/") called at /home/sand/src/perl/repoperls/installed-perls/host/k93msid/v5.18.4/f11c/lib/site_perl/5.18.4/Catalyst/Test.pm line 32
Catalyst::Test::__ANON__("/") called at t/01app.t line 10
[debug] remote
t/01app.t ................... ok
t/04load_all.t .............. ok
# Failed test 'Attribute lists match'
# at t/05reflect_attr_from.t line 32.
# Structures begin differing at:
# $got->[0] = 'created_d'
# $expected->[0] = 'username'
# Looks like you failed 1 test of 1.
t/05reflect_attr_from.t .....
Dubious, test returned 1 (wstat 256, 0x100)
Failed 1/1 subtests
Class::MOP::load_class is deprecated at /home/sand/src/perl/repoperls/installed-perls/host/k93msid/v5.18.4/f11c/lib/site_perl/5.18.4/x86_64-linux-thread-multi/Class/MOP.pm line 69.
Class::MOP::load_class("Reaction::InterfaceModel::Object") called at /tmp/loop_over_bdir-16417-XoCvdy/Reaction-0.002005-0/blib/lib/Reaction/InterfaceModel/Reflector/DBIC.pm line 149
Reaction::InterfaceModel::Reflector::DBIC::reflect_schema(Reaction::InterfaceModel::Reflector::DBIC=HASH(0x55794912aab8), "model_class", "ComponentUI::TestModel", "schema_class", "RTest::TestDB", "sources", ARRAY(0x55794964ac70)) called at /tmp/loop_over_bdir-16417-XoCvdy/Reaction-0.002005-0/blib/lib/ComponentUI/TestModel.pm line 10
require ComponentUI/TestModel.pm called at t/lib/RTest/InterfaceModel/Reflector/DBIC.pm line 6
RTest::InterfaceModel::Reflector::DBIC::BEGIN() called at /tmp/loop_over_bdir-16417-XoCvdy/Reaction-0.002005-0/blib/lib/ComponentUI/TestModel.pm line 0
eval {...} called at /tmp/loop_over_bdir-16417-XoCvdy/Reaction-0.002005-0/blib/lib/ComponentUI/TestModel.pm line 0
require RTest/InterfaceModel/Reflector/DBIC.pm called at t/im_dbic.t line 7
main::BEGIN() called at /tmp/loop_over_bdir-16417-XoCvdy/Reaction-0.002005-0/blib/lib/ComponentUI/TestModel.pm line 0
eval {...} called at /tmp/loop_over_bdir-16417-XoCvdy/Reaction-0.002005-0/blib/lib/ComponentUI/TestModel.pm line 0
Class::MOP::load_class is deprecated at /home/sand/src/perl/repoperls/installed-perls/host/k93msid/v5.18.4/f11c/lib/site_perl/5.18.4/x86_64-linux-thread-multi/Class/MOP.pm line 69.
Class::MOP::load_class("Reaction::InterfaceModel::Object") called at /tmp/loop_over_bdir-16417-XoCvdy/Reaction-0.002005-0/blib/lib/Reaction/Class.pm line 123
Reaction::Class::do_class_sub("Reaction::Class", "ComponentUI::TestModel::Foo", "ComponentUI::TestModel::Foo", "is", "Reaction::InterfaceModel::Object", "which", CODE(0x55794a8804b0)) called at /tmp/loop_over_bdir-16417-XoCvdy/Reaction-0.002005-0/blib/lib/Reaction/Class.pm line 86
Reaction::Class::("ComponentUI::TestModel::Foo", "is", "Reaction::InterfaceModel::Object", "which", CODE(0x55794a8804b0)) called at /tmp/loop_over_bdir-16417-XoCvdy/Reaction-0.002005-0/blib/lib/ComponentUI/TestModel/Foo.pm line 8
require ComponentUI/TestModel/Foo.pm called at /home/sand/src/perl/repoperls/installed-perls/host/k93msid/v5.18.4/f11c/lib/site_perl/5.18.4/Module/Runtime.pm line 317
Module::Runtime::require_module("ComponentUI::TestModel::Foo") called at /home/sand/src/perl/repoperls/installed-perls/host/k93msid/v5.18.4/f11c/lib/site_perl/5.18.4/Class/Load.pm line 174
Class::Load::try {...} () called at /home/sand/src/perl/repoperls/installed-perls/host/k93msid/v5.18.4/f11c/lib/site_perl/5.18.4/Try/Tiny.pm line 98
eval {...} called at /home/sand/src/perl/repoperls/installed-perls/host/k93msid/v5.18.4/f11c/lib/site_perl/5.18.4/Try/Tiny.pm line 94
Try::Tiny::try(CODE(0x55794a7e96e0), Try::Tiny::Catch=REF(0x55794a8877e0)) called at /home/sand/src/perl/repoperls/installed-perls/host/k93msid/v5.18.4/f11c/lib/site_perl/5.18.4/Class/Load.pm line 180
Class::Load::try_load_class("ComponentUI::TestModel::Foo", undef) called at /home/sand/src/perl/repoperls/installed-perls/host/k93msid/v5.18.4/f11c/lib/site_perl/5.18.4/Class/Load.pm line 35
Class::Load::load_class("ComponentUI::TestModel::Foo") called at /tmp/loop_over_bdir-16417-XoCvdy/Reaction-0.002005-0/blib/lib/Reaction/InterfaceModel/Reflector/DBIC.pm line 892
eval {...} called at /tmp/loop_over_bdir-16417-XoCvdy/Reaction-0.002005-0/blib/lib/Reaction/InterfaceModel/Reflector/DBIC.pm line 892
Reaction::InterfaceModel::Reflector::DBIC::_maybe_load_class(Reaction::InterfaceModel::Reflector::DBIC=HASH(0x55794912aab8), "ComponentUI::TestModel::Foo") called at /tmp/loop_over_bdir-16417-XoCvdy/Reaction-0.002005-0/blib/lib/Reaction/InterfaceModel/Reflector/DBIC.pm line 876
Reaction::InterfaceModel::Reflector::DBIC::_load_or_create(Reaction::InterfaceModel::Reflector::DBIC=HASH(0x55794912aab8), "ComponentUI::TestModel::Foo", "superclasses", ARRAY(0x55794a832f20)) called at /tmp/loop_over_bdir-16417-XoCvdy/Reaction-0.002005-0/blib/lib/Reaction/InterfaceModel/Reflector/DBIC.pm line 448
Reaction::InterfaceModel::Reflector::DBIC::reflect_source_object(Reaction::InterfaceModel::Reflector::DBIC=HASH(0x55794912aab8), "parent_class", "ComponentUI::TestModel", "schema_class", "RTest::TestDB", "source_class", "RTest::TestDB::Foo", "source_name", ...) called at /tmp/loop_over_bdir-16417-XoCvdy/Reaction-0.002005-0/blib/lib/Reaction/InterfaceModel/Reflector/DBIC.pm line 323
Reaction::InterfaceModel::Reflector::DBIC::reflect_source(Reaction::InterfaceModel::Reflector::DBIC=HASH(0x55794912aab8), "source_name", "Foo", "parent_class", "ComponentUI::TestModel", "schema_class", "RTest::TestDB", "source_class", ...) called at /tmp/loop_over_bdir-16417-XoCvdy/Reaction-0.002005-0/blib/lib/Reaction/InterfaceModel/Reflector/DBIC.pm line 185
Reaction::InterfaceModel::Reflector::DBIC::reflect_schema(Reaction::InterfaceModel::Reflector::DBIC=HASH(0x55794912aab8), "model_class", "ComponentUI::TestModel", "schema_class", "RTest::TestDB", "sources", ARRAY(0x55794964ac70)) called at /tmp/loop_over_bdir-16417-XoCvdy/Reaction-0.002005-0/blib/lib/ComponentUI/TestModel.pm line 10
require ComponentUI/TestModel.pm called at t/lib/RTest/InterfaceModel/Reflector/DBIC.pm line 6
RTest::InterfaceModel::Reflector::DBIC::BEGIN() called at /tmp/loop_over_bdir-16417-XoCvdy/Reaction-0.002005-0/blib/lib/ComponentUI/TestModel/Foo.pm line 0
eval {...} called at /tmp/loop_over_bdir-16417-XoCvdy/Reaction-0.002005-0/blib/lib/ComponentUI/TestModel/Foo.pm line 0
require RTest/InterfaceModel/Reflector/DBIC.pm called at t/im_dbic.t line 7
main::BEGIN() called at /tmp/loop_over_bdir-16417-XoCvdy/Reaction-0.002005-0/blib/lib/ComponentUI/TestModel/Foo.pm line 0
eval {...} called at /tmp/loop_over_bdir-16417-XoCvdy/Reaction-0.002005-0/blib/lib/ComponentUI/TestModel/Foo.pm line 0
Class::MOP::is_class_loaded is deprecated at /home/sand/src/perl/repoperls/installed-perls/host/k93msid/v5.18.4/f11c/lib/site_perl/5.18.4/x86_64-linux-thread-multi/Class/MOP.pm line 87.
Class::MOP::is_class_loaded("RTest::TestIM::Foo") called at t/lib/RTest/InterfaceModel/Reflector/DBIC.pm line 74
RTest::InterfaceModel::Reflector::DBIC::test_reflect_schema(RTest::InterfaceModel::Reflector::DBIC=HASH(0x55794ac66218)) called at /home/sand/src/perl/repoperls/installed-perls/host/k93msid/v5.18.4/f11c/lib/site_perl/5.18.4/Test/Class.pm line 293
Test::Class::try {...} () called at /home/sand/src/perl/repoperls/installed-perls/host/k93msid/v5.18.4/f11c/lib/site_perl/5.18.4/Try/Tiny.pm line 98
eval {...} called at /home/sand/src/perl/repoperls/installed-perls/host/k93msid/v5.18.4/f11c/lib/site_perl/5.18.4/Try/Tiny.pm line 94
Try::Tiny::try(CODE(0x55794c16e498), Try::Tiny::Catch=REF(0x55794c0d4460)) called at /home/sand/src/perl/repoperls/installed-perls/host/k93msid/v5.18.4/f11c/lib/site_perl/5.18.4/Test/Class.pm line 293
Test::Class::_run_method(RTest::InterfaceModel::Reflector::DBIC=HASH(0x55794ac66218), "test_reflect_schema", ARRAY(0x5579476beaf8)) called at /home/sand/src/perl/repoperls/installed-perls/host/k93msid/v5.18.4/f11c/lib/site_perl/5.18.4/Test/Class.pm line 395
Test::Class::runtests("Test::Class", RTest::InterfaceModel::Reflector::DBIC=HASH(0x55794ac66218)) called at t/im_dbic.t line 10
t/im_dbic.t ................. ok
t/ui_focus_stack.t .......... ok
t/ui_view.t ................. ok
t/ui_viewport.t ............. ok
defined(%hash) is deprecated at /home/sand/src/perl/repoperls/installed-perls/host/k93msid/v5.18.4/f11c/lib/5.18.4/I18N/LangTags/Detect.pm line 140.
(Maybe you should just omit the defined()?)
defined(@array) is deprecated at /home/sand/src/perl/repoperls/installed-perls/host/k93msid/v5.18.4/f11c/lib/5.18.4/I18N/LangTags/Detect.pm line 140.
(Maybe you should just omit the defined()?)
Class::MOP::load_class is deprecated at /home/sand/src/perl/repoperls/installed-perls/host/k93msid/v5.18.4/f11c/lib/site_perl/5.18.4/x86_64-linux-thread-multi/Class/MOP.pm line 69.
Class::MOP::load_class("ComponentUI::TestModel") called at /tmp/loop_over_bdir-16417-XoCvdy/Reaction-0.002005-0/blib/lib/Catalyst/Model/Reaction/InterfaceModel/DBIC.pm line 24
Catalyst::Model::Reaction::InterfaceModel::DBIC::COMPONENT("ComponentUI::Model::TestModel", "ComponentUI", HASH(0x55bca2b7add0)) called at /home/sand/src/perl/repoperls/installed-perls/host/k93msid/v5.18.4/f11c/lib/site_perl/5.18.4/Catalyst.pm line 3215
eval {...} called at /home/sand/src/perl/repoperls/installed-perls/host/k93msid/v5.18.4/f11c/lib/site_perl/5.18.4/Catalyst.pm line 3216
Catalyst::setup_component("ComponentUI", "ComponentUI::Model::TestModel") called at /home/sand/src/perl/repoperls/installed-perls/host/k93msid/v5.18.4/f11c/lib/site_perl/5.18.4/Catalyst.pm line 3193
Catalyst::__ANON__() called at /home/sand/src/perl/repoperls/installed-perls/host/k93msid/v5.18.4/f11c/lib/site_perl/5.18.4/Catalyst.pm line 3039
Catalyst::setup_components("ComponentUI") called at /home/sand/src/perl/repoperls/installed-perls/host/k93msid/v5.18.4/f11c/lib/site_perl/5.18.4/Catalyst.pm line 1422
Catalyst::setup("ComponentUI") called at /tmp/loop_over_bdir-16417-XoCvdy/Reaction-0.002005-0/blib/lib/ComponentUI.pm line 32
require ComponentUI.pm called at /home/sand/src/perl/repoperls/installed-perls/host/k93msid/v5.18.4/f11c/lib/site_perl/5.18.4/Module/Runtime.pm line 317
Module::Runtime::require_module("ComponentUI") called at /home/sand/src/perl/repoperls/installed-perls/host/k93msid/v5.18.4/f11c/lib/site_perl/5.18.4/Class/Load.pm line 174
Class::Load::try {...} () called at /home/sand/src/perl/repoperls/installed-perls/host/k93msid/v5.18.4/f11c/lib/site_perl/5.18.4/Try/Tiny.pm line 98
eval {...} called at /home/sand/src/perl/repoperls/installed-perls/host/k93msid/v5.18.4/f11c/lib/site_perl/5.18.4/Try/Tiny.pm line 94
Try::Tiny::try(CODE(0x55bc9d8b0aa8), Try::Tiny::Catch=REF(0x55bc9d8e1780)) called at /home/sand/src/perl/repoperls/installed-perls/host/k93msid/v5.18.4/f11c/lib/site_perl/5.18.4/Class/Load.pm line 180
Class::Load::try_load_class("ComponentUI", undef) called at /home/sand/src/perl/repoperls/installed-perls/host/k93msid/v5.18.4/f11c/lib/site_perl/5.18.4/Class/Load.pm line 35
Class::Load::load_class("ComponentUI") called at /home/sand/src/perl/repoperls/installed-perls/host/k93msid/v5.18.4/f11c/lib/site_perl/5.18.4/Test/WWW/Mechanize/Catalyst.pm line 245
Test::WWW::Mechanize::Catalyst::import("Test::WWW::Mechanize::Catalyst", "ComponentUI") called at t/uncheck_bool_field.t line 6
main::BEGIN() called at /tmp/loop_over_bdir-16417-XoCvdy/Reaction-0.002005-0/blib/lib/ComponentUI.pm line 0
eval {...} called at /tmp/loop_over_bdir-16417-XoCvdy/Reaction-0.002005-0/blib/lib/ComponentUI.pm line 0
Class::MOP::load_class is deprecated at /home/sand/src/perl/repoperls/installed-perls/host/k93msid/v5.18.4/f11c/lib/site_perl/5.18.4/x86_64-linux-thread-multi/Class/MOP.pm line 69.
Class::MOP::load_class("Reaction::InterfaceModel::Object") called at /tmp/loop_over_bdir-16417-XoCvdy/Reaction-0.002005-0/blib/lib/Reaction/InterfaceModel/Reflector/DBIC.pm line 149
Reaction::InterfaceModel::Reflector::DBIC::reflect_schema(Reaction::InterfaceModel::Reflector::DBIC=HASH(0x55bca38cd3f0), "model_class", "ComponentUI::TestModel", "schema_class", "RTest::TestDB", "sources", ARRAY(0x55bca3931520)) called at /tmp/loop_over_bdir-16417-XoCvdy/Reaction-0.002005-0/blib/lib/ComponentUI/TestModel.pm line 10
require ComponentUI/TestModel.pm called at /home/sand/src/perl/repoperls/installed-perls/host/k93msid/v5.18.4/f11c/lib/site_perl/5.18.4/Module/Runtime.pm line 317
Module::Runtime::require_module("ComponentUI::TestModel") called at /home/sand/src/perl/repoperls/installed-perls/host/k93msid/v5.18.4/f11c/lib/site_perl/5.18.4/Class/Load.pm line 174
Class::Load::try {...} () called at /home/sand/src/perl/repoperls/installed-perls/host/k93msid/v5.18.4/f11c/lib/site_perl/5.18.4/Try/Tiny.pm line 98
eval {...} called at /home/sand/src/perl/repoperls/installed-perls/host/k93msid/v5.18.4/f11c/lib/site_perl/5.18.4/Try/Tiny.pm line 94
Try::Tiny::try(CODE(0x55bca3406df0), Try::Tiny::Catch=REF(0x55bca3305330)) called at /home/sand/src/perl/repoperls/installed-perls/host/k93msid/v5.18.4/f11c/lib/site_perl/5.18.4/Class/Load.pm line 180
Class::Load::try_load_class("ComponentUI::TestModel", undef) called at /home/sand/src/perl/repoperls/installed-perls/host/k93msid/v5.18.4/f11c/lib/site_perl/5.18.4/Class/Load.pm line 35
Class::Load::load_class("ComponentUI::TestModel") called at /tmp/loop_over_bdir-16417-XoCvdy/Reaction-0.002005-0/blib/lib/Catalyst/Model/Reaction/InterfaceModel/DBIC.pm line 24
Catalyst::Model::Reaction::InterfaceModel::DBIC::COMPONENT("ComponentUI::Model::TestModel", "ComponentUI", HASH(0x55bca2b7add0)) called at /home/sand/src/perl/repoperls/installed-perls/host/k93msid/v5.18.4/f11c/lib/site_perl/5.18.4/Catalyst.pm line 3215
eval {...} called at /home/sand/src/perl/repoperls/installed-perls/host/k93msid/v5.18.4/f11c/lib/site_perl/5.18.4/Catalyst.pm line 3216
Catalyst::setup_component("ComponentUI", "ComponentUI::Model::TestModel") called at /home/sand/src/perl/repoperls/installed-perls/host/k93msid/v5.18.4/f11c/lib/site_perl/5.18.4/Catalyst.pm line 3193
Catalyst::__ANON__() called at /home/sand/src/perl/repoperls/installed-perls/host/k93msid/v5.18.4/f11c/lib/site_perl/5.18.4/Catalyst.pm line 3039
Catalyst::setup_components("ComponentUI") called at /home/sand/src/perl/repoperls/installed-perls/host/k93msid/v5.18.4/f11c/lib/site_perl/5.18.4/Catalyst.pm line 1422
Catalyst::setup("ComponentUI") called at /tmp/loop_over_bdir-16417-XoCvdy/Reaction-0.002005-0/blib/lib/ComponentUI.pm line 32
require ComponentUI.pm called at /home/sand/src/perl/repoperls/installed-perls/host/k93msid/v5.18.4/f11c/lib/site_perl/5.18.4/Module/Runtime.pm line 317
Module::Runtime::require_module("ComponentUI") called at /home/sand/src/perl/repoperls/installed-perls/host/k93msid/v5.18.4/f11c/lib/site_perl/5.18.4/Class/Load.pm line 174
Class::Load::try {...} () called at /home/sand/src/perl/repoperls/installed-perls/host/k93msid/v5.18.4/f11c/lib/site_perl/5.18.4/Try/Tiny.pm line 98
eval {...} called at /home/sand/src/perl/repoperls/installed-perls/host/k93msid/v5.18.4/f11c/lib/site_perl/5.18.4/Try/Tiny.pm line 94
Try::Tiny::try(CODE(0x55bc9d8b0aa8), Try::Tiny::Catch=REF(0x55bc9d8e1780)) called at /home/sand/src/perl/repoperls/installed-perls/host/k93msid/v5.18.4/f11c/lib/site_perl/5.18.4/Class/Load.pm line 180
Class::Load::try_load_class("ComponentUI", undef) called at /home/sand/src/perl/repoperls/installed-perls/host/k93msid/v5.18.4/f11c/lib/site_perl/5.18.4/Class/Load.pm line 35
Class::Load::load_class("ComponentUI") called at /home/sand/src/perl/repoperls/installed-perls/host/k93msid/v5.18.4/f11c/lib/site_perl/5.18.4/Test/WWW/Mechanize/Catalyst.pm line 245
Test::WWW::Mechanize::Catalyst::import("Test::WWW::Mechanize::Catalyst", "ComponentUI") called at t/uncheck_bool_field.t line 6
main::BEGIN() called at /tmp/loop_over_bdir-16417-XoCvdy/Reaction-0.002005-0/blib/lib/ComponentUI/TestModel.pm line 0
eval {...} called at /tmp/loop_over_bdir-16417-XoCvdy/Reaction-0.002005-0/blib/lib/ComponentUI/TestModel.pm line 0
Class::MOP::load_class is deprecated at /home/sand/src/perl/repoperls/installed-perls/host/k93msid/v5.18.4/f11c/lib/site_perl/5.18.4/x86_64-linux-thread-multi/Class/MOP.pm line 69.
Class::MOP::load_class("Reaction::InterfaceModel::Object") called at /tmp/loop_over_bdir-16417-XoCvdy/Reaction-0.002005-0/blib/lib/Reaction/Class.pm line 123
Reaction::Class::do_class_sub("Reaction::Class", "ComponentUI::TestModel::Foo", "ComponentUI::TestModel::Foo", "is", "Reaction::InterfaceModel::Object", "which", CODE(0x55bca3cc5948)) called at /tmp/loop_over_bdir-16417-XoCvdy/Reaction-0.002005-0/blib/lib/Reaction/Class.pm line 86
Reaction::Class::("ComponentUI::TestModel::Foo", "is", "Reaction::InterfaceModel::Object", "which", CODE(0x55bca3cc5948)) called at /tmp/loop_over_bdir-16417-XoCvdy/Reaction-0.002005-0/blib/lib/ComponentUI/TestModel/Foo.pm line 8
require ComponentUI/TestModel/Foo.pm called at /home/sand/src/perl/repoperls/installed-perls/host/k93msid/v5.18.4/f11c/lib/site_perl/5.18.4/Module/Runtime.pm line 317
Module::Runtime::require_module("ComponentUI::TestModel::Foo") called at /home/sand/src/perl/repoperls/installed-perls/host/k93msid/v5.18.4/f11c/lib/site_perl/5.18.4/Class/Load.pm line 174
Class::Load::try {...} () called at /home/sand/src/perl/repoperls/installed-perls/host/k93msid/v5.18.4/f11c/lib/site_perl/5.18.4/Try/Tiny.pm line 98
eval {...} called at /home/sand/src/perl/repoperls/installed-perls/host/k93msid/v5.18.4/f11c/lib/site_perl/5.18.4/Try/Tiny.pm line 94
Try::Tiny::try(CODE(0x55bca3c1fc38), Try::Tiny::Catch=REF(0x55bca3c717a8)) called at /home/sand/src/perl/repoperls/installed-perls/host/k93msid/v5.18.4/f11c/lib/site_perl/5.18.4/Class/Load.pm line 180
Class::Load::try_load_class("ComponentUI::TestModel::Foo", undef) called at /home/sand/src/perl/repoperls/installed-perls/host/k93msid/v5.18.4/f11c/lib/site_perl/5.18.4/Class/Load.pm line 35
Class::Load::load_class("ComponentUI::TestModel::Foo") called at /tmp/loop_over_bdir-16417-XoCvdy/Reaction-0.002005-0/blib/lib/Reaction/InterfaceModel/Reflector/DBIC.pm line 892
eval {...} called at /tmp/loop_over_bdir-16417-XoCvdy/Reaction-0.002005-0/blib/lib/Reaction/InterfaceModel/Reflector/DBIC.pm line 892
Reaction::InterfaceModel::Reflector::DBIC::_maybe_load_class(Reaction::InterfaceModel::Reflector::DBIC=HASH(0x55bca38cd3f0), "ComponentUI::TestModel::Foo") called at /tmp/loop_over_bdir-16417-XoCvdy/Reaction-0.002005-0/blib/lib/Reaction/InterfaceModel/Reflector/DBIC.pm line 876
Reaction::InterfaceModel::Reflector::DBIC::_load_or_create(Reaction::InterfaceModel::Reflector::DBIC=HASH(0x55bca38cd3f0), "ComponentUI::TestModel::Foo", "superclasses", ARRAY(0x55bca3be9dd8)) called at /tmp/loop_over_bdir-16417-XoCvdy/Reaction-0.002005-0/blib/lib/Reaction/InterfaceModel/Reflector/DBIC.pm line 448
Reaction::InterfaceModel::Reflector::DBIC::reflect_source_object(Reaction::InterfaceModel::Reflector::DBIC=HASH(0x55bca38cd3f0), "source_name", "Foo", "source_class", "RTest::TestDB::Foo", "parent_class", "ComponentUI::TestModel", "schema_class", ...) called at /tmp/loop_over_bdir-16417-XoCvdy/Reaction-0.002005-0/blib/lib/Reaction/InterfaceModel/Reflector/DBIC.pm line 323
Reaction::InterfaceModel::Reflector::DBIC::reflect_source(Reaction::InterfaceModel::Reflector::DBIC=HASH(0x55bca38cd3f0), "source_name", "Foo", "parent_class", "ComponentUI::TestModel", "schema_class", "RTest::TestDB", "source_class", ...) called at /tmp/loop_over_bdir-16417-XoCvdy/Reaction-0.002005-0/blib/lib/Reaction/InterfaceModel/Reflector/DBIC.pm line 185
Reaction::InterfaceModel::Reflector::DBIC::reflect_schema(Reaction::InterfaceModel::Reflector::DBIC=HASH(0x55bca38cd3f0), "model_class", "ComponentUI::TestModel", "schema_class", "RTest::TestDB", "sources", ARRAY(0x55bca3931520)) called at /tmp/loop_over_bdir-16417-XoCvdy/Reaction-0.002005-0/blib/lib/ComponentUI/TestModel.pm line 10
require ComponentUI/TestModel.pm called at /home/sand/src/perl/repoperls/installed-perls/host/k93msid/v5.18.4/f11c/lib/site_perl/5.18.4/Module/Runtime.pm line 317
Module::Runtime::require_module("ComponentUI::TestModel") called at /home/sand/src/perl/repoperls/installed-perls/host/k93msid/v5.18.4/f11c/lib/site_perl/5.18.4/Class/Load.pm line 174
Class::Load::try {...} () called at /home/sand/src/perl/repoperls/installed-perls/host/k93msid/v5.18.4/f11c/lib/site_perl/5.18.4/Try/Tiny.pm line 98
eval {...} called at /home/sand/src/perl/repoperls/installed-perls/host/k93msid/v5.18.4/f11c/lib/site_perl/5.18.4/Try/Tiny.pm line 94
Try::Tiny::try(CODE(0x55bca3406df0), Try::Tiny::Catch=REF(0x55bca3305330)) called at /home/sand/src/perl/repoperls/installed-perls/host/k93msid/v5.18.4/f11c/lib/site_perl/5.18.4/Class/Load.pm line 180
Class::Load::try_load_class("ComponentUI::TestModel", undef) called at /home/sand/src/perl/repoperls/installed-perls/host/k93msid/v5.18.4/f11c/lib/site_perl/5.18.4/Class/Load.pm line 35
Class::Load::load_class("ComponentUI::TestModel") called at /tmp/loop_over_bdir-16417-XoCvdy/Reaction-0.002005-0/blib/lib/Catalyst/Model/Reaction/InterfaceModel/DBIC.pm line 24
Catalyst::Model::Reaction::InterfaceModel::DBIC::COMPONENT("ComponentUI::Model::TestModel", "ComponentUI", HASH(0x55bca2b7add0)) called at /home/sand/src/perl/repoperls/installed-perls/host/k93msid/v5.18.4/f11c/lib/site_perl/5.18.4/Catalyst.pm line 3215
eval {...} called at /home/sand/src/perl/repoperls/installed-perls/host/k93msid/v5.18.4/f11c/lib/site_perl/5.18.4/Catalyst.pm line 3216
Catalyst::setup_component("ComponentUI", "ComponentUI::Model::TestModel") called at /home/sand/src/perl/repoperls/installed-perls/host/k93msid/v5.18.4/f11c/lib/site_perl/5.18.4/Catalyst.pm line 3193
Catalyst::__ANON__() called at /home/sand/src/perl/repoperls/installed-perls/host/k93msid/v5.18.4/f11c/lib/site_perl/5.18.4/Catalyst.pm line 3039
Catalyst::setup_components("ComponentUI") called at /home/sand/src/perl/repoperls/installed-perls/host/k93msid/v5.18.4/f11c/lib/site_perl/5.18.4/Catalyst.pm line 1422
Catalyst::setup("ComponentUI") called at /tmp/loop_over_bdir-16417-XoCvdy/Reaction-0.002005-0/blib/lib/ComponentUI.pm line 32
require ComponentUI.pm called at /home/sand/src/perl/repoperls/installed-perls/host/k93msid/v5.18.4/f11c/lib/site_perl/5.18.4/Module/Runtime.pm line 317
Module::Runtime::require_module("ComponentUI") called at /home/sand/src/perl/repoperls/installed-perls/host/k93msid/v5.18.4/f11c/lib/site_perl/5.18.4/Class/Load.pm line 174
Class::Load::try {...} () called at /home/sand/src/perl/repoperls/installed-perls/host/k93msid/v5.18.4/f11c/lib/site_perl/5.18.4/Try/Tiny.pm line 98
eval {...} called at /home/sand/src/perl/repoperls/installed-perls/host/k93msid/v5.18.4/f11c/lib/site_perl/5.18.4/Try/Tiny.pm line 94
Try::Tiny::try(CODE(0x55bc9d8b0aa8), Try::Tiny::Catch=REF(0x55bc9d8e1780)) called at /home/sand/src/perl/repoperls/installed-perls/host/k93msid/v5.18.4/f11c/lib/site_perl/5.18.4/Class/Load.pm line 180
Class::Load::try_load_class("ComponentUI", undef) called at /home/sand/src/perl/repoperls/installed-perls/host/k93msid/v5.18.4/f11c/lib/site_perl/5.18.4/Class/Load.pm line 35
Class::Load::load_class("ComponentUI") called at /home/sand/src/perl/repoperls/installed-perls/host/k93msid/v5.18.4/f11c/lib/site_perl/5.18.4/Test/WWW/Mechanize/Catalyst.pm line 245
Test::WWW::Mechanize::Catalyst::import("Test::WWW::Mechanize::Catalyst", "ComponentUI") called at t/uncheck_bool_field.t line 6
main::BEGIN() called at /tmp/loop_over_bdir-16417-XoCvdy/Reaction-0.002005-0/blib/lib/ComponentUI/TestModel/Foo.pm line 0
eval {...} called at /tmp/loop_over_bdir-16417-XoCvdy/Reaction-0.002005-0/blib/lib/ComponentUI/TestModel/Foo.pm line 0
Class::MOP::load_class is deprecated at /home/sand/src/perl/repoperls/installed-perls/host/k93msid/v5.18.4/f11c/lib/site_perl/5.18.4/x86_64-linux-thread-multi/Class/MOP.pm line 69.
Class::MOP::load_class("ComponentUI::RenderingContext::Site") called at /tmp/loop_over_bdir-16417-XoCvdy/Reaction-0.002005-0/blib/lib/Reaction/UI/View.pm line 125
eval {...} called at /tmp/loop_over_bdir-16417-XoCvdy/Reaction-0.002005-0/blib/lib/Reaction/UI/View.pm line 125
Reaction::UI::View::find_related_class(ComponentUI::View::Site=HASH(0x55bc9fe6edd8), "RenderingContext") called at /tmp/loop_over_bdir-16417-XoCvdy/Reaction-0.002005-0/blib/lib/Reaction/UI/View.pm line 43
Reaction::UI::View::_build_rendering_context_class(ComponentUI::View::Site=HASH(0x55bc9fe6edd8)) called at reader Reaction::UI::View::rendering_context_class (defined at /tmp/loop_over_bdir-16417-XoCvdy/Reaction-0.002005-0/blib/lib/Reaction/UI/View.pm line 29) line 7
Reaction::UI::View::rendering_context_class(ComponentUI::View::Site=HASH(0x55bc9fe6edd8)) called at /tmp/loop_over_bdir-16417-XoCvdy/Reaction-0.002005-0/blib/lib/Reaction/UI/View.pm line 134
Reaction::UI::View::create_rendering_context(ComponentUI::View::Site=HASH(0x55bc9fe6edd8)) called at /tmp/loop_over_bdir-16417-XoCvdy/Reaction-0.002005-0/blib/lib/Reaction/UI/View.pm line 60
Reaction::UI::View::render_window(ComponentUI::View::Site=HASH(0x55bc9fe6edd8), Reaction::UI::Window=HASH(0x55bca42d4180)) called at /tmp/loop_over_bdir-16417-XoCvdy/Reaction-0.002005-0/blib/lib/Reaction/UI/Window.pm line 74
Reaction::UI::Window::flush_view(Reaction::UI::Window=HASH(0x55bca42d4180)) called at /tmp/loop_over_bdir-16417-XoCvdy/Reaction-0.002005-0/blib/lib/Reaction/UI/Window.pm line 36
Reaction::UI::Window::flush(Reaction::UI::Window=HASH(0x55bca42d4180)) called at /tmp/loop_over_bdir-16417-XoCvdy/Reaction-0.002005-0/blib/lib/Reaction/UI/Controller/Root.pm line 38
Reaction::UI::Controller::Root::end(ComponentUI::Controller::Root=HASH(0x55bca42d42a0), ComponentUI=HASH(0x55bca4293090)) called at /home/sand/src/perl/repoperls/installed-perls/host/k93msid/v5.18.4/f11c/lib/site_perl/5.18.4/Catalyst/Action.pm line 358
Catalyst::Action::execute(Catalyst::Action=HASH(0x55bca3fe1de8), ComponentUI::Controller::Root=HASH(0x55bca42d42a0), ComponentUI=HASH(0x55bca4293090)) called at /home/sand/src/perl/repoperls/installed-perls/host/k93msid/v5.18.4/f11c/lib/site_perl/5.18.4/Catalyst.pm line 2052
eval {...} called at /home/sand/src/perl/repoperls/installed-perls/host/k93msid/v5.18.4/f11c/lib/site_perl/5.18.4/Catalyst.pm line 2052
Catalyst::execute(ComponentUI=HASH(0x55bca4293090), "ComponentUI::Controller::Root", Catalyst::Action=HASH(0x55bca3fe1de8)) called at /home/sand/src/perl/repoperls/installed-perls/host/k93msid/v5.18.4/f11c/lib/site_perl/5.18.4/Catalyst/Action.pm line 353
Catalyst::Action::dispatch(Catalyst::Action=HASH(0x55bca3fe1de8), ComponentUI=HASH(0x55bca4293090)) called at /home/sand/src/perl/repoperls/installed-perls/host/k93msid/v5.18.4/f11c/lib/site_perl/5.18.4/Catalyst/Controller.pm line 189
Catalyst::Controller::_END(ComponentUI::Controller::TestModel::Baz=HASH(0x55bca4298480), ComponentUI=HASH(0x55bca4293090)) called at /home/sand/src/perl/repoperls/installed-perls/host/k93msid/v5.18.4/f11c/lib/site_perl/5.18.4/Catalyst/Action.pm line 358
Catalyst::Action::execute(Catalyst::Action=HASH(0x55bca4022ae8), ComponentUI::Controller::TestModel::Baz=HASH(0x55bca4298480), ComponentUI=HASH(0x55bca4293090)) called at /home/sand/src/perl/repoperls/installed-perls/host/k93msid/v5.18.4/f11c/lib/site_perl/5.18.4/Catalyst.pm line 2052
eval {...} called at /home/sand/src/perl/repoperls/installed-perls/host/k93msid/v5.18.4/f11c/lib/site_perl/5.18.4/Catalyst.pm line 2052
Catalyst::execute(ComponentUI=HASH(0x55bca4293090), "ComponentUI::Controller::TestModel::Baz", Catalyst::Action=HASH(0x55bca4022ae8)) called at /home/sand/src/perl/repoperls/installed-perls/host/k93msid/v5.18.4/f11c/lib/site_perl/5.18.4/Catalyst/Action.pm line 353
Catalyst::Action::dispatch(Catalyst::Action=HASH(0x55bca4022ae8), ComponentUI=HASH(0x55bca4293090)) called at /home/sand/src/perl/repoperls/installed-perls/host/k93msid/v5.18.4/f11c/lib/site_perl/5.18.4/Catalyst/Dispatcher.pm line 262
Catalyst::Dispatcher::_do_forward(Catalyst::Dispatcher=HASH(0x55bc9c96ac00), "forward", ComponentUI=HASH(0x55bca4293090), "_END") called at /home/sand/src/perl/repoperls/installed-perls/host/k93msid/v5.18.4/f11c/lib/site_perl/5.18.4/Catalyst/Dispatcher.pm line 242
Catalyst::Dispatcher::forward(Catalyst::Dispatcher=HASH(0x55bc9c96ac00), ComponentUI=HASH(0x55bca4293090), "_END") called at /home/sand/src/perl/repoperls/installed-perls/host/k93msid/v5.18.4/f11c/lib/site_perl/5.18.4/Catalyst.pm line 477
Catalyst::forward(ComponentUI=HASH(0x55bca4293090), "_END") called at /home/sand/src/perl/repoperls/installed-perls/host/k93msid/v5.18.4/f11c/lib/site_perl/5.18.4/Catalyst/Controller.pm line 138
Catalyst::Controller::_DISPATCH(ComponentUI::Controller::TestModel::Baz=HASH(0x55bca4298480), ComponentUI=HASH(0x55bca4293090)) called at /home/sand/src/perl/repoperls/installed-perls/host/k93msid/v5.18.4/f11c/lib/site_perl/5.18.4/Catalyst/Action.pm line 358
Catalyst::Action::execute(Catalyst::Action=HASH(0x55bca4023640), ComponentUI::Controller::TestModel::Baz=HASH(0x55bca4298480), ComponentUI=HASH(0x55bca4293090)) called at /home/sand/src/perl/repoperls/installed-perls/host/k93msid/v5.18.4/f11c/lib/site_perl/5.18.4/Catalyst.pm line 2052
eval {...} called at /home/sand/src/perl/repoperls/installed-perls/host/k93msid/v5.18.4/f11c/lib/site_perl/5.18.4/Catalyst.pm line 2052
Catalyst::execute(ComponentUI=HASH(0x55bca4293090), "ComponentUI::Controller::TestModel::Baz", Catalyst::Action=HASH(0x55bca4023640)) called at /home/sand/src/perl/repoperls/installed-perls/host/k93msid/v5.18.4/f11c/lib/site_perl/5.18.4/Catalyst/Action.pm line 353
Catalyst::Action::dispatch(Catalyst::Action=HASH(0x55bca4023640), ComponentUI=HASH(0x55bca4293090)) called at /home/sand/src/perl/repoperls/installed-perls/host/k93msid/v5.18.4/f11c/lib/site_perl/5.18.4/Catalyst/Dispatcher.pm line 262
Catalyst::Dispatcher::_do_forward(Catalyst::Dispatcher=HASH(0x55bc9c96ac00), "forward", ComponentUI=HASH(0x55bca4293090), "/testmodel/baz/_DISPATCH") called at /home/sand/src/perl/repoperls/installed-perls/host/k93msid/v5.18.4/f11c/lib/site_perl/5.18.4/Catalyst/Dispatcher.pm line 242
Catalyst::Dispatcher::forward(Catalyst::Dispatcher=HASH(0x55bc9c96ac00), ComponentUI=HASH(0x55bca4293090), "/testmodel/baz/_DISPATCH") called at /home/sand/src/perl/repoperls/installed-perls/host/k93msid/v5.18.4/f11c/lib/site_perl/5.18.4/Catalyst.pm line 477
Catalyst::forward(ComponentUI=HASH(0x55bca4293090), "/testmodel/baz/_DISPATCH") called at /home/sand/src/perl/repoperls/installed-perls/host/k93msid/v5.18.4/f11c/lib/site_perl/5.18.4/Catalyst/Dispatcher.pm line 107
Catalyst::Dispatcher::dispatch(Catalyst::Dispatcher=HASH(0x55bc9c96ac00), ComponentUI=HASH(0x55bca4293090)) called at /home/sand/src/perl/repoperls/installed-perls/host/k93msid/v5.18.4/f11c/lib/site_perl/5.18.4/Catalyst.pm line 1998
Catalyst::dispatch(ComponentUI=HASH(0x55bca4293090)) called at /home/sand/src/perl/repoperls/installed-perls/host/k93msid/v5.18.4/f11c/lib/site_perl/5.18.4/Catalyst/Plugin/Static/Simple.pm line 86
Class::MOP::Class:::around(CODE(0x55bc9e7c3258), ComponentUI=HASH(0x55bca4293090)) called at /home/sand/src/perl/repoperls/installed-perls/host/k93msid/v5.18.4/f11c/lib/site_perl/5.18.4/x86_64-linux-thread-multi/Class/MOP/Method/Wrapped.pm line 164
ComponentUI::_wrapped_dispatch(ComponentUI=HASH(0x55bca4293090)) called at /home/sand/src/perl/repoperls/installed-perls/host/k93msid/v5.18.4/f11c/lib/site_perl/5.18.4/x86_64-linux-thread-multi/Class/MOP/Method/Wrapped.pm line 95
ComponentUI::dispatch(ComponentUI=HASH(0x55bca4293090)) called at /home/sand/src/perl/repoperls/installed-perls/host/k93msid/v5.18.4/f11c/lib/site_perl/5.18.4/Catalyst.pm line 2393
Catalyst::try {...} () called at /home/sand/src/perl/repoperls/installed-perls/host/k93msid/v5.18.4/f11c/lib/site_perl/5.18.4/Try/Tiny.pm line 103
eval {...} called at /home/sand/src/perl/repoperls/installed-perls/host/k93msid/v5.18.4/f11c/lib/site_perl/5.18.4/Try/Tiny.pm line 94
Try::Tiny::try(CODE(0x55bca428f640), Try::Tiny::Catch=REF(0x55bca428f490)) called at /home/sand/src/perl/repoperls/installed-perls/host/k93msid/v5.18.4/f11c/lib/site_perl/5.18.4/Catalyst.pm line 2402
Catalyst::handle_request("ComponentUI", "env", HASH(0x55bca429dc40), "response_cb", CODE(0x55bca428f4f0)) called at /home/sand/src/perl/repoperls/installed-perls/host/k93msid/v5.18.4/f11c/lib/site_perl/5.18.4/Catalyst/Engine.pm line 800
Catalyst::Engine::__ANON__(CODE(0x55bca428f4f0)) called at /home/sand/src/perl/repoperls/installed-perls/host/k93msid/v5.18.4/f11c/lib/site_perl/5.18.4/Plack/Middleware/HTTPExceptions.pm line 32
Plack::Middleware::HTTPExceptions::try {...} () called at /home/sand/src/perl/repoperls/installed-perls/host/k93msid/v5.18.4/f11c/lib/site_perl/5.18.4/Try/Tiny.pm line 103
eval {...} called at /home/sand/src/perl/repoperls/installed-perls/host/k93msid/v5.18.4/f11c/lib/site_perl/5.18.4/Try/Tiny.pm line 94
Try::Tiny::try(CODE(0x55bca428f310), Try::Tiny::Catch=REF(0x55bca428e7a0)) called at /home/sand/src/perl/repoperls/installed-perls/host/k93msid/v5.18.4/f11c/lib/site_perl/5.18.4/Plack/Middleware/HTTPExceptions.pm line 41
Plack::Middleware::HTTPExceptions::__ANON__(CODE(0x55bca428f208)) called at /home/sand/src/perl/repoperls/installed-perls/host/k93msid/v5.18.4/f11c/lib/site_perl/5.18.4/Plack/Util.pm line 339
Plack::Util::__ANON__(CODE(0x55bca428f100)) called at /home/sand/src/perl/repoperls/installed-perls/host/k93msid/v5.18.4/f11c/lib/site_perl/5.18.4/Plack/Util.pm line 339
Plack::Util::__ANON__(CODE(0x55bca428eff8)) called at /home/sand/src/perl/repoperls/installed-perls/host/k93msid/v5.18.4/f11c/lib/site_perl/5.18.4/Plack/Util.pm line 339
Plack::Util::__ANON__(CODE(0x55bca428ef80)) called at /home/sand/src/perl/repoperls/installed-perls/host/k93msid/v5.18.4/f11c/lib/site_perl/5.18.4/HTTP/Message/PSGI.pm line 100
HTTP::Message::PSGI::res_from_psgi(CODE(0x55bca429e618)) called at /home/sand/src/perl/repoperls/installed-perls/host/k93msid/v5.18.4/f11c/lib/site_perl/5.18.4/HTTP/Message/PSGI.pm line 156
HTTP::Response::from_psgi("HTTP::Response", CODE(0x55bca429e618)) called at /home/sand/src/perl/repoperls/installed-perls/host/k93msid/v5.18.4/f11c/lib/site_perl/5.18.4/Plack/Test/MockHTTP.pm line 24
Plack::Test::MockHTTP::try {...} () called at /home/sand/src/perl/repoperls/installed-perls/host/k93msid/v5.18.4/f11c/lib/site_perl/5.18.4/Try/Tiny.pm line 98
eval {...} called at /home/sand/src/perl/repoperls/installed-perls/host/k93msid/v5.18.4/f11c/lib/site_perl/5.18.4/Try/Tiny.pm line 94
Try::Tiny::try(CODE(0x55bca425a010), Try::Tiny::Catch=REF(0x55bca40bfac8)) called at /home/sand/src/perl/repoperls/installed-perls/host/k93msid/v5.18.4/f11c/lib/site_perl/5.18.4/Plack/Test/MockHTTP.pm line 27
Plack::Test::MockHTTP::request(Plack::Test::MockHTTP=HASH(0x55bca4289c90), HTTP::Request=HASH(0x55bca424dd58)) called at /home/sand/src/perl/repoperls/installed-perls/host/k93msid/v5.18.4/f11c/lib/site_perl/5.18.4/Plack/Test.pm line 38
Plack::Test::__ANON__(HTTP::Request=HASH(0x55bca424dd58)) called at /home/sand/src/perl/repoperls/installed-perls/host/k93msid/v5.18.4/f11c/lib/site_perl/5.18.4/Catalyst/Test.pm line 281
Catalyst::Test::__ANON__(CODE(0x55bca4289b10)) called at /home/sand/src/perl/repoperls/installed-perls/host/k93msid/v5.18.4/f11c/lib/site_perl/5.18.4/Plack/Test.pm line 38
Plack::Test::test_psgi("app", CODE(0x55bca4259ff8), "mangle_response", CODE(0x55bc9d8b1300), "app", CODE(0x55bca4289948), "client", CODE(0x55bca42899f0)) called at /home/sand/src/perl/repoperls/installed-perls/host/k93msid/v5.18.4/f11c/lib/site_perl/5.18.4/Catalyst/Test.pm line 284
Catalyst::Test::_request(HASH(0x55bca427d100), HTTP::Request=HASH(0x55bca424dd58)) called at /home/sand/src/perl/repoperls/installed-perls/host/k93msid/v5.18.4/f11c/lib/site_perl/5.18.4/Catalyst/Test.pm line 327
Catalyst::Test::_local_request("ComponentUI", HTTP::Request=HASH(0x55bca424dd58)) called at /home/sand/src/perl/repoperls/installed-perls/host/k93msid/v5.18.4/f11c/lib/site_perl/5.18.4/Test/WWW/Mechanize/Catalyst.pm line 174
Test::WWW::Mechanize::Catalyst::_do_catalyst_request(Test::WWW::Mechanize::Catalyst=HASH(0x55bc9d4b7ed0), HTTP::Request=HASH(0x55bca424dd58)) called at /home/sand/src/perl/repoperls/installed-perls/host/k93msid/v5.18.4/f11c/lib/site_perl/5.18.4/Test/WWW/Mechanize/Catalyst.pm line 78
Test::WWW::Mechanize::Catalyst::_make_request(Test::WWW::Mechanize::Catalyst=HASH(0x55bc9d4b7ed0), HTTP::Request=HASH(0x55bca424dd58)) called at /home/sand/src/perl/repoperls/installed-perls/host/k93msid/v5.18.4/f11c/lib/site_perl/5.18.4/WWW/Mechanize.pm line 1252
WWW::Mechanize::request(Test::WWW::Mechanize::Catalyst=HASH(0x55bc9d4b7ed0), HTTP::Request=HASH(0x55bca424dd58)) called at /home/sand/src/perl/repoperls/installed-perls/host/k93msid/v5.18.4/f11c/lib/site_perl/5.18.4/LWP/UserAgent.pm line 435
LWP::UserAgent::get(Test::WWW::Mechanize::Catalyst=HASH(0x55bc9d4b7ed0), "http://localhost/testmodel/baz/id/1/update") called at /home/sand/src/perl/repoperls/installed-perls/host/k93msid/v5.18.4/f11c/lib/site_perl/5.18.4/WWW/Mechanize.pm line 116
WWW::Mechanize::get(Test::WWW::Mechanize::Catalyst=HASH(0x55bc9d4b7ed0), "http://localhost/testmodel/baz/id/1/update") called at /home/sand/src/perl/repoperls/installed-perls/host/k93msid/v5.18.4/f11c/lib/site_perl/5.18.4/Test/WWW/Mechanize.pm line 160
Test::WWW::Mechanize::get_ok(Test::WWW::Mechanize::Catalyst=HASH(0x55bc9d4b7ed0), "http://localhost/testmodel/baz/id/1/update") called at t/uncheck_bool_field.t line 9
Class::MOP::is_class_loaded is deprecated at /home/sand/src/perl/repoperls/installed-perls/host/k93msid/v5.18.4/f11c/lib/site_perl/5.18.4/x86_64-linux-thread-multi/Class/MOP.pm line 87.
Class::MOP::is_class_loaded("ComponentUI::UI::Widget::SiteLayout") called at /tmp/loop_over_bdir-16417-XoCvdy/Reaction-0.002005-0/blib/lib/Reaction/UI/Skin.pm line 178
Reaction::UI::Skin::widget_class_for(Reaction::UI::Skin=HASH(0x55bca4656d68), Reaction::UI::LayoutSet::TT=HASH(0x55bca46d20e8)) called at /tmp/loop_over_bdir-16417-XoCvdy/Reaction-0.002005-0/blib/lib/Reaction/UI/LayoutSet.pm line 28
Reaction::UI::LayoutSet::BUILD(Reaction::UI::LayoutSet::TT=HASH(0x55bca46d20e8), HASH(0x55bca46d2058)) called at constructor Reaction::UI::LayoutSet::TT::new (defined at /tmp/loop_over_bdir-16417-XoCvdy/Reaction-0.002005-0/blib/lib/Reaction/UI/LayoutSet/TT.pm line 43) line 80
Reaction::UI::LayoutSet::TT::new("Reaction::UI::LayoutSet::TT", "name", "site_layout", "skin", Reaction::UI::Skin=HASH(0x55bca4656d68), "tt_object", Template=HASH(0x55bca3cd5a78), "source_file", ...) called at /tmp/loop_over_bdir-16417-XoCvdy/Reaction-0.002005-0/blib/lib/Reaction/UI/Skin.pm line 114
Reaction::UI::Skin::_create_layout_set(Reaction::UI::Skin=HASH(0x55bca4656d68), "site_layout", ARRAY(0x55bca46d9000), Reaction::UI::Skin=HASH(0x55bca4656d68)) called at /tmp/loop_over_bdir-16417-XoCvdy/Reaction-0.002005-0/blib/lib/Reaction/UI/Skin.pm line 110
Reaction::UI::Skin::create_layout_set(Reaction::UI::Skin=HASH(0x55bca4656d68), "site_layout") called at /tmp/loop_over_bdir-16417-XoCvdy/Reaction-0.002005-0/blib/lib/Reaction/UI/LayoutSet.pm line 83
Reaction::UI::LayoutSet::_load_file(Reaction::UI::LayoutSet::TT=HASH(0x55bca46d8e38), Path::Class::File=HASH(0x55bca46bceb8), HASH(0x55bca46d8e08)) called at /tmp/loop_over_bdir-16417-XoCvdy/Reaction-0.002005-0/blib/lib/Reaction/UI/LayoutSet.pm line 27
Reaction::UI::LayoutSet::BUILD(Reaction::UI::LayoutSet::TT=HASH(0x55bca46d8e38), HASH(0x55bca46d8e08)) called at constructor Reaction::UI::LayoutSet::TT::new (defined at /tmp/loop_over_bdir-16417-XoCvdy/Reaction-0.002005-0/blib/lib/Reaction/UI/LayoutSet/TT.pm line 43) line 80
Reaction::UI::LayoutSet::TT::new("Reaction::UI::LayoutSet::TT", "name", "site_layout", "skin", Reaction::UI::Skin=HASH(0x55bc9ebeb6b8), "next_skin", Reaction::UI::Skin=HASH(0x55bca4656d68), "tt_object", ...) called at /tmp/loop_over_bdir-16417-XoCvdy/Reaction-0.002005-0/blib/lib/Reaction/UI/Skin.pm line 114
Reaction::UI::Skin::_create_layout_set(Reaction::UI::Skin=HASH(0x55bc9ebeb6b8), "site_layout", ARRAY(0x55bca46263a8), Reaction::UI::Skin=HASH(0x55bc9ebeb6b8)) called at /tmp/loop_over_bdir-16417-XoCvdy/Reaction-0.002005-0/blib/lib/Reaction/UI/Skin.pm line 110
Reaction::UI::Skin::create_layout_set(Reaction::UI::Skin=HASH(0x55bc9ebeb6b8), "site_layout") called at /tmp/loop_over_bdir-16417-XoCvdy/Reaction-0.002005-0/blib/lib/Reaction/UI/LayoutSet.pm line 83
Reaction::UI::LayoutSet::_load_file(Reaction::UI::LayoutSet::TT=HASH(0x55bca32f6730), Path::Class::File=HASH(0x55bca464a178), HASH(0x55bca466ea40)) called at /tmp/loop_over_bdir-16417-XoCvdy/Reaction-0.002005-0/blib/lib/Reaction/UI/LayoutSet.pm line 27
Reaction::UI::LayoutSet::BUILD(Reaction::UI::LayoutSet::TT=HASH(0x55bca32f6730), HASH(0x55bca466ea40)) called at constructor Reaction::UI::LayoutSet::TT::new (defined at /tmp/loop_over_bdir-16417-XoCvdy/Reaction-0.002005-0/blib/lib/Reaction/UI/LayoutSet/TT.pm line 43) line 80
Reaction::UI::LayoutSet::TT::new("Reaction::UI::LayoutSet::TT", "name", "site_layout", "skin", Reaction::UI::Skin=HASH(0x55bca40400b8), "next_skin", Reaction::UI::Skin=HASH(0x55bc9ebeb6b8), "tt_object", ...) called at /tmp/loop_over_bdir-16417-XoCvdy/Reaction-0.002005-0/blib/lib/Reaction/UI/Skin.pm line 114
Reaction::UI::Skin::_create_layout_set(Reaction::UI::Skin=HASH(0x55bca40400b8), "site_layout", ARRAY(0x55bca32f68f8), Reaction::UI::Skin=HASH(0x55bca40400b8)) called at /tmp/loop_over_bdir-16417-XoCvdy/Reaction-0.002005-0/blib/lib/Reaction/UI/Skin.pm line 110
Reaction::UI::Skin::create_layout_set(Reaction::UI::Skin=HASH(0x55bca40400b8), "site_layout") called at inline delegation in Reaction::UI::View for skin->create_layout_set (attribute declared in /tmp/loop_over_bdir-16417-XoCvdy/Reaction-0.002005-0/blib/lib/Reaction/UI/View.pm at line 22) line 18
Reaction::UI::View::create_layout_set(ComponentUI::View::Site=HASH(0x55bc9fe6edd8), "site_layout") called at /tmp/loop_over_bdir-16417-XoCvdy/Reaction-0.002005-0/blib/lib/Reaction/UI/View.pm line 99
Reaction::UI::View::layout_set_for(ComponentUI::View::Site=HASH(0x55bc9fe6edd8), Reaction::UI::ViewPort::SiteLayout=HASH(0x55bca42d5888)) called at /tmp/loop_over_bdir-16417-XoCvdy/Reaction-0.002005-0/blib/lib/Reaction/UI/View.pm line 78
Reaction::UI::View::render_viewport_args(ComponentUI::View::Site=HASH(0x55bc9fe6edd8), Reaction::UI::ViewPort::SiteLayout=HASH(0x55bca42d5888)) called at /tmp/loop_over_bdir-16417-XoCvdy/Reaction-0.002005-0/blib/lib/Reaction/UI/View.pm line 61
Reaction::UI::View::render_window(ComponentUI::View::Site=HASH(0x55bc9fe6edd8), Reaction::UI::Window=HASH(0x55bca42d4180)) called at /tmp/loop_over_bdir-16417-XoCvdy/Reaction-0.002005-0/blib/lib/Reaction/UI/Window.pm line 74
Reaction::UI::Window::flush_view(Reaction::UI::Window=HASH(0x55bca42d4180)) called at /tmp/loop_over_bdir-16417-XoCvdy/Reaction-0.002005-0/blib/lib/Reaction/UI/Window.pm line 36
Reaction::UI::Window::flush(Reaction::UI::Window=HASH(0x55bca42d4180)) called at /tmp/loop_over_bdir-16417-XoCvdy/Reaction-0.002005-0/blib/lib/Reaction/UI/Controller/Root.pm line 38
Reaction::UI::Controller::Root::end(ComponentUI::Controller::Root=HASH(0x55bca42d42a0), ComponentUI=HASH(0x55bca4293090)) called at /home/sand/src/perl/repoperls/installed-perls/host/k93msid/v5.18.4/f11c/lib/site_perl/5.18.4/Catalyst/Action.pm line 358
Catalyst::Action::execute(Catalyst::Action=HASH(0x55bca3fe1de8), ComponentUI::Controller::Root=HASH(0x55bca42d42a0), ComponentUI=HASH(0x55bca4293090)) called at /home/sand/src/perl/repoperls/installed-perls/host/k93msid/v5.18.4/f11c/lib/site_perl/5.18.4/Catalyst.pm line 2052
eval {...} called at /home/sand/src/perl/repoperls/installed-perls/host/k93msid/v5.18.4/f11c/lib/site_perl/5.18.4/Catalyst.pm line 2052
Catalyst::execute(ComponentUI=HASH(0x55bca4293090), "ComponentUI::Controller::Root", Catalyst::Action=HASH(0x55bca3fe1de8)) called at /home/sand/src/perl/repoperls/installed-perls/host/k93msid/v5.18.4/f11c/lib/site_perl/5.18.4/Catalyst/Action.pm line 353
Catalyst::Action::dispatch(Catalyst::Action=HASH(0x55bca3fe1de8), ComponentUI=HASH(0x55bca4293090)) called at /home/sand/src/perl/repoperls/installed-perls/host/k93msid/v5.18.4/f11c/lib/site_perl/5.18.4/Catalyst/Controller.pm line 189
Catalyst::Controller::_END(ComponentUI::Controller::TestModel::Baz=HASH(0x55bca4298480), ComponentUI=HASH(0x55bca4293090)) called at /home/sand/src/perl/repoperls/installed-perls/host/k93msid/v5.18.4/f11c/lib/site_perl/5.18.4/Catalyst/Action.pm line 358
Catalyst::Action::execute(Catalyst::Action=HASH(0x55bca4022ae8), ComponentUI::Controller::TestModel::Baz=HASH(0x55bca4298480), ComponentUI=HASH(0x55bca4293090)) called at /home/sand/src/perl/repoperls/installed-perls/host/k93msid/v5.18.4/f11c/lib/site_perl/5.18.4/Catalyst.pm line 2052
eval {...} called at /home/sand/src/perl/repoperls/installed-perls/host/k93msid/v5.18.4/f11c/lib/site_perl/5.18.4/Catalyst.pm line 2052
Catalyst::execute(ComponentUI=HASH(0x55bca4293090), "ComponentUI::Controller::TestModel::Baz", Catalyst::Action=HASH(0x55bca4022ae8)) called at /home/sand/src/perl/repoperls/installed-perls/host/k93msid/v5.18.4/f11c/lib/site_perl/5.18.4/Catalyst/Action.pm line 353
Catalyst::Action::dispatch(Catalyst::Action=HASH(0x55bca4022ae8), ComponentUI=HASH(0x55bca4293090)) called at /home/sand/src/perl/repoperls/installed-perls/host/k93msid/v5.18.4/f11c/lib/site_perl/5.18.4/Catalyst/Dispatcher.pm line 262
Catalyst::Dispatcher::_do_forward(Catalyst::Dispatcher=HASH(0x55bc9c96ac00), "forward", ComponentUI=HASH(0x55bca4293090), "_END") called at /home/sand/src/perl/repoperls/installed-perls/host/k93msid/v5.18.4/f11c/lib/site_perl/5.18.4/Catalyst/Dispatcher.pm line 242
Catalyst::Dispatcher::forward(Catalyst::Dispatcher=HASH(0x55bc9c96ac00), ComponentUI=HASH(0x55bca4293090), "_END") called at /home/sand/src/perl/repoperls/installed-perls/host/k93msid/v5.18.4/f11c/lib/site_perl/5.18.4/Catalyst.pm line 477
Catalyst::forward(ComponentUI=HASH(0x55bca4293090), "_END") called at /home/sand/src/perl/repoperls/installed-perls/host/k93msid/v5.18.4/f11c/lib/site_perl/5.18.4/Catalyst/Controller.pm line 138
Catalyst::Controller::_DISPATCH(ComponentUI::Controller::TestModel::Baz=HASH(0x55bca4298480), ComponentUI=HASH(0x55bca4293090)) called at /home/sand/src/perl/repoperls/installed-perls/host/k93msid/v5.18.4/f11c/lib/site_perl/5.18.4/Catalyst/Action.pm line 358
Catalyst::Action::execute(Catalyst::Action=HASH(0x55bca4023640), ComponentUI::Controller::TestModel::Baz=HASH(0x55bca4298480), ComponentUI=HASH(0x55bca4293090)) called at /home/sand/src/perl/repoperls/installed-perls/host/k93msid/v5.18.4/f11c/lib/site_perl/5.18.4/Catalyst.pm line 2052
eval {...} called at /home/sand/src/perl/repoperls/installed-perls/host/k93msid/v5.18.4/f11c/lib/site_perl/5.18.4/Catalyst.pm line 2052
Catalyst::execute(ComponentUI=HASH(0x55bca4293090), "ComponentUI::Controller::TestModel::Baz", Catalyst::Action=HASH(0x55bca4023640)) called at /home/sand/src/perl/repoperls/installed-perls/host/k93msid/v5.18.4/f11c/lib/site_perl/5.18.4/Catalyst/Action.pm line 353
Catalyst::Action::dispatch(Catalyst::Action=HASH(0x55bca4023640), ComponentUI=HASH(0x55bca4293090)) called at /home/sand/src/perl/repoperls/installed-perls/host/k93msid/v5.18.4/f11c/lib/site_perl/5.18.4/Catalyst/Dispatcher.pm line 262
Catalyst::Dispatcher::_do_forward(Catalyst::Dispatcher=HASH(0x55bc9c96ac00), "forward", ComponentUI=HASH(0x55bca4293090), "/testmodel/baz/_DISPATCH") called at /home/sand/src/perl/repoperls/installed-perls/host/k93msid/v5.18.4/f11c/lib/site_perl/5.18.4/Catalyst/Dispatcher.pm line 242
Catalyst::Dispatcher::forward(Catalyst::Dispatcher=HASH(0x55bc9c96ac00), ComponentUI=HASH(0x55bca4293090), "/testmodel/baz/_DISPATCH") called at /home/sand/src/perl/repoperls/installed-perls/host/k93msid/v5.18.4/f11c/lib/site_perl/5.18.4/Catalyst.pm line 477
Catalyst::forward(ComponentUI=HASH(0x55bca4293090), "/testmodel/baz/_DISPATCH") called at /home/sand/src/perl/repoperls/installed-perls/host/k93msid/v5.18.4/f11c/lib/site_perl/5.18.4/Catalyst/Dispatcher.pm line 107
Catalyst::Dispatcher::dispatch(Catalyst::Dispatcher=HASH(0x55bc9c96ac00), ComponentUI=HASH(0x55bca4293090)) called at /home/sand/src/perl/repoperls/installed-perls/host/k93msid/v5.18.4/f11c/lib/site_perl/5.18.4/Catalyst.pm line 1998
Catalyst::dispatch(ComponentUI=HASH(0x55bca4293090)) called at /home/sand/src/perl/repoperls/installed-perls/host/k93msid/v5.18.4/f11c/lib/site_perl/5.18.4/Catalyst/Plugin/Static/Simple.pm line 86
Class::MOP::Class:::around(CODE(0x55bc9e7c3258), ComponentUI=HASH(0x55bca4293090)) called at /home/sand/src/perl/repoperls/installed-perls/host/k93msid/v5.18.4/f11c/lib/site_perl/5.18.4/x86_64-linux-thread-multi/Class/MOP/Method/Wrapped.pm line 164
ComponentUI::_wrapped_dispatch(ComponentUI=HASH(0x55bca4293090)) called at /home/sand/src/perl/repoperls/installed-perls/host/k93msid/v5.18.4/f11c/lib/site_perl/5.18.4/x86_64-linux-thread-multi/Class/MOP/Method/Wrapped.pm line 95
ComponentUI::dispatch(ComponentUI=HASH(0x55bca4293090)) called at /home/sand/src/perl/repoperls/installed-perls/host/k93msid/v5.18.4/f11c/lib/site_perl/5.18.4/Catalyst.pm line 2393
Catalyst::try {...} () called at /home/sand/src/perl/repoperls/installed-perls/host/k93msid/v5.18.4/f11c/lib/site_perl/5.18.4/Try/Tiny.pm line 103
eval {...} called at /home/sand/src/perl/repoperls/installed-perls/host/k93msid/v5.18.4/f11c/lib/site_perl/5.18.4/Try/Tiny.pm line 94
Try::Tiny::try(CODE(0x55bca428f640), Try::Tiny::Catch=REF(0x55bca428f490)) called at /home/sand/src/perl/repoperls/installed-perls/host/k93msid/v5.18.4/f11c/lib/site_perl/5.18.4/Catalyst.pm line 2402
Catalyst::handle_request("ComponentUI", "env", HASH(0x55bca429dc40), "response_cb", CODE(0x55bca428f4f0)) called at /home/sand/src/perl/repoperls/installed-perls/host/k93msid/v5.18.4/f11c/lib/site_perl/5.18.4/Catalyst/Engine.pm line 800
Catalyst::Engine::__ANON__(CODE(0x55bca428f4f0)) called at /home/sand/src/perl/repoperls/installed-perls/host/k93msid/v5.18.4/f11c/lib/site_perl/5.18.4/Plack/Middleware/HTTPExceptions.pm line 32
Plack::Middleware::HTTPExceptions::try {...} () called at /home/sand/src/perl/repoperls/installed-perls/host/k93msid/v5.18.4/f11c/lib/site_perl/5.18.4/Try/Tiny.pm line 103
eval {...} called at /home/sand/src/perl/repoperls/installed-perls/host/k93msid/v5.18.4/f11c/lib/site_perl/5.18.4/Try/Tiny.pm line 94
Try::Tiny::try(CODE(0x55bca428f310), Try::Tiny::Catch=REF(0x55bca428e7a0)) called at /home/sand/src/perl/repoperls/installed-perls/host/k93msid/v5.18.4/f11c/lib/site_perl/5.18.4/Plack/Middleware/HTTPExceptions.pm line 41
Plack::Middleware::HTTPExceptions::__ANON__(CODE(0x55bca428f208)) called at /home/sand/src/perl/repoperls/installed-perls/host/k93msid/v5.18.4/f11c/lib/site_perl/5.18.4/Plack/Util.pm line 339
Plack::Util::__ANON__(CODE(0x55bca428f100)) called at /home/sand/src/perl/repoperls/installed-perls/host/k93msid/v5.18.4/f11c/lib/site_perl/5.18.4/Plack/Util.pm line 339
Plack::Util::__ANON__(CODE(0x55bca428eff8)) called at /home/sand/src/perl/repoperls/installed-perls/host/k93msid/v5.18.4/f11c/lib/site_perl/5.18.4/Plack/Util.pm line 339
Plack::Util::__ANON__(CODE(0x55bca428ef80)) called at /home/sand/src/perl/repoperls/installed-perls/host/k93msid/v5.18.4/f11c/lib/site_perl/5.18.4/HTTP/Message/PSGI.pm line 100
HTTP::Message::PSGI::res_from_psgi(CODE(0x55bca429e618)) called at /home/sand/src/perl/repoperls/installed-perls/host/k93msid/v5.18.4/f11c/lib/site_perl/5.18.4/HTTP/Message/PSGI.pm line 156
HTTP::Response::from_psgi("HTTP::Response", CODE(0x55bca429e618)) called at /home/sand/src/perl/repoperls/installed-perls/host/k93msid/v5.18.4/f11c/lib/site_perl/5.18.4/Plack/Test/MockHTTP.pm line 24
Plack::Test::MockHTTP::try {...} () called at /home/sand/src/perl/repoperls/installed-perls/host/k93msid/v5.18.4/f11c/lib/site_perl/5.18.4/Try/Tiny.pm line 98
eval {...} called at /home/sand/src/perl/repoperls/installed-perls/host/k93msid/v5.18.4/f11c/lib/site_perl/5.18.4/Try/Tiny.pm line 94
Try::Tiny::try(CODE(0x55bca425a010), Try::Tiny::Catch=REF(0x55bca40bfac8)) called at /home/sand/src/perl/repoperls/installed-perls/host/k93msid/v5.18.4/f11c/lib/site_perl/5.18.4/Plack/Test/MockHTTP.pm line 27
Plack::Test::MockHTTP::request(Plack::Test::MockHTTP=HASH(0x55bca4289c90), HTTP::Request=HASH(0x55bca424dd58)) called at /home/sand/src/perl/repoperls/installed-perls/host/k93msid/v5.18.4/f11c/lib/site_perl/5.18.4/Plack/Test.pm line 38
Plack::Test::__ANON__(HTTP::Request=HASH(0x55bca424dd58)) called at /home/sand/src/perl/repoperls/installed-perls/host/k93msid/v5.18.4/f11c/lib/site_perl/5.18.4/Catalyst/Test.pm line 281
Catalyst::Test::__ANON__(CODE(0x55bca4289b10)) called at /home/sand/src/perl/repoperls/installed-perls/host/k93msid/v5.18.4/f11c/lib/site_perl/5.18.4/Plack/Test.pm line 38
Plack::Test::test_psgi("app", CODE(0x55bca4259ff8), "mangle_response", CODE(0x55bc9d8b1300), "app", CODE(0x55bca4289948), "client", CODE(0x55bca42899f0)) called at /home/sand/src/perl/repoperls/installed-perls/host/k93msid/v5.18.4/f11c/lib/site_perl/5.18.4/Catalyst/Test.pm line 284
Catalyst::Test::_request(HASH(0x55bca427d100), HTTP::Request=HASH(0x55bca424dd58)) called at /home/sand/src/perl/repoperls/installed-perls/host/k93msid/v5.18.4/f11c/lib/site_perl/5.18.4/Catalyst/Test.pm line 327
Catalyst::Test::_local_request("ComponentUI", HTTP::Request=HASH(0x55bca424dd58)) called at /home/sand/src/perl/repoperls/installed-perls/host/k93msid/v5.18.4/f11c/lib/site_perl/5.18.4/Test/WWW/Mechanize/Catalyst.pm line 174
Test::WWW::Mechanize::Catalyst::_do_catalyst_request(Test::WWW::Mechanize::Catalyst=HASH(0x55bc9d4b7ed0), HTTP::Request=HASH(0x55bca424dd58)) called at /home/sand/src/perl/repoperls/installed-perls/host/k93msid/v5.18.4/f11c/lib/site_perl/5.18.4/Test/WWW/Mechanize/Catalyst.pm line 78
Test::WWW::Mechanize::Catalyst::_make_request(Test::WWW::Mechanize::Catalyst=HASH(0x55bc9d4b7ed0), HTTP::Request=HASH(0x55bca424dd58)) called at /home/sand/src/perl/repoperls/installed-perls/host/k93msid/v5.18.4/f11c/lib/site_perl/5.18.4/WWW/Mechanize.pm line 1252
WWW::Mechanize::request(Test::WWW::Mechanize::Catalyst=HASH(0x55bc9d4b7ed0), HTTP::Request=HASH(0x55bca424dd58)) called at /home/sand/src/perl/repoperls/installed-perls/host/k93msid/v5.18.4/f11c/lib/site_perl/5.18.4/LWP/UserAgent.pm line 435
LWP::UserAgent::get(Test::WWW::Mechanize::Catalyst=HASH(0x55bc9d4b7ed0), "http://localhost/testmodel/baz/id/1/update") called at /home/sand/src/perl/repoperls/installed-perls/host/k93msid/v5.18.4/f11c/lib/site_perl/5.18.4/WWW/Mechanize.pm line 116
WWW::Mechanize::get(Test::WWW::Mechanize::Catalyst=HASH(0x55bc9d4b7ed0), "http://localhost/testmodel/baz/id/1/update") called at /home/sand/src/perl/repoperls/installed-perls/host/k93msid/v5.18.4/f11c/lib/site_perl/5.18.4/Test/WWW/Mechanize.pm line 160
Test::WWW::Mechanize::get_ok(Test::WWW::Mechanize::Catalyst=HASH(0x55bc9d4b7ed0), "http://localhost/testmodel/baz/id/1/update") called at t/uncheck_bool_field.t line 9
Class::MOP::load_class is deprecated at /home/sand/src/perl/repoperls/installed-perls/host/k93msid/v5.18.4/f11c/lib/site_perl/5.18.4/x86_64-linux-thread-multi/Class/MOP.pm line 69.
Class::MOP::load_class("Reaction::UI::Widget::SiteLayout") called at /tmp/loop_over_bdir-16417-XoCvdy/Reaction-0.002005-0/blib/lib/Reaction/UI/Skin.pm line 181
eval {...} called at /tmp/loop_over_bdir-16417-XoCvdy/Reaction-0.002005-0/blib/lib/Reaction/UI/Skin.pm line 181
Reaction::UI::Skin::widget_class_for(Reaction::UI::Skin=HASH(0x55bca4656d68), Reaction::UI::LayoutSet::TT=HASH(0x55bca46d20e8)) called at /tmp/loop_over_bdir-16417-XoCvdy/Reaction-0.002005-0/blib/lib/Reaction/UI/LayoutSet.pm line 28
Reaction::UI::LayoutSet::BUILD(Reaction::UI::LayoutSet::TT=HASH(0x55bca46d20e8), HASH(0x55bca46d2058)) called at constructor Reaction::UI::LayoutSet::TT::new (defined at /tmp/loop_over_bdir-16417-XoCvdy/Reaction-0.002005-0/blib/lib/Reaction/UI/LayoutSet/TT.pm line 43) line 80
Reaction::UI::LayoutSet::TT::new("Reaction::UI::LayoutSet::TT", "name", "site_layout", "skin", Reaction::UI::Skin=HASH(0x55bca4656d68), "tt_object", Template=HASH(0x55bca3cd5a78), "source_file", ...) called at /tmp/loop_over_bdir-16417-XoCvdy/Reaction-0.002005-0/blib/lib/Reaction/UI/Skin.pm line 114
Reaction::UI::Skin::_create_layout_set(Reaction::UI::Skin=HASH(0x55bca4656d68), "site_layout", ARRAY(0x55bca46d9000), Reaction::UI::Skin=HASH(0x55bca4656d68)) called at /tmp/loop_over_bdir-16417-XoCvdy/Reaction-0.002005-0/blib/lib/Reaction/UI/Skin.pm line 110
Reaction::UI::Skin::create_layout_set(Reaction::UI::Skin=HASH(0x55bca4656d68), "site_layout") called at /tmp/loop_over_bdir-16417-XoCvdy/Reaction-0.002005-0/blib/lib/Reaction/UI/LayoutSet.pm line 83
Reaction::UI::LayoutSet::_load_file(Reaction::UI::LayoutSet::TT=HASH(0x55bca46d8e38), Path::Class::File=HASH(0x55bca46bceb8), HASH(0x55bca46d8e08)) called at /tmp/loop_over_bdir-16417-XoCvdy/Reaction-0.002005-0/blib/lib/Reaction/UI/LayoutSet.pm line 27
Reaction::UI::LayoutSet::BUILD(Reaction::UI::LayoutSet::TT=HASH(0x55bca46d8e38), HASH(0x55bca46d8e08)) called at constructor Reaction::UI::LayoutSet::TT::new (defined at /tmp/loop_over_bdir-16417-XoCvdy/Reaction-0.002005-0/blib/lib/Reaction/UI/LayoutSet/TT.pm line 43) line 80
Reaction::UI::LayoutSet::TT::new("Reaction::UI::LayoutSet::TT", "name", "site_layout", "skin", Reaction::UI::Skin=HASH(0x55bc9ebeb6b8), "next_skin", Reaction::UI::Skin=HASH(0x55bca4656d68), "tt_object", ...) called at /tmp/loop_over_bdir-16417-XoCvdy/Reaction-0.002005-0/blib/lib/Reaction/UI/Skin.pm line 114
Reaction::UI::Skin::_create_layout_set(Reaction::UI::Skin=HASH(0x55bc9ebeb6b8), "site_layout", ARRAY(0x55bca46263a8), Reaction::UI::Skin=HASH(0x55bc9ebeb6b8)) called at /tmp/loop_over_bdir-16417-XoCvdy/Reaction-0.002005-0/blib/lib/Reaction/UI/Skin.pm line 110
Reaction::UI::Skin::create_layout_set(Reaction::UI::Skin=HASH(0x55bc9ebeb6b8), "site_layout") called at /tmp/loop_over_bdir-16417-XoCvdy/Reaction-0.002005-0/blib/lib/Reaction/UI/LayoutSet.pm line 83
Reaction::UI::LayoutSet::_load_file(Reaction::UI::LayoutSet::TT=HASH(0x55bca32f6730), Path::Class::File=HASH(0x55bca464a178), HASH(0x55bca466ea40)) called at /tmp/loop_over_bdir-16417-XoCvdy/Reaction-0.002005-0/blib/lib/Reaction/UI/LayoutSet.pm line 27
Reaction::UI::LayoutSet::BUILD(Reaction::UI::LayoutSet::TT=HASH(0x55bca32f6730), HASH(0x55bca466ea40)) called at constructor Reaction::UI::LayoutSet::TT::new (defined at /tmp/loop_over_bdir-16417-XoCvdy/Reaction-0.002005-0/blib/lib/Reaction/UI/LayoutSet/TT.pm line 43) line 80
Reaction::UI::LayoutSet::TT::new("Reaction::UI::LayoutSet::TT", "name", "site_layout", "skin", Reaction::UI::Skin=HASH(0x55bca40400b8), "next_skin", Reaction::UI::Skin=HASH(0x55bc9ebeb6b8), "tt_object", ...) called at /tmp/loop_over_bdir-16417-XoCvdy/Reaction-0.002005-0/blib/lib/Reaction/UI/Skin.pm line 114
Reaction::UI::Skin::_create_layout_set(Reaction::UI::Skin=HASH(0x55bca40400b8), "site_layout", ARRAY(0x55bca32f68f8), Reaction::UI::Skin=HASH(0x55bca40400b8)) called at /tmp/loop_over_bdir-16417-XoCvdy/Reaction-0.002005-0/blib/lib/Reaction/UI/Skin.pm line 110
Reaction::UI::Skin::create_layout_set(Reaction::UI::Skin=HASH(0x55bca40400b8), "site_layout") called at inline delegation in Reaction::UI::View for skin->create_layout_set (attribute declared in /tmp/loop_over_bdir-16417-XoCvdy/Reaction-0.002005-0/blib/lib/Reaction/UI/View.pm at line 22) line 18
Reaction::UI::View::create_layout_set(ComponentUI::View::Site=HASH(0x55bc9fe6edd8), "site_layout") called at /tmp/loop_over_bdir-16417-XoCvdy/Reaction-0.002005-0/blib/lib/Reaction/UI/View.pm line 99
Reaction::UI::View::layout_set_for(ComponentUI::View::Site=HASH(0x55bc9fe6edd8), Reaction::UI::ViewPort::SiteLayout=HASH(0x55bca42d5888)) called at /tmp/loop_over_bdir-16417-XoCvdy/Reaction-0.002005-0/blib/lib/Reaction/UI/View.pm line 78
Reaction::UI::View::render_viewport_args(ComponentUI::View::Site=HASH(0x55bc9fe6edd8), Reaction::UI::ViewPort::SiteLayout=HASH(0x55bca42d5888)) called at /tmp/loop_over_bdir-16417-XoCvdy/Reaction-0.002005-0/blib/lib/Reaction/UI/View.pm line 61
Reaction::UI::View::render_window(ComponentUI::View::Site=HASH(0x55bc9fe6edd8), Reaction::UI::Window=HASH(0x55bca42d4180)) called at /tmp/loop_over_bdir-16417-XoCvdy/Reaction-0.002005-0/blib/lib/Reaction/UI/Window.pm line 74
Reaction::UI::Window::flush_view(Reaction::UI::Window=HASH(0x55bca42d4180)) called at /tmp/loop_over_bdir-16417-XoCvdy/Reaction-0.002005-0/blib/lib/Reaction/UI/Window.pm line 36
Reaction::UI::Window::flush(Reaction::UI::Window=HASH(0x55bca42d4180)) called at /tmp/loop_over_bdir-16417-XoCvdy/Reaction-0.002005-0/blib/lib/Reaction/UI/Controller/Root.pm line 38
Reaction::UI::Controller::Root::end(ComponentUI::Controller::Root=HASH(0x55bca42d42a0), ComponentUI=HASH(0x55bca4293090)) called at /home/sand/src/perl/repoperls/installed-perls/host/k93msid/v5.18.4/f11c/lib/site_perl/5.18.4/Catalyst/Action.pm line 358
Catalyst::Action::execute(Catalyst::Action=HASH(0x55bca3fe1de8), ComponentUI::Controller::Root=HASH(0x55bca42d42a0), ComponentUI=HASH(0x55bca4293090)) called at /home/sand/src/perl/repoperls/installed-perls/host/k93msid/v5.18.4/f11c/lib/site_perl/5.18.4/Catalyst.pm line 2052
eval {...} called at /home/sand/src/perl/repoperls/installed-perls/host/k93msid/v5.18.4/f11c/lib/site_perl/5.18.4/Catalyst.pm line 2052
Catalyst::execute(ComponentUI=HASH(0x55bca4293090), "ComponentUI::Controller::Root", Catalyst::Action=HASH(0x55bca3fe1de8)) called at /home/sand/src/perl/repoperls/installed-perls/host/k93msid/v5.18.4/f11c/lib/site_perl/5.18.4/Catalyst/Action.pm line 353
Catalyst::Action::dispatch(Catalyst::Action=HASH(0x55bca3fe1de8), ComponentUI=HASH(0x55bca4293090)) called at /home/sand/src/perl/repoperls/installed-perls/host/k93msid/v5.18.4/f11c/lib/site_perl/5.18.4/Catalyst/Controller.pm line 189
Catalyst::Controller::_END(ComponentUI::Controller::TestModel::Baz=HASH(0x55bca4298480), ComponentUI=HASH(0x55bca4293090)) called at /home/sand/src/perl/repoperls/installed-perls/host/k93msid/v5.18.4/f11c/lib/site_perl/5.18.4/Catalyst/Action.pm line 358
Catalyst::Action::execute(Catalyst::Action=HASH(0x55bca4022ae8), ComponentUI::Controller::TestModel::Baz=HASH(0x55bca4298480), ComponentUI=HASH(0x55bca4293090)) called at /home/sand/src/perl/repoperls/installed-perls/host/k93msid/v5.18.4/f11c/lib/site_perl/5.18.4/Catalyst.pm line 2052
eval {...} called at /home/sand/src/perl/repoperls/installed-perls/host/k93msid/v5.18.4/f11c/lib/site_perl/5.18.4/Catalyst.pm line 2052
Catalyst::execute(ComponentUI=HASH(0x55bca4293090), "ComponentUI::Controller::TestModel::Baz", Catalyst::Action=HASH(0x55bca4022ae8)) called at /home/sand/src/perl/repoperls/installed-perls/host/k93msid/v5.18.4/f11c/lib/site_perl/5.18.4/Catalyst/Action.pm line 353
Catalyst::Action::dispatch(Catalyst::Action=HASH(0x55bca4022ae8), ComponentUI=HASH(0x55bca4293090)) called at /home/sand/src/perl/repoperls/installed-perls/host/k93msid/v5.18.4/f11c/lib/site_perl/5.18.4/Catalyst/Dispatcher.pm line 262
Catalyst::Dispatcher::_do_forward(Catalyst::Dispatcher=HASH(0x55bc9c96ac00), "forward", ComponentUI=HASH(0x55bca4293090), "_END") called at /home/sand/src/perl/repoperls/installed-perls/host/k93msid/v5.18.4/f11c/lib/site_perl/5.18.4/Catalyst/Dispatcher.pm line 242
Catalyst::Dispatcher::forward(Catalyst::Dispatcher=HASH(0x55bc9c96ac00), ComponentUI=HASH(0x55bca4293090), "_END") called at /home/sand/src/perl/repoperls/installed-perls/host/k93msid/v5.18.4/f11c/lib/site_perl/5.18.4/Catalyst.pm line 477
Catalyst::forward(ComponentUI=HASH(0x55bca4293090), "_END") called at /home/sand/src/perl/repoperls/installed-perls/host/k93msid/v5.18.4/f11c/lib/site_perl/5.18.4/Catalyst/Controller.pm line 138
Catalyst::Controller::_DISPATCH(ComponentUI::Controller::TestModel::Baz=HASH(0x55bca4298480), ComponentUI=HASH(0x55bca4293090)) called at /home/sand/src/perl/repoperls/installed-perls/host/k93msid/v5.18.4/f11c/lib/site_perl/5.18.4/Catalyst/Action.pm line 358
Catalyst::Action::execute(Catalyst::Action=HASH(0x55bca4023640), ComponentUI::Controller::TestModel::Baz=HASH(0x55bca4298480), ComponentUI=HASH(0x55bca4293090)) called at /home/sand/src/perl/repoperls/installed-perls/host/k93msid/v5.18.4/f11c/lib/site_perl/5.18.4/Catalyst.pm line 2052
eval {...} called at /home/sand/src/perl/repoperls/installed-perls/host/k93msid/v5.18.4/f11c/lib/site_perl/5.18.4/Catalyst.pm line 2052
Catalyst::execute(ComponentUI=HASH(0x55bca4293090), "ComponentUI::Controller::TestModel::Baz", Catalyst::Action=HASH(0x55bca4023640)) called at /home/sand/src/perl/repoperls/installed-perls/host/k93msid/v5.18.4/f11c/lib/site_perl/5.18.4/Catalyst/Action.pm line 353
Catalyst::Action::dispatch(Catalyst::Action=HASH(0x55bca4023640), ComponentUI=HASH(0x55bca4293090)) called at /home/sand/src/perl/repoperls/installed-perls/host/k93msid/v5.18.4/f11c/lib/site_perl/5.18.4/Catalyst/Dispatcher.pm line 262
Catalyst::Dispatcher::_do_forward(Catalyst::Dispatcher=HASH(0x55bc9c96ac00), "forward", ComponentUI=HASH(0x55bca4293090), "/testmodel/baz/_DISPATCH") called at /home/sand/src/perl/repoperls/installed-perls/host/k93msid/v5.18.4/f11c/lib/site_perl/5.18.4/Catalyst/Dispatcher.pm line 242
Catalyst::Dispatcher::forward(Catalyst::Dispatcher=HASH(0x55bc9c96ac00), ComponentUI=HASH(0x55bca4293090), "/testmodel/baz/_DISPATCH") called at /home/sand/src/perl/repoperls/installed-perls/host/k93msid/v5.18.4/f11c/lib/site_perl/5.18.4/Catalyst.pm line 477
Catalyst::forward(ComponentUI=HASH(0x55bca4293090), "/testmodel/baz/_DISPATCH") called at /home/sand/src/perl/repoperls/installed-perls/host/k93msid/v5.18.4/f11c/lib/site_perl/5.18.4/Catalyst/Dispatcher.pm line 107
Catalyst::Dispatcher::dispatch(Catalyst::Dispatcher=HASH(0x55bc9c96ac00), ComponentUI=HASH(0x55bca4293090)) called at /home/sand/src/perl/repoperls/installed-perls/host/k93msid/v5.18.4/f11c/lib/site_perl/5.18.4/Catalyst.pm line 1998
Catalyst::dispatch(ComponentUI=HASH(0x55bca4293090)) called at /home/sand/src/perl/repoperls/installed-perls/host/k93msid/v5.18.4/f11c/lib/site_perl/5.18.4/Catalyst/Plugin/Static/Simple.pm line 86
Class::MOP::Class:::around(CODE(0x55bc9e7c3258), ComponentUI=HASH(0x55bca4293090)) called at /home/sand/src/perl/repoperls/installed-perls/host/k93msid/v5.18.4/f11c/lib/site_perl/5.18.4/x86_64-linux-thread-multi/Class/MOP/Method/Wrapped.pm line 164
ComponentUI::_wrapped_dispatch(ComponentUI=HASH(0x55bca4293090)) called at /home/sand/src/perl/repoperls/installed-perls/host/k93msid/v5.18.4/f11c/lib/site_perl/5.18.4/x86_64-linux-thread-multi/Class/MOP/Method/Wrapped.pm line 95
ComponentUI::dispatch(ComponentUI=HASH(0x55bca4293090)) called at /home/sand/src/perl/repoperls/installed-perls/host/k93msid/v5.18.4/f11c/lib/site_perl/5.18.4/Catalyst.pm line 2393
Catalyst::try {...} () called at /home/sand/src/perl/repoperls/installed-perls/host/k93msid/v5.18.4/f11c/lib/site_perl/5.18.4/Try/Tiny.pm line 103
eval {...} called at /home/sand/src/perl/repoperls/installed-perls/host/k93msid/v5.18.4/f11c/lib/site_perl/5.18.4/Try/Tiny.pm line 94
Try::Tiny::try(CODE(0x55bca428f640), Try::Tiny::Catch=REF(0x55bca428f490)) called at /home/sand/src/perl/repoperls/installed-perls/host/k93msid/v5.18.4/f11c/lib/site_perl/5.18.4/Catalyst.pm line 2402
Catalyst::handle_request("ComponentUI", "env", HASH(0x55bca429dc40), "response_cb", CODE(0x55bca428f4f0)) called at /home/sand/src/perl/repoperls/installed-perls/host/k93msid/v5.18.4/f11c/lib/site_perl/5.18.4/Catalyst/Engine.pm line 800
Catalyst::Engine::__ANON__(CODE(0x55bca428f4f0)) called at /home/sand/src/perl/repoperls/installed-perls/host/k93msid/v5.18.4/f11c/lib/site_perl/5.18.4/Plack/Middleware/HTTPExceptions.pm line 32
Plack::Middleware::HTTPExceptions::try {...} () called at /home/sand/src/perl/repoperls/installed-perls/host/k93msid/v5.18.4/f11c/lib/site_perl/5.18.4/Try/Tiny.pm line 103
eval {...} called at /home/sand/src/perl/repoperls/installed-perls/host/k93msid/v5.18.4/f11c/lib/site_perl/5.18.4/Try/Tiny.pm line 94
Try::Tiny::try(CODE(0x55bca428f310), Try::Tiny::Catch=REF(0x55bca428e7a0)) called at /home/sand/src/perl/repoperls/installed-perls/host/k93msid/v5.18.4/f11c/lib/site_perl/5.18.4/Plack/Middleware/HTTPExceptions.pm line 41
Plack::Middleware::HTTPExceptions::__ANON__(CODE(0x55bca428f208)) called at /home/sand/src/perl/repoperls/installed-perls/host/k93msid/v5.18.4/f11c/lib/site_perl/5.18.4/Plack/Util.pm line 339
Plack::Util::__ANON__(CODE(0x55bca428f100)) called at /home/sand/src/perl/repoperls/installed-perls/host/k93msid/v5.18.4/f11c/lib/site_perl/5.18.4/Plack/Util.pm line 339
Plack::Util::__ANON__(CODE(0x55bca428eff8)) called at /home/sand/src/perl/repoperls/installed-perls/host/k93msid/v5.18.4/f11c/lib/site_perl/5.18.4/Plack/Util.pm line 339
Plack::Util::__ANON__(CODE(0x55bca428ef80)) called at /home/sand/src/perl/repoperls/installed-perls/host/k93msid/v5.18.4/f11c/lib/site_perl/5.18.4/HTTP/Message/PSGI.pm line 100
HTTP::Message::PSGI::res_from_psgi(CODE(0x55bca429e618)) called at /home/sand/src/perl/repoperls/installed-perls/host/k93msid/v5.18.4/f11c/lib/site_perl/5.18.4/HTTP/Message/PSGI.pm line 156
HTTP::Response::from_psgi("HTTP::Response", CODE(0x55bca429e618)) called at /home/sand/src/perl/repoperls/installed-perls/host/k93msid/v5.18.4/f11c/lib/site_perl/5.18.4/Plack/Test/MockHTTP.pm line 24
Plack::Test::MockHTTP::try {...} () called at /home/sand/src/perl/repoperls/installed-perls/host/k93msid/v5.18.4/f11c/lib/site_perl/5.18.4/Try/Tiny.pm line 98
eval {...} called at /home/sand/src/perl/repoperls/installed-perls/host/k93msid/v5.18.4/f11c/lib/site_perl/5.18.4/Try/Tiny.pm line 94
Try::Tiny::try(CODE(0x55bca425a010), Try::Tiny::Catch=REF(0x55bca40bfac8)) called at /home/sand/src/perl/repoperls/installed-perls/host/k93msid/v5.18.4/f11c/lib/site_perl/5.18.4/Plack/Test/MockHTTP.pm line 27
Plack::Test::MockHTTP::request(Plack::Test::MockHTTP=HASH(0x55bca4289c90), HTTP::Request=HASH(0x55bca424dd58)) called at /home/sand/src/perl/repoperls/installed-perls/host/k93msid/v5.18.4/f11c/lib/site_perl/5.18.4/Plack/Test.pm line 38
Plack::Test::__ANON__(HTTP::Request=HASH(0x55bca424dd58)) called at /home/sand/src/perl/repoperls/installed-perls/host/k93msid/v5.18.4/f11c/lib/site_perl/5.18.4/Catalyst/Test.pm line 281
Catalyst::Test::__ANON__(CODE(0x55bca4289b10)) called at /home/sand/src/perl/repoperls/installed-perls/host/k93msid/v5.18.4/f11c/lib/site_perl/5.18.4/Plack/Test.pm line 38
Plack::Test::test_psgi("app", CODE(0x55bca4259ff8), "mangle_response", CODE(0x55bc9d8b1300), "app", CODE(0x55bca4289948), "client", CODE(0x55bca42899f0)) called at /home/sand/src/perl/repoperls/installed-perls/host/k93msid/v5.18.4/f11c/lib/site_perl/5.18.4/Catalyst/Test.pm line 284
Catalyst::Test::_request(HASH(0x55bca427d100), HTTP::Request=HASH(0x55bca424dd58)) called at /home/sand/src/perl/repoperls/installed-perls/host/k93msid/v5.18.4/f11c/lib/site_perl/5.18.4/Catalyst/Test.pm line 327
Catalyst::Test::_local_request("ComponentUI", HTTP::Request=HASH(0x55bca424dd58)) called at /home/sand/src/perl/repoperls/installed-perls/host/k93msid/v5.18.4/f11c/lib/site_perl/5.18.4/Test/WWW/Mechanize/Catalyst.pm line 174
Test::WWW::Mechanize::Catalyst::_do_catalyst_request(Test::WWW::Mechanize::Catalyst=HASH(0x55bc9d4b7ed0), HTTP::Request=HASH(0x55bca424dd58)) called at /home/sand/src/perl/repoperls/installed-perls/host/k93msid/v5.18.4/f11c/lib/site_perl/5.18.4/Test/WWW/Mechanize/Catalyst.pm line 78
Test::WWW::Mechanize::Catalyst::_make_request(Test::WWW::Mechanize::Catalyst=HASH(0x55bc9d4b7ed0), HTTP::Request=HASH(0x55bca424dd58)) called at /home/sand/src/perl/repoperls/installed-perls/host/k93msid/v5.18.4/f11c/lib/site_perl/5.18.4/WWW/Mechanize.pm line 1252
WWW::Mechanize::request(Test::WWW::Mechanize::Catalyst=HASH(0x55bc9d4b7ed0), HTTP::Request=HASH(0x55bca424dd58)) called at /home/sand/src/perl/repoperls/installed-perls/host/k93msid/v5.18.4/f11c/lib/site_perl/5.18.4/LWP/UserAgent.pm line 435
LWP::UserAgent::get(Test::WWW::Mechanize::Catalyst=HASH(0x55bc9d4b7ed0), "http://localhost/testmodel/baz/id/1/update") called at /home/sand/src/perl/repoperls/installed-perls/host/k93msid/v5.18.4/f11c/lib/site_perl/5.18.4/WWW/Mechanize.pm line 116
WWW::Mechanize::get(Test::WWW::Mechanize::Catalyst=HASH(0x55bc9d4b7ed0), "http://localhost/testmodel/baz/id/1/update") called at /home/sand/src/perl/repoperls/installed-perls/host/k93msid/v5.18.4/f11c/lib/site_perl/5.18.4/Test/WWW/Mechanize.pm line 160
Test::WWW::Mechanize::get_ok(Test::WWW::Mechanize::Catalyst=HASH(0x55bc9d4b7ed0), "http://localhost/testmodel/baz/id/1/update") called at t/uncheck_bool_field.t line 9
t/uncheck_bool_field.t ...... ok
Test Summary Report
-------------------
t/05reflect_attr_from.t (Wstat: 256 Tests: 1 Failed: 1)
Failed test: 1
Non-zero exit status: 1
Files=9, Tests=604, 36 wallclock secs ( 0.08 usr 0.07 sys + 15.56 cusr 1.42 csys = 17.13 CPU)
Result: FAIL
Failed 1/9 test programs. 1/604 subtests failed.
Makefile:1534: recipe for target 'test_dynamic' failed
make: *** [test_dynamic] Error 255
------------------------------
PREREQUISITES
------------------------------
Prerequisite modules loaded:
requires:
Module Need Have
--------------------------------------- --------- --------
aliased 0.22 0.34
Catalyst 5.80002 5.90115
Catalyst::Component::ACCEPT_CONTEXT 0.05 0.07
Catalyst::Component::InstancePerContext 0.001001 0.001001
Catalyst::Model::DBIC::Schema 0.23 0.65
Catalyst::Plugin::ConfigLoader 0.23 0.34
Catalyst::Plugin::I18N 0.09 0.10
Catalyst::Plugin::Static::Simple 0.21 0.33
Catalyst::View::TT 0.29 0.44
Class::MOP 0.81 2.2005
Config::General 2.42 2.63
Crypt::Eksblowfish::Bcrypt 0.005 0.009
DateTime 0.47 1.42
DateTime::Event::Recurrence 0.16 0.19
DateTime::Span 0 0.3900
DBIx::Class 0.08100 0.082840
DBIx::Class::IntrospectableM2M 0.001001 0.001002
Devel::Declare 0.005000 0.006019
Email::Valid 0.181 1.202
ExtUtils::MakeMaker 6.11 7.24
File::ShareDir 1.00 1.102
File::Spec 3.29 3.62
JSON 0 2.94
metaclass 0.81 2.2005
Method::Signatures::Simple 0.03 1.07
Moose 0.74 2.2005
MooseX::MethodAttributes 0.18 0.31
MooseX::Role::Parameterized 0.24 1.10
MooseX::Types 0.10 0.50
MooseX::Types::Common 0.001000 0.001014
MooseX::Types::DateTime 0.03 0.13
MooseX::Types::URI 0.02 0.08
namespace::clean 0.11 0.27
Path::Class::Dir 0 0.37
Path::Class::File 0 0.37
perl 5.008001 5.018004
Scalar::Util 1.19 1.47
signatures 0.05 0.13
SQL::Translator 0.11002 0.11021
Sub::Exporter 0.982 0.987
Sub::Name 0.04 0.21
Template 2.20 2.26
Test::Class 0.31 0.50
Test::Memory::Cycle 1.04 1.06
Test::WWW::Mechanize::Catalyst 0.51 0.60
Time::ParseDate 2006.0814 2015.103
URI 1.37 1.71
build_requires:
Module Need Have
--------------------------------------- --------- --------
ExtUtils::MakeMaker 6.42 7.24
SQL::Translator 0.11002 0.11021
Test::Class 0.31 0.50
Test::Memory::Cycle 1.04 1.06
Test::WWW::Mechanize::Catalyst 0.51 0.60
configure_requires:
Module Need Have
--------------------------------------- --------- --------
ExtUtils::MakeMaker 6.42 7.24
------------------------------
ENVIRONMENT AND OTHER CONTEXT
------------------------------
Environment variables:
AUTOMATED_TESTING = 1
LANG = en_US.UTF-8
PATH = /home/sand/bin:/usr/local/bin:/usr/bin:/bin:/usr/games:/usr/local/perl/bin:/usr/X11/bin:/sbin:/usr/sbin
PERL5LIB =
PERL5OPT =
PERL5_CPANPLUS_IS_RUNNING = 16445
PERL5_CPAN_IS_RUNNING = 16445
PERL_CANARY_STABILITY_NOPROMPT = 1
PERL_MM_USE_DEFAULT = 1
PERL_USE_UNSAFE_INC = 1
SHELL = /usr/bin/zsh
TERM = screen
Perl special variables (and OS-specific diagnostics, for MSWin32):
$^X = /home/sand/src/perl/repoperls/installed-perls/host/k93msid/v5.18.4/f11c/bin/perl
$UID/$EUID = 1005 / 1005
$GID = 1005 1005
$EGID = 1005 1005
Perl module toolchain versions installed:
Module Have
------------------- --------
CPAN 2.18
CPAN::Meta 2.150010
Cwd 3.62
ExtUtils::CBuilder 0.280224
ExtUtils::Command 7.24
ExtUtils::Install 1.59
ExtUtils::MakeMaker 7.24
ExtUtils::Manifest 1.70
ExtUtils::ParseXS 3.30
File::Spec 3.62
JSON 2.94
JSON::PP 2.94
Module::Build 0.4224
Module::Signature 0.81
Parse::CPAN::Meta 2.150010
Test::Harness 3.39
Test::More 1.302085
YAML 1.23_001
YAML::Syck 1.30
version 0.9918
--
Summary of my perl5 (revision 5 version 18 subversion 4) configuration:
Derived from: 51202371ba68f3f52f13124a3ea1bc3c171e0ee2
Platform:
osname=linux, osvers=4.9.0-2-amd64, archname=x86_64-linux-thread-multi
uname='linux k93msid 4.9.0-2-amd64 #1 smp debian 4.9.18-1 (2017-03-30) x86_64 gnulinux '
config_args='-Dprefix=/home/sand/src/perl/repoperls/installed-perls/host/k93msid/v5.18.4/f11c -Dmyhostname=k93msid -Dinstallusrbinperl=n -Uversiononly -Dusedevel -des -Ui_db -Dlibswanted=cl pthread socket inet nsl gdbm dbm malloc dl ld sun m crypt sec util c cposix posix ucb BSD gdbm_compat -Duseithreads -Uuselongdouble -DDEBUGGING=-g'
hint=recommended, useposix=true, d_sigaction=define
useithreads=define, usemultiplicity=define
useperlio=define, d_sfio=undef, uselargefiles=define, usesocks=undef
use64bitint=define, use64bitall=define, uselongdouble=undef
usemymalloc=n, bincompat5005=undef
Compiler:
cc='cc', ccflags ='-D_REENTRANT -D_GNU_SOURCE -fno-strict-aliasing -pipe -fstack-protector -I/usr/local/include -D_LARGEFILE_SOURCE -D_FILE_OFFSET_BITS=64',
optimize='-O2 -g',
cppflags='-D_REENTRANT -D_GNU_SOURCE -fno-strict-aliasing -pipe -fstack-protector -I/usr/local/include'
ccversion='', gccversion='6.3.0 20170406', gccosandvers=''
intsize=4, longsize=8, ptrsize=8, doublesize=8, byteorder=12345678
d_longlong=define, longlongsize=8, d_longdbl=define, longdblsize=16
ivtype='long', ivsize=8, nvtype='double', nvsize=8, Off_t='off_t', lseeksize=8
alignbytes=8, prototype=define
Linker and Libraries:
ld='cc', ldflags =' -fstack-protector -L/usr/local/lib'
libpth=/usr/local/lib /lib/x86_64-linux-gnu /lib/../lib /usr/lib/x86_64-linux-gnu /usr/lib/../lib /lib /usr/lib
libs=-lpthread -lnsl -ldl -lm -lcrypt -lutil -lc
perllibs=-lpthread -lnsl -ldl -lm -lcrypt -lutil -lc
libc=libc-2.24.so, so=so, useshrplib=false, libperl=libperl.a
gnulibc_version='2.24'
Dynamic Linking:
dlsrc=dl_dlopen.xs, dlext=so, d_dlsymun=undef, ccdlflags='-Wl,-E'
cccdlflags='-fPIC', lddlflags='-shared -O2 -g -L/usr/local/lib -fstack-protector'
Characteristics of this binary (from libperl):
Compile-time options: HAS_TIMES MULTIPLICITY PERLIO_LAYERS
PERL_DONT_CREATE_GVSV
PERL_HASH_FUNC_ONE_AT_A_TIME_HARD
PERL_IMPLICIT_CONTEXT PERL_MALLOC_WRAP
PERL_PRESERVE_IVUV PERL_SAWAMPERSAND PERL_USE_DEVEL
USE_64_BIT_ALL USE_64_BIT_INT USE_ITHREADS
USE_LARGE_FILES USE_LOCALE USE_LOCALE_COLLATE
USE_LOCALE_CTYPE USE_LOCALE_NUMERIC USE_PERLIO
USE_PERL_ATOF USE_REENTRANT_API
Locally applied patches:
uncommitted-changes
Built under linux
Compiled at Apr 14 2017 12:46:32
%ENV:
PERL5LIB=""
PERL5OPT=""
PERL5_CPANPLUS_IS_RUNNING="16445"
PERL5_CPAN_IS_RUNNING="16445"
PERL_CANARY_STABILITY_NOPROMPT="1"
PERL_MM_USE_DEFAULT="1"
PERL_USE_UNSAFE_INC="1"
@INC:
/home/sand/src/perl/repoperls/installed-perls/host/k93msid/v5.18.4/f11c/lib/site_perl/5.18.4/x86_64-linux-thread-multi
/home/sand/src/perl/repoperls/installed-perls/host/k93msid/v5.18.4/f11c/lib/site_perl/5.18.4
/home/sand/src/perl/repoperls/installed-perls/host/k93msid/v5.18.4/f11c/lib/5.18.4/x86_64-linux-thread-multi
/home/sand/src/perl/repoperls/installed-perls/host/k93msid/v5.18.4/f11c/lib/5.18.4
.