Report for Protocol-CassandraCQL-0.12

Back
From: metabase:user:314402c4-2aae-11df-837a-5e0a49663a4f
Subject: FAIL Protocol-CassandraCQL-0.12 v5.8.9 FreeBSD
Date: 2014-12-18T17:13:18Z

This distribution has been tested as part of the CPAN Testers
project, supporting the Perl programming language.  See
http://wiki.cpantesters.org/ for more information or email
questions to cpan-testers-discuss@perl.org


--
Dear Paul Evans,

This is a computer-generated report for Protocol-CassandraCQL-0.12
on perl 5.8.9, created by CPAN-Reporter-1.2011.

Thank you for uploading your work to CPAN.  However, there was a problem
testing your distribution.

If you think this report is invalid, please consult the CPAN Testers Wiki
for suggestions on how to avoid getting FAIL reports for missing library
or binary dependencies, unsupported operating systems, and so on:

http://wiki.cpantesters.org/wiki/CPANAuthorNotes

Sections of this report:

    * Tester comments
    * Program output
    * Prerequisites
    * Environment and other context

------------------------------
TESTER COMMENTS
------------------------------

Additional comments from tester:

none provided

------------------------------
PROGRAM OUTPUT
------------------------------

Output from './Build test':

Possible unintended interpolation of @data in string at /usr/home/eserte/.cpan/build/Protocol-CassandraCQL-0.12-L3nL00/blib/lib/Protocol/CassandraCQL/Result.pm line 164.
Possible unintended interpolation of @data in string at /usr/home/eserte/.cpan/build/Protocol-CassandraCQL-0.12-L3nL00/blib/lib/Protocol/CassandraCQL/Result.pm line 164.

#   Failed test 'use Protocol::CassandraCQL::Client;'
#   at t/00use.t line 9.
#     Tried to use 'Protocol::CassandraCQL::Client'.
#     Error:  Global symbol "$data" requires explicit package name at /usr/home/eserte/.cpan/build/Protocol-CassandraCQL-0.12-L3nL00/blib/lib/Protocol/CassandraCQL/Result.pm line 164.
# Global symbol "$result" requires explicit package name at /usr/home/eserte/.cpan/build/Protocol-CassandraCQL-0.12-L3nL00/blib/lib/Protocol/CassandraCQL/Result.pm line 164.
# Global symbol "$idx" requires explicit package name at /usr/home/eserte/.cpan/build/Protocol-CassandraCQL-0.12-L3nL00/blib/lib/Protocol/CassandraCQL/Result.pm line 164.
# Global symbol "$idx" requires explicit package name at /usr/home/eserte/.cpan/build/Protocol-CassandraCQL-0.12-L3nL00/blib/lib/Protocol/CassandraCQL/Result.pm line 164.
# Global symbol "$rows" requires explicit package name at /usr/home/eserte/.cpan/build/Protocol-CassandraCQL-0.12-L3nL00/blib/lib/Protocol/CassandraCQL/Result.pm line 164.
# Global symbol "$idx" requires explicit package name at /usr/home/eserte/.cpan/build/Protocol-CassandraCQL-0.12-L3nL00/blib/lib/Protocol/CassandraCQL/Result.pm line 164.
# Global symbol "$idx" requires explicit package name at /usr/home/eserte/.cpan/build/Protocol-CassandraCQL-0.12-L3nL00/blib/lib/Protocol/CassandraCQL/Result.pm line 164.
# Global symbol "$idx" requires explicit package name at /usr/home/eserte/.cpan/build/Protocol-CassandraCQL-0.12-L3nL00/blib/lib/Protocol/CassandraCQL/Result.pm line 164.
# Global symbol "$rows" requires explicit package name at /usr/home/eserte/.cpan/build/Protocol-CassandraCQL-0.12-L3nL00/blib/lib/Protocol/CassandraCQL/Result.pm line 164.
# Global symbol "$rows" requires explicit package name at /usr/home/eserte/.cpan/build/Protocol-CassandraCQL-0.12-L3nL00/blib/lib/Protocol/CassandraCQL/Result.pm line 164.
# Global symbol "$idx" requires explicit package name at /usr/home/eserte/.cpan/build/Protocol-CassandraCQL-0.12-L3nL00/blib/lib/Protocol/CassandraCQL/Result.pm line 164.
# Global symbol "$data" requires explicit package name at /usr/home/eserte/.cpan/build/Protocol-CassandraCQL-0.12-L3nL00/blib/lib/Protocol/CassandraCQL/Result.pm line 164.
# Global symbol "$result" requires explicit package name at /usr/home/eserte/.cpan/build/Protocol-CassandraCQL-0.12-L3nL00/blib/lib/Protocol/CassandraCQL/Result.pm line 164.
# Global symbol "$idx" requires explicit package name at /usr/home/eserte/.cpan/build/Protocol-CassandraCQL-0.12-L3nL00/blib/lib/Protocol/CassandraCQL/Result.pm line 164.
# Global symbol "$idx" requires explicit package name at /usr/home/eserte/.cpan/build/Protocol-CassandraCQL-0.12-L3nL00/blib/lib/Protocol/CassandraCQL/Result.pm line 164.
# Global symbol "$rows" requires explicit package name at /usr/home/eserte/.cpan/build/Protocol-CassandraCQL-0.12-L3nL00/blib/lib/Protocol/CassandraCQL/Result.pm line 164.
# Global symbol "$idx" requires explicit package name at /usr/home/eserte/.cpan/build/Protocol-CassandraCQL-0.12-L3nL00/blib/lib/Protocol/CassandraCQL/Result.pm line 164.
# Global symbol "$idx" requires explicit package name at /usr/home/eserte/.cpan/build/Protocol-CassandraCQL-0.12-L3nL00/blib/lib/Protocol/CassandraCQL/Result.pm line 164.
# Global symbol "$idx" requires explicit package name at /usr/home/eserte/.cpan/build/Protocol-CassandraCQL-0.12-L3nL00/blib/lib/Protocol/CassandraCQL/Result.pm line 164.
# Global symbol "$rows" requires explicit package name at /usr/home/eserte/.cpan/build/Protocol-CassandraCQL-0.12-L3nL00/blib/lib/Protocol/CassandraCQL/Result.pm line 164.
# Global symbol "$rows" requires explicit package name at /usr/home/eserte/.cpan/build/Protocol-CassandraCQL-0.12-L3nL00/blib/lib/Protocol/CassandraCQL/Result.pm line 164.
# Global symbol "$idx" requires explicit package name at /usr/home/eserte/.cpan/build/Protocol-CassandraCQL-0.12-L3nL00/blib/lib/Protocol/CassandraCQL/Result.pm line 164.
# Global symbol "@data" requires explicit package name at /usr/home/eserte/.cpan/build/Protocol-CassandraCQL-0.12-L3nL00/blib/lib/Protocol/CassandraCQL/Result.pm line 164.
# Global symbol "$result" requires explicit package name at /usr/home/eserte/.cpan/build/Protocol-CassandraCQL-0.12-L3nL00/blib/lib/Protocol/CassandraCQL/Result.pm line 164.
# Global symbol "@data" requires explicit package name at /usr/home/eserte/.cpan/build/Protocol-CassandraCQL-0.12-L3nL00/blib/lib/Protocol/CassandraCQL/Result.pm line 164.
# Global symbol "$result" requires explicit package name at /usr/home/eserte/.cpan/build/Protocol-CassandraCQL-0.12-L3nL00/blib/lib/Protocol/CassandraCQL/Result.pm line 164.
# Global symbol "$map" requires explicit package name at /usr/home/eserte/.cpan/build/Protocol-CassandraCQL-0.12-L3nL00/blib/lib/Protocol/CassandraCQL/Result.pm line 164.
# Global symbol "$result" requires explicit package name at /usr/home/eserte/.cpan/build/Protocol-CassandraCQL-0.12-L3nL00/blib/lib/Protocol/CassandraCQL/Result.pm line 164.
# Global symbol "$keyidx" requires explicit package name at /usr/home/eserte/.cpan/build/Protocol-CassandraCQL-0.12-L3nL00/blib/lib/Protocol/CassandraCQL/Result.pm line 164.
# Global symbol "$keyidx" requires explicit package name at /usr/home/eserte/.cpan/build/Protocol-CassandraCQL-0.12-L3nL00/blib/lib/Protocol/CassandraCQL/Result.pm line 164.
# Global symbol "$keyidx" requires explicit package name at /usr/home/eserte/.cpan/build/Protocol-CassandraCQL-0.12-L3nL00/blib/lib/Protocol/CassandraCQL/Result.pm line 164.
# Global symbol "$keyidx" requires explicit package name at /usr/home/eserte/.cpan/build/Protocol-CassandraCQL-0.12-L3nL00/blib/lib/Protocol/CassandraCQL/Result.pm line 164.
# Global symbol "$keyidx" requires explicit package name at /usr/home/eserte/.cpan/build/Protocol-CassandraCQL-0.12-L3nL00/blib/lib/Protocol/CassandraCQL/Result.pm line 164.
# Global symbol "$keyidx" requires explicit package name at /usr/home/eserte/.cpan/build/Protocol-CassandraCQL-0.12-L3nL00/blib/lib/Protocol/CassandraCQL/Result.pm line 164.
# Global symbol "$keyidx" requires explicit package name at /usr/home/eserte/.cpan/build/Protocol-CassandraCQL-0.12-L3nL00/blib/lib/Protocol/CassandraCQL/Result.pm line 164.
# Global symbol "$map" requires explicit package name at /usr/home/eserte/.cpan/build/Protocol-CassandraCQL-0.12-L3nL00/blib/lib/Protocol/CassandraCQL/Result.pm line 164.
# Global symbol "$result" requires explicit package name at /usr/home/eserte/.cpan/build/Protocol-CassandraCQL-0.12-L3nL00/blib/lib/Protocol/CassandraCQL/Result.pm line 164.
# Global symbol "$keyname" requires explicit package name at /usr/home/eserte/.cpan/build/Protocol-CassandraCQL-0.12-L3nL00/blib/lib/Protocol/CassandraCQL/Result.pm line 164.
# Global symbol "$keyname" requires explicit package name at /usr/home/eserte/.cpan/build/Protocol-CassandraCQL-0.12-L3nL00/blib/lib/Protocol/CassandraCQL/Result.pm line 164.
# Global symbol "$keyname" requires explicit package name at /usr/home/eserte/.cpan/build/Protocol-CassandraCQL-0.12-L3nL00/blib/lib/Protocol/CassandraCQL/Result.pm line 164.
# Global symbol "$keyname" requires explicit package name at /usr/home/eserte/.cpan/build/Protocol-CassandraCQL-0.12-L3nL00/blib/lib/Protocol/CassandraCQL/Result.pm line 164.
# Global symbol "$keyname" requires explicit package name at /usr/home/eserte/.cpan/build/Protocol-CassandraCQL-0.12-L3nL00/blib/lib/Protocol/CassandraCQL/Result.pm line 164.
# Global symbol "$keyname" requires explicit package name at /usr/home/eserte/.cpan/build/Protocol-CassandraCQL-0.12-L3nL00/blib/lib/Protocol/CassandraCQL/Result.pm line 164.
# syntax error at /usr/home/eserte/.cpan/build/Protocol-CassandraCQL-0.12-L3nL00/blib/lib/Protocol/CassandraCQL/Result.pm line 273, near "/>"
#   (Might be a runaway multi-line // string starting on line 164)
# /usr/home/eserte/.cpan/build/Protocol-CassandraCQL-0.12-L3nL00/blib/lib/Protocol/CassandraCQL/Result.pm has too many errors.
# Compilation failed in require at /usr/home/eserte/.cpan/build/Protocol-CassandraCQL-0.12-L3nL00/blib/lib/Protocol/CassandraCQL/Frames.pm line 36.
# BEGIN failed--compilation aborted at /usr/home/eserte/.cpan/build/Protocol-CassandraCQL-0.12-L3nL00/blib/lib/Protocol/CassandraCQL/Frames.pm line 36.
# Compilation failed in require at /usr/home/eserte/.cpan/build/Protocol-CassandraCQL-0.12-L3nL00/blib/lib/Protocol/CassandraCQL/Client.pm line 30.
# BEGIN failed--compilation aborted at /usr/home/eserte/.cpan/build/Protocol-CassandraCQL-0.12-L3nL00/blib/lib/Protocol/CassandraCQL/Client.pm line 30.
# Compilation failed in require at t/00use.t line 9.
# BEGIN failed--compilation aborted at t/00use.t line 9.
# Looks like you failed 1 test of 5.
t/00use.t ..... 
Dubious, test returned 1 (wstat 256, 0x100)
Failed 1/5 subtests 
Invalid type '>' in pack at /usr/home/eserte/.cpan/build/Protocol-CassandraCQL-0.12-L3nL00/blib/lib/Protocol/CassandraCQL/Frame.pm line 120.
# Tests were run but no plan was declared and done_testing() was not seen.
# Looks like your test exited with 255 just after 3.
t/01frame.t ... 
Dubious, test returned 255 (wstat 65280, 0xff00)
All 3 subtests passed 
Invalid type '>' in pack at /usr/home/eserte/.cpan/build/Protocol-CassandraCQL-0.12-L3nL00/blib/lib/Protocol/CassandraCQL/Type.pm line 200.
# Tests were run but no plan was declared and done_testing() was not seen.
# Looks like your test exited with 2 just after 16.
t/02types.t ... 
Dubious, test returned 2 (wstat 512, 0x200)
All 16 subtests passed 
Invalid type '>' in unpack at /usr/home/eserte/.cpan/build/Protocol-CassandraCQL-0.12-L3nL00/blib/lib/Protocol/CassandraCQL/Frame.pm line 123.
t/03meta.t .... 
Dubious, test returned 255 (wstat 65280, 0xff00)
No subtests run 
Possible unintended interpolation of @data in string at /usr/home/eserte/.cpan/build/Protocol-CassandraCQL-0.12-L3nL00/blib/lib/Protocol/CassandraCQL/Result.pm line 164.
Possible unintended interpolation of @data in string at /usr/home/eserte/.cpan/build/Protocol-CassandraCQL-0.12-L3nL00/blib/lib/Protocol/CassandraCQL/Result.pm line 164.
Global symbol "$data" requires explicit package name at /usr/home/eserte/.cpan/build/Protocol-CassandraCQL-0.12-L3nL00/blib/lib/Protocol/CassandraCQL/Result.pm line 164.
Global symbol "$result" requires explicit package name at /usr/home/eserte/.cpan/build/Protocol-CassandraCQL-0.12-L3nL00/blib/lib/Protocol/CassandraCQL/Result.pm line 164.
Global symbol "$idx" requires explicit package name at /usr/home/eserte/.cpan/build/Protocol-CassandraCQL-0.12-L3nL00/blib/lib/Protocol/CassandraCQL/Result.pm line 164.
Global symbol "$idx" requires explicit package name at /usr/home/eserte/.cpan/build/Protocol-CassandraCQL-0.12-L3nL00/blib/lib/Protocol/CassandraCQL/Result.pm line 164.
Global symbol "$rows" requires explicit package name at /usr/home/eserte/.cpan/build/Protocol-CassandraCQL-0.12-L3nL00/blib/lib/Protocol/CassandraCQL/Result.pm line 164.
Global symbol "$idx" requires explicit package name at /usr/home/eserte/.cpan/build/Protocol-CassandraCQL-0.12-L3nL00/blib/lib/Protocol/CassandraCQL/Result.pm line 164.
Global symbol "$idx" requires explicit package name at /usr/home/eserte/.cpan/build/Protocol-CassandraCQL-0.12-L3nL00/blib/lib/Protocol/CassandraCQL/Result.pm line 164.
Global symbol "$idx" requires explicit package name at /usr/home/eserte/.cpan/build/Protocol-CassandraCQL-0.12-L3nL00/blib/lib/Protocol/CassandraCQL/Result.pm line 164.
Global symbol "$rows" requires explicit package name at /usr/home/eserte/.cpan/build/Protocol-CassandraCQL-0.12-L3nL00/blib/lib/Protocol/CassandraCQL/Result.pm line 164.
Global symbol "$rows" requires explicit package name at /usr/home/eserte/.cpan/build/Protocol-CassandraCQL-0.12-L3nL00/blib/lib/Protocol/CassandraCQL/Result.pm line 164.
Global symbol "$idx" requires explicit package name at /usr/home/eserte/.cpan/build/Protocol-CassandraCQL-0.12-L3nL00/blib/lib/Protocol/CassandraCQL/Result.pm line 164.
Global symbol "$data" requires explicit package name at /usr/home/eserte/.cpan/build/Protocol-CassandraCQL-0.12-L3nL00/blib/lib/Protocol/CassandraCQL/Result.pm line 164.
Global symbol "$result" requires explicit package name at /usr/home/eserte/.cpan/build/Protocol-CassandraCQL-0.12-L3nL00/blib/lib/Protocol/CassandraCQL/Result.pm line 164.
Global symbol "$idx" requires explicit package name at /usr/home/eserte/.cpan/build/Protocol-CassandraCQL-0.12-L3nL00/blib/lib/Protocol/CassandraCQL/Result.pm line 164.
Global symbol "$idx" requires explicit package name at /usr/home/eserte/.cpan/build/Protocol-CassandraCQL-0.12-L3nL00/blib/lib/Protocol/CassandraCQL/Result.pm line 164.
Global symbol "$rows" requires explicit package name at /usr/home/eserte/.cpan/build/Protocol-CassandraCQL-0.12-L3nL00/blib/lib/Protocol/CassandraCQL/Result.pm line 164.
Global symbol "$idx" requires explicit package name at /usr/home/eserte/.cpan/build/Protocol-CassandraCQL-0.12-L3nL00/blib/lib/Protocol/CassandraCQL/Result.pm line 164.
Global symbol "$idx" requires explicit package name at /usr/home/eserte/.cpan/build/Protocol-CassandraCQL-0.12-L3nL00/blib/lib/Protocol/CassandraCQL/Result.pm line 164.
Global symbol "$idx" requires explicit package name at /usr/home/eserte/.cpan/build/Protocol-CassandraCQL-0.12-L3nL00/blib/lib/Protocol/CassandraCQL/Result.pm line 164.
Global symbol "$rows" requires explicit package name at /usr/home/eserte/.cpan/build/Protocol-CassandraCQL-0.12-L3nL00/blib/lib/Protocol/CassandraCQL/Result.pm line 164.
Global symbol "$rows" requires explicit package name at /usr/home/eserte/.cpan/build/Protocol-CassandraCQL-0.12-L3nL00/blib/lib/Protocol/CassandraCQL/Result.pm line 164.
Global symbol "$idx" requires explicit package name at /usr/home/eserte/.cpan/build/Protocol-CassandraCQL-0.12-L3nL00/blib/lib/Protocol/CassandraCQL/Result.pm line 164.
Global symbol "@data" requires explicit package name at /usr/home/eserte/.cpan/build/Protocol-CassandraCQL-0.12-L3nL00/blib/lib/Protocol/CassandraCQL/Result.pm line 164.
Global symbol "$result" requires explicit package name at /usr/home/eserte/.cpan/build/Protocol-CassandraCQL-0.12-L3nL00/blib/lib/Protocol/CassandraCQL/Result.pm line 164.
Global symbol "@data" requires explicit package name at /usr/home/eserte/.cpan/build/Protocol-CassandraCQL-0.12-L3nL00/blib/lib/Protocol/CassandraCQL/Result.pm line 164.
Global symbol "$result" requires explicit package name at /usr/home/eserte/.cpan/build/Protocol-CassandraCQL-0.12-L3nL00/blib/lib/Protocol/CassandraCQL/Result.pm line 164.
Global symbol "$map" requires explicit package name at /usr/home/eserte/.cpan/build/Protocol-CassandraCQL-0.12-L3nL00/blib/lib/Protocol/CassandraCQL/Result.pm line 164.
Global symbol "$result" requires explicit package name at /usr/home/eserte/.cpan/build/Protocol-CassandraCQL-0.12-L3nL00/blib/lib/Protocol/CassandraCQL/Result.pm line 164.
Global symbol "$keyidx" requires explicit package name at /usr/home/eserte/.cpan/build/Protocol-CassandraCQL-0.12-L3nL00/blib/lib/Protocol/CassandraCQL/Result.pm line 164.
Global symbol "$keyidx" requires explicit package name at /usr/home/eserte/.cpan/build/Protocol-CassandraCQL-0.12-L3nL00/blib/lib/Protocol/CassandraCQL/Result.pm line 164.
Global symbol "$keyidx" requires explicit package name at /usr/home/eserte/.cpan/build/Protocol-CassandraCQL-0.12-L3nL00/blib/lib/Protocol/CassandraCQL/Result.pm line 164.
Global symbol "$keyidx" requires explicit package name at /usr/home/eserte/.cpan/build/Protocol-CassandraCQL-0.12-L3nL00/blib/lib/Protocol/CassandraCQL/Result.pm line 164.
Global symbol "$keyidx" requires explicit package name at /usr/home/eserte/.cpan/build/Protocol-CassandraCQL-0.12-L3nL00/blib/lib/Protocol/CassandraCQL/Result.pm line 164.
Global symbol "$keyidx" requires explicit package name at /usr/home/eserte/.cpan/build/Protocol-CassandraCQL-0.12-L3nL00/blib/lib/Protocol/CassandraCQL/Result.pm line 164.
Global symbol "$keyidx" requires explicit package name at /usr/home/eserte/.cpan/build/Protocol-CassandraCQL-0.12-L3nL00/blib/lib/Protocol/CassandraCQL/Result.pm line 164.
Global symbol "$map" requires explicit package name at /usr/home/eserte/.cpan/build/Protocol-CassandraCQL-0.12-L3nL00/blib/lib/Protocol/CassandraCQL/Result.pm line 164.
Global symbol "$result" requires explicit package name at /usr/home/eserte/.cpan/build/Protocol-CassandraCQL-0.12-L3nL00/blib/lib/Protocol/CassandraCQL/Result.pm line 164.
Global symbol "$keyname" requires explicit package name at /usr/home/eserte/.cpan/build/Protocol-CassandraCQL-0.12-L3nL00/blib/lib/Protocol/CassandraCQL/Result.pm line 164.
Global symbol "$keyname" requires explicit package name at /usr/home/eserte/.cpan/build/Protocol-CassandraCQL-0.12-L3nL00/blib/lib/Protocol/CassandraCQL/Result.pm line 164.
Global symbol "$keyname" requires explicit package name at /usr/home/eserte/.cpan/build/Protocol-CassandraCQL-0.12-L3nL00/blib/lib/Protocol/CassandraCQL/Result.pm line 164.
Global symbol "$keyname" requires explicit package name at /usr/home/eserte/.cpan/build/Protocol-CassandraCQL-0.12-L3nL00/blib/lib/Protocol/CassandraCQL/Result.pm line 164.
Global symbol "$keyname" requires explicit package name at /usr/home/eserte/.cpan/build/Protocol-CassandraCQL-0.12-L3nL00/blib/lib/Protocol/CassandraCQL/Result.pm line 164.
Global symbol "$keyname" requires explicit package name at /usr/home/eserte/.cpan/build/Protocol-CassandraCQL-0.12-L3nL00/blib/lib/Protocol/CassandraCQL/Result.pm line 164.
syntax error at /usr/home/eserte/.cpan/build/Protocol-CassandraCQL-0.12-L3nL00/blib/lib/Protocol/CassandraCQL/Result.pm line 273, near "/>"
  (Might be a runaway multi-line // string starting on line 164)
/usr/home/eserte/.cpan/build/Protocol-CassandraCQL-0.12-L3nL00/blib/lib/Protocol/CassandraCQL/Result.pm has too many errors.
Compilation failed in require at t/04result.t line 9.
BEGIN failed--compilation aborted at t/04result.t line 9.
t/04result.t .. 
Dubious, test returned 255 (wstat 65280, 0xff00)
No subtests run 
Possible unintended interpolation of @data in string at /usr/home/eserte/.cpan/build/Protocol-CassandraCQL-0.12-L3nL00/blib/lib/Protocol/CassandraCQL/Result.pm line 164.
Possible unintended interpolation of @data in string at /usr/home/eserte/.cpan/build/Protocol-CassandraCQL-0.12-L3nL00/blib/lib/Protocol/CassandraCQL/Result.pm line 164.
Global symbol "$data" requires explicit package name at /usr/home/eserte/.cpan/build/Protocol-CassandraCQL-0.12-L3nL00/blib/lib/Protocol/CassandraCQL/Result.pm line 164.
Global symbol "$result" requires explicit package name at /usr/home/eserte/.cpan/build/Protocol-CassandraCQL-0.12-L3nL00/blib/lib/Protocol/CassandraCQL/Result.pm line 164.
Global symbol "$idx" requires explicit package name at /usr/home/eserte/.cpan/build/Protocol-CassandraCQL-0.12-L3nL00/blib/lib/Protocol/CassandraCQL/Result.pm line 164.
Global symbol "$idx" requires explicit package name at /usr/home/eserte/.cpan/build/Protocol-CassandraCQL-0.12-L3nL00/blib/lib/Protocol/CassandraCQL/Result.pm line 164.
Global symbol "$rows" requires explicit package name at /usr/home/eserte/.cpan/build/Protocol-CassandraCQL-0.12-L3nL00/blib/lib/Protocol/CassandraCQL/Result.pm line 164.
Global symbol "$idx" requires explicit package name at /usr/home/eserte/.cpan/build/Protocol-CassandraCQL-0.12-L3nL00/blib/lib/Protocol/CassandraCQL/Result.pm line 164.
Global symbol "$idx" requires explicit package name at /usr/home/eserte/.cpan/build/Protocol-CassandraCQL-0.12-L3nL00/blib/lib/Protocol/CassandraCQL/Result.pm line 164.
Global symbol "$idx" requires explicit package name at /usr/home/eserte/.cpan/build/Protocol-CassandraCQL-0.12-L3nL00/blib/lib/Protocol/CassandraCQL/Result.pm line 164.
Global symbol "$rows" requires explicit package name at /usr/home/eserte/.cpan/build/Protocol-CassandraCQL-0.12-L3nL00/blib/lib/Protocol/CassandraCQL/Result.pm line 164.
Global symbol "$rows" requires explicit package name at /usr/home/eserte/.cpan/build/Protocol-CassandraCQL-0.12-L3nL00/blib/lib/Protocol/CassandraCQL/Result.pm line 164.
Global symbol "$idx" requires explicit package name at /usr/home/eserte/.cpan/build/Protocol-CassandraCQL-0.12-L3nL00/blib/lib/Protocol/CassandraCQL/Result.pm line 164.
Global symbol "$data" requires explicit package name at /usr/home/eserte/.cpan/build/Protocol-CassandraCQL-0.12-L3nL00/blib/lib/Protocol/CassandraCQL/Result.pm line 164.
Global symbol "$result" requires explicit package name at /usr/home/eserte/.cpan/build/Protocol-CassandraCQL-0.12-L3nL00/blib/lib/Protocol/CassandraCQL/Result.pm line 164.
Global symbol "$idx" requires explicit package name at /usr/home/eserte/.cpan/build/Protocol-CassandraCQL-0.12-L3nL00/blib/lib/Protocol/CassandraCQL/Result.pm line 164.
Global symbol "$idx" requires explicit package name at /usr/home/eserte/.cpan/build/Protocol-CassandraCQL-0.12-L3nL00/blib/lib/Protocol/CassandraCQL/Result.pm line 164.
Global symbol "$rows" requires explicit package name at /usr/home/eserte/.cpan/build/Protocol-CassandraCQL-0.12-L3nL00/blib/lib/Protocol/CassandraCQL/Result.pm line 164.
Global symbol "$idx" requires explicit package name at /usr/home/eserte/.cpan/build/Protocol-CassandraCQL-0.12-L3nL00/blib/lib/Protocol/CassandraCQL/Result.pm line 164.
Global symbol "$idx" requires explicit package name at /usr/home/eserte/.cpan/build/Protocol-CassandraCQL-0.12-L3nL00/blib/lib/Protocol/CassandraCQL/Result.pm line 164.
Global symbol "$idx" requires explicit package name at /usr/home/eserte/.cpan/build/Protocol-CassandraCQL-0.12-L3nL00/blib/lib/Protocol/CassandraCQL/Result.pm line 164.
Global symbol "$rows" requires explicit package name at /usr/home/eserte/.cpan/build/Protocol-CassandraCQL-0.12-L3nL00/blib/lib/Protocol/CassandraCQL/Result.pm line 164.
Global symbol "$rows" requires explicit package name at /usr/home/eserte/.cpan/build/Protocol-CassandraCQL-0.12-L3nL00/blib/lib/Protocol/CassandraCQL/Result.pm line 164.
Global symbol "$idx" requires explicit package name at /usr/home/eserte/.cpan/build/Protocol-CassandraCQL-0.12-L3nL00/blib/lib/Protocol/CassandraCQL/Result.pm line 164.
Global symbol "@data" requires explicit package name at /usr/home/eserte/.cpan/build/Protocol-CassandraCQL-0.12-L3nL00/blib/lib/Protocol/CassandraCQL/Result.pm line 164.
Global symbol "$result" requires explicit package name at /usr/home/eserte/.cpan/build/Protocol-CassandraCQL-0.12-L3nL00/blib/lib/Protocol/CassandraCQL/Result.pm line 164.
Global symbol "@data" requires explicit package name at /usr/home/eserte/.cpan/build/Protocol-CassandraCQL-0.12-L3nL00/blib/lib/Protocol/CassandraCQL/Result.pm line 164.
Global symbol "$result" requires explicit package name at /usr/home/eserte/.cpan/build/Protocol-CassandraCQL-0.12-L3nL00/blib/lib/Protocol/CassandraCQL/Result.pm line 164.
Global symbol "$map" requires explicit package name at /usr/home/eserte/.cpan/build/Protocol-CassandraCQL-0.12-L3nL00/blib/lib/Protocol/CassandraCQL/Result.pm line 164.
Global symbol "$result" requires explicit package name at /usr/home/eserte/.cpan/build/Protocol-CassandraCQL-0.12-L3nL00/blib/lib/Protocol/CassandraCQL/Result.pm line 164.
Global symbol "$keyidx" requires explicit package name at /usr/home/eserte/.cpan/build/Protocol-CassandraCQL-0.12-L3nL00/blib/lib/Protocol/CassandraCQL/Result.pm line 164.
Global symbol "$keyidx" requires explicit package name at /usr/home/eserte/.cpan/build/Protocol-CassandraCQL-0.12-L3nL00/blib/lib/Protocol/CassandraCQL/Result.pm line 164.
Global symbol "$keyidx" requires explicit package name at /usr/home/eserte/.cpan/build/Protocol-CassandraCQL-0.12-L3nL00/blib/lib/Protocol/CassandraCQL/Result.pm line 164.
Global symbol "$keyidx" requires explicit package name at /usr/home/eserte/.cpan/build/Protocol-CassandraCQL-0.12-L3nL00/blib/lib/Protocol/CassandraCQL/Result.pm line 164.
Global symbol "$keyidx" requires explicit package name at /usr/home/eserte/.cpan/build/Protocol-CassandraCQL-0.12-L3nL00/blib/lib/Protocol/CassandraCQL/Result.pm line 164.
Global symbol "$keyidx" requires explicit package name at /usr/home/eserte/.cpan/build/Protocol-CassandraCQL-0.12-L3nL00/blib/lib/Protocol/CassandraCQL/Result.pm line 164.
Global symbol "$keyidx" requires explicit package name at /usr/home/eserte/.cpan/build/Protocol-CassandraCQL-0.12-L3nL00/blib/lib/Protocol/CassandraCQL/Result.pm line 164.
Global symbol "$map" requires explicit package name at /usr/home/eserte/.cpan/build/Protocol-CassandraCQL-0.12-L3nL00/blib/lib/Protocol/CassandraCQL/Result.pm line 164.
Global symbol "$result" requires explicit package name at /usr/home/eserte/.cpan/build/Protocol-CassandraCQL-0.12-L3nL00/blib/lib/Protocol/CassandraCQL/Result.pm line 164.
Global symbol "$keyname" requires explicit package name at /usr/home/eserte/.cpan/build/Protocol-CassandraCQL-0.12-L3nL00/blib/lib/Protocol/CassandraCQL/Result.pm line 164.
Global symbol "$keyname" requires explicit package name at /usr/home/eserte/.cpan/build/Protocol-CassandraCQL-0.12-L3nL00/blib/lib/Protocol/CassandraCQL/Result.pm line 164.
Global symbol "$keyname" requires explicit package name at /usr/home/eserte/.cpan/build/Protocol-CassandraCQL-0.12-L3nL00/blib/lib/Protocol/CassandraCQL/Result.pm line 164.
Global symbol "$keyname" requires explicit package name at /usr/home/eserte/.cpan/build/Protocol-CassandraCQL-0.12-L3nL00/blib/lib/Protocol/CassandraCQL/Result.pm line 164.
Global symbol "$keyname" requires explicit package name at /usr/home/eserte/.cpan/build/Protocol-CassandraCQL-0.12-L3nL00/blib/lib/Protocol/CassandraCQL/Result.pm line 164.
Global symbol "$keyname" requires explicit package name at /usr/home/eserte/.cpan/build/Protocol-CassandraCQL-0.12-L3nL00/blib/lib/Protocol/CassandraCQL/Result.pm line 164.
syntax error at /usr/home/eserte/.cpan/build/Protocol-CassandraCQL-0.12-L3nL00/blib/lib/Protocol/CassandraCQL/Result.pm line 273, near "/>"
  (Might be a runaway multi-line // string starting on line 164)
/usr/home/eserte/.cpan/build/Protocol-CassandraCQL-0.12-L3nL00/blib/lib/Protocol/CassandraCQL/Result.pm has too many errors.
Compilation failed in require at /usr/home/eserte/.cpan/build/Protocol-CassandraCQL-0.12-L3nL00/blib/lib/Protocol/CassandraCQL/Frames.pm line 36.
BEGIN failed--compilation aborted at /usr/home/eserte/.cpan/build/Protocol-CassandraCQL-0.12-L3nL00/blib/lib/Protocol/CassandraCQL/Frames.pm line 36.
Compilation failed in require at t/05frames.t line 10.
BEGIN failed--compilation aborted at t/05frames.t line 10.
t/05frames.t .. 
Dubious, test returned 255 (wstat 65280, 0xff00)
No subtests run 
Possible unintended interpolation of @data in string at /usr/home/eserte/.cpan/build/Protocol-CassandraCQL-0.12-L3nL00/blib/lib/Protocol/CassandraCQL/Result.pm line 164.
Possible unintended interpolation of @data in string at /usr/home/eserte/.cpan/build/Protocol-CassandraCQL-0.12-L3nL00/blib/lib/Protocol/CassandraCQL/Result.pm line 164.
Global symbol "$data" requires explicit package name at /usr/home/eserte/.cpan/build/Protocol-CassandraCQL-0.12-L3nL00/blib/lib/Protocol/CassandraCQL/Result.pm line 164.
Global symbol "$result" requires explicit package name at /usr/home/eserte/.cpan/build/Protocol-CassandraCQL-0.12-L3nL00/blib/lib/Protocol/CassandraCQL/Result.pm line 164.
Global symbol "$idx" requires explicit package name at /usr/home/eserte/.cpan/build/Protocol-CassandraCQL-0.12-L3nL00/blib/lib/Protocol/CassandraCQL/Result.pm line 164.
Global symbol "$idx" requires explicit package name at /usr/home/eserte/.cpan/build/Protocol-CassandraCQL-0.12-L3nL00/blib/lib/Protocol/CassandraCQL/Result.pm line 164.
Global symbol "$rows" requires explicit package name at /usr/home/eserte/.cpan/build/Protocol-CassandraCQL-0.12-L3nL00/blib/lib/Protocol/CassandraCQL/Result.pm line 164.
Global symbol "$idx" requires explicit package name at /usr/home/eserte/.cpan/build/Protocol-CassandraCQL-0.12-L3nL00/blib/lib/Protocol/CassandraCQL/Result.pm line 164.
Global symbol "$idx" requires explicit package name at /usr/home/eserte/.cpan/build/Protocol-CassandraCQL-0.12-L3nL00/blib/lib/Protocol/CassandraCQL/Result.pm line 164.
Global symbol "$idx" requires explicit package name at /usr/home/eserte/.cpan/build/Protocol-CassandraCQL-0.12-L3nL00/blib/lib/Protocol/CassandraCQL/Result.pm line 164.
Global symbol "$rows" requires explicit package name at /usr/home/eserte/.cpan/build/Protocol-CassandraCQL-0.12-L3nL00/blib/lib/Protocol/CassandraCQL/Result.pm line 164.
Global symbol "$rows" requires explicit package name at /usr/home/eserte/.cpan/build/Protocol-CassandraCQL-0.12-L3nL00/blib/lib/Protocol/CassandraCQL/Result.pm line 164.
Global symbol "$idx" requires explicit package name at /usr/home/eserte/.cpan/build/Protocol-CassandraCQL-0.12-L3nL00/blib/lib/Protocol/CassandraCQL/Result.pm line 164.
Global symbol "$data" requires explicit package name at /usr/home/eserte/.cpan/build/Protocol-CassandraCQL-0.12-L3nL00/blib/lib/Protocol/CassandraCQL/Result.pm line 164.
Global symbol "$result" requires explicit package name at /usr/home/eserte/.cpan/build/Protocol-CassandraCQL-0.12-L3nL00/blib/lib/Protocol/CassandraCQL/Result.pm line 164.
Global symbol "$idx" requires explicit package name at /usr/home/eserte/.cpan/build/Protocol-CassandraCQL-0.12-L3nL00/blib/lib/Protocol/CassandraCQL/Result.pm line 164.
Global symbol "$idx" requires explicit package name at /usr/home/eserte/.cpan/build/Protocol-CassandraCQL-0.12-L3nL00/blib/lib/Protocol/CassandraCQL/Result.pm line 164.
Global symbol "$rows" requires explicit package name at /usr/home/eserte/.cpan/build/Protocol-CassandraCQL-0.12-L3nL00/blib/lib/Protocol/CassandraCQL/Result.pm line 164.
Global symbol "$idx" requires explicit package name at /usr/home/eserte/.cpan/build/Protocol-CassandraCQL-0.12-L3nL00/blib/lib/Protocol/CassandraCQL/Result.pm line 164.
Global symbol "$idx" requires explicit package name at /usr/home/eserte/.cpan/build/Protocol-CassandraCQL-0.12-L3nL00/blib/lib/Protocol/CassandraCQL/Result.pm line 164.
Global symbol "$idx" requires explicit package name at /usr/home/eserte/.cpan/build/Protocol-CassandraCQL-0.12-L3nL00/blib/lib/Protocol/CassandraCQL/Result.pm line 164.
Global symbol "$rows" requires explicit package name at /usr/home/eserte/.cpan/build/Protocol-CassandraCQL-0.12-L3nL00/blib/lib/Protocol/CassandraCQL/Result.pm line 164.
Global symbol "$rows" requires explicit package name at /usr/home/eserte/.cpan/build/Protocol-CassandraCQL-0.12-L3nL00/blib/lib/Protocol/CassandraCQL/Result.pm line 164.
Global symbol "$idx" requires explicit package name at /usr/home/eserte/.cpan/build/Protocol-CassandraCQL-0.12-L3nL00/blib/lib/Protocol/CassandraCQL/Result.pm line 164.
Global symbol "@data" requires explicit package name at /usr/home/eserte/.cpan/build/Protocol-CassandraCQL-0.12-L3nL00/blib/lib/Protocol/CassandraCQL/Result.pm line 164.
Global symbol "$result" requires explicit package name at /usr/home/eserte/.cpan/build/Protocol-CassandraCQL-0.12-L3nL00/blib/lib/Protocol/CassandraCQL/Result.pm line 164.
Global symbol "@data" requires explicit package name at /usr/home/eserte/.cpan/build/Protocol-CassandraCQL-0.12-L3nL00/blib/lib/Protocol/CassandraCQL/Result.pm line 164.
Global symbol "$result" requires explicit package name at /usr/home/eserte/.cpan/build/Protocol-CassandraCQL-0.12-L3nL00/blib/lib/Protocol/CassandraCQL/Result.pm line 164.
Global symbol "$map" requires explicit package name at /usr/home/eserte/.cpan/build/Protocol-CassandraCQL-0.12-L3nL00/blib/lib/Protocol/CassandraCQL/Result.pm line 164.
Global symbol "$result" requires explicit package name at /usr/home/eserte/.cpan/build/Protocol-CassandraCQL-0.12-L3nL00/blib/lib/Protocol/CassandraCQL/Result.pm line 164.
Global symbol "$keyidx" requires explicit package name at /usr/home/eserte/.cpan/build/Protocol-CassandraCQL-0.12-L3nL00/blib/lib/Protocol/CassandraCQL/Result.pm line 164.
Global symbol "$keyidx" requires explicit package name at /usr/home/eserte/.cpan/build/Protocol-CassandraCQL-0.12-L3nL00/blib/lib/Protocol/CassandraCQL/Result.pm line 164.
Global symbol "$keyidx" requires explicit package name at /usr/home/eserte/.cpan/build/Protocol-CassandraCQL-0.12-L3nL00/blib/lib/Protocol/CassandraCQL/Result.pm line 164.
Global symbol "$keyidx" requires explicit package name at /usr/home/eserte/.cpan/build/Protocol-CassandraCQL-0.12-L3nL00/blib/lib/Protocol/CassandraCQL/Result.pm line 164.
Global symbol "$keyidx" requires explicit package name at /usr/home/eserte/.cpan/build/Protocol-CassandraCQL-0.12-L3nL00/blib/lib/Protocol/CassandraCQL/Result.pm line 164.
Global symbol "$keyidx" requires explicit package name at /usr/home/eserte/.cpan/build/Protocol-CassandraCQL-0.12-L3nL00/blib/lib/Protocol/CassandraCQL/Result.pm line 164.
Global symbol "$keyidx" requires explicit package name at /usr/home/eserte/.cpan/build/Protocol-CassandraCQL-0.12-L3nL00/blib/lib/Protocol/CassandraCQL/Result.pm line 164.
Global symbol "$map" requires explicit package name at /usr/home/eserte/.cpan/build/Protocol-CassandraCQL-0.12-L3nL00/blib/lib/Protocol/CassandraCQL/Result.pm line 164.
Global symbol "$result" requires explicit package name at /usr/home/eserte/.cpan/build/Protocol-CassandraCQL-0.12-L3nL00/blib/lib/Protocol/CassandraCQL/Result.pm line 164.
Global symbol "$keyname" requires explicit package name at /usr/home/eserte/.cpan/build/Protocol-CassandraCQL-0.12-L3nL00/blib/lib/Protocol/CassandraCQL/Result.pm line 164.
Global symbol "$keyname" requires explicit package name at /usr/home/eserte/.cpan/build/Protocol-CassandraCQL-0.12-L3nL00/blib/lib/Protocol/CassandraCQL/Result.pm line 164.
Global symbol "$keyname" requires explicit package name at /usr/home/eserte/.cpan/build/Protocol-CassandraCQL-0.12-L3nL00/blib/lib/Protocol/CassandraCQL/Result.pm line 164.
Global symbol "$keyname" requires explicit package name at /usr/home/eserte/.cpan/build/Protocol-CassandraCQL-0.12-L3nL00/blib/lib/Protocol/CassandraCQL/Result.pm line 164.
Global symbol "$keyname" requires explicit package name at /usr/home/eserte/.cpan/build/Protocol-CassandraCQL-0.12-L3nL00/blib/lib/Protocol/CassandraCQL/Result.pm line 164.
Global symbol "$keyname" requires explicit package name at /usr/home/eserte/.cpan/build/Protocol-CassandraCQL-0.12-L3nL00/blib/lib/Protocol/CassandraCQL/Result.pm line 164.
syntax error at /usr/home/eserte/.cpan/build/Protocol-CassandraCQL-0.12-L3nL00/blib/lib/Protocol/CassandraCQL/Result.pm line 273, near "/>"
  (Might be a runaway multi-line // string starting on line 164)
/usr/home/eserte/.cpan/build/Protocol-CassandraCQL-0.12-L3nL00/blib/lib/Protocol/CassandraCQL/Result.pm has too many errors.
Compilation failed in require at /usr/home/eserte/.cpan/build/Protocol-CassandraCQL-0.12-L3nL00/blib/lib/Protocol/CassandraCQL/Frames.pm line 36.
BEGIN failed--compilation aborted at /usr/home/eserte/.cpan/build/Protocol-CassandraCQL-0.12-L3nL00/blib/lib/Protocol/CassandraCQL/Frames.pm line 36.
Compilation failed in require at /usr/home/eserte/.cpan/build/Protocol-CassandraCQL-0.12-L3nL00/blib/lib/Protocol/CassandraCQL/Client.pm line 30.
BEGIN failed--compilation aborted at /usr/home/eserte/.cpan/build/Protocol-CassandraCQL-0.12-L3nL00/blib/lib/Protocol/CassandraCQL/Client.pm line 30.
Compilation failed in require at t/10client.t line 11.
BEGIN failed--compilation aborted at t/10client.t line 11.
t/10client.t .. 
Dubious, test returned 255 (wstat 65280, 0xff00)
No subtests run 
t/99pod.t ..... ok

Test Summary Report
-------------------
t/00use.t   (Wstat: 256 Tests: 5 Failed: 1)
  Failed test:  2
  Non-zero exit status: 1
t/01frame.t (Wstat: 65280 Tests: 3 Failed: 0)
  Non-zero exit status: 255
  Parse errors: No plan found in TAP output
t/02types.t (Wstat: 512 Tests: 16 Failed: 0)
  Non-zero exit status: 2
  Parse errors: No plan found in TAP output
t/03meta.t  (Wstat: 65280 Tests: 0 Failed: 0)
  Non-zero exit status: 255
  Parse errors: No plan found in TAP output
t/04result.t (Wstat: 65280 Tests: 0 Failed: 0)
  Non-zero exit status: 255
  Parse errors: No plan found in TAP output
t/05frames.t (Wstat: 65280 Tests: 0 Failed: 0)
  Non-zero exit status: 255
  Parse errors: No plan found in TAP output
t/10client.t (Wstat: 65280 Tests: 0 Failed: 0)
  Non-zero exit status: 255
  Parse errors: No plan found in TAP output
Files=8, Tests=31,  1 wallclock secs ( 0.09 usr  0.03 sys +  0.83 cusr  0.18 csys =  1.12 CPU)
Result: FAIL
Failed 7/8 test programs. 1/31 subtests failed.

------------------------------
PREREQUISITES
------------------------------

Prerequisite modules loaded:

requires:

    Module           Need   Have    
    ---------------- ------ --------
    Compress::Snappy 0      0.23    
    Encode           0      2.67    
    IO::Socket::IP   0      0.34    
    Math::BigInt     0      1.9993  
    Math::Int64      0      0.33    
    Socket           1.82   2.016   

build_requires:

    Module           Need   Have    
    ---------------- ------ --------
    Test::Fatal      0      0.014   
    Test::HexString  0      0.03    
    Test::More       0.88   1.001009

configure_requires:

    Module           Need   Have    
    ---------------- ------ --------
    Module::Build    0.4004 0.4210  


------------------------------
ENVIRONMENT AND OTHER CONTEXT
------------------------------

Environment variables:

    DBIC_NO_WARN_BAD_PERL = 1
    LC_ALL = de_DE.ISO8859-1
    PATH = /usr/local/bin:/usr/bin:/bin:/usr/local/sbin:/usr/sbin:/sbin:/home/cpansand/bin/freebsd9.1:/home/cpansand/bin/sh:/home/cpansand/bin:/usr/games:/home/cpansand/devel:/usr/home/eserte/src/srezic-misc/scripts
    PERL5LIB = 
    PERL5OPT = 
    PERL5_CPANPLUS_IS_RUNNING = 90189
    PERL5_CPAN_IS_RUNNING = 90189
    PERL5_CPAN_IS_RUNNING_IN_RECURSION = 90012,90189
    PERLDOC = -MPod::Perldoc::ToTextOverstrike
    PERL_BATCH = yes
    PERL_CPAN_REPORTER_CONFIG = /var/tmp/cpansmoker-1023/ReTtdOK6dH_config.ini
    PERL_EXTUTILS_AUTOINSTALL = --defaultdeps
    PERL_HTML_DISPLAY_CLASS = HTML::Display::Mozilla
    SHELL = /usr/local/bin/zsh
    TERM = screen
    TMPDIR = /var/tmp/cpansmoker-1023

Perl special variables (and OS-specific diagnostics, for MSWin32):

    $^X = /usr/perl5.8.9/bin/perl
    $UID/$EUID = 1023 / 1023
    $GID = 1023 1023
    $EGID = 1023 1023

Perl module toolchain versions installed:

    Module              Have    
    ------------------- --------
    CPAN                2.05    
    CPAN::Meta          2.143240
    Cwd                 3.47    
    ExtUtils::CBuilder  0.280220
    ExtUtils::Command   1.16    
    ExtUtils::Install   2.04    
    ExtUtils::MakeMaker 7.04    
    ExtUtils::Manifest  1.69    
    ExtUtils::ParseXS   3.24    
    File::Spec          3.47    
    JSON                2.90    
    JSON::PP            2.27203 
    Module::Build       0.4210  
    Module::Signature   0.73    
    Parse::CPAN::Meta   1.4414  
    Test::Harness       3.32    
    Test::More          1.001009
    YAML                1.12    
    YAML::Syck          1.29    
    version             0.9909  


--

Summary of my perl5 (revision 5 version 8 subversion 9) configuration:
  Platform:
    osname=freebsd, osvers=9.2-release-p4, archname=amd64-freebsd
    uname='freebsd cvrsnica-freebsd-92 9.2-release-p4 freebsd 9.2-release-p4 #0: tue apr 8 18:08:22 utc 2014 root@amd64-builder.daemonology.net:usrobjusrsrcsysgeneric amd64 '
    config_args='-ds -e -Dprefix=/usr/perl5.8.9'
    hint=recommended, useposix=true, d_sigaction=define
    usethreads=undef use5005threads=undef useithreads=undef usemultiplicity=undef
    useperlio=define d_sfio=undef uselargefiles=define usesocks=undef
    use64bitint=define use64bitall=define uselongdouble=undef
    usemymalloc=n, bincompat5005=undef
  Compiler:
    cc='cc', ccflags ='-DHAS_FPSETMASK -DHAS_FLOATINGPOINT_H -fno-strict-aliasing -pipe -I/usr/local/include',
    optimize='-O',
    cppflags='-DHAS_FPSETMASK -DHAS_FLOATINGPOINT_H -fno-strict-aliasing -pipe -I/usr/local/include'
    ccversion='', gccversion='4.2.1 20070831 patched [FreeBSD]', gccosandvers=''
    intsize=4, longsize=8, ptrsize=8, doublesize=8, byteorder=12345678
    d_longlong=define, longlongsize=8, d_longdbl=define, longdblsize=16
    ivtype='long', ivsize=8, nvtype='double', nvsize=8, Off_t='off_t', lseeksize=8
    alignbytes=8, prototype=define
  Linker and Libraries:
    ld='cc', ldflags ='-Wl,-E  -L/usr/local/lib'
    libpth=/usr/lib /usr/local/lib
    libs=-lgdbm -lm -lcrypt -lutil -lc
    perllibs=-lm -lcrypt -lutil -lc
    libc=, so=so, useshrplib=false, libperl=libperl.a
    gnulibc_version=''
  Dynamic Linking:
    dlsrc=dl_dlopen.xs, dlext=so, d_dlsymun=undef, ccdlflags=' '
    cccdlflags='-DPIC -fPIC', lddlflags='-shared  -L/usr/local/lib'


Characteristics of this binary (from libperl): 
  Compile-time options: PERL_MALLOC_WRAP USE_64_BIT_ALL USE_64_BIT_INT
                        USE_FAST_STDIO USE_LARGE_FILES USE_PERLIO
  Built under freebsd
  Compiled at May 15 2014 22:27:57
  %ENV:
    PERL5LIB=""
    PERL5OPT=""
    PERL5_CPANPLUS_IS_RUNNING="90189"
    PERL5_CPAN_IS_RUNNING="90189"
    PERL5_CPAN_IS_RUNNING_IN_RECURSION="90012,90189"
    PERLDOC="-MPod::Perldoc::ToTextOverstrike"
    PERL_BATCH="yes"
    PERL_CPAN_REPORTER_CONFIG="/var/tmp/cpansmoker-1023/ReTtdOK6dH_config.ini"
    PERL_EXTUTILS_AUTOINSTALL="--defaultdeps"
    PERL_HTML_DISPLAY_CLASS="HTML::Display::Mozilla"
  @INC:
    /usr/perl5.8.9/lib/5.8.9/amd64-freebsd
    /usr/perl5.8.9/lib/5.8.9
    /usr/perl5.8.9/lib/site_perl/5.8.9/amd64-freebsd
    /usr/perl5.8.9/lib/site_perl/5.8.9
    .