Back
From: metabase:user:322078bc-2aae-11df-837a-5e0a49663a4f
Subject: FAIL Test-AnyEvent-Time-0.01 v5.12.3 Mac OS X
Date: 2012-06-26T07:04:23Z
This distribution has been tested as part of the CPAN Testers
project, supporting the Perl programming language. See
http://wiki.cpantesters.org/ for more information or email
questions to cpan-testers-discuss@perl.org
--
Dear TOSHIOITO,
This is a computer-generated error report created automatically by
CPANPLUS, version 0.9130. Testers personal comments may appear
at the end of this report.
Thank you for uploading your work to CPAN. However, it appears that
there were some problems testing your distribution.
TEST RESULTS:
Below is the error stack from stage 'make test':
PERL_DL_NONLAZY=1 /Volumes/Media/smoke/thr/perl-5.12.3/bin/perl "-MExtUtils::Command::MM" "-e" "test_harness(0, 'blib/lib', 'blib/arch')" t/*.t
t/00-load.t .......... ok
# Testing Test::AnyEvent::Time 0.01, Perl 5.012003, /Volumes/Media/smoke/thr/perl-5.12.3/bin/perl
# Failed test at t/10-elapsed_time.t line 17.
# '3'
# <=
# '2.9'
# Failed test at t/10-elapsed_time.t line 18.
# '1'
# >=
# '1.1'
t/10-elapsed_time.t ..
Dubious, test returned 2 (wstat 512, 0x200)
Failed 2/27 subtests
# Looks like you failed 2 tests of 27.
# Failed test ' - >, timeout(1)'
# at t/20-Time.t line 62.
# STDOUT is:
# not ok 1 - >, timeout(1)
#
# not:
# ok 1 - >, timeout(1)
#
# as expected
# STDERR is:
# # Failed test '>, timeout(1)'
# # at t/20-Time.t line 56.
# # '0'
# # >
# # '0.5'
#
# not:
#
# as expected
# Failed test 'return value: 1'
# at t/20-Time.t line 63.
# got: '0'
# expected: '1'
# Failed test ' - <, timeout(undef)'
# at t/20-Time.t line 62.
# STDOUT is:
# not ok 1 - <, timeout(undef)
#
# not:
# ok 1 - <, timeout(undef)
#
# as expected
# STDERR is:
# # Failed test '<, timeout(undef)'
# # at t/20-Time.t line 56.
# # '1'
# # <
# # '0.6'
#
# not:
#
# as expected
# Failed test 'return value: 1'
# at t/20-Time.t line 63.
# got: '0'
# expected: '1'
# Failed test ' - >, timeout(undef)'
# at t/20-Time.t line 62.
# STDOUT is:
# not ok 1 - >, timeout(undef)
#
# not:
# ok 1 - >, timeout(undef)
#
# as expected
# STDERR is:
# # Failed test '>, timeout(undef)'
# # at t/20-Time.t line 56.
# # '0'
# # >
# # '0.1'
#
# not:
#
# as expected
# Failed test 'return value: 1'
# at t/20-Time.t line 63.
# got: '0'
# expected: '1'
# Failed test ''
# at t/20-Time.t line 62.
# STDOUT is:
# not ok 1
#
# not:
# ok 1
#
# as expected
# STDERR is:
# # Failed test at t/20-Time.t line 59.
# # '0'
# # >
# # '0.1'
#
# not:
#
# as expected
# Failed test 'return value: 1'
# at t/20-Time.t line 63.
# got: '0'
# expected: '1'
# Failed test ''
# at t/20-Time.t line 62.
# STDOUT is:
# not ok 1
#
# not:
# ok 1
#
# as expected
# STDERR is:
# # Failed test at t/20-Time.t line 59.
# # '1'
# # <
# # '1'
#
# not:
#
# as expected
# Failed test 'return value: 1'
# at t/20-Time.t line 63.
# got: '0'
# expected: '1'
# Failed test ''
# at t/20-Time.t line 62.
# STDOUT is:
# ok 1
#
# not:
# not ok 1
#
# as expected
# STDERR is:
#
# not:
# /#\s+Failed\ test.*?\n?.*?at\ t\/20\-Time\.t line 59.*\n?/
#
# (?-xism:# +'[^']+' *\n)
# (?-xism:# +< *\n)
# (?-xism:# +'0.1' *\n?)
# as expected
# Failed test 'return value: 0'
# at t/20-Time.t line 63.
# got: '1'
# expected: '0'
# Failed test 'time_between_ok: ok (no desc)'
# at t/20-Time.t line 161.
# STDOUT is:
# not ok 1
#
# not:
# ok 1
#
# as expected
# STDERR is:
# # Failed test at t/20-Time.t line 160.
# # '0'
# # >
# # '0'
#
# not:
#
# as expected
# Failed test at t/20-Time.t line 162.
t/20-Time.t ..........
Failed 14/81 subtests
t/manifest.t ......... skipped: Author tests not required for installation
t/pod.t .............. skipped: Test::Pod 1.22 required for testing POD
Test Summary Report
-------------------
t/10-elapsed_time.t (Wstat: 512 Tests: 27 Failed: 2)
Failed tests: 13, 20
Non-zero exit status: 2
t/20-Time.t (Wstat: 0 Tests: 81 Failed: 14)
Failed tests: 9-18, 32-33, 58-59
Files=5, Tests=109, 26 wallclock secs ( 0.37 usr 0.14 sys + 2.03 cusr 0.43 csys = 2.97 CPU)
Result: FAIL
Failed 2/5 test programs. 16/109 subtests failed.
make: *** [test_dynamic] Error 255
PREREQUISITES:
Here is a list of prerequisites you specified and versions we
managed to load:
Module Name Have Want
AnyEvent 7.01 7.01
Scalar::Util 1.22 0
Test::Builder 0.98 0
Test::More 0.98 0
Perl module toolchain versions installed:
Module Name Have
CPANPLUS 0.9130
CPANPLUS::Dist::Build 0.62
Cwd 3.33
ExtUtils::CBuilder 0.280205
ExtUtils::Command 1.16
ExtUtils::Install 1.55
ExtUtils::MakeMaker 6.62
ExtUtils::Manifest 1.60
ExtUtils::ParseXS 3.15
File::Spec 3.33
Module::Build 0.40
Test::Harness 3.25
Test::More 0.98
version 0.99
******************************** NOTE ********************************
The comments above are created mechanically, possibly without manual
checking by the sender. As there are many people performing automatic
tests on each upload to CPAN, it is likely that you will receive
identical messages about the same problem.
If you believe that the message is mistaken, please reply to the first
one with correction and/or additional informations, and do not take
it personally. We appreciate your patience. :)
**********************************************************************
Additional comments:
This report was machine-generated by CPANPLUS::Dist::YACSmoke 0.80.
Powered by minismokebox version 0.54
------------------------------
ENVIRONMENT AND OTHER CONTEXT
------------------------------
Environment variables:
AUTOMATED_TESTING = 1
PATH = /bin:/sbin:/usr/bin:/usr/sbin:/usr/local/bin:/usr/local/sbin
PERL5LIB = :/Volumes/Media/smoke/thr/conf/perl-5.12.3/.cpanplus/5.12.3/build/AnyEvent-7.01/blib/lib:/Volumes/Media/smoke/thr/conf/perl-5.12.3/.cpanplus/5.12.3/build/AnyEvent-7.01/blib/arch:/Volumes/Media/smoke/thr/conf/perl-5.12.3/.cpanplus/5.12.3/build/Test-AnyEvent-Time-0.01/blib/lib:/Volumes/Media/smoke/thr/conf/perl-5.12.3/.cpanplus/5.12.3/build/Test-AnyEvent-Time-0.01/blib/arch
PERL5_CPANPLUS_IS_RUNNING = 6209
PERL5_CPANPLUS_IS_VERSION = 0.9130
PERL5_MINISMOKEBOX = 0.54
PERL5_YACSMOKE_BASE = /Volumes/Media/smoke/thr/conf/perl-5.12.3
PERL_EXTUTILS_AUTOINSTALL = --defaultdeps
PERL_MM_USE_DEFAULT = 1
SHELL = /bin/bash
TERM = screen
Perl special variables (and OS-specific diagnostics, for MSWin32):
Perl: $^X = /Volumes/Media/smoke/thr/perl-5.12.3/bin/perl
UID: $< = 502
EUID: $> = 502
GID: $( = 502 502
EGID: $) = 502 502
-------------------------------
--
Summary of my perl5 (revision 5 version 12 subversion 3) configuration:
Platform:
osname=darwin, osvers=8.11.0, archname=darwin-thread-multi-2level
uname='darwin linkman.bingosnet.co.uk 8.11.0 darwin kernel version 8.11.0: wed oct 10 18:26:00 pdt 2007; root:xnu-792.24.17~1release_ppc power macintosh powerpc '
config_args='-des -Dprefix=/Volumes/Media/smoke/thr/perl-5.12.3 -Dusethreads'
hint=recommended, useposix=true, d_sigaction=define
useithreads=define, usemultiplicity=define
useperlio=define, d_sfio=undef, uselargefiles=define, usesocks=undef
use64bitint=undef, use64bitall=undef, uselongdouble=undef
usemymalloc=n, bincompat5005=undef
Compiler:
cc='cc', ccflags ='-fno-common -DPERL_DARWIN -no-cpp-precomp -fno-strict-aliasing -pipe -I/usr/local/include',
optimize='-O3',
cppflags='-no-cpp-precomp -fno-common -DPERL_DARWIN -no-cpp-precomp -fno-strict-aliasing -pipe -I/usr/local/include'
ccversion='', gccversion='4.0.1 (Apple Computer, Inc. build 5367)', gccosandvers=''
intsize=4, longsize=4, ptrsize=4, doublesize=8, byteorder=4321
d_longlong=define, longlongsize=8, d_longdbl=define, longdblsize=16
ivtype='long', ivsize=4, nvtype='double', nvsize=8, Off_t='off_t', lseeksize=8
alignbytes=8, prototype=define
Linker and Libraries:
ld='env MACOSX_DEPLOYMENT_TARGET=10.3 cc', ldflags =' -L/usr/local/lib'
libpth=/usr/local/lib /usr/lib
libs=-ldbm -ldl -lm -lc
perllibs=-ldl -lm -lc
libc=/usr/lib/libc.dylib, so=dylib, useshrplib=false, libperl=libperl.a
gnulibc_version=''
Dynamic Linking:
dlsrc=dl_dlopen.xs, dlext=bundle, d_dlsymun=undef, ccdlflags=' '
cccdlflags=' ', lddlflags=' -bundle -undefined dynamic_lookup -L/usr/local/lib'
Characteristics of this binary (from libperl):
Compile-time options: MULTIPLICITY PERL_DONT_CREATE_GVSV
PERL_IMPLICIT_CONTEXT PERL_MALLOC_WRAP USE_ITHREADS
USE_LARGE_FILES USE_PERLIO USE_PERL_ATOF
USE_REENTRANT_API
Built under darwin
Compiled at Jan 29 2011 15:39:22
%ENV:
PERL5LIB=":/Volumes/Media/smoke/thr/conf/perl-5.12.3/.cpanplus/5.12.3/build/AnyEvent-7.01/blib/lib:/Volumes/Media/smoke/thr/conf/perl-5.12.3/.cpanplus/5.12.3/build/AnyEvent-7.01/blib/arch:/Volumes/Media/smoke/thr/conf/perl-5.12.3/.cpanplus/5.12.3/build/Test-AnyEvent-Time-0.01/blib/lib:/Volumes/Media/smoke/thr/conf/perl-5.12.3/.cpanplus/5.12.3/build/Test-AnyEvent-Time-0.01/blib/arch"
PERL5_CPANPLUS_IS_RUNNING="6209"
PERL5_CPANPLUS_IS_VERSION="0.9130"
PERL5_MINISMOKEBOX="0.54"
PERL5_YACSMOKE_BASE="/Volumes/Media/smoke/thr/conf/perl-5.12.3"
PERL_EXTUTILS_AUTOINSTALL="--defaultdeps"
PERL_MM_USE_DEFAULT="1"
@INC:
/Volumes/Media/smoke/thr/conf/perl-5.12.3/.cpanplus/5.12.3/build/AnyEvent-7.01/blib/lib
/Volumes/Media/smoke/thr/conf/perl-5.12.3/.cpanplus/5.12.3/build/AnyEvent-7.01/blib/arch
/Volumes/Media/smoke/thr/conf/perl-5.12.3/.cpanplus/5.12.3/build/Test-AnyEvent-Time-0.01/blib/lib
/Volumes/Media/smoke/thr/conf/perl-5.12.3/.cpanplus/5.12.3/build/Test-AnyEvent-Time-0.01/blib/arch
/Volumes/Media/smoke/thr/perl-5.12.3/lib/site_perl/5.12.3/darwin-thread-multi-2level
/Volumes/Media/smoke/thr/perl-5.12.3/lib/site_perl/5.12.3
/Volumes/Media/smoke/thr/perl-5.12.3/lib/5.12.3/darwin-thread-multi-2level
/Volumes/Media/smoke/thr/perl-5.12.3/lib/5.12.3
.