Back
From: metabase:user:314402c4-2aae-11df-837a-5e0a49663a4f
Subject: FAIL AcePerl-1.92 v5.12.3 FreeBSD
Date: 2012-03-24T23:43:27Z
This distribution has been tested as part of the CPAN Testers
project, supporting the Perl programming language. See
http://wiki.cpantesters.org/ for more information or email
questions to cpan-testers-discuss@perl.org
--
Dear Lincoln D. Stein,
This is a computer-generated report for AcePerl-1.92
on perl 5.12.3, created by CPAN-Reporter-1.1902.
Thank you for uploading your work to CPAN. However, there was a problem
testing your distribution.
If you think this report is invalid, please consult the CPAN Testers Wiki
for suggestions on how to avoid getting FAIL reports for missing library
or binary dependencies, unsupported operating systems, and so on:
http://wiki.cpantesters.org/wiki/CPANAuthorNotes
Sections of this report:
* Tester comments
* Program output
* Prerequisites
* Environment and other context
------------------------------
TESTER COMMENTS
------------------------------
Additional comments from tester:
none provided
------------------------------
PROGRAM OUTPUT
------------------------------
Output from '/usr/bin/make test':
PERL_DL_NONLAZY=1 /usr/perl5.12.3/bin/perl5.12.3 "-MExtUtils::Command::MM" "-e" "test_harness(0, 'blib/lib', 'blib/arch')" t/*.t
Waiting for remote acedb regression database to start up. This may take a few minutes.
Couldn't establish connection to database. Aborting tests.
t/basic.t .....
Dubious, test returned 60 (wstat 15360, 0x3c00)
Failed 9/10 subtests
Couldn't establish connection to database. Aborting tests.
t/object.t ....
Dubious, test returned 60 (wstat 15360, 0x3c00)
Failed 35/36 subtests
Couldn't establish connection to database. Aborting tests.
t/sequence.t ..
Dubious, test returned 60 (wstat 15360, 0x3c00)
Failed 53/54 subtests
Couldn't establish connection to database. Aborting tests.
t/update.t ....
Dubious, test returned 60 (wstat 15360, 0x3c00)
Failed 16/17 subtests
Test Summary Report
-------------------
t/basic.t (Wstat: 15360 Tests: 2 Failed: 1)
Failed test: 2
Non-zero exit status: 60
Parse errors: Bad plan. You planned 10 tests but ran 2.
t/object.t (Wstat: 15360 Tests: 2 Failed: 1)
Failed test: 2
Non-zero exit status: 60
Parse errors: Bad plan. You planned 36 tests but ran 2.
t/sequence.t (Wstat: 15360 Tests: 2 Failed: 1)
Failed test: 2
Non-zero exit status: 60
Parse errors: Bad plan. You planned 54 tests but ran 2.
t/update.t (Wstat: 15360 Tests: 2 Failed: 1)
Failed test: 2
Non-zero exit status: 60
Parse errors: Bad plan. You planned 17 tests but ran 2.
Files=4, Tests=8, 301 wallclock secs ( 0.02 usr 0.03 sys + 0.23 cusr 0.07 csys = 0.35 CPU)
Result: FAIL
Failed 4/4 test programs. 4/8 subtests failed.
*** Error code 60
Stop in /var/tmp/CPAN-build/AcePerl-1.92-Py6SSu.
------------------------------
PREREQUISITES
------------------------------
Prerequisite modules loaded:
requires:
Module Need Have
------------------- ---- ----
Cache::Cache 1.03 1.06
Digest::MD5 2 2.51
build_requires:
Module Need Have
------------------- ---- ----
ExtUtils::MakeMaker 0 6.62
------------------------------
ENVIRONMENT AND OTHER CONTEXT
------------------------------
Environment variables:
DBIC_NO_WARN_BAD_PERL = 1
PATH = /usr/local/bin:/usr/X11R6/bin:/usr/X11/bin:/usr/perl5.8.0/bin:/usr/bin:/bin:/usr/local/sbin:/usr/sbin:/sbin:/usr/local/pilot/bin:/home/cpansand/bin/freebsd8.0:/home/cpansand/bin/sh:/home/cpansand/bin:/usr/X386/bin:/usr/games:/home/cpansand/devel:/usr/home/e/eserte/work/srezic-misc/scripts
PERL5LIB = /usr/local/src/CPAN/build/DBIx-Migration-0.07-675b3n/blib/arch:/usr/local/src/CPAN/build/DBIx-Migration-0.07-675b3n/blib/lib:/usr/local/src/CPAN/build/MooseX-Types-JSON-0.02-f3ibsH/blib/arch:/usr/local/src/CPAN/build/MooseX-Types-JSON-0.02-f3ibsH/blib/lib:/usr/local/src/CPAN/build/Catalyst-Plugin-Redirect-0.02-ZRgizP/blib/arch:/usr/local/src/CPAN/build/Catalyst-Plugin-Redirect-0.02-ZRgizP/blib/lib:/usr/local/src/CPAN/build/Task-Kensho-WebDev-0.28-nJSJ0I/blib/arch:/usr/local/src/CPAN/build/Task-Kensho-WebDev-0.28-nJSJ0I/blib/lib:/usr/local/src/CPAN/build/Lingua-PT-PLN-0.20-jNbhVZ/blib/arch:/usr/local/src/CPAN/build/Lingua-PT-PLN-0.20-jNbhVZ/blib/lib
PERL5OPT =
PERL5_CPANPLUS_IS_RUNNING = 66281
PERL5_CPAN_IS_RUNNING = 66281
PERL5_CPAN_IS_RUNNING_IN_RECURSION = 66177,66281
PERL_BATCH = yes
PERL_CPAN_REPORTER_CONFIG = /var/tmp/cpansmoker-1023/91imvpQ261_config.ini
PERL_EXTUTILS_AUTOINSTALL = --defaultdeps
PERL_HTML_DISPLAY_CLASS = HTML::Display::Mozilla
SHELL = /usr/local/bin/zsh
TERM = screen
TMPDIR = /var/tmp/cpansmoker-1023
Perl special variables (and OS-specific diagnostics, for MSWin32):
$^X = /usr/perl5.12.3/bin/perl5.12.3
$UID/$EUID = 1023 / 1023
$GID = 1023 1023
$EGID = 1023 1023
Perl module toolchain versions installed:
Module Have
------------------- --------
CPAN 1.9800
Cwd 3.33
ExtUtils::CBuilder 0.280205
ExtUtils::Command 1.17
ExtUtils::Install 1.55
ExtUtils::MakeMaker 6.62
ExtUtils::Manifest 1.60
ExtUtils::ParseXS 3.14
File::Spec 3.33
Module::Build 0.40
Module::Signature 0.68
Test::Harness 3.23
Test::More 0.98
YAML 0.77
YAML::Syck 1.20
version 0.96
--
Summary of my perl5 (revision 5 version 12 subversion 3) configuration:
Platform:
osname=freebsd, osvers=8.0-release, archname=i386-freebsd
uname='freebsd biokovo.herceg.de 8.0-release freebsd 8.0-release #0: sat nov 21 15:48:17 utc 2009 root@almeida.cse.buffalo.edu:usrobjusrsrcsysgeneric i386 '
config_args='-Dprefix=/usr/perl5.12.3 -Dusemymalloc=n -D cc=ccache cc -Dgccansipedantic -Duse64bit -de -D hintfile=myfreebsd'
hint=recommended, useposix=true, d_sigaction=define
useithreads=undef, usemultiplicity=undef
useperlio=define, d_sfio=undef, uselargefiles=define, usesocks=undef
use64bitint=undef, use64bitall=undef, uselongdouble=undef
usemymalloc=n, bincompat5005=undef
Compiler:
cc='ccache cc', ccflags ='-DHAS_FPSETMASK -DHAS_FLOATINGPOINT_H -fno-strict-aliasing -pipe -fstack-protector -I/usr/local/include',
optimize='-O2 -mtune=athlon64 -pipe',
cppflags='-DHAS_FPSETMASK -DHAS_FLOATINGPOINT_H -fno-strict-aliasing -pipe -fstack-protector -I/usr/local/include'
ccversion='', gccversion='4.2.1 20070719 [FreeBSD]', gccosandvers=''
intsize=4, longsize=4, ptrsize=4, doublesize=8, byteorder=1234
d_longlong=define, longlongsize=8, d_longdbl=define, longdblsize=12
ivtype='long', ivsize=4, nvtype='double', nvsize=8, Off_t='off_t', lseeksize=8
alignbytes=4, prototype=define
Linker and Libraries:
ld='ccache cc', ldflags ='-Wl,-E -fstack-protector -L/usr/local/lib'
libpth=/usr/lib /usr/local/lib
libs=-lgdbm -lm -lcrypt -lutil -lc
perllibs=-lm -lcrypt -lutil -lc
libc=, so=so, useshrplib=false, libperl=libperl.a
gnulibc_version=''
Dynamic Linking:
dlsrc=dl_dlopen.xs, dlext=so, d_dlsymun=undef, ccdlflags=' '
cccdlflags='-DPIC -fPIC', lddlflags='-shared -L/usr/local/lib -fstack-protector'
Characteristics of this binary (from libperl):
Compile-time options: PERL_DONT_CREATE_GVSV PERL_MALLOC_WRAP PERL_USE_DEVEL
USE_LARGE_FILES USE_PERLIO USE_PERL_ATOF
Built under freebsd
Compiled at Jan 25 2011 22:50:03
%ENV:
PERL5LIB="/usr/local/src/CPAN/build/DBIx-Migration-0.07-675b3n/blib/arch:/usr/local/src/CPAN/build/DBIx-Migration-0.07-675b3n/blib/lib:/usr/local/src/CPAN/build/MooseX-Types-JSON-0.02-f3ibsH/blib/arch:/usr/local/src/CPAN/build/MooseX-Types-JSON-0.02-f3ibsH/blib/lib:/usr/local/src/CPAN/build/Catalyst-Plugin-Redirect-0.02-ZRgizP/blib/arch:/usr/local/src/CPAN/build/Catalyst-Plugin-Redirect-0.02-ZRgizP/blib/lib:/usr/local/src/CPAN/build/Task-Kensho-WebDev-0.28-nJSJ0I/blib/arch:/usr/local/src/CPAN/build/Task-Kensho-WebDev-0.28-nJSJ0I/blib/lib:/usr/local/src/CPAN/build/Lingua-PT-PLN-0.20-jNbhVZ/blib/arch:/usr/local/src/CPAN/build/Lingua-PT-PLN-0.20-jNbhVZ/blib/lib"
PERL5OPT=""
PERL5_CPANPLUS_IS_RUNNING="66281"
PERL5_CPAN_IS_RUNNING="66281"
PERL5_CPAN_IS_RUNNING_IN_RECURSION="66177,66281"
PERL_BATCH="yes"
PERL_CPAN_REPORTER_CONFIG="/var/tmp/cpansmoker-1023/91imvpQ261_config.ini"
PERL_EXTUTILS_AUTOINSTALL="--defaultdeps"
PERL_HTML_DISPLAY_CLASS="HTML::Display::Mozilla"
@INC:
/usr/local/src/CPAN/build/DBIx-Migration-0.07-675b3n/blib/arch
/usr/local/src/CPAN/build/DBIx-Migration-0.07-675b3n/blib/lib
/usr/local/src/CPAN/build/MooseX-Types-JSON-0.02-f3ibsH/blib/arch
/usr/local/src/CPAN/build/MooseX-Types-JSON-0.02-f3ibsH/blib/lib
/usr/local/src/CPAN/build/Catalyst-Plugin-Redirect-0.02-ZRgizP/blib/arch
/usr/local/src/CPAN/build/Catalyst-Plugin-Redirect-0.02-ZRgizP/blib/lib
/usr/local/src/CPAN/build/Task-Kensho-WebDev-0.28-nJSJ0I/blib/arch
/usr/local/src/CPAN/build/Task-Kensho-WebDev-0.28-nJSJ0I/blib/lib
/usr/local/src/CPAN/build/Lingua-PT-PLN-0.20-jNbhVZ/blib/arch
/usr/local/src/CPAN/build/Lingua-PT-PLN-0.20-jNbhVZ/blib/lib
/usr/perl5.12.3/lib/site_perl/5.12.3/i386-freebsd
/usr/perl5.12.3/lib/site_perl/5.12.3
/usr/perl5.12.3/lib/5.12.3/i386-freebsd
/usr/perl5.12.3/lib/5.12.3
.