Report for Log-Syslog-Fast-0.65

Back
From: metabase:user:314402c4-2aae-11df-837a-5e0a49663a4f
Subject: FAIL Log-Syslog-Fast-0.65 v5.22.1 GNU/Linux
Date: 2016-03-22T18:51:57Z

This distribution has been tested as part of the CPAN Testers
project, supporting the Perl programming language.  See
http://wiki.cpantesters.org/ for more information or email
questions to cpan-testers-discuss@perl.org


--
Dear Adam Thomason,

This is a computer-generated report for Log-Syslog-Fast-0.65
on perl 5.22.1, created by CPAN-Reporter-1.2016.

Thank you for uploading your work to CPAN.  However, there was a problem
testing your distribution.

If you think this report is invalid, please consult the CPAN Testers Wiki
for suggestions on how to avoid getting FAIL reports for missing library
or binary dependencies, unsupported operating systems, and so on:

http://wiki.cpantesters.org/wiki/CPANAuthorNotes

Sections of this report:

    * Tester comments
    * Program output
    * Prerequisites
    * Environment and other context

------------------------------
TESTER COMMENTS
------------------------------

Additional comments from tester:

none provided

------------------------------
PROGRAM OUTPUT
------------------------------

Output from '/usr/bin/make test':

Running Mkbootstrap for Log::Syslog::Fast ()
chmod 644 "Fast.bs"
PERL_DL_NONLAZY=1 "/bbbike/perl-5.22.1/bin/perl" "-MExtUtils::Command::MM" "-MTest::Harness" "-e" "undef *Test::Harness::Switches; test_harness(0, 'blib/lib', 'blib/arch')" t/*.t
t/00-compile.t ................. ok
t/01-Log-Syslog-Fast-PP.t ...... ok

#   Failed test 'tcp: ->send without time sent whole payload'
#   at t/01-Log-Syslog-Fast.pl line 42.
#          got: '55'
#     expected: '54'

#   Failed test 'tcp: ->send without time has correct payload'
#   at t/01-Log-Syslog-Fast.pl line 52.
#          got: '<38>Mär 22 18:41:06 localhost test[3286]: without time'
#     expected: '<38>Mär 22 18:41:06 localhost test[3286]: without time'

#   Failed test 'tcp: ->send with time sent whole payload'
#   at t/01-Log-Syslog-Fast.pl line 42.
#          got: '52'
#     expected: '51'

#   Failed test 'tcp: ->send with time has correct payload'
#   at t/01-Log-Syslog-Fast.pl line 52.
#          got: '<38>Mär 22 18:41:06 localhost test[3286]: with time'
#     expected: '<38>Mär 22 18:41:06 localhost test[3286]: with time'

#   Failed test 'tcp: ->send sent whole payload'
#   at t/01-Log-Syslog-Fast.pl line 93.
#          got: '54'
#     expected: '53'

#   Failed test 'tcp: ->send testing 3 has correct payload'
#   at t/01-Log-Syslog-Fast.pl line 106.
#          got: '<58>Mär 22 18:41:06 otherhost test2[12345]: testing 3'
#     expected: '<58>Mär 22 18:41:06 otherhost test2[12345]: testing 3'

#   Failed test 'udp: ->send without time sent whole payload'
#   at t/01-Log-Syslog-Fast.pl line 42.
#          got: '55'
#     expected: '54'

#   Failed test 'udp: ->send without time has correct payload'
#   at t/01-Log-Syslog-Fast.pl line 52.
#          got: '<38>Mär 22 18:41:06 localhost test[3286]: without time'
#     expected: '<38>Mär 22 18:41:06 localhost test[3286]: without time'

#   Failed test 'udp: ->send with time sent whole payload'
#   at t/01-Log-Syslog-Fast.pl line 42.
#          got: '52'
#     expected: '51'

#   Failed test 'udp: ->send with time has correct payload'
#   at t/01-Log-Syslog-Fast.pl line 52.
#          got: '<38>Mär 22 18:41:06 localhost test[3286]: with time'
#     expected: '<38>Mär 22 18:41:06 localhost test[3286]: with time'

#   Failed test 'udp: ->send sent whole payload'
#   at t/01-Log-Syslog-Fast.pl line 93.
#          got: '54'
#     expected: '53'

#   Failed test 'udp: ->send testing 3 has correct payload'
#   at t/01-Log-Syslog-Fast.pl line 106.
#          got: '<58>Mär 22 18:41:06 otherhost test2[12345]: testing 3'
#     expected: '<58>Mär 22 18:41:06 otherhost test2[12345]: testing 3'

#   Failed test 'unix_dgram: ->send without time sent whole payload'
#   at t/01-Log-Syslog-Fast.pl line 42.
#          got: '55'
#     expected: '54'

#   Failed test 'unix_dgram: ->send without time has correct payload'
#   at t/01-Log-Syslog-Fast.pl line 52.
#          got: '<38>Mär 22 18:41:06 localhost test[3286]: without time'
#     expected: '<38>Mär 22 18:41:06 localhost test[3286]: without time'

#   Failed test 'unix_dgram: ->send with time sent whole payload'
#   at t/01-Log-Syslog-Fast.pl line 42.
#          got: '52'
#     expected: '51'

#   Failed test 'unix_dgram: ->send with time has correct payload'
#   at t/01-Log-Syslog-Fast.pl line 52.
#          got: '<38>Mär 22 18:41:06 localhost test[3286]: with time'
#     expected: '<38>Mär 22 18:41:06 localhost test[3286]: with time'

#   Failed test 'unix_dgram: ->send sent whole payload'
#   at t/01-Log-Syslog-Fast.pl line 93.
#          got: '54'
#     expected: '53'

#   Failed test 'unix_dgram: ->send testing 3 has correct payload'
#   at t/01-Log-Syslog-Fast.pl line 106.
#          got: '<58>Mär 22 18:41:06 otherhost test2[12345]: testing 3'
#     expected: '<58>Mär 22 18:41:06 otherhost test2[12345]: testing 3'

#   Failed test 'unix_stream: ->send without time sent whole payload'
#   at t/01-Log-Syslog-Fast.pl line 42.
#          got: '55'
#     expected: '54'

#   Failed test 'unix_stream: ->send without time has correct payload'
#   at t/01-Log-Syslog-Fast.pl line 52.
#          got: '<38>Mär 22 18:41:06 localhost test[3286]: without time'
#     expected: '<38>Mär 22 18:41:06 localhost test[3286]: without time'

#   Failed test 'unix_stream: ->send with time sent whole payload'
#   at t/01-Log-Syslog-Fast.pl line 42.
#          got: '52'
#     expected: '51'

#   Failed test 'unix_stream: ->send with time has correct payload'
#   at t/01-Log-Syslog-Fast.pl line 52.
#          got: '<38>Mär 22 18:41:06 localhost test[3286]: with time'
#     expected: '<38>Mär 22 18:41:06 localhost test[3286]: with time'

#   Failed test 'unix_stream: ->send sent whole payload'
#   at t/01-Log-Syslog-Fast.pl line 93.
#          got: '54'
#     expected: '53'

#   Failed test 'unix_stream: ->send testing 3 has correct payload'
#   at t/01-Log-Syslog-Fast.pl line 106.
#          got: '<58>Mär 22 18:41:06 otherhost test2[12345]: testing 3'
#     expected: '<58>Mär 22 18:41:06 otherhost test2[12345]: testing 3'
# Looks like you failed 24 tests of 206.
t/01-Log-Syslog-Fast.t ......... 
Dubious, test returned 24 (wstat 6144, 0x1800)
Failed 24/206 subtests 
t/02-Log-Syslog-Fast-Simple.t .. ok
t/03-corner-cases-pp.t ......... ok
t/03-corner-cases.t ............ ok
t/04-accessors-pp.t ............ ok
t/04-accessors.t ............... ok
t/05-ipv6-pp.t ................. ok

#   Failed test 'tcp: ->send without time sent whole payload'
#   at t/05-ipv6.pl line 82.
#          got: '49'
#     expected: '48'

#   Failed test 'tcp: ->send without time has correct payload'
#   at t/05-ipv6.pl line 92.
#          got: '<38>Mär 22 18:41:08 ::1 test[3320]: without time'
#     expected: '<38>Mär 22 18:41:08 ::1 test[3320]: without time'

#   Failed test 'tcp: ->send with time sent whole payload'
#   at t/05-ipv6.pl line 82.
#          got: '46'
#     expected: '45'

#   Failed test 'tcp: ->send with time has correct payload'
#   at t/05-ipv6.pl line 92.
#          got: '<38>Mär 22 18:41:08 ::1 test[3320]: with time'
#     expected: '<38>Mär 22 18:41:08 ::1 test[3320]: with time'

#   Failed test 'tcp: ->send sent whole payload'
#   at t/05-ipv6.pl line 133.
#          got: '54'
#     expected: '53'

#   Failed test 'tcp: ->send testing 3 has correct payload'
#   at t/05-ipv6.pl line 146.

#   Failed test 'udp: ->send without time sent whole payload'
#   at t/05-ipv6.pl line 82.
#          got: '49'
#     expected: '48'

#   Failed test 'udp: ->send without time has correct payload'
#   at t/05-ipv6.pl line 92.
#          got: '<38>Mär 22 18:41:08 ::1 test[3320]: without time'
#     expected: '<38>Mär 22 18:41:08 ::1 test[3320]: without time'

#   Failed test 'udp: ->send with time sent whole payload'
#   at t/05-ipv6.pl line 82.
#          got: '46'
#     expected: '45'

#   Failed test 'udp: ->send with time has correct payload'
#   at t/05-ipv6.pl line 92.
#          got: '<38>Mär 22 18:41:08 ::1 test[3320]: with time'
#     expected: '<38>Mär 22 18:41:08 ::1 test[3320]: with time'

#   Failed test 'udp: ->send sent whole payload'
#   at t/05-ipv6.pl line 133.
#          got: '54'
#     expected: '53'

#   Failed test 'udp: ->send testing 3 has correct payload'
#   at t/05-ipv6.pl line 146.
# Looks like you failed 12 tests of 73.
t/05-ipv6.t .................... 
Dubious, test returned 12 (wstat 3072, 0xc00)
Failed 12/73 subtests 
t/06-large-strings-pp.t ........ ok

#   Failed test 'udp: ->send sent whole payload'
#   at t/06-large-strings.pl line 36.
#          got: '4543'
#     expected: '4542'

#   Failed test 'udp: ->send has correct payload'
#   at t/06-large-strings.pl line 46.
# Looks like you failed 2 tests of 10.
t/06-large-strings.t ........... 
Dubious, test returned 2 (wstat 512, 0x200)
Failed 2/10 subtests 
t/08-fd-leak-pp.t .............. ok
t/08-fd-leak.t ................. ok
t/09-undef-strings-pp.t ........ ok
t/09-undef-strings.t ........... ok

Test Summary Report
-------------------
t/01-Log-Syslog-Fast.t       (Wstat: 6144 Tests: 206 Failed: 24)
  Failed tests:  9, 13, 15, 19, 26, 34, 58, 62, 64, 68, 75
                83, 111, 115, 117, 121, 128, 136, 160, 164
                166, 170, 177, 185
  Non-zero exit status: 24
t/05-ipv6.t                  (Wstat: 3072 Tests: 73 Failed: 12)
  Failed tests:  8, 12, 14, 18, 25, 33, 41, 45, 47, 51, 58
                66
  Non-zero exit status: 12
t/06-large-strings.t         (Wstat: 512 Tests: 10 Failed: 2)
  Failed tests:  6, 10
  Non-zero exit status: 2
Files=16, Tests=646,  3 wallclock secs ( 0.09 usr  0.05 sys +  0.70 cusr  0.23 csys =  1.07 CPU)
Result: FAIL
Failed 3/16 test programs. 38/646 subtests failed.
make: *** [test_dynamic] Fehler 255

------------------------------
PREREQUISITES
------------------------------

Prerequisite modules loaded:

requires:

    Module                 Need Have
    ---------------------- ---- ----
    IO::Socket::IP         0.19 0.37
    Log::Syslog::Constants 1.01 1.02

build_requires:

    Module                 Need Have
    ---------------------- ---- ----
    ExtUtils::MakeMaker    0    7.10

configure_requires:

    Module                 Need Have
    ---------------------- ---- ----
    ExtUtils::MakeMaker    0    7.10


------------------------------
ENVIRONMENT AND OTHER CONTEXT
------------------------------

Environment variables:

    LANG = C
    LC_ALL = de_DE.UTF-8
    PATH = /usr/local/bin:/usr/bin:/bin:/usr/local/sbin:/usr/sbin:/sbin:/home/cpansand/bin/linux-gnu:/home/cpansand/bin/sh:/home/cpansand/bin:/home/cpansand/bin/pistachio-perl/bin:/usr/games:/home/cpansand/devel:/home/eserte/src/srezic-misc/scripts
    PERL5LIB = 
    PERL5OPT = 
    PERL5_CPANPLUS_IS_RUNNING = 2564
    PERL5_CPAN_IS_RUNNING = 2564
    PERL5_CPAN_IS_RUNNING_IN_RECURSION = 15241,2564
    PERLDOC = -MPod::Perldoc::ToTextOverstrike
    PERL_BATCH = yes
    PERL_CANARY_STABILITY_NOPROMPT = 1
    PERL_CPAN_REPORTER_CONFIG = /var/tmp/cpansmoker-1023/2016032218/cpanreporter_009_config.ini
    PERL_EXTUTILS_AUTOINSTALL = --defaultdeps
    SHELL = /bin/zsh
    TERM = screen
    TMPDIR = /var/tmp/cpansmoker-1023/2016032218

Perl special variables (and OS-specific diagnostics, for MSWin32):

    $^X = /bbbike/perl-5.22.1/bin/perl
    $UID/$EUID = 1023 / 1023
    $GID = 1023 1023
    $EGID = 1023 1023

Perl module toolchain versions installed:

    Module              Have    
    ------------------- --------
    CPAN                2.10    
    CPAN::Meta          2.150005
    Cwd                 3.62    
    ExtUtils::CBuilder  0.280224
    ExtUtils::Command   7.10    
    ExtUtils::Install   2.04    
    ExtUtils::MakeMaker 7.10    
    ExtUtils::Manifest  1.70    
    ExtUtils::ParseXS   3.30    
    File::Spec          3.62    
    JSON                2.90    
    JSON::PP            2.27300 
    Module::Build       0.4216  
    Module::Signature   n/a     
    Parse::CPAN::Meta   1.4417  
    Test::Harness       3.36    
    Test::More          1.001014
    YAML                1.15    
    YAML::Syck          1.29    
    version             0.9916  


--

Summary of my perl5 (revision 5 version 22 subversion 1) configuration:
   
  Platform:
    osname=linux, osvers=3.2.0-4-amd64, archname=x86_64-linux
    uname='linux eserte 3.2.0-4-amd64 #1 smp debian 3.2.68-1+deb7u6 x86_64 gnulinux '
    config_args='-ds -e -Dprefix=/opt/perl-5.22.1 -Dcf_email=srezic@cpan.org'
    hint=recommended, useposix=true, d_sigaction=define
    useithreads=undef, usemultiplicity=undef
    use64bitint=define, use64bitall=define, uselongdouble=undef
    usemymalloc=n, bincompat5005=undef
  Compiler:
    cc='cc', ccflags ='-fwrapv -fno-strict-aliasing -pipe -fstack-protector -I/usr/local/include -D_LARGEFILE_SOURCE -D_FILE_OFFSET_BITS=64 -D_FORTIFY_SOURCE=2',
    optimize='-O2',
    cppflags='-fwrapv -fno-strict-aliasing -pipe -fstack-protector -I/usr/local/include'
    ccversion='', gccversion='4.7.2', gccosandvers=''
    intsize=4, longsize=8, ptrsize=8, doublesize=8, byteorder=12345678, doublekind=3
    d_longlong=define, longlongsize=8, d_longdbl=define, longdblsize=16, longdblkind=3
    ivtype='long', ivsize=8, nvtype='double', nvsize=8, Off_t='off_t', lseeksize=8
    alignbytes=8, prototype=define
  Linker and Libraries:
    ld='cc', ldflags =' -fstack-protector -L/usr/local/lib'
    libpth=/usr/local/lib /usr/lib/gcc/x86_64-linux-gnu/4.7/include-fixed /usr/include/x86_64-linux-gnu /usr/lib /lib/x86_64-linux-gnu /lib/../lib /usr/lib/x86_64-linux-gnu /usr/lib/../lib /lib
    libs=-lpthread -lnsl -ldb -ldl -lm -lcrypt -lutil -lc
    perllibs=-lpthread -lnsl -ldl -lm -lcrypt -lutil -lc
    libc=libc-2.13.so, so=so, useshrplib=false, libperl=libperl.a
    gnulibc_version='2.13'
  Dynamic Linking:
    dlsrc=dl_dlopen.xs, dlext=so, d_dlsymun=undef, ccdlflags='-Wl,-E'
    cccdlflags='-fPIC', lddlflags='-shared -O2 -L/usr/local/lib -fstack-protector'


Characteristics of this binary (from libperl): 
  Compile-time options: HAS_TIMES PERLIO_LAYERS PERL_DONT_CREATE_GVSV
                        PERL_HASH_FUNC_ONE_AT_A_TIME_HARD PERL_MALLOC_WRAP
                        PERL_NEW_COPY_ON_WRITE PERL_PRESERVE_IVUV
                        USE_64_BIT_ALL USE_64_BIT_INT USE_LARGE_FILES
                        USE_LOCALE USE_LOCALE_COLLATE USE_LOCALE_CTYPE
                        USE_LOCALE_NUMERIC USE_LOCALE_TIME USE_PERLIO
                        USE_PERL_ATOF
  Built under linux
  Compiled at Dec 15 2015 06:36:58
  %ENV:
    PERL5LIB=""
    PERL5OPT=""
    PERL5_CPANPLUS_IS_RUNNING="2564"
    PERL5_CPAN_IS_RUNNING="2564"
    PERL5_CPAN_IS_RUNNING_IN_RECURSION="15241,2564"
    PERLDOC="-MPod::Perldoc::ToTextOverstrike"
    PERL_BATCH="yes"
    PERL_CANARY_STABILITY_NOPROMPT="1"
    PERL_CPAN_REPORTER_CONFIG="/var/tmp/cpansmoker-1023/2016032218/cpanreporter_009_config.ini"
    PERL_EXTUTILS_AUTOINSTALL="--defaultdeps"
  @INC:
    /opt/perl-5.22.1/lib/site_perl/5.22.1/x86_64-linux
    /opt/perl-5.22.1/lib/site_perl/5.22.1
    /opt/perl-5.22.1/lib/5.22.1/x86_64-linux
    /opt/perl-5.22.1/lib/5.22.1
    .