Back
From: metabase:user:314402c4-2aae-11df-837a-5e0a49663a4f
Subject: FAIL String-Gsub-0.04 v5.13.6 FreeBSD
Date: 2010-10-24T13:11:03Z
This distribution has been tested as part of the CPAN Testers
project, supporting the Perl programming language. See
http://wiki.cpantesters.org/ for more information or email
questions to cpan-testers-discuss@perl.org
--
Dear YAMASHINA Hio,
This is a computer-generated report for String-Gsub-0.04
on perl 5.13.6, created by CPAN-Reporter-1.1803.
Thank you for uploading your work to CPAN. However, there was a problem
testing your distribution.
If you think this report is invalid, please consult the CPAN Testers Wiki
for suggestions on how to avoid getting FAIL reports for missing library
or binary dependencies, unsupported operating systems, and so on:
http://wiki.cpantesters.org/wiki/CPANAuthorNotes
Sections of this report:
* Tester comments
* Program output
* Prerequisites
* Environment and other context
------------------------------
TESTER COMMENTS
------------------------------
Additional comments from tester:
none provided
------------------------------
PROGRAM OUTPUT
------------------------------
Output from '/usr/bin/make test':
PERL_DL_NONLAZY=1 /usr/home/cpansand/var/ctps/5136/install/perl-5.13.6/bin/perl "-MExtUtils::Command::MM" "-e" "test_harness(0, 'blib/lib', 'blib/arch')" t/*.t
# Testing String::Gsub 0.04, Perl 5.013006, /usr/home/cpansand/var/ctps/5136/install/perl-5.13.6/bin/perl
t/00-load.t ......... ok
t/boilerplate.t ..... ok
t/gsub-functions.t .. ok
# Failed test 'gsub result'
# at t/gsub.t line 17.
# An error occurred while using eq:
# ------------------------------------
# Operation "eq": no method found,
# left argument in overloaded package String::Gsub,
# right argument has no overloaded magic at (eval in cmp_ok) t/gsub.t line 17.
#
# ------------------------------------
# got: 'aBcaBc'
# expected: 'aBcaBc'
# Failed test 'gsub returns new object'
# at t/gsub.t line 18.
# An error occurred while using ne:
# ------------------------------------
# Operation "ne": no method found,
# left argument in overloaded package String::Gsub,
# right argument in overloaded package String::Gsub at (eval in cmp_ok) t/gsub.t line 18.
#
# ------------------------------------
# got: 'aBcaBc'
# expected: anything else
# Failed test 'gsub twice'
# at t/gsub.t line 20.
# An error occurred while using eq:
# ------------------------------------
# Operation "eq": no method found,
# left argument in overloaded package String::Gsub,
# right argument has no overloaded magic at (eval in cmp_ok) t/gsub.t line 20.
#
# ------------------------------------
# got: 'AbCAbC'
# expected: 'AbCAbC'
# Failed test 'gsub doesnt change original'
# at t/gsub.t line 21.
# An error occurred while using eq:
# ------------------------------------
# Operation "eq": no method found,
# left argument in overloaded package String::Gsub,
# right argument has no overloaded magic at (eval in cmp_ok) t/gsub.t line 21.
#
# ------------------------------------
# got: 'abcabc'
# expected: 'abcabc'
# Failed test 'gsubx result'
# at t/gsub.t line 28.
# An error occurred while using eq:
# ------------------------------------
# Operation "eq": no method found,
# left argument in overloaded package String::Gsub,
# right argument has no overloaded magic at (eval in cmp_ok) t/gsub.t line 28.
#
# ------------------------------------
# got: 'aBcaBc'
# expected: 'aBcaBc'
# Failed test 'gsubx returns itself'
# at t/gsub.t line 29.
# An error occurred while using eq:
# ------------------------------------
# Operation "eq": no method found,
# left argument in overloaded package String::Gsub,
# right argument in overloaded package String::Gsub at (eval in cmp_ok) t/gsub.t line 29.
#
# ------------------------------------
# got: 'aBcaBc'
# expected: 'aBcaBc'
# Failed test 'gsubx changes original'
# at t/gsub.t line 30.
# An error occurred while using eq:
# ------------------------------------
# Operation "eq": no method found,
# left argument in overloaded package String::Gsub,
# right argument has no overloaded magic at (eval in cmp_ok) t/gsub.t line 30.
#
# ------------------------------------
# got: 'aBcaBc'
# expected: 'aBcaBc'
# Failed test 'sub result'
# at t/gsub.t line 37.
# An error occurred while using eq:
# ------------------------------------
# Operation "eq": no method found,
# left argument in overloaded package String::Gsub,
# right argument has no overloaded magic at (eval in cmp_ok) t/gsub.t line 37.
#
# ------------------------------------
# got: 'aBcabc'
# expected: 'aBcabc'
# Failed test 'sub returns new object'
# at t/gsub.t line 38.
# An error occurred while using ne:
# ------------------------------------
# Operation "ne": no method found,
# left argument in overloaded package String::Gsub,
# right argument in overloaded package String::Gsub at (eval in cmp_ok) t/gsub.t line 38.
#
# ------------------------------------
# got: 'aBcabc'
# expected: anything else
# Failed test 'sub twice'
# at t/gsub.t line 40.
# An error occurred while using eq:
# ------------------------------------
# Operation "eq": no method found,
# left argument in overloaded package String::Gsub,
# right argument has no overloaded magic at (eval in cmp_ok) t/gsub.t line 40.
#
# ------------------------------------
# got: 'AbCabc'
# expected: 'AbCabc'
# Failed test 'sub doesnt change original'
# at t/gsub.t line 41.
# An error occurred while using eq:
# ------------------------------------
# Operation "eq": no method found,
# left argument in overloaded package String::Gsub,
# right argument has no overloaded magic at (eval in cmp_ok) t/gsub.t line 41.
#
# ------------------------------------
# got: 'abcabc'
# expected: 'abcabc'
# Failed test 'subx result'
# at t/gsub.t line 48.
# An error occurred while using eq:
# ------------------------------------
# Operation "eq": no method found,
# left argument in overloaded package String::Gsub,
# right argument has no overloaded magic at (eval in cmp_ok) t/gsub.t line 48.
#
# ------------------------------------
# got: 'aBcabc'
# expected: 'aBcabc'
# Failed test 'subx returns itself'
# at t/gsub.t line 49.
# An error occurred while using eq:
# ------------------------------------
# Operation "eq": no method found,
# left argument in overloaded package String::Gsub,
# right argument in overloaded package String::Gsub at (eval in cmp_ok) t/gsub.t line 49.
#
# ------------------------------------
# got: 'aBcabc'
# expected: 'aBcabc'
# Failed test 'subx changes original'
# at t/gsub.t line 50.
# An error occurred while using eq:
# ------------------------------------
# Operation "eq": no method found,
# left argument in overloaded package String::Gsub,
# right argument has no overloaded magic at (eval in cmp_ok) t/gsub.t line 50.
#
# ------------------------------------
# got: 'aBcabc'
# expected: 'aBcabc'
# Looks like you failed 14 tests of 16.
t/gsub.t ............
Dubious, test returned 14 (wstat 3584, 0xe00)
Failed 14/16 subtests
t/pod-coverage.t .... ok
t/pod.t ............. ok
# Failed test 'gsub result'
# at t/string-pattern.t line 21.
# An error occurred while using eq:
# ------------------------------------
# Operation "eq": no method found,
# left argument in overloaded package String::Gsub,
# right argument has no overloaded magic at (eval in cmp_ok) t/string-pattern.t line 21.
#
# ------------------------------------
# got: 'a(b)ca(b)c'
# expected: 'a(b)ca(b)c'
# Failed test 'gsub returns new object'
# at t/string-pattern.t line 22.
# An error occurred while using ne:
# ------------------------------------
# Operation "ne": no method found,
# left argument in overloaded package String::Gsub,
# right argument in overloaded package String::Gsub at (eval in cmp_ok) t/string-pattern.t line 22.
#
# ------------------------------------
# got: 'a(b)ca(b)c'
# expected: anything else
# Failed test 'gsub doesnt change original'
# at t/string-pattern.t line 23.
# An error occurred while using eq:
# ------------------------------------
# Operation "eq": no method found,
# left argument in overloaded package String::Gsub,
# right argument has no overloaded magic at (eval in cmp_ok) t/string-pattern.t line 23.
#
# ------------------------------------
# got: 'abcabc'
# expected: 'abcabc'
# Failed test 'gsubx result'
# at t/string-pattern.t line 30.
# An error occurred while using eq:
# ------------------------------------
# Operation "eq": no method found,
# left argument in overloaded package String::Gsub,
# right argument has no overloaded magic at (eval in cmp_ok) t/string-pattern.t line 30.
#
# ------------------------------------
# got: 'a(b)ca(b)c'
# expected: 'a(b)ca(b)c'
# Failed test 'gsubx returns itself'
# at t/string-pattern.t line 31.
# An error occurred while using eq:
# ------------------------------------
# Operation "eq": no method found,
# left argument in overloaded package String::Gsub,
# right argument in overloaded package String::Gsub at (eval in cmp_ok) t/string-pattern.t line 31.
#
# ------------------------------------
# got: 'a(b)ca(b)c'
# expected: 'a(b)ca(b)c'
# Failed test 'gsubx changes original'
# at t/string-pattern.t line 32.
# An error occurred while using eq:
# ------------------------------------
# Operation "eq": no method found,
# left argument in overloaded package String::Gsub,
# right argument has no overloaded magic at (eval in cmp_ok) t/string-pattern.t line 32.
#
# ------------------------------------
# got: 'a(b)ca(b)c'
# expected: 'a(b)ca(b)c'
# Failed test 'sub result'
# at t/string-pattern.t line 39.
# An error occurred while using eq:
# ------------------------------------
# Operation "eq": no method found,
# left argument in overloaded package String::Gsub,
# right argument has no overloaded magic at (eval in cmp_ok) t/string-pattern.t line 39.
#
# ------------------------------------
# got: 'a(b)cabc'
# expected: 'a(b)cabc'
# Failed test 'sub returns new object'
# at t/string-pattern.t line 40.
# An error occurred while using ne:
# ------------------------------------
# Operation "ne": no method found,
# left argument in overloaded package String::Gsub,
# right argument in overloaded package String::Gsub at (eval in cmp_ok) t/string-pattern.t line 40.
#
# ------------------------------------
# got: 'a(b)cabc'
# expected: anything else
# Failed test 'sub doesnt change original'
# at t/string-pattern.t line 41.
# An error occurred while using eq:
# ------------------------------------
# Operation "eq": no method found,
# left argument in overloaded package String::Gsub,
# right argument has no overloaded magic at (eval in cmp_ok) t/string-pattern.t line 41.
#
# ------------------------------------
# got: 'abcabc'
# expected: 'abcabc'
# Failed test 'subx result'
# at t/string-pattern.t line 48.
# An error occurred while using eq:
# ------------------------------------
# Operation "eq": no method found,
# left argument in overloaded package String::Gsub,
# right argument has no overloaded magic at (eval in cmp_ok) t/string-pattern.t line 48.
#
# ------------------------------------
# got: 'a(b)cabc'
# expected: 'a(b)cabc'
# Failed test 'subx returns itself'
# at t/string-pattern.t line 49.
# An error occurred while using eq:
# ------------------------------------
# Operation "eq": no method found,
# left argument in overloaded package String::Gsub,
# right argument in overloaded package String::Gsub at (eval in cmp_ok) t/string-pattern.t line 49.
#
# ------------------------------------
# got: 'a(b)cabc'
# expected: 'a(b)cabc'
# Failed test 'subx changes original'
# at t/string-pattern.t line 50.
# An error occurred while using eq:
# ------------------------------------
# Operation "eq": no method found,
# left argument in overloaded package String::Gsub,
# right argument has no overloaded magic at (eval in cmp_ok) t/string-pattern.t line 50.
#
# ------------------------------------
# got: 'a(b)cabc'
# expected: 'a(b)cabc'
# Failed test 'argument of match callback'
# at t/string-pattern.t line 57.
# An error occurred while using eq:
# ------------------------------------
# Operation "eq": no method found,
# left argument in overloaded package String::Gsub,
# right argument has no overloaded magic at (eval in cmp_ok) t/string-pattern.t line 57.
#
# ------------------------------------
# got: 'aBcaBc'
# expected: 'aBcaBc'
# Failed test 'gsub match value'
# at t/string-pattern.t line 64.
# An error occurred while using eq:
# ------------------------------------
# Operation "eq": no method found,
# left argument in overloaded package String::Gsub,
# right argument has no overloaded magic at (eval in cmp_ok) t/string-pattern.t line 64.
#
# ------------------------------------
# got: 'a(b)ca(b)c'
# expected: 'a(b)ca(b)c'
# Failed test 'gsub prematch value'
# at t/string-pattern.t line 68.
# An error occurred while using eq:
# ------------------------------------
# Operation "eq": no method found,
# left argument in overloaded package String::Gsub,
# right argument has no overloaded magic at (eval in cmp_ok) t/string-pattern.t line 68.
#
# ------------------------------------
# got: 'a(a)ca(abca)c'
# expected: 'a(a)ca(abca)c'
# Failed test 'gsub postmatch value'
# at t/string-pattern.t line 72.
# An error occurred while using eq:
# ------------------------------------
# Operation "eq": no method found,
# left argument in overloaded package String::Gsub,
# right argument has no overloaded magic at (eval in cmp_ok) t/string-pattern.t line 72.
#
# ------------------------------------
# got: 'a(cabc)ca(c)c'
# expected: 'a(cabc)ca(c)c'
# Failed test '. matches just `.''
# at t/string-pattern.t line 79.
# An error occurred while using eq:
# ------------------------------------
# Operation "eq": no method found,
# left argument in overloaded package String::Gsub,
# right argument has no overloaded magic at (eval in cmp_ok) t/string-pattern.t line 79.
#
# ------------------------------------
# got: 'abc(.)abc(.)'
# expected: 'abc(.)abc(.)'
# Looks like you failed 17 tests of 17.
t/string-pattern.t ..
Dubious, test returned 17 (wstat 4352, 0x1100)
Failed 17/17 subtests
Test Summary Report
-------------------
t/gsub.t (Wstat: 3584 Tests: 16 Failed: 14)
Failed tests: 1-2, 4-10, 12-16
Non-zero exit status: 14
t/string-pattern.t (Wstat: 4352 Tests: 17 Failed: 17)
Failed tests: 1-17
Non-zero exit status: 17
Files=7, Tests=58, 1 wallclock secs ( 0.06 usr 0.01 sys + 0.31 cusr 0.08 csys = 0.46 CPU)
Result: FAIL
Failed 2/7 test programs. 31/58 subtests failed.
*** Error code 17
Stop in /var/tmp/CPAN-build/String-Gsub-0.04-SPYlim.
------------------------------
PREREQUISITES
------------------------------
Prerequisite modules loaded:
requires:
Module Need Have
------------------- ---- -------
Exporter 0 5.64_03
Test::More 0 0.97_01
build_requires:
Module Need Have
------------------- ---- -------
ExtUtils::MakeMaker 0 6.57_05
------------------------------
ENVIRONMENT AND OTHER CONTEXT
------------------------------
Environment variables:
DBIC_NO_WARN_BAD_PERL = 1
PATH = /usr/local/bin:/usr/X11R6/bin:/usr/X11/bin:/usr/perl5.8.0/bin:/usr/bin:/bin:/usr/local/sbin:/usr/sbin:/sbin:/usr/local/pilot/bin:/home/cpansand/bin/freebsd8.0:/home/cpansand/bin/sh:/home/cpansand/bin:/usr/X386/bin:/usr/games:/home/cpansand/devel:/usr/home/e/eserte/src/perl/CPAN-Testers-ParallelSmoker/utils
PERL5LIB =
PERL5OPT =
PERL5_CPANPLUS_IS_RUNNING = 32590
PERL5_CPAN_IS_RUNNING = 32590
PERL5_CPAN_IS_RUNNING_IN_RECURSION = 30193,32590
PERL_BATCH = yes
PERL_CPAN_REPORTER_DIR = /home/cpansand/var/ctps/5136/config/perl-5.13.6/cpanreporter
PERL_EXTUTILS_AUTOINSTALL = --defaultdeps
PERL_HTML_DISPLAY_CLASS = HTML::Display::Mozilla
SHELL = /usr/local/bin/zsh
TERM = xterm
TMPDIR = /tmp/cpansmoker-1023
Perl special variables (and OS-specific diagnostics, for MSWin32):
$^X = /usr/home/cpansand/var/ctps/5136/install/perl-5.13.6/bin/perl
$UID/$EUID = 1023 / 1023
$GID = 1023 1023
$EGID = 1023 1023
Perl module toolchain versions installed:
Module Have
------------------- -------
CPAN 1.94_61
Cwd 3.34
ExtUtils::CBuilder 0.2703
ExtUtils::Command 1.16
ExtUtils::Install 1.55
ExtUtils::MakeMaker 6.57_05
ExtUtils::Manifest 1.58
ExtUtils::ParseXS 2.2207
File::Spec 3.33
Module::Build 0.3607
Module::Signature 0.66
Test::Harness 3.22
Test::More 0.97_01
YAML n/a
YAML::Syck 1.15
version 0.82
--
Summary of my perl5 (revision 5 version 13 subversion 6) configuration:
Platform:
osname=freebsd, osvers=8.0-release, archname=i386-freebsd
uname='freebsd biokovo.herceg.de 8.0-release freebsd 8.0-release #0: sat nov 21 15:48:17 utc 2009 root@almeida.cse.buffalo.edu:usrobjusrsrcsysgeneric i386 '
config_args='-ds -e -Uversiononly -Dinstallusrbinperl=n -Dusedevel -Dprefix=/home/cpansand/var/ctps/5136/install/perl-5.13.6'
hint=recommended, useposix=true, d_sigaction=define
useithreads=undef, usemultiplicity=undef
useperlio=define, d_sfio=undef, uselargefiles=define, usesocks=undef
use64bitint=undef, use64bitall=undef, uselongdouble=undef
usemymalloc=n, bincompat5005=undef
Compiler:
cc='cc', ccflags ='-DHAS_FPSETMASK -DHAS_FLOATINGPOINT_H -fno-strict-aliasing -pipe -fstack-protector -I/usr/local/include',
optimize='-O',
cppflags='-DHAS_FPSETMASK -DHAS_FLOATINGPOINT_H -fno-strict-aliasing -pipe -fstack-protector -I/usr/local/include'
ccversion='', gccversion='4.2.1 20070719 [FreeBSD]', gccosandvers=''
intsize=4, longsize=4, ptrsize=4, doublesize=8, byteorder=1234
d_longlong=define, longlongsize=8, d_longdbl=define, longdblsize=12
ivtype='long', ivsize=4, nvtype='double', nvsize=8, Off_t='off_t', lseeksize=8
alignbytes=4, prototype=define
Linker and Libraries:
ld='cc', ldflags ='-Wl,-E -fstack-protector -L/usr/local/lib'
libpth=/usr/lib /usr/local/lib
libs=-lgdbm -lm -lcrypt -lutil -lc
perllibs=-lm -lcrypt -lutil -lc
libc=, so=so, useshrplib=false, libperl=libperl.a
gnulibc_version=''
Dynamic Linking:
dlsrc=dl_dlopen.xs, dlext=so, d_dlsymun=undef, ccdlflags=' '
cccdlflags='-DPIC -fPIC', lddlflags='-shared -L/usr/local/lib -fstack-protector'
Characteristics of this binary (from libperl):
Compile-time options: PERL_DONT_CREATE_GVSV PERL_MALLOC_WRAP PERL_USE_DEVEL
USE_LARGE_FILES USE_PERLIO USE_PERL_ATOF
Built under freebsd
Compiled at Oct 21 2010 23:17:50
%ENV:
PERL5LIB=""
PERL5OPT=""
PERL5_CPANPLUS_IS_RUNNING="32590"
PERL5_CPAN_IS_RUNNING="32590"
PERL5_CPAN_IS_RUNNING_IN_RECURSION="30193,32590"
PERL_BATCH="yes"
PERL_CPAN_REPORTER_DIR="/home/cpansand/var/ctps/5136/config/perl-5.13.6/cpanreporter"
PERL_EXTUTILS_AUTOINSTALL="--defaultdeps"
PERL_HTML_DISPLAY_CLASS="HTML::Display::Mozilla"
@INC:
/home/cpansand/var/ctps/5136/install/perl-5.13.6/lib/site_perl/5.13.6/i386-freebsd
/home/cpansand/var/ctps/5136/install/perl-5.13.6/lib/site_perl/5.13.6
/home/cpansand/var/ctps/5136/install/perl-5.13.6/lib/5.13.6/i386-freebsd
/home/cpansand/var/ctps/5136/install/perl-5.13.6/lib/5.13.6
.