Back
From: metabase:user:320bfe00-2aae-11df-837a-5e0a49663a4f
Subject: FAIL Class-DBI-MSAccess-0.10.2 v5.20.3 GNU/Linux
Date: 2016-02-15T02:02:23Z
This distribution has been tested as part of the CPAN Testers
project, supporting the Perl programming language. See
http://wiki.cpantesters.org/ for more information or email
questions to cpan-testers-discuss@perl.org
--
Dear Michael Hendricks,
This is a computer-generated report for Class-DBI-MSAccess-0.10.2
on perl 5.20.3, created by CPAN-Reporter-1.2015.
Thank you for uploading your work to CPAN. However, there was a problem
testing your distribution.
If you think this report is invalid, please consult the CPAN Testers Wiki
for suggestions on how to avoid getting FAIL reports for missing library
or binary dependencies, unsupported operating systems, and so on:
http://wiki.cpantesters.org/wiki/CPANAuthorNotes
Sections of this report:
* Tester comments
* Program output
* Prerequisites
* Environment and other context
------------------------------
TESTER COMMENTS
------------------------------
Additional comments from tester:
this report is from an automated smoke testing program
and was not reviewed by a human for accuracy
------------------------------
PROGRAM OUTPUT
------------------------------
Output from './Build test':
WARNING: This key is not certified with a trusted signature!
Primary key fingerprint: D4FB 1BA4 1AD6 3DAC E0CD 8BEA D92C 6630 81AC 2DDC
Not in MANIFEST: _build/auto_features
Not in MANIFEST: _build/build_params
Not in MANIFEST: _build/cleanup
Not in MANIFEST: _build/config_data
Not in MANIFEST: _build/features
Not in MANIFEST: _build/magicnum
Not in MANIFEST: _build/notes
Not in MANIFEST: _build/prereqs
Not in MANIFEST: _build/runtime_params
Not in MANIFEST: blib/lib/Class/DBI/MSAccess.pm
Not in MANIFEST: blib/libdoc/Class::DBI::MSAccess.3
Not in MANIFEST: Build
Not in MANIFEST: MYMETA.json
Not in MANIFEST: MYMETA.yml
==> MISMATCHED content between MANIFEST and distribution files! <==
t/0-signature.t ............
Failed 1/1 subtests
# Testing Class::DBI::MSAccess 0.10.2
t/00-load.t ................ ok
t/multiple_primary_keys.t .. ok
t/pod-coverage.t ........... ok
t/pod.t .................... ok
t/single_primary_key.t ..... ok
Test Summary Report
-------------------
t/0-signature.t (Wstat: 0 Tests: 1 Failed: 1)
Failed test: 1
Files=6, Tests=13, 2 wallclock secs ( 0.04 usr 0.05 sys + 0.55 cusr 0.12 csys = 0.76 CPU)
Result: FAIL
Failed 1/6 test programs. 1/13 subtests failed.
------------------------------
PREREQUISITES
------------------------------
Prerequisite modules loaded:
requires:
Module Need Have
---------- ---- --------
Class::DBI 0 3.0.17
build_requires:
Module Need Have
---------- ---- --------
Test::More 0 1.001014
------------------------------
ENVIRONMENT AND OTHER CONTEXT
------------------------------
Environment variables:
AUTOMATED_TESTING = 1
LANG = en_US.UTF-8
LANGUAGE = en_US:en
PATH = /usr/lib/ccache:/home/sand/bin:/usr/local/bin:/usr/bin:/bin:/usr/games:/usr/local/perl/bin:/usr/X11/bin:/sbin:/usr/sbin
PERL5LIB =
PERL5OPT =
PERL5_CPANPLUS_IS_RUNNING = 21985
PERL5_CPAN_IS_RUNNING = 21985
PERL_MM_USE_DEFAULT = 1
SHELL = /usr/bin/zsh
TERM = screen
Perl special variables (and OS-specific diagnostics, for MSWin32):
$^X = /home/sand/src/perl/repoperls/installed-perls/perl/v5.20.3/13e0/bin/perl
$UID/$EUID = 1005 / 1005
$GID = 1005 1005
$EGID = 1005 1005
Perl module toolchain versions installed:
Module Have
------------------- --------
CPAN 2.10
CPAN::Meta 2.150005
Cwd 3.62
ExtUtils::CBuilder 0.280224
ExtUtils::Command 7.10
ExtUtils::Install 1.67
ExtUtils::MakeMaker 7.10
ExtUtils::Manifest 1.70
ExtUtils::ParseXS 3.24
File::Spec 3.62
JSON 2.90
JSON::PP 2.27300
Module::Build 0.4216
Module::Signature 0.79
Parse::CPAN::Meta 1.4417
Test::Harness 3.36
Test::More 1.001014
YAML 1.15
YAML::Syck 1.29
version 0.9909
--
Summary of my perl5 (revision 5 version 20 subversion 3) configuration:
Derived from: b67331aafd6eff33e3fd904c45e811f69cbfb0b2
Platform:
osname=linux, osvers=4.3.0-1-amd64, archname=x86_64-linux-thread-multi
uname='linux k83 4.3.0-1-amd64 #1 smp debian 4.3.3-7 (2016-01-19) x86_64 gnulinux '
config_args='-Dprefix=/home/sand/src/perl/repoperls/installed-perls/perl/v5.20.3/13e0 -Dmyhostname=k83 -Dinstallusrbinperl=n -Uversiononly -Dusedevel -des -Ui_db -Dlibswanted=cl pthread socket inet nsl gdbm dbm malloc dl ld sun m crypt sec util c cposix posix ucb BSD gdbm_compat -Duseithreads -Uuselongdouble'
hint=recommended, useposix=true, d_sigaction=define
useithreads=define, usemultiplicity=define
use64bitint=define, use64bitall=define, uselongdouble=undef
usemymalloc=n, bincompat5005=undef
Compiler:
cc='cc', ccflags ='-D_REENTRANT -D_GNU_SOURCE -fwrapv -fno-strict-aliasing -pipe -fstack-protector -I/usr/local/include -D_LARGEFILE_SOURCE -D_FILE_OFFSET_BITS=64',
optimize='-O2',
cppflags='-D_REENTRANT -D_GNU_SOURCE -fwrapv -fno-strict-aliasing -pipe -fstack-protector -I/usr/local/include'
ccversion='', gccversion='5.3.1 20160121', gccosandvers=''
intsize=4, longsize=8, ptrsize=8, doublesize=8, byteorder=12345678
d_longlong=define, longlongsize=8, d_longdbl=define, longdblsize=16
ivtype='long', ivsize=8, nvtype='double', nvsize=8, Off_t='off_t', lseeksize=8
alignbytes=8, prototype=define
Linker and Libraries:
ld='cc', ldflags =' -fstack-protector -L/usr/local/lib'
libpth=/usr/local/lib /usr/lib/gcc/x86_64-linux-gnu/5/include-fixed /usr/include/x86_64-linux-gnu /usr/lib /lib/x86_64-linux-gnu /lib/../lib /usr/lib/x86_64-linux-gnu /usr/lib/../lib /lib
libs=-lpthread -lnsl -lgdbm -ldl -lm -lcrypt -lutil -lc -lgdbm_compat
perllibs=-lpthread -lnsl -ldl -lm -lcrypt -lutil -lc
libc=libc-2.21.so, so=so, useshrplib=false, libperl=libperl.a
gnulibc_version='2.21'
Dynamic Linking:
dlsrc=dl_dlopen.xs, dlext=so, d_dlsymun=undef, ccdlflags='-Wl,-E'
cccdlflags='-fPIC', lddlflags='-shared -O2 -L/usr/local/lib -fstack-protector'
Characteristics of this binary (from libperl):
Compile-time options: HAS_TIMES MULTIPLICITY PERLIO_LAYERS
PERL_DONT_CREATE_GVSV
PERL_HASH_FUNC_ONE_AT_A_TIME_HARD
PERL_IMPLICIT_CONTEXT PERL_MALLOC_WRAP
PERL_NEW_COPY_ON_WRITE PERL_PRESERVE_IVUV
PERL_USE_DEVEL USE_64_BIT_ALL USE_64_BIT_INT
USE_ITHREADS USE_LARGE_FILES USE_LOCALE
USE_LOCALE_COLLATE USE_LOCALE_CTYPE
USE_LOCALE_NUMERIC USE_PERLIO USE_PERL_ATOF
USE_REENTRANT_API
Locally applied patches:
uncommitted-changes
Devel::PatchPerl 1.40
Built under linux
Compiled at Feb 1 2016 09:06:21
%ENV:
PERL5LIB=""
PERL5OPT=""
PERL5_CPANPLUS_IS_RUNNING="21985"
PERL5_CPAN_IS_RUNNING="21985"
PERL_MM_USE_DEFAULT="1"
@INC:
/home/sand/src/perl/repoperls/installed-perls/perl/v5.20.3/13e0/lib/site_perl/5.20.3/x86_64-linux-thread-multi
/home/sand/src/perl/repoperls/installed-perls/perl/v5.20.3/13e0/lib/site_perl/5.20.3
/home/sand/src/perl/repoperls/installed-perls/perl/v5.20.3/13e0/lib/5.20.3/x86_64-linux-thread-multi
/home/sand/src/perl/repoperls/installed-perls/perl/v5.20.3/13e0/lib/5.20.3
.