Report for Config-IniHashReadDeep-0.02

Back
From: metabase:user:322078bc-2aae-11df-837a-5e0a49663a4f
Subject: NA Config-IniHashReadDeep-0.02 v5.13.7 NetBSD
Date: 2010-11-26T02:52:05Z

This distribution has been tested as part of the CPAN Testers
project, supporting the Perl programming language.  See
http://wiki.cpantesters.org/ for more information or email
questions to cpan-testers-discuss@perl.org


--

Dear AHERNIT,
    
This is a computer-generated error report created automatically by
CPANPLUS, version 0.9010. Testers personal comments may appear 
at the end of this report.


Thank you for uploading your work to CPAN.  However, it appears that
there were some problems testing your distribution.

TEST RESULTS:

Below is the error stack from stage 'make test':

[MSG] [Fri Nov 26 03:02:33 2010] Using cached file '/home/cpan/pit/thr/conf/perl-5.13.7/.cpanplus/authors/id/A/AH/AHERNIT/CHECKSUMS' on disk; ttl (3600s) is not exceeded
[MSG] [Fri Nov 26 03:02:33 2010] Checksum matches for 'Config-IniHashReadDeep-0.02.tar.gz'
[MSG] [Fri Nov 26 03:02:34 2010] Extracted 'Config::IniHashReadDeep' to '/home/cpan/pit/thr/conf/perl-5.13.7/.cpanplus/5.13.7/build/Config-IniHashReadDeep'
[MSG] [Fri Nov 26 03:02:34 2010] CPANPLUS is prefering Build.PL
[MSG] [Fri Nov 26 03:02:34 2010] Loading YACSmoke database "/home/cpan/pit/thr/conf/perl-5.13.7/.cpanplus/cpansmoke.dat"
[MSG] [Fri Nov 26 03:02:34 2010] Warning: prerequisite Config::IniHash 0 not found.
Writing Makefile for Config::IniHashReadDeep
Writing MYMETA.yml

[MSG] [Fri Nov 26 03:02:34 2010] DEFAULT 'filter_prereqs' HANDLER RETURNING 'sub return value'
[MSG] [Fri Nov 26 03:02:34 2010] Checking for previous PASS result for "Config-IniHashReadDeep-0.02"
[ERROR] [Fri Nov 26 03:02:34 2010] No such module 'Config::IniHash' found on CPAN
[MSG] [Fri Nov 26 03:02:36 2010] cp lib/Config/IniHashReadDeep.pm blib/lib/Config/IniHashReadDeep.pm
Manifying blib/man3/Config::IniHashReadDeep.3

[ERROR] [Fri Nov 26 03:02:36 2010] MAKE TEST failed: No such file or directory PERL_DL_NONLAZY=1 /home/cpan/pit/thr/perl-5.13.7/bin/perl5.13.7 "-MExtUtils::Command::MM" "-e" "test_harness(0, 'blib/lib', 'blib/arch')" t/*.t

#   Failed test 'Config::IniHash compiles'
#   at t/01_compile.t line 16.

#   Failed test 'Config::IniHashReadDeep compiles'
#   at t/01_compile.t line 16.
# Looks like you failed 2 tests of 2.
t/01_compile.t ......... 
Dubious, test returned 2 (wstat 512, 0x200)
Failed 2/2 subtests 
Can't locate Config/IniHash.pm in @INC (@INC contains: ../lib lib /home/cpan/pit/thr/conf/perl-5.13.7/.cpanplus/5.13.7/build/Config-IniHashReadDeep/blib/lib /home/cpan/pit/thr/conf/perl-5.13.7/.cpanplus/5.13.7/build/Config-IniHashReadDeep/blib/arch /home/cpan/pit/thr/perl-5.13.7/lib/site_perl/5.13.7/amd64-netbsd-thread-multi /home/cpan/pit/thr/perl-5.13.7/lib/site_perl/5.13.7 /home/cpan/pit/thr/perl-5.13.7/lib/5.13.7/amd64-netbsd-thread-multi /home/cpan/pit/thr/perl-5.13.7/lib/5.13.7 .) at lib/Config/IniHashReadDeep.pm line 8.
BEGIN failed--compilation aborted at lib/Config/IniHashReadDeep.pm line 8.
Compilation failed in require at t/02_load.t line 7.
BEGIN failed--compilation aborted at t/02_load.t line 7.
t/02_load.t ............ 
Dubious, test returned 2 (wstat 512, 0x200)
No subtests run 
Can't locate Config/IniHash.pm in @INC (@INC contains: ../lib lib /home/cpan/pit/thr/conf/perl-5.13.7/.cpanplus/5.13.7/build/Config-IniHashReadDeep/blib/lib /home/cpan/pit/thr/conf/perl-5.13.7/.cpanplus/5.13.7/build/Config-IniHashReadDeep/blib/arch /home/cpan/pit/thr/perl-5.13.7/lib/site_perl/5.13.7/amd64-netbsd-thread-multi /home/cpan/pit/thr/perl-5.13.7/lib/site_perl/5.13.7 /home/cpan/pit/thr/perl-5.13.7/lib/5.13.7/amd64-netbsd-thread-multi /home/cpan/pit/thr/perl-5.13.7/lib/5.13.7 .) at lib/Config/IniHashReadDeep.pm line 8.
BEGIN failed--compilation aborted at lib/Config/IniHashReadDeep.pm line 8.
Compilation failed in require at t/03_loadunderscore.t line 7.
BEGIN failed--compilation aborted at t/03_loadunderscore.t line 7.
t/03_loadunderscore.t .. 
Dubious, test returned 2 (wstat 512, 0x200)
No subtests run 
Can't locate Config/IniHash.pm in @INC (@INC contains: ../lib lib /home/cpan/pit/thr/conf/perl-5.13.7/.cpanplus/5.13.7/build/Config-IniHashReadDeep/blib/lib /home/cpan/pit/thr/conf/perl-5.13.7/.cpanplus/5.13.7/build/Config-IniHashReadDeep/blib/arch /home/cpan/pit/thr/perl-5.13.7/lib/site_perl/5.13.7/amd64-netbsd-thread-multi /home/cpan/pit/thr/perl-5.13.7/lib/site_perl/5.13.7 /home/cpan/pit/thr/perl-5.13.7/lib/5.13.7/amd64-netbsd-thread-multi /home/cpan/pit/thr/perl-5.13.7/lib/5.13.7 .) at lib/Config/IniHashReadDeep.pm line 8.
BEGIN failed--compilation aborted at lib/Config/IniHashReadDeep.pm line 8.
Compilation failed in require at t/04_loadimport.t line 7.
BEGIN failed--compilation aborted at t/04_loadimport.t line 7.
t/04_loadimport.t ...... 
Dubious, test returned 2 (wstat 512, 0x200)
No subtests run 

Test Summary Report
-------------------
t/01_compile.t       (Wstat: 512 Tests: 2 Failed: 2)
  Failed tests:  1-2
  Non-zero exit status: 2
t/02_load.t          (Wstat: 512 Tests: 0 Failed: 0)
  Non-zero exit status: 2
  Parse errors: No plan found in TAP output
t/03_loadunderscore.t (Wstat: 512 Tests: 0 Failed: 0)
  Non-zero exit status: 2
  Parse errors: No plan found in TAP output
t/04_loadimport.t    (Wstat: 512 Tests: 0 Failed: 0)
  Non-zero exit status: 2
  Parse errors: No plan found in TAP output
Files=4, Tests=2,  0 wallclock secs ( 0.04 usr  0.00 sys +  0.05 cusr  0.01 csys =  0.10 CPU)
Result: FAIL
Failed 4/4 test programs. 2/2 subtests failed.
*** Error code 2

Stop.
make: stopped in /home/cpan/pit/thr/conf/perl-5.13.7/.cpanplus/5.13.7/build/Config-IniHashReadDeep

[MSG] [Fri Nov 26 03:02:36 2010] DEFAULT 'proceed_on_test_failure' HANDLER RETURNING 'sub return value'


******************************** NOTE ********************************
The comments above are created mechanically, possibly without manual
checking by the sender.  As there are many people performing automatic
tests on each upload to CPAN, it is likely that you will receive 
identical messages about the same problem.

If you believe that the message is mistaken, please reply to the first
one with correction and/or additional informations, and do not take
it personally.  We appreciate your patience. :)
**********************************************************************

Additional comments:
 

This report was machine-generated by CPANPLUS::Dist::YACSmoke 0.58.
Powered by minismokebox version 0.36

------------------------------
ENVIRONMENT AND OTHER CONTEXT
------------------------------

Environment variables:

    AUTOMATED_TESTING = 1
    PATH = /home/cpan/bin:/bin:/sbin:/usr/bin:/usr/sbin:/usr/X11R7/bin:/usr/X11R6/bin:/usr/pkg/bin:/usr/pkg/sbin:/usr/games:/usr/local/bin:/usr/local/sbin
    PERL5LIB = :/home/cpan/pit/thr/conf/perl-5.13.7/.cpanplus/5.13.7/build/Config-IniHashReadDeep/blib/lib:/home/cpan/pit/thr/conf/perl-5.13.7/.cpanplus/5.13.7/build/Config-IniHashReadDeep/blib/arch
    PERL5_CPANPLUS_IS_RUNNING = 2147
    PERL5_CPANPLUS_IS_VERSION = 0.9010
    PERL5_MINISMOKEBOX = 0.36
    PERL5_YACSMOKE_BASE = /home/cpan/pit/thr/conf/perl-5.13.7
    PERL_EXTUTILS_AUTOINSTALL = --defaultdeps
    PERL_MM_USE_DEFAULT = 1
    SHELL = /usr/pkg/bin/bash
    TERM = screen

Perl special variables (and OS-specific diagnostics, for MSWin32):

    Perl: $^X = /home/cpan/pit/thr/perl-5.13.7/bin/perl5.13.7
    UID:  $<  = 1001
    EUID: $>  = 1001
    GID:  $(  = 100 100
    EGID: $)  = 100 100


-------------------------------


--

Summary of my perl5 (revision 5 version 13 subversion 7) configuration:
   
  Platform:
    osname=netbsd, osvers=5.1_rc3, archname=amd64-netbsd-thread-multi
    uname='netbsd fubar.bingosnet.co.uk 5.1_rc3 netbsd 5.1_rc3 (generic) #0: sat jun 12 20:26:01 utc 2010 builds@b8.netbsd.org:homebuildsabnetbsd-5-1-rc3amd64201006130031z-objhomebuildsabnetbsd-5-1-rc3srcsysarchamd64compilegeneric amd64 '
    config_args='-des -Dprefix=/home/cpan/pit/thr/perl-5.13.7 -Dusemallocwrap=y -Dusemymalloc=n -Dusethreads -Dusedevel'
    hint=recommended, useposix=true, d_sigaction=define
    useithreads=define, usemultiplicity=define
    useperlio=define, d_sfio=undef, uselargefiles=define, usesocks=undef
    use64bitint=define, use64bitall=define, uselongdouble=undef
    usemymalloc=n, bincompat5005=undef
  Compiler:
    cc='cc', ccflags ='-fno-strict-aliasing -pipe -fstack-protector -I/usr/pkg/include',
    optimize='-O',
    cppflags='-fno-strict-aliasing -pipe -fstack-protector -I/usr/pkg/include'
    ccversion='', gccversion='4.1.3 20080704 prerelease (NetBSD nb2 20081120)', gccosandvers=''
    intsize=4, longsize=8, ptrsize=8, doublesize=8, byteorder=12345678
    d_longlong=define, longlongsize=8, d_longdbl=define, longdblsize=16
    ivtype='long', ivsize=8, nvtype='double', nvsize=8, Off_t='off_t', lseeksize=8
    alignbytes=8, prototype=define
  Linker and Libraries:
    ld='cc', ldflags =' -Wl,-rpath,/usr/pkg/lib -Wl,-rpath,/usr/local/lib -fstack-protector -L/usr/pkg/lib'
    libpth=/usr/pkg/lib /lib /usr/lib
    libs=-lm -lcrypt -lutil -lc -lposix -lpthread
    perllibs=-lm -lcrypt -lutil -lc -lposix -lpthread
    libc=/lib/libc.so, so=so, useshrplib=false, libperl=libperl.a
    gnulibc_version=''
  Dynamic Linking:
    dlsrc=dl_dlopen.xs, dlext=so, d_dlsymun=undef, ccdlflags='-Wl,-E '
    cccdlflags='-DPIC -fPIC ', lddlflags='--whole-archive -shared  -L/usr/pkg/lib -fstack-protector'


Characteristics of this binary (from libperl): 
  Compile-time options: MULTIPLICITY PERL_DONT_CREATE_GVSV
                        PERL_IMPLICIT_CONTEXT PERL_MALLOC_WRAP PERL_USE_DEVEL
                        USE_64_BIT_ALL USE_64_BIT_INT USE_ITHREADS
                        USE_LARGE_FILES USE_PERLIO USE_PERL_ATOF
                        USE_REENTRANT_API
  Built under netbsd
  Compiled at Nov 25 2010 16:20:33
  %ENV:
    PERL5LIB=":/home/cpan/pit/thr/conf/perl-5.13.7/.cpanplus/5.13.7/build/Config-IniHashReadDeep/blib/lib:/home/cpan/pit/thr/conf/perl-5.13.7/.cpanplus/5.13.7/build/Config-IniHashReadDeep/blib/arch"
    PERL5_CPANPLUS_IS_RUNNING="2147"
    PERL5_CPANPLUS_IS_VERSION="0.9010"
    PERL5_MINISMOKEBOX="0.36"
    PERL5_YACSMOKE_BASE="/home/cpan/pit/thr/conf/perl-5.13.7"
    PERL_EXTUTILS_AUTOINSTALL="--defaultdeps"
    PERL_MM_USE_DEFAULT="1"
  @INC:
    /home/cpan/pit/thr/conf/perl-5.13.7/.cpanplus/5.13.7/build/Config-IniHashReadDeep/blib/lib
    /home/cpan/pit/thr/conf/perl-5.13.7/.cpanplus/5.13.7/build/Config-IniHashReadDeep/blib/arch
    /home/cpan/pit/thr/perl-5.13.7/lib/site_perl/5.13.7/amd64-netbsd-thread-multi
    /home/cpan/pit/thr/perl-5.13.7/lib/site_perl/5.13.7
    /home/cpan/pit/thr/perl-5.13.7/lib/5.13.7/amd64-netbsd-thread-multi
    /home/cpan/pit/thr/perl-5.13.7/lib/5.13.7
    .