Back
From: metabase:user:00e8548a-0e72-11e3-8ee3-df0a9c418065
Subject: FAIL rpm-build-perl-0.82 v5.16.3 GNU/Linux
Date: 2013-09-02T13:04:06Z
This distribution has been tested as part of the CPAN Testers
project, supporting the Perl programming language. See
http://wiki.cpantesters.org/ for more information or email
questions to cpan-testers-discuss@perl.org
--
Dear Alexey Tourbin,
This is a computer-generated report for rpm-build-perl-0.82
on perl 5.16.3, created by CPAN-Reporter-1.2010.
Thank you for uploading your work to CPAN. However, there was a problem
testing your distribution.
If you think this report is invalid, please consult the CPAN Testers Wiki
for suggestions on how to avoid getting FAIL reports for missing library
or binary dependencies, unsupported operating systems, and so on:
http://wiki.cpantesters.org/wiki/CPANAuthorNotes
Sections of this report:
* Tester comments
* Program output
* Prerequisites
* Environment and other context
------------------------------
TESTER COMMENTS
------------------------------
Additional comments from tester:
this report is from an automated smoke testing program
and was not reviewed by a human for accuracy
------------------------------
PROGRAM OUTPUT
------------------------------
Output from '/usr/bin/make test':
make[1]: Entering directory `/root/.cpan/build/rpm-build-perl-0.82-sOyVEQ/ConstOptree'
make[1]: Leaving directory `/root/.cpan/build/rpm-build-perl-0.82-sOyVEQ/ConstOptree'
PERL_DL_NONLAZY=1 /root/perl5/perlbrew/perls/perl-5.16.3/bin/perl "-MExtUtils::Command::MM" "-e" "test_harness(0, 'blib/lib', 'blib/arch')" t/*.t
dying at -e line 1
at /root/.cpan/build/rpm-build-perl-0.82-sOyVEQ/blib/lib/B/PerlReq.pm line 388.
B::PerlReq::__ANON__('Can\'t locate object method "padix" via package "B::SVOP" at ...') called at /root/.cpan/build/rpm-build-perl-0.82-sOyVEQ/blib/lib/B/PerlReq.pm line 319
B::PerlReq::grok_entersub('B::UNOP=SCALAR(0x16155bb8)') called at /root/.cpan/build/rpm-build-perl-0.82-sOyVEQ/blib/lib/B/Walker.pm line 56
B::Walker::walk_root('B::UNOP=SCALAR(0x16155bb8)') called at /root/.cpan/build/rpm-build-perl-0.82-sOyVEQ/blib/lib/B/Walker.pm line 64
B::Walker::walk_root('B::LISTOP=SCALAR(0x16155b40)') called at /root/.cpan/build/rpm-build-perl-0.82-sOyVEQ/blib/lib/B/Walker.pm line 105
B::Walker::walk_main() called at /root/.cpan/build/rpm-build-perl-0.82-sOyVEQ/blib/lib/B/PerlReq.pm line 391
B::PerlReq::__ANON__() called at (eval 1) line 31
O::CHECK() called at -e line 0
eval {...} called at -e line 0
Can't locate object method "padix" via package "B::SVOP" at /root/.cpan/build/rpm-build-perl-0.82-sOyVEQ/blib/lib/B/PerlReq.pm line 319.
CHECK failed--call queue aborted.
# Failed test at t/01-B-PerlReq.t line 93.
# got: 'perl(Try/Tiny.pm)
# perl(Bar.pm)'
# expected: ''
dying at -e line 1
at /root/.cpan/build/rpm-build-perl-0.82-sOyVEQ/blib/lib/B/PerlReq.pm line 388.
B::PerlReq::__ANON__('Can\'t locate object method "padix" via package "B::SVOP" at ...') called at /root/.cpan/build/rpm-build-perl-0.82-sOyVEQ/blib/lib/B/PerlReq.pm line 319
B::PerlReq::grok_entersub('B::UNOP=SCALAR(0x1ff70538)') called at /root/.cpan/build/rpm-build-perl-0.82-sOyVEQ/blib/lib/B/Walker.pm line 56
B::Walker::walk_root('B::UNOP=SCALAR(0x1ff70538)') called at /root/.cpan/build/rpm-build-perl-0.82-sOyVEQ/blib/lib/B/Walker.pm line 64
B::Walker::walk_root('B::LISTOP=SCALAR(0x1ff70520)') called at /root/.cpan/build/rpm-build-perl-0.82-sOyVEQ/blib/lib/B/Walker.pm line 64
B::Walker::walk_root('B::UNOP=SCALAR(0x1ff70490)') called at /root/.cpan/build/rpm-build-perl-0.82-sOyVEQ/blib/lib/B/Walker.pm line 91
B::Walker::walk_cv('B::CV=SCALAR(0x1ff70418)') called at /root/.cpan/build/rpm-build-perl-0.82-sOyVEQ/blib/lib/B/Walker.pm line 116
B::Walker::walk_gv('B::GV=SCALAR(0x1ff703e8)') called at /root/.cpan/build/rpm-build-perl-0.82-sOyVEQ/blib/lib/B/Walker.pm line 132
B::Walker::walk_stash('HASH(0x1fd20c50)', '') called at /root/.cpan/build/rpm-build-perl-0.82-sOyVEQ/blib/lib/B/Walker.pm line 139
B::Walker::walk_subs() called at /root/.cpan/build/rpm-build-perl-0.82-sOyVEQ/blib/lib/B/PerlReq.pm line 392
B::PerlReq::__ANON__() called at (eval 1) line 31
O::CHECK() called at -e line 0
eval {...} called at -e line 0
Can't locate object method "padix" via package "B::SVOP" at /root/.cpan/build/rpm-build-perl-0.82-sOyVEQ/blib/lib/B/PerlReq.pm line 319.
CHECK failed--call queue aborted.
# Failed test at t/01-B-PerlReq.t line 94.
# got: 'perl(Try/Tiny.pm)
# perl(Bar.pm)'
# expected: ''
dying at -e line 1
at /root/.cpan/build/rpm-build-perl-0.82-sOyVEQ/blib/lib/B/PerlReq.pm line 388.
B::PerlReq::__ANON__('Can\'t locate object method "padix" via package "B::SVOP" at ...') called at /root/.cpan/build/rpm-build-perl-0.82-sOyVEQ/blib/lib/B/PerlReq.pm line 319
B::PerlReq::grok_entersub('B::UNOP=SCALAR(0x22e2470)') called at /root/.cpan/build/rpm-build-perl-0.82-sOyVEQ/blib/lib/B/Walker.pm line 56
B::Walker::walk_root('B::UNOP=SCALAR(0x22e2470)') called at /root/.cpan/build/rpm-build-perl-0.82-sOyVEQ/blib/lib/B/Walker.pm line 64
B::Walker::walk_root('B::LISTOP=SCALAR(0x22e2410)') called at /root/.cpan/build/rpm-build-perl-0.82-sOyVEQ/blib/lib/B/Walker.pm line 105
B::Walker::walk_main() called at /root/.cpan/build/rpm-build-perl-0.82-sOyVEQ/blib/lib/B/PerlReq.pm line 391
B::PerlReq::__ANON__() called at (eval 1) line 31
O::CHECK() called at -e line 0
eval {...} called at -e line 0
Can't locate object method "padix" via package "B::SVOP" at /root/.cpan/build/rpm-build-perl-0.82-sOyVEQ/blib/lib/B/PerlReq.pm line 319.
CHECK failed--call queue aborted.
# Failed test at t/01-B-PerlReq.t line 95.
# got: 'perl(Try/Tiny.pm)
# perl(Baz.pm)'
# expected: ''
# Looks like you failed 3 tests of 78.
t/01-B-PerlReq.t ..
Dubious, test returned 3 (wstat 768, 0x300)
Failed 3/78 subtests
dying at /root/perl5/perlbrew/perls/perl-5.16.3/lib/5.16.3/AutoLoader.pm line 186
at /root/.cpan/build/rpm-build-perl-0.82-sOyVEQ/blib/lib/B/PerlReq.pm line 388.
B::PerlReq::__ANON__('Can\'t locate object method "padix" via package "B::SVOP" at ...') called at /root/.cpan/build/rpm-build-perl-0.82-sOyVEQ/blib/lib/B/PerlReq.pm line 319
B::PerlReq::grok_entersub('B::UNOP=SCALAR(0x1e86010)') called at /root/.cpan/build/rpm-build-perl-0.82-sOyVEQ/blib/lib/B/Walker.pm line 56
B::Walker::walk_root('B::UNOP=SCALAR(0x1e86010)') called at /root/.cpan/build/rpm-build-perl-0.82-sOyVEQ/blib/lib/B/Walker.pm line 64
B::Walker::walk_root('B::LISTOP=SCALAR(0x1e7b9f8)') called at /root/.cpan/build/rpm-build-perl-0.82-sOyVEQ/blib/lib/B/Walker.pm line 64
B::Walker::walk_root('B::LOGOP=SCALAR(0x1e85fc8)') called at /root/.cpan/build/rpm-build-perl-0.82-sOyVEQ/blib/lib/B/Walker.pm line 64
B::Walker::walk_root('B::UNOP=SCALAR(0x1e7b938)') called at /root/.cpan/build/rpm-build-perl-0.82-sOyVEQ/blib/lib/B/Walker.pm line 64
B::Walker::walk_root('B::LISTOP=SCALAR(0x1e7b998)') called at /root/.cpan/build/rpm-build-perl-0.82-sOyVEQ/blib/lib/B/Walker.pm line 64
B::Walker::walk_root('B::LOGOP=SCALAR(0x1e7b920)') called at /root/.cpan/build/rpm-build-perl-0.82-sOyVEQ/blib/lib/B/Walker.pm line 64
B::Walker::walk_root('B::UNOP=SCALAR(0x1e7b878)') called at /root/.cpan/build/rpm-build-perl-0.82-sOyVEQ/blib/lib/B/Walker.pm line 64
B::Walker::walk_root('B::LISTOP=SCALAR(0x1e7b860)') called at /root/.cpan/build/rpm-build-perl-0.82-sOyVEQ/blib/lib/B/Walker.pm line 64
B::Walker::walk_root('B::UNOP=SCALAR(0x1e7b7d0)') called at /root/.cpan/build/rpm-build-perl-0.82-sOyVEQ/blib/lib/B/Walker.pm line 91
B::Walker::walk_cv('B::CV=SCALAR(0x1e7b758)') called at /root/.cpan/build/rpm-build-perl-0.82-sOyVEQ/blib/lib/B/Walker.pm line 116
B::Walker::walk_gv('B::GV=SCALAR(0x1e7b728)') called at /root/.cpan/build/rpm-build-perl-0.82-sOyVEQ/blib/lib/B/Walker.pm line 132
B::Walker::walk_stash('HASH(0x1d62240)', 'AutoLoader::') called at /root/.cpan/build/rpm-build-perl-0.82-sOyVEQ/blib/lib/B/Walker.pm line 127
B::Walker::walk_stash('HASH(0x1c67c50)', '') called at /root/.cpan/build/rpm-build-perl-0.82-sOyVEQ/blib/lib/B/Walker.pm line 139
B::Walker::walk_subs() called at /root/.cpan/build/rpm-build-perl-0.82-sOyVEQ/blib/lib/B/PerlReq.pm line 392
B::PerlReq::__ANON__() called at (eval 2) line 31
O::CHECK() called at /root/perl5/perlbrew/perls/perl-5.16.3/lib/5.16.3/AutoLoader.pm line 0
eval {...} called at /root/perl5/perlbrew/perls/perl-5.16.3/lib/5.16.3/AutoLoader.pm line 0
Can't locate object method "padix" via package "B::SVOP" at /root/.cpan/build/rpm-build-perl-0.82-sOyVEQ/blib/lib/B/PerlReq.pm line 319.
CHECK failed--call queue aborted.
# /root/perl5/perlbrew/perls/perl-5.16.3/lib/5.16.3/AutoLoader.pm: deparse failed. prefix=/root/perl5/perlbrew/perls/perl-5.16.3/lib/5.16.3
# Failed test 'AutoLoader.pm zero exit status'
# at t/02-perlreq.t line 33.
dying at /root/perl5/perlbrew/perls/perl-5.16.3/lib/site_perl/5.16.3/Exporter.pm line 85
at /root/.cpan/build/rpm-build-perl-0.82-sOyVEQ/blib/lib/B/PerlReq.pm line 388.
B::PerlReq::__ANON__('Can\'t locate object method "padix" via package "B::SVOP" at ...') called at /root/.cpan/build/rpm-build-perl-0.82-sOyVEQ/blib/lib/B/PerlReq.pm line 319
B::PerlReq::grok_entersub('B::UNOP=SCALAR(0x3c7d6c8)') called at /root/.cpan/build/rpm-build-perl-0.82-sOyVEQ/blib/lib/B/Walker.pm line 56
B::Walker::walk_root('B::UNOP=SCALAR(0x3c7d6c8)') called at /root/.cpan/build/rpm-build-perl-0.82-sOyVEQ/blib/lib/B/Walker.pm line 64
B::Walker::walk_root('B::LISTOP=SCALAR(0x3c713e0)') called at /root/.cpan/build/rpm-build-perl-0.82-sOyVEQ/blib/lib/B/Walker.pm line 64
B::Walker::walk_root('B::UNOP=SCALAR(0x3c713f8)') called at /root/.cpan/build/rpm-build-perl-0.82-sOyVEQ/blib/lib/B/Walker.pm line 64
B::Walker::walk_root('B::UNOP=SCALAR(0x3c718f0)') called at /root/.cpan/build/rpm-build-perl-0.82-sOyVEQ/blib/lib/B/Walker.pm line 64
B::Walker::walk_root('B::UNOP=SCALAR(0x3c71968)') called at /root/.cpan/build/rpm-build-perl-0.82-sOyVEQ/blib/lib/B/Walker.pm line 64
B::Walker::walk_root('B::UNOP=SCALAR(0x3c71950)') called at /root/.cpan/build/rpm-build-perl-0.82-sOyVEQ/blib/lib/B/Walker.pm line 64
B::Walker::walk_root('B::UNOP=SCALAR(0x3c590a0)') called at /root/.cpan/build/rpm-build-perl-0.82-sOyVEQ/blib/lib/B/Walker.pm line 64
B::Walker::walk_root('B::UNOP=SCALAR(0x3c58ff8)') called at /root/.cpan/build/rpm-build-perl-0.82-sOyVEQ/blib/lib/B/Walker.pm line 64
B::Walker::walk_root('B::LISTOP=SCALAR(0x3c7cbb8)') called at /root/.cpan/build/rpm-build-perl-0.82-sOyVEQ/blib/lib/B/Walker.pm line 64
B::Walker::walk_root('B::UNOP=SCALAR(0x3c58fb0)') called at /root/.cpan/build/rpm-build-perl-0.82-sOyVEQ/blib/lib/B/Walker.pm line 91
B::Walker::walk_cv('B::CV=SCALAR(0x3c59040)') called at /root/.cpan/build/rpm-build-perl-0.82-sOyVEQ/blib/lib/B/Walker.pm line 116
B::Walker::walk_gv('B::GV=SCALAR(0x3c58fc8)') called at /root/.cpan/build/rpm-build-perl-0.82-sOyVEQ/blib/lib/B/Walker.pm line 132
B::Walker::walk_stash('HASH(0x3a971c8)', 'Exporter::') called at /root/.cpan/build/rpm-build-perl-0.82-sOyVEQ/blib/lib/B/Walker.pm line 127
B::Walker::walk_stash('HASH(0x3a83c50)', '') called at /root/.cpan/build/rpm-build-perl-0.82-sOyVEQ/blib/lib/B/Walker.pm line 139
B::Walker::walk_subs() called at /root/.cpan/build/rpm-build-perl-0.82-sOyVEQ/blib/lib/B/PerlReq.pm line 392
B::PerlReq::__ANON__() called at (eval 2) line 31
O::CHECK() called at /root/perl5/perlbrew/perls/perl-5.16.3/lib/site_perl/5.16.3/Exporter.pm line 0
eval {...} called at /root/perl5/perlbrew/perls/perl-5.16.3/lib/site_perl/5.16.3/Exporter.pm line 0
Can't locate object method "padix" via package "B::SVOP" at /root/.cpan/build/rpm-build-perl-0.82-sOyVEQ/blib/lib/B/PerlReq.pm line 319.
CHECK failed--call queue aborted.
# /root/perl5/perlbrew/perls/perl-5.16.3/lib/site_perl/5.16.3/Exporter.pm: deparse failed. prefix=/root/perl5/perlbrew/perls/perl-5.16.3/lib/site_perl/5.16.3
# Failed test 'Exporter.pm dependencies'
# at t/02-perlreq.t line 32.
# got: ''
# expected: 'perl(Exporter/Heavy.pm)'
# Failed test 'Exporter.pm zero exit status'
# at t/02-perlreq.t line 33.
# Looks like you failed 3 tests of 4.
t/02-perlreq.t ....
Dubious, test returned 3 (wstat 768, 0x300)
Failed 3/4 subtests
t/03-perlprov.t ... ok
Test Summary Report
-------------------
t/01-B-PerlReq.t (Wstat: 768 Tests: 78 Failed: 3)
Failed tests: 46-48
Non-zero exit status: 3
t/02-perlreq.t (Wstat: 768 Tests: 4 Failed: 3)
Failed tests: 2-4
Non-zero exit status: 3
Files=3, Tests=112, 5 wallclock secs ( 0.03 usr 0.00 sys + 1.49 cusr 0.26 csys = 1.78 CPU)
Result: FAIL
Failed 2/3 test programs. 6/112 subtests failed.
make: *** [test_dynamic] Error 255
------------------------------
PREREQUISITES
------------------------------
Prerequisite modules loaded:
requires:
Module Need Have
------------------- ---- ----
B 0 1.35
Encode 0 2.52
O 0 1.01
Safe 0 2.35
Test::More 0 0.98
build_requires:
Module Need Have
------------------- ---- ----
ExtUtils::MakeMaker 0 6.74
configure_requires:
Module Need Have
------------------- ---- ----
ExtUtils::MakeMaker 0 6.74
------------------------------
ENVIRONMENT AND OTHER CONTEXT
------------------------------
Environment variables:
AUTOMATED_TESTING = 1
LANG = en_US.UTF-8
PATH = /root/perl5/perlbrew/bin:/root/perl5/perlbrew/perls/perl-5.16.3/bin:/usr/kerberos/sbin:/usr/kerberos/bin:/usr/local/sbin:/usr/local/bin:/sbin:/bin:/usr/sbin:/usr/bin:/usr/X11R6/bin:/root/bin
PERL5LIB =
PERL5OPT =
PERL5_CPANPLUS_IS_RUNNING = 16860
PERL5_CPAN_IS_RUNNING = 16860
PERL5_CPAN_IS_RUNNING_IN_RECURSION = 5259,16860
PERLBREW_BASHRC_VERSION = 0.66
PERLBREW_HOME = /root/.perlbrew
PERLBREW_MANPATH = /root/perl5/perlbrew/perls/perl-5.16.3/man
PERLBREW_PATH = /root/perl5/perlbrew/bin:/root/perl5/perlbrew/perls/perl-5.16.3/bin
PERLBREW_PERL = perl-5.16.3
PERLBREW_ROOT = /root/perl5/perlbrew
PERLBREW_VERSION = 0.66
PERL_CR_SMOKER_CURRENT = rpm-build-perl-0.82
PERL_EXTUTILS_AUTOINSTALL = --defaultdeps
PERL_MM_USE_DEFAULT = 1
SHELL = /bin/bash
TERM = xterm
Perl special variables (and OS-specific diagnostics, for MSWin32):
$^X = /root/perl5/perlbrew/perls/perl-5.16.3/bin/perl
$UID/$EUID = 0 / 0
$GID = 0 0 1 2 3 4 6 10
$EGID = 0 0 1 2 3 4 6 10
Perl module toolchain versions installed:
Module Have
------------------- --------
CPAN 2.00
CPAN::Meta 2.132140
Cwd 3.40
ExtUtils::CBuilder 0.280206
ExtUtils::Command 1.17
ExtUtils::Install 1.58
ExtUtils::MakeMaker 6.74
ExtUtils::Manifest 1.61
ExtUtils::ParseXS 3.21
File::Spec 3.40
JSON 2.59
JSON::PP 2.27202
Module::Build 0.4007
Module::Signature n/a
Parse::CPAN::Meta 1.4405
Test::Harness 3.28
Test::More 0.98
YAML 0.84
YAML::Syck 1.27
version 0.99
--
Summary of my perl5 (revision 5 version 16 subversion 3) configuration:
Platform:
osname=linux, osvers=2.6.18-348.16.1.el5, archname=x86_64-linux
uname='linux localhost.localdomain 2.6.18-348.16.1.el5 #1 smp wed aug 21 04:00:25 edt 2013 x86_64 x86_64 x86_64 gnulinux '
config_args='-de -Dprefix=/root/perl5/perlbrew/perls/perl-5.16.3 -Aeval:scriptdir=/root/perl5/perlbrew/perls/perl-5.16.3/bin'
hint=recommended, useposix=true, d_sigaction=define
useithreads=undef, usemultiplicity=undef
useperlio=define, d_sfio=undef, uselargefiles=define, usesocks=undef
use64bitint=define, use64bitall=define, uselongdouble=undef
usemymalloc=n, bincompat5005=undef
Compiler:
cc='cc', ccflags ='-fno-strict-aliasing -pipe -fstack-protector -I/usr/local/include -D_LARGEFILE_SOURCE -D_FILE_OFFSET_BITS=64',
optimize='-O2',
cppflags='-fno-strict-aliasing -pipe -fstack-protector -I/usr/local/include'
ccversion='', gccversion='4.1.2 20080704 (Red Hat 4.1.2-54)', gccosandvers=''
intsize=4, longsize=8, ptrsize=8, doublesize=8, byteorder=12345678
d_longlong=define, longlongsize=8, d_longdbl=define, longdblsize=16
ivtype='long', ivsize=8, nvtype='double', nvsize=8, Off_t='off_t', lseeksize=8
alignbytes=8, prototype=define
Linker and Libraries:
ld='cc', ldflags =' -fstack-protector -L/usr/local/lib'
libpth=/usr/local/lib /lib /usr/lib /lib64 /usr/lib64 /usr/local/lib64
libs=-lnsl -ldl -lm -lcrypt -lutil -lc
perllibs=-lnsl -ldl -lm -lcrypt -lutil -lc
libc=/lib/libc-2.5.so, so=so, useshrplib=false, libperl=libperl.a
gnulibc_version='2.5'
Dynamic Linking:
dlsrc=dl_dlopen.xs, dlext=so, d_dlsymun=undef, ccdlflags='-Wl,-E'
cccdlflags='-fPIC', lddlflags='-shared -O2 -L/usr/local/lib -fstack-protector'
Characteristics of this binary (from libperl):
Compile-time options: HAS_TIMES PERLIO_LAYERS PERL_DONT_CREATE_GVSV
PERL_MALLOC_WRAP PERL_PRESERVE_IVUV USE_64_BIT_ALL
USE_64_BIT_INT USE_LARGE_FILES USE_LOCALE
USE_LOCALE_COLLATE USE_LOCALE_CTYPE
USE_LOCALE_NUMERIC USE_PERLIO USE_PERL_ATOF
Built under linux
Compiled at Aug 26 2013 11:51:42
%ENV:
PERL5LIB=""
PERL5OPT=""
PERL5_CPANPLUS_IS_RUNNING="16860"
PERL5_CPAN_IS_RUNNING="16860"
PERL5_CPAN_IS_RUNNING_IN_RECURSION="5259,16860"
PERLBREW_BASHRC_VERSION="0.66"
PERLBREW_HOME="/root/.perlbrew"
PERLBREW_MANPATH="/root/perl5/perlbrew/perls/perl-5.16.3/man"
PERLBREW_PATH="/root/perl5/perlbrew/bin:/root/perl5/perlbrew/perls/perl-5.16.3/bin"
PERLBREW_PERL="perl-5.16.3"
PERLBREW_ROOT="/root/perl5/perlbrew"
PERLBREW_VERSION="0.66"
PERL_CR_SMOKER_CURRENT="rpm-build-perl-0.82"
PERL_EXTUTILS_AUTOINSTALL="--defaultdeps"
PERL_MM_USE_DEFAULT="1"
@INC:
/root/perl5/perlbrew/perls/perl-5.16.3/lib/site_perl/5.16.3/x86_64-linux
/root/perl5/perlbrew/perls/perl-5.16.3/lib/site_perl/5.16.3
/root/perl5/perlbrew/perls/perl-5.16.3/lib/5.16.3/x86_64-linux
/root/perl5/perlbrew/perls/perl-5.16.3/lib/5.16.3
.