Lexical-Types v0.16 Perl 5 v5.8.8 x86_64-linux

Status
Fail
From
Slaven Rezić (SREZIC)
Dist
Lexical-Types v0.16
Platform
Perl 5 v5.8.8 x86_64-linux
Date
2017-12-22 01:12:14
ID
2533b788-e6b5-11e7-8897-c98f2b6fd2e1
This distribution has been tested as part of the CPAN Testers
project, supporting the Perl programming language.  See
http://wiki.cpantesters.org/ for more information or email
questions to cpan-testers-discuss@perl.org


--
Dear Vincent Pit,

This is a computer-generated report for Lexical-Types-0.16
on perl 5.8.8, created by CPAN-Reporter-1.2018.

Thank you for uploading your work to CPAN.  However, there was a problem
testing your distribution.

If you think this report is invalid, please consult the CPAN Testers Wiki
for suggestions on how to avoid getting FAIL reports for missing library
or binary dependencies, unsupported operating systems, and so on:

http://wiki.cpantesters.org/wiki/CPANAuthorNotes

Sections of this report:

    * Tester comments
    * Program output
    * Prerequisites
    * Environment and other context

------------------------------
TESTER COMMENTS
------------------------------

Additional comments from tester:

none provided

------------------------------
PROGRAM OUTPUT
------------------------------

Output from 'make test':

"/opt/perl-5.8.8/bin/perl" -MExtUtils::Command::MM -e 'cp_nonempty' -- Types.bs blib/arch/auto/Lexical/Types/Types.bs 644
PERL_DL_NONLAZY=1 "/opt/perl-5.8.8/bin/perl" "-MExtUtils::Command::MM" "-MTest::Harness" "-e" "undef *Test::Harness::Switches; test_harness(0, 'blib/lib', 'blib/arch')" t/*.t
# Testing Lexical::Types 0.16, Perl 5.008008, /opt/perl-5.8.8/bin/perl
t/00-load.t ............... ok
t/09-load-threads.t ....... skipped: This perl wasn't built to support threads
# This will throw two warnings
# This will throw two more warnings
t/10-args.t ............... ok
t/11-integrate.t .......... ok
# This will throw two warnings
# This will throw two warnings

#   Failed test '$_[1] in initializer is read only'
#   at t/12-ro.t line 48.
#                   'Can't use global @_ in "my" at (eval 7) line 2, near "{ $_"
# BEGIN not safe after errors--compilation aborted at (eval 7) line 2.
# '
#     doesn't match '(?-xism:^Modification of a read-only value attempted at \(eval \d+\) line 2)'

#   Failed test '$_[0] in initializer is read only'
#   at t/12-ro.t line 57.
#                   ''
#     doesn't match '(?-xism:^Modification of a read-only value attempted at t\/12\-ro\.t line 11)'
# Looks like you failed 2 tests of 4.
t/12-ro.t ................. 
Dubious, test returned 2 (wstat 512, 0x200)
Failed 2/4 subtests 
t/20-scalar-base.t ........ ok
t/21-scalar-padsv.t ....... ok
t/22-scalar-constants.t ... ok
t/23-scalar-object.t ...... ok
t/24-scalar-tie.t ......... ok
t/25-scalar-magic.t ....... skipped: Could not load Variable::Magic
t/26-scalar-magic-uvar.t .. skipped: Could not load Variable::Magic 0.35
t/29-scalar-stress.t ...... ok
t/70-scope.t .............. ok
t/71-peep.t ............... ok
t/72-hints.t .............. ok
t/80-threads.t ............ skipped: This perl wasn't built to support threads
t/81-threads-teardown.t ... skipped: This perl wasn't built to support threads

Test Summary Report
-------------------
t/12-ro.t               (Wstat: 512 Tests: 4 Failed: 2)
  Failed tests:  2-3
  Non-zero exit status: 2
Files=18, Tests=1179,  0 wallclock secs ( 0.09 usr  0.01 sys +  0.42 cusr  0.04 csys =  0.56 CPU)
Result: FAIL
Failed 1/18 test programs. 2/1179 subtests failed.
Makefile:1036: recipe for target 'test_dynamic' failed
make: *** [test_dynamic] Error 255

------------------------------
PREREQUISITES
------------------------------

Prerequisite modules loaded:

requires:

    Module              Need     Have    
    ------------------- -------- --------
    Carp                0        1.38    
    perl                5.008004 5.008008
    XSLoader            0        0.06    

build_requires:

    Module              Need     Have    
    ------------------- -------- --------
    Carp                0        1.38    
    Config              0        0       
    constant            0        1.05    
    ExtUtils::MakeMaker 0        7.18    
    File::Spec          0        3.62    
    lib                 0        0.5565  
    Test::More          0        1.302045
    XSLoader            0        0.06    

configure_requires:

    Module              Need     Have    
    ------------------- -------- --------
    Config              0        0       
    ExtUtils::MakeMaker 0        7.18    


------------------------------
ENVIRONMENT AND OTHER CONTEXT
------------------------------

Environment variables:

    LANG = en_US.UTF-8
    PATH = /usr/local/bin:/usr/bin:/bin:/usr/local/sbin:/usr/sbin:/sbin:/home/eserte/bin/linux-gnu:/home/eserte/bin/sh:/home/eserte/bin:/home/eserte/bin/pistachio-perl/bin:/usr/games:/home/eserte/devel:/home/eserte/src/srezic-misc/scripts
    PERL5LIB = 
    PERL5OPT = 
    PERL5_CPANPLUS_IS_RUNNING = 9439
    PERL5_CPAN_IS_RUNNING = 9439
    PERL5_CPAN_IS_RUNNING_IN_RECURSION = 19459,9439
    PERLDOC = -MPod::Perldoc::ToTextOverstrike
    PERL_BATCH = yes
    PERL_CANARY_STABILITY_NOPROMPT = 1
    PERL_CPAN_REPORTER_CONFIG = /var/tmp/cpansmoker-1000/2017122121/cpanreporter_000_config.ini
    PERL_EXTUTILS_AUTOINSTALL = --defaultdeps
    SHELL = /bin/zsh
    STDPERL = perl
    TERM = xterm
    TMPDIR = /var/tmp/cpansmoker-1000/2017122121

Perl special variables (and OS-specific diagnostics, for MSWin32):

    $^X = /opt/perl-5.8.8/bin/perl
    $UID/$EUID = 1000 / 1000
    $GID = 1000 1024 1000 134 128 115 111 108 46 44 30 29 27 25 24 4
    $EGID = 1000 1024 1000 134 128 115 111 108 46 44 30 29 27 25 24 4

Perl module toolchain versions installed:

    Module              Have    
    ------------------- --------
    CPAN                2.14    
    CPAN::Meta          2.143240
    Cwd                 3.62    
    ExtUtils::CBuilder  0.280224
    ExtUtils::Command   7.18    
    ExtUtils::Install   1.54    
    ExtUtils::MakeMaker 7.18    
    ExtUtils::Manifest  1.70    
    ExtUtils::ParseXS   3.30    
    File::Spec          3.62    
    JSON                2.94    
    JSON::PP            2.27203 
    Module::Build       0.4220  
    Module::Signature   n/a     
    Parse::CPAN::Meta   1.4414  
    Test::Harness       3.36    
    Test::More          1.302045
    YAML                1.18    
    YAML::Syck          1.29    
    version             0.9917  


--

Summary of my perl5 (revision 5 version 8 subversion 8) configuration:
  Platform:
    osname=linux, osvers=3.16.0-4-amd64, archname=x86_64-linux
    uname='linux cabulja 3.16.0-4-amd64 #1 smp debian 3.16.7-ckt25-2+deb8u3 (2016-07-02) x86_64 gnulinux '
    config_args='-ds -e -Dprefix=/opt/perl-5.8.8 -Dcf_email=srezic@cpan.org'
    hint=recommended, useposix=true, d_sigaction=define
    usethreads=undef use5005threads=undef useithreads=undef usemultiplicity=undef
    useperlio=define d_sfio=undef uselargefiles=define usesocks=undef
    use64bitint=define use64bitall=define uselongdouble=undef
    usemymalloc=n, bincompat5005=undef
  Compiler:
    cc='cc', ccflags ='-fno-strict-aliasing -pipe -Wdeclaration-after-statement -I/usr/local/include -D_LARGEFILE_SOURCE -D_FILE_OFFSET_BITS=64',
    optimize='-O2',
    cppflags='-fno-strict-aliasing -pipe -Wdeclaration-after-statement -I/usr/local/include'
    ccversion='', gccversion='4.9.2', gccosandvers=''
    intsize=4, longsize=8, ptrsize=8, doublesize=8, byteorder=12345678
    d_longlong=define, longlongsize=8, d_longdbl=define, longdblsize=16
    ivtype='long', ivsize=8, nvtype='double', nvsize=8, Off_t='off_t', lseeksize=8
    alignbytes=8, prototype=define
  Linker and Libraries:
    ld='cc', ldflags =' -L/usr/local/lib'
    libpth=/usr/local/lib /lib/x86_64-linux-gnu /lib/../lib /usr/lib/x86_64-linux-gnu /usr/lib/../lib /lib /usr/lib
    libs=-lnsl -lgdbm -ldb -ldl -lm -lcrypt -lutil -lc -lgdbm_compat
    perllibs=-lnsl -ldl -lm -lcrypt -lutil -lc -lgdbm_compat
    libc=libc-2.19.so, so=so, useshrplib=false, libperl=libperl.a
    gnulibc_version='2.19'
  Dynamic Linking:
    dlsrc=dl_dlopen.xs, dlext=so, d_dlsymun=undef, ccdlflags='-Wl,-E'
    cccdlflags='-fpic', lddlflags='-shared -L/usr/local/lib'


Characteristics of this binary (from libperl): 
  Compile-time options: PERL_MALLOC_WRAP USE_64_BIT_ALL USE_64_BIT_INT
                        USE_LARGE_FILES USE_PERLIO
  Locally applied patches:
	Devel::PatchPerl 1.42
  Built under linux
  Compiled at Jul 18 2016 20:21:29
  %ENV:
    PERL5LIB=""
    PERL5OPT=""
    PERL5_CPANPLUS_IS_RUNNING="9439"
    PERL5_CPAN_IS_RUNNING="9439"
    PERL5_CPAN_IS_RUNNING_IN_RECURSION="19459,9439"
    PERLDOC="-MPod::Perldoc::ToTextOverstrike"
    PERL_BATCH="yes"
    PERL_CANARY_STABILITY_NOPROMPT="1"
    PERL_CPAN_REPORTER_CONFIG="/var/tmp/cpansmoker-1000/2017122121/cpanreporter_000_config.ini"
    PERL_EXTUTILS_AUTOINSTALL="--defaultdeps"
  @INC:
    /opt/perl-5.8.8/lib/5.8.8/x86_64-linux
    /opt/perl-5.8.8/lib/5.8.8
    /opt/perl-5.8.8/lib/site_perl/5.8.8/x86_64-linux
    /opt/perl-5.8.8/lib/site_perl/5.8.8
    /opt/perl-5.8.8/lib/site_perl
    .