Report for PPerl-0.25

Back
From: metabase:user:320bfe00-2aae-11df-837a-5e0a49663a4f
Subject: FAIL PPerl-0.25 v5.23.5 GNU/Linux
Date: 2016-01-30T19:10:36Z

This distribution has been tested as part of the CPAN Testers
project, supporting the Perl programming language.  See
http://wiki.cpantesters.org/ for more information or email
questions to cpan-testers-discuss@perl.org


--
Dear MSERGEANT,

This is a computer-generated report for PPerl-0.25
on perl 5.23.5, created by CPAN-Reporter-1.2015.

Thank you for uploading your work to CPAN.  However, there was a problem
testing your distribution.

If you think this report is invalid, please consult the CPAN Testers Wiki
for suggestions on how to avoid getting FAIL reports for missing library
or binary dependencies, unsupported operating systems, and so on:

http://wiki.cpantesters.org/wiki/CPANAuthorNotes

Sections of this report:

    * Tester comments
    * Program output
    * Prerequisites
    * Environment and other context

------------------------------
TESTER COMMENTS
------------------------------

Additional comments from tester:

this report is from an automated smoke testing program
and was not reviewed by a human for accuracy

------------------------------
PROGRAM OUTPUT
------------------------------

Output from '/usr/bin/make test':

Running Mkbootstrap for PPerl ()
chmod 644 "PPerl.bs"
PERL_DL_NONLAZY=1 "/home/sand/src/perl/repoperls/installed-perls/perl/v5.23.5/109d/bin/perl" "-MExtUtils::Command::MM" "-MTest::Harness" "-e" "undef *Test::Harness::Switches; test_harness(0, 'blib/lib', 'blib/arch')" t/*.t
t/00stevens.t ........ ok
t/01basic.t .......... ok
t/02usage.t .......... ok
Possible precedence issue with control flow operator at /tmp/pperl006Uyb line 249.
Use of each() on hash after insertion without resetting hash iterator results in undefined behavior, Perl interpreter: 0x1b3f010 at /tmp/pperl006Uyb line 119.
Use of "goto" to jump into a construct is deprecated at t/cat.plx line 7, <> line 7.
Filehandle STDOUT reopened as STDIN only for input at /tmp/pperl006Uyb line 473, <> line 7.
Use of "goto" to jump into a construct is deprecated at t/cat.plx line 7, <> line 7.
Filehandle STDOUT reopened as STDIN only for input at /tmp/pperl006Uyb line 473, <> line 7.
Use of "goto" to jump into a construct is deprecated at t/cat.plx line 7, <> line 7.
Filehandle STDOUT reopened as STDIN only for input at /tmp/pperl006Uyb line 473, <> line 7.
Use of "goto" to jump into a construct is deprecated at t/cat.plx line 7, <> line 7.
Filehandle STDOUT reopened as STDIN only for input at /tmp/pperl006Uyb line 473, <> line 7.
Use of "goto" to jump into a construct is deprecated at t/cat.plx line 7, <> line 7.
Filehandle STDOUT reopened as STDIN only for input at /tmp/pperl006Uyb line 473, <> line 7.
Use of "goto" to jump into a construct is deprecated at t/cat.plx line 7, <> line 7.
Filehandle STDOUT reopened as STDIN only for input at /tmp/pperl006Uyb line 473, <> line 7.
t/03cat.t ............ ok
Possible precedence issue with control flow operator at /tmp/pperlgNdd7X line 249.
Use of each() on hash after insertion without resetting hash iterator results in undefined behavior, Perl interpreter: 0x13bd010 at /tmp/pperlgNdd7X line 119.
Use of "goto" to jump into a construct is deprecated at t/args.plx line 5.
Use of "goto" to jump into a construct is deprecated at t/args.plx line 5.
Possible precedence issue with control flow operator at /tmp/pperlTJeiAg line 249.
Use of each() on hash after insertion without resetting hash iterator results in undefined behavior, Perl interpreter: 0x1c7d010 at /tmp/pperlTJeiAg line 119.
Use of "goto" to jump into a construct is deprecated at t/env.plx line 5.
Use of "goto" to jump into a construct is deprecated at t/env.plx line 5.
t/04args.t ........... ok
Possible precedence issue with control flow operator at /tmp/pperltN9dvG line 249.
Use of each() on hash after insertion without resetting hash iterator results in undefined behavior, Perl interpreter: 0x2531010 at /tmp/pperltN9dvG line 119.
Use of "goto" to jump into a construct is deprecated at t/cwd.plx line 7.
Filehandle STDOUT reopened as STDIN only for input at /tmp/pperltN9dvG line 473.
Use of "goto" to jump into a construct is deprecated at t/cwd.plx line 7.
Filehandle STDOUT reopened as STDIN only for input at /tmp/pperltN9dvG line 473.
t/05cwd.t ............ ok
# Test 6 got: "Use of each() on hash after insertion without resetting hash iterator results in undefined behavior, Perl interpreter: 0x205d010 at /tmp/pperlNnoiN6 line 119.\nUse of \"goto\" to jump into a construct is deprecated at /tmp/pperlNnoiN6 line 53.\n" (t/06exit_die.t at line 18)
#   Expected: ""
#  t/06exit_die.t line 18 is: ok($out, "");
# Test 8 got: "foo at t/spammy.plx line 7.\nUse of \"goto\" to jump into a construct is deprecated at /tmp/pperlNnoiN6 line 53.\n" (t/06exit_die.t at line 22)
#   Expected: "foo at t/spammy.plx line 7.\n"
#  t/06exit_die.t line 22 is: ok($out, "foo at t/spammy.plx line 7.\n");
t/06exit_die.t ....... 
Failed 2/8 subtests 
Possible precedence issue with control flow operator at /tmp/pperlekezeD line 249.
Use of each() on hash after insertion without resetting hash iterator results in undefined behavior, Perl interpreter: 0x1e6b010 at /tmp/pperlekezeD line 119.
Use of "goto" to jump into a construct is deprecated at /tmp/pperlekezeD line 53.
t/07djbish.t ......... ok
Possible precedence issue with control flow operator at /tmp/pperlqGF1yI line 249.
Use of each() on hash after insertion without resetting hash iterator results in undefined behavior, Perl interpreter: 0x26ac010 at /tmp/pperlqGF1yI line 119.
Use of "goto" to jump into a construct is deprecated at t/fork.plx line 13.
Use of "goto" to jump into a construct is deprecated at t/fork.plx line 13.
Use of "goto" to jump into a construct is deprecated at t/fork.plx line 13.
Use of "goto" to jump into a construct is deprecated at t/fork.plx line 13.
Use of "goto" to jump into a construct is deprecated at t/fork.plx line 13.
Use of "goto" to jump into a construct is deprecated at t/fork.plx line 13.
Use of "goto" to jump into a construct is deprecated at t/fork.plx line 13.
Use of "goto" to jump into a construct is deprecated at t/fork.plx line 13.
Use of "goto" to jump into a construct is deprecated at t/fork.plx line 13.
Use of "goto" to jump into a construct is deprecated at t/fork.plx line 13.
t/08fork.t ........... ok
# Test 1 got: "Possible precedence issue with control flow operator at /tmp/pperlLPPjIY line 249.\nUse of each() on hash after insertion without resetting hash iterator results in undefined behavior, Perl interpreter: 0x15c4010 at /tmp/pperlLPPjIY line 119.\nUse of \"goto\" to jump into a construct is deprecated at t/taint_pperl.plx line 13.\nInsecure dependency in open while running with -T switch at t/taint_pperl.plx line 4.\n" (t/09taint.t at line 7)
#   Expected: "Insecure dependency in open while running with -T switch at t/taint_pperl.plx line 4.\n"
#  t/09taint.t line 7 is: ok($err, "Insecure dependency in open while running with -T switch at t/taint_pperl.plx line 4.\n");
t/09taint.t .......... 
Failed 1/1 subtests 
# Test 1 got: "Possible precedence issue with control flow operator at /tmp/pperl1JmYCi line 249.\nUse of each() on hash after insertion without resetting hash iterator results in undefined behavior, Perl interpreter: 0x112c010 at /tmp/pperl1JmYCi line 119.\nUse of \"goto\" to jump into a construct is deprecated at t/tie.plx line 14.\n'foo' => 'foo''bar' => 'baz'\n" (t/10tie.t at line 18)
#   Expected: "'foo' => 'foo''bar' => 'baz'\n"
#  t/10tie.t line 18 is:     ok(`./pperl t/tie.plx $db 2>&1`, $shouldbe);
# Test 2 got: "Use of \"goto\" to jump into a construct is deprecated at t/tie.plx line 14.\n'foo' => 'foo''bar' => 'baz'\n" (t/10tie.t at line 18 fail #2)
#   Expected: "'foo' => 'foo''bar' => 'baz'\n"
# Test 3 got: "Use of \"goto\" to jump into a construct is deprecated at t/tie.plx line 14.\n'foo' => 'foo''bar' => 'baz'\n" (t/10tie.t at line 18 fail #3)
#   Expected: "'foo' => 'foo''bar' => 'baz'\n"
# Test 4 got: "Use of \"goto\" to jump into a construct is deprecated at t/tie.plx line 14.\n'foo' => 'foo''bar' => 'baz'\n" (t/10tie.t at line 18 fail #4)
#   Expected: "'foo' => 'foo''bar' => 'baz'\n"
# Test 5 got: "Use of \"goto\" to jump into a construct is deprecated at t/tie.plx line 14.\n'foo' => 'foo''bar' => 'baz'\n" (t/10tie.t at line 18 fail #5)
#   Expected: "'foo' => 'foo''bar' => 'baz'\n"
# Test 6 got: "Use of \"goto\" to jump into a construct is deprecated at t/tie.plx line 14.\n'foo' => 'foo''bar' => 'baz'\n" (t/10tie.t at line 18 fail #6)
#   Expected: "'foo' => 'foo''bar' => 'baz'\n"
# Test 7 got: "Use of \"goto\" to jump into a construct is deprecated at t/tie.plx line 14.\n'foo' => 'foo''bar' => 'baz'\n" (t/10tie.t at line 18 fail #7)
#   Expected: "'foo' => 'foo''bar' => 'baz'\n"
# Test 8 got: "Use of \"goto\" to jump into a construct is deprecated at t/tie.plx line 14.\n'foo' => 'foo''bar' => 'baz'\n" (t/10tie.t at line 18 fail #8)
#   Expected: "'foo' => 'foo''bar' => 'baz'\n"
# Test 9 got: "Use of \"goto\" to jump into a construct is deprecated at t/tie.plx line 14.\n'foo' => 'foo''bar' => 'baz'\n" (t/10tie.t at line 18 fail #9)
#   Expected: "'foo' => 'foo''bar' => 'baz'\n"
# Test 10 got: "Use of \"goto\" to jump into a construct is deprecated at t/tie.plx line 14.\n'foo' => 'foo''bar' => 'baz'\n" (t/10tie.t at line 18 fail #10)
#    Expected: "'foo' => 'foo''bar' => 'baz'\n"
t/10tie.t ............ 
Failed 10/10 subtests 
Use of each() on hash after insertion without resetting hash iterator results in undefined behavior, Perl interpreter: 0x21c4010 at /tmp/pperl8cpWBs line 119.
Use of "goto" to jump into a construct is deprecated at /tmp/pperl8cpWBs line 53.
Use of "goto" to jump into a construct is deprecated at t/autoclose.plx line 14.
Use of "goto" to jump into a construct is deprecated at t/autoclose.plx line 14.
t/11autoclose.t ...... ok
Possible precedence issue with control flow operator at /tmp/pperlXsb2IV line 249.
Use of each() on hash after insertion without resetting hash iterator results in undefined behavior, Perl interpreter: 0x116f010 at /tmp/pperlXsb2IV line 119.
Use of "goto" to jump into a construct is deprecated at t/signals.plx line 19.
Use of "goto" to jump into a construct is deprecated at t/signals.plx line 19.
t/12signals.t ........ ok
Use of each() on hash after insertion without resetting hash iterator results in undefined behavior, Perl interpreter: 0x2345010 at /tmp/pperlB5sk2i line 119.
Use of "goto" to jump into a construct is deprecated at t/pid.plx line 4.
# Test 2 got: "10954\n" (t/13pid.t at line 12 fail #2)
#   Expected: "10946\n"
#  t/13pid.t line 12 is:     ok ($answer, "$child\n");
Use of "goto" to jump into a construct is deprecated at t/pid.plx line 4.
# Test 3 got: "10954\n" (t/13pid.t at line 12 fail #3)
#   Expected: "10961\n"
Use of "goto" to jump into a construct is deprecated at t/pid.plx line 4.
# Test 4 got: "10954\n" (t/13pid.t at line 12 fail #4)
#   Expected: "10967\n"
t/13pid.t ............ 
Failed 3/4 subtests 
Possible precedence issue with control flow operator at /tmp/pperlRw180M line 249.
Use of each() on hash after insertion without resetting hash iterator results in undefined behavior, Perl interpreter: 0x2680010 at /tmp/pperlRw180M line 119.
Use of "goto" to jump into a construct is deprecated at t/data.plx line 5, <DATA> line 5.
Use of "goto" to jump into a construct is deprecated at t/data.plx line 5, <DATA> line 5.
Use of "goto" to jump into a construct is deprecated at t/data.plx line 5, <DATA> line 10.
Use of "goto" to jump into a construct is deprecated at t/data.plx line 5, <DATA> line 10.
Use of "goto" to jump into a construct is deprecated at t/data.plx line 5, <DATA> line 15.
Use of "goto" to jump into a construct is deprecated at t/data.plx line 5, <DATA> line 15.
t/14data.t ........... ok
Use of "goto" to jump into a construct is deprecated at t/punctuation.plx line 57.
Use of "goto" to jump into a construct is deprecated at t/punctuation.plx line 57.
Use of "goto" to jump into a construct is deprecated at t/punctuation.plx line 57.
Use of "goto" to jump into a construct is deprecated at t/punctuation.plx line 57.
t/15punctuation.t .... ok
Possible precedence issue with control flow operator at /tmp/pperleLKZ30 line 249.
Use of each() on hash after insertion without resetting hash iterator results in undefined behavior, Perl interpreter: 0x808010 at /tmp/pperleLKZ30 line 119.
Use of "goto" to jump into a construct is deprecated at t/oops.plx line 9.
Use of "goto" to jump into a construct is deprecated at t/oops.plx line 9.
Use of "goto" to jump into a construct is deprecated at t/oops.plx line 9.
t/16oops.t ........... ok
Use of each() on hash after insertion without resetting hash iterator results in undefined behavior, Perl interpreter: 0x1078010 at /tmp/pperllCTH6j line 119.
Use of "goto" to jump into a construct is deprecated at t/dickvd.plx line 6.
Use of "goto" to jump into a construct is deprecated at t/dickvd.plx line 6.
t/17dickvd.t ......... ok
Use of each() on hash after insertion without resetting hash iterator results in undefined behavior, Perl interpreter: 0x1170010 at /tmp/pperl0EfTXI line 119.
Use of "goto" to jump into a construct is deprecated at modified.plx line 4.
Use of each() on hash after insertion without resetting hash iterator results in undefined behavior, Perl interpreter: 0x2267010 at /tmp/pperlGFhJQX line 119.
Use of "goto" to jump into a construct is deprecated at modified.plx line 4.
t/18modified.t ....... ok
Possible precedence issue with control flow operator at /tmp/pperlcWuDbi line 249.
Use of each() on hash after insertion without resetting hash iterator results in undefined behavior, Perl interpreter: 0xb04010 at /tmp/pperlcWuDbi line 119.
Use of "goto" to jump into a construct is deprecated at /tmp/pperlcWuDbi line 78.
t/19invoke_djbish.t .. ok
Possible precedence issue with control flow operator at /tmp/pperl2hXmyr line 249.
Use of each() on hash after insertion without resetting hash iterator results in undefined behavior, Perl interpreter: 0x1aa9010 at /tmp/pperl2hXmyr line 119.
Use of "goto" to jump into a construct is deprecated at /tmp/pperl2hXmyr line 78.
t/20invoke_cat.t ..... ok

Test Summary Report
-------------------
t/06exit_die.t     (Wstat: 0 Tests: 8 Failed: 2)
  Failed tests:  6, 8
t/09taint.t        (Wstat: 0 Tests: 1 Failed: 1)
  Failed test:  1
t/10tie.t          (Wstat: 0 Tests: 10 Failed: 10)
  Failed tests:  1-10
t/13pid.t          (Wstat: 0 Tests: 4 Failed: 3)
  Failed tests:  2-4
Files=21, Tests=292, 15 wallclock secs ( 0.14 usr  0.09 sys +  3.97 cusr  3.82 csys =  8.02 CPU)
Result: FAIL
Failed 4/21 test programs. 16/292 subtests failed.
Makefile:1028: recipe for target 'test_dynamic' failed
make: *** [test_dynamic] Error 255

------------------------------
PREREQUISITES
------------------------------

Prerequisite modules loaded:

build_requires:

    Module              Need Have
    ------------------- ---- ----
    ExtUtils::MakeMaker 0    7.10


------------------------------
ENVIRONMENT AND OTHER CONTEXT
------------------------------

Environment variables:

    AUTOMATED_TESTING = 1
    LANG = en_US.UTF-8
    LANGUAGE = en_US:en
    PATH = /home/sand/bin:/usr/local/bin:/usr/bin:/bin:/usr/games:/usr/local/perl/bin:/usr/X11/bin:/sbin:/usr/sbin
    PERL5LIB = 
    PERL5OPT = 
    PERL5_CPANPLUS_IS_RUNNING = 9774
    PERL5_CPAN_IS_RUNNING = 9774
    PERL_MM_USE_DEFAULT = 1
    SHELL = /usr/bin/zsh
    TERM = screen

Perl special variables (and OS-specific diagnostics, for MSWin32):

    $^X = /home/sand/src/perl/repoperls/installed-perls/perl/v5.23.5/109d/bin/perl
    $UID/$EUID = 1005 / 1005
    $GID = 1005 1005
    $EGID = 1005 1005

Perl module toolchain versions installed:

    Module              Have        
    ------------------- ------------
    CPAN                2.11        
    CPAN::Meta          2.150005    
    Cwd                 3.62        
    ExtUtils::CBuilder  0.280224    
    ExtUtils::Command   7.10        
    ExtUtils::Install   2.04        
    ExtUtils::MakeMaker 7.10        
    ExtUtils::Manifest  1.70        
    ExtUtils::ParseXS   3.30        
    File::Spec          3.62        
    JSON                2.90        
    JSON::PP            2.27300     
    Module::Build       0.4216      
    Module::Signature   0.79        
    Parse::CPAN::Meta   1.4417      
    Test::Harness       3.36        
    Test::More          1.302013_012
    YAML                1.15        
    YAML::Syck          1.29        
    version             0.9912_03   


--

Summary of my perl5 (revision 5 version 23 subversion 5) configuration:
  Derived from: e1ad135da437c09f811d4667b8ae1c137ed192a2
  Platform:
    osname=linux, osvers=4.3.0-1-amd64, archname=x86_64-linux-thread-multi-ld
    uname='linux k83 4.3.0-1-amd64 #1 smp debian 4.3.3-2 (2015-12-17) x86_64 gnulinux '
    config_args='-Dprefix=/home/sand/src/perl/repoperls/installed-perls/perl/v5.23.5/109d -Dmyhostname=k83 -Dinstallusrbinperl=n -Uversiononly -Dusedevel -des -Ui_db -Dlibswanted=cl pthread socket inet nsl gdbm dbm malloc dl ld sun m crypt sec util c cposix posix ucb BSD gdbm_compat -Duseithreads -Duselongdouble -DDEBUGGING=-g'
    hint=recommended, useposix=true, d_sigaction=define
    useithreads=define, usemultiplicity=define
    use64bitint=define, use64bitall=define, uselongdouble=define
    usemymalloc=n, bincompat5005=undef
  Compiler:
    cc='cc', ccflags ='-D_REENTRANT -D_GNU_SOURCE -fwrapv -fno-strict-aliasing -pipe -fstack-protector-strong -I/usr/local/include -D_LARGEFILE_SOURCE -D_FILE_OFFSET_BITS=64 -D_FORTIFY_SOURCE=2',
    optimize='-O2 -g',
    cppflags='-D_REENTRANT -D_GNU_SOURCE -fwrapv -fno-strict-aliasing -pipe -fstack-protector-strong -I/usr/local/include'
    ccversion='', gccversion='5.3.1 20160101', gccosandvers=''
    intsize=4, longsize=8, ptrsize=8, doublesize=8, byteorder=12345678, doublekind=3
    d_longlong=define, longlongsize=8, d_longdbl=define, longdblsize=16, longdblkind=3
    ivtype='long', ivsize=8, nvtype='long double', nvsize=16, Off_t='off_t', lseeksize=8
    alignbytes=16, prototype=define
  Linker and Libraries:
    ld='cc', ldflags =' -fstack-protector-strong -L/usr/local/lib'
    libpth=/usr/local/lib /usr/lib/gcc/x86_64-linux-gnu/5/include-fixed /usr/include/x86_64-linux-gnu /usr/lib /lib/x86_64-linux-gnu /lib/../lib /usr/lib/x86_64-linux-gnu /usr/lib/../lib /lib
    libs=-lpthread -lnsl -lgdbm -ldl -lm -lcrypt -lutil -lc -lgdbm_compat
    perllibs=-lpthread -lnsl -ldl -lm -lcrypt -lutil -lc
    libc=libc-2.21.so, so=so, useshrplib=false, libperl=libperl.a
    gnulibc_version='2.21'
  Dynamic Linking:
    dlsrc=dl_dlopen.xs, dlext=so, d_dlsymun=undef, ccdlflags='-Wl,-E'
    cccdlflags='-fPIC', lddlflags='-shared -O2 -g -L/usr/local/lib -fstack-protector-strong'


Characteristics of this binary (from libperl): 
  Compile-time options: HAS_TIMES MULTIPLICITY PERLIO_LAYERS
                        PERL_COPY_ON_WRITE PERL_DONT_CREATE_GVSV
                        PERL_HASH_FUNC_ONE_AT_A_TIME_HARD
                        PERL_IMPLICIT_CONTEXT PERL_MALLOC_WRAP
                        PERL_PRESERVE_IVUV PERL_USE_DEVEL USE_64_BIT_ALL
                        USE_64_BIT_INT USE_ITHREADS USE_LARGE_FILES
                        USE_LOCALE USE_LOCALE_COLLATE USE_LOCALE_CTYPE
                        USE_LOCALE_NUMERIC USE_LOCALE_TIME USE_LONG_DOUBLE
                        USE_PERLIO USE_PERL_ATOF USE_REENTRANT_API
  Locally applied patches:
	uncommitted-changes
	Devel::PatchPerl 1.38
  Built under linux
  Compiled at Jan  3 2016 02:13:33
  %ENV:
    PERL5LIB=""
    PERL5OPT=""
    PERL5_CPANPLUS_IS_RUNNING="9774"
    PERL5_CPAN_IS_RUNNING="9774"
    PERL_MM_USE_DEFAULT="1"
  @INC:
    /home/sand/src/perl/repoperls/installed-perls/perl/v5.23.5/109d/lib/site_perl/5.23.5/x86_64-linux-thread-multi-ld
    /home/sand/src/perl/repoperls/installed-perls/perl/v5.23.5/109d/lib/site_perl/5.23.5
    /home/sand/src/perl/repoperls/installed-perls/perl/v5.23.5/109d/lib/5.23.5/x86_64-linux-thread-multi-ld
    /home/sand/src/perl/repoperls/installed-perls/perl/v5.23.5/109d/lib/5.23.5
    .