Report for Class-PObject-2.17

Back
From: metabase:user:e3434da8-b236-11df-85ca-0247c6d74bde
Subject: FAIL Class-PObject-2.17 v5.12.4 GNU/Linux
Date: 2011-08-06T03:42:44Z

This distribution has been tested as part of the CPAN Testers
project, supporting the Perl programming language.  See
http://wiki.cpantesters.org/ for more information or email
questions to cpan-testers-discuss@perl.org


--
Dear Sherzod Ruzmetov,

This is a computer-generated report for Class-PObject-2.17
on perl 5.12.4, created by CPAN-Reporter-1.1902.

Thank you for uploading your work to CPAN.  However, there was a problem
testing your distribution.

If you think this report is invalid, please consult the CPAN Testers Wiki
for suggestions on how to avoid getting FAIL reports for missing library
or binary dependencies, unsupported operating systems, and so on:

http://wiki.cpantesters.org/wiki/CPANAuthorNotes

Sections of this report:

    * Tester comments
    * Program output
    * Prerequisites
    * Environment and other context

------------------------------
TESTER COMMENTS
------------------------------

Additional comments from tester:

this report is from an automated smoke testing program
and was not reviewed by a human for accuracy

------------------------------
PROGRAM OUTPUT
------------------------------

Output from '/usr/bin/make test':

PERL_DL_NONLAZY=1 /home/perl512/testing/perl5.12.4/bin/perl5.12.4 "-MExtUtils::Command::MM" "-e" "test_harness(0, 'blib/lib', 'blib/arch')" t/*.t
t/01basic_file.t ..... ok
t/06basic_csv.t ...... skipped: DBD::CSV is not installed
t/11basic_mysql.t .... skipped: DBD::mysql is not available
t/16basic_db_file.t .. ok

#   Failed test at /home/perl512/.cpan/build/Class-PObject-2.17-dfnt1o/blib/lib/Class/PObject/Test/Basic.pm line 195.

#   Failed test at /home/perl512/.cpan/build/Class-PObject-2.17-dfnt1o/blib/lib/Class/PObject/Test/Basic.pm line 198.

#   Failed test at /home/perl512/.cpan/build/Class-PObject-2.17-dfnt1o/blib/lib/Class/PObject/Test/Basic.pm line 231.
Can't call method "title" on an undefined value at /home/perl512/.cpan/build/Class-PObject-2.17-dfnt1o/blib/lib/Class/PObject/Test/Basic.pm line 233.
# Looks like you planned 204 tests but ran 51.
# Looks like you failed 3 tests of 51 run.
# Looks like your test exited with 2 just after 51.
t/21basic_sqlite.t ... 
Dubious, test returned 2 (wstat 512, 0x200)
Failed 156/204 subtests 
t/61types_file.t ..... ok
t/62types_csv.t ...... skipped: DBD::CSV is not installed
t/63types_db_file.t .. ok
t/64types_mysql.t .... skipped: DBD::mysql is not available

#   Failed test at /home/perl512/.cpan/build/Class-PObject-2.17-dfnt1o/blib/lib/Class/PObject/Test/Types.pm line 105.
Can't call method "name" on an undefined value at /home/perl512/.cpan/build/Class-PObject-2.17-dfnt1o/blib/lib/Class/PObject/Test/Types.pm line 113.
# Looks like you planned 46 tests but ran 21.
# Looks like you failed 1 test of 21 run.
# Looks like your test exited with 2 just after 21.
t/65types_sqlite.t ... 
Dubious, test returned 2 (wstat 512, 0x200)
Failed 26/46 subtests 
Use of uninitialized value in concatenation (.) or string at /home/perl512/.cpan/build/Class-PObject-2.17-dfnt1o/blib/lib/Class/PObject/Test/HAS_A.pm line 81.
t/70hasa_file.t ...... ok
t/71hasa_csv.t ....... skipped: DBD::CSV is not installed
t/72hasa_mysql.t ..... skipped: DBD::mysql is not available
Use of uninitialized value in concatenation (.) or string at /home/perl512/.cpan/build/Class-PObject-2.17-dfnt1o/blib/lib/Class/PObject/Test/HAS_A.pm line 81.
t/73hasa_db_file.t ... ok
Use of uninitialized value in concatenation (.) or string at /home/perl512/.cpan/build/Class-PObject-2.17-dfnt1o/blib/lib/Class/PObject/Test/HAS_A.pm line 81.
Use of uninitialized value in string eq at /home/perl512/.cpan/build/Class-PObject-2.17-dfnt1o/blib/lib/Class/PObject/Test/HAS_A.pm line 99.

#   Failed test at /home/perl512/.cpan/build/Class-PObject-2.17-dfnt1o/blib/lib/Class/PObject/Test/HAS_A.pm line 99.

#   Failed test at /home/perl512/.cpan/build/Class-PObject-2.17-dfnt1o/blib/lib/Class/PObject/Test/HAS_A.pm line 108.
Can't call method "author" on an undefined value at /home/perl512/.cpan/build/Class-PObject-2.17-dfnt1o/blib/lib/Class/PObject/Test/HAS_A.pm line 112.
# Looks like you planned 37 tests but ran 15.
# Looks like you failed 2 tests of 15 run.
# Looks like your test exited with 2 just after 15.
t/74hasa_sqlite.t .... 
Dubious, test returned 2 (wstat 512, 0x200)
Failed 24/37 subtests 

Test Summary Report
-------------------
t/21basic_sqlite.t (Wstat: 512 Tests: 51 Failed: 3)
  Failed tests:  45-46, 51
  Non-zero exit status: 2
  Parse errors: Bad plan.  You planned 204 tests but ran 51.
t/65types_sqlite.t (Wstat: 512 Tests: 21 Failed: 1)
  Failed test:  21
  Non-zero exit status: 2
  Parse errors: Bad plan.  You planned 46 tests but ran 21.
t/74hasa_sqlite.t  (Wstat: 512 Tests: 15 Failed: 2)
  Failed tests:  12, 15
  Non-zero exit status: 2
  Parse errors: Bad plan.  You planned 37 tests but ran 15.
Files=15, Tests=661, 11 wallclock secs ( 0.14 usr  0.03 sys +  0.92 cusr  0.22 csys =  1.31 CPU)
Result: FAIL
Failed 3/15 test programs. 6/661 subtests failed.
make: *** [test_dynamic] Error 2

------------------------------
PREREQUISITES
------------------------------

Prerequisite modules loaded:

requires:

    Module         Need Have   
    -------------- ---- -------
    File::Basename 0    2.78   
    File::Path     0    2.08_01
    File::Spec     0    3.31_01
    IO::Dir        0    1.07   
    Log::Agent     0    0.307  
    Storable       0    2.22   
    Test::More     0    0.98   


------------------------------
ENVIRONMENT AND OTHER CONTEXT
------------------------------

Environment variables:

    AUTOMATED_TESTING = 1
    LANG = en_US.UTF-8
    LC_COLLATE = C
    LC_MONETARY = nl_NL.utf8
    PATH = /home/tester/perl5/perlbrew/bin:/home/tester/perl5/perlbrew/perls/perl-5.15.1/bin:/usr/lib64/qt-3.3/bin:/usr/lib64/ccache:/usr/local/bin:/bin:/usr/bin:/usr/local/sbin:/usr/sbin:/sbin:/home/tester/bin:/home/tester/bin
    PATH_WITHOUT_PERLBREW = /usr/lib64/qt-3.3/bin:/usr/lib64/ccache:/usr/local/bin:/bin:/usr/bin:/usr/local/sbin:/usr/sbin:/sbin:/home/tester/bin
    PERL5LIB = /home/perl512/.cpan/build/Log-Agent-0.307-pwk6jX/blib/arch:/home/perl512/.cpan/build/Log-Agent-0.307-pwk6jX/blib/lib
    PERL5OPT = 
    PERL5_CPANPLUS_IS_RUNNING = 24587
    PERL5_CPAN_IS_RUNNING = 24587
    PERL5_CPAN_IS_RUNNING_IN_RECURSION = 4237,24587
    PERLBREW_PATH = /home/tester/perl5/perlbrew/bin:/home/tester/perl5/perlbrew/perls/perl-5.15.1/bin
    PERLBREW_PERL = perl-5.15.1
    PERLBREW_ROOT = /home/tester/perl5/perlbrew
    PERLBREW_VERSION = 0.15
    PERL_CR_SMOKER_CURRENT = Class-PObject-2.17
    PERL_EXTUTILS_AUTOINSTALL = --defaultdeps
    PERL_MM_USE_DEFAULT = 1
    SHELL = /bin/bash
    TERM = screen

Perl special variables (and OS-specific diagnostics, for MSWin32):

    $^X = /home/perl512/testing/perl5.12.4/bin/perl5.12.4
    $UID/$EUID = 505 / 505
    $GID = 505 501 505
    $EGID = 505 501 505

Perl module toolchain versions installed:

    Module              Have    
    ------------------- --------
    CPAN                1.94_56 
    Cwd                 3.31    
    ExtUtils::CBuilder  0.280202
    ExtUtils::Command   1.16    
    ExtUtils::Install   1.55    
    ExtUtils::MakeMaker 6.56    
    ExtUtils::Manifest  1.57    
    ExtUtils::ParseXS   2.21    
    File::Spec          3.31_01 
    Module::Build       0.3800  
    Module::Signature   n/a     
    Test::Harness       3.17    
    Test::More          0.98    
    YAML                0.73    
    YAML::Syck          1.17    
    version             0.91    


--

Summary of my perl5 (revision 5 version 12 subversion 4) configuration:
   
  Platform:
    osname=linux, osvers=2.6.35.11-83.fc14.x86_64, archname=x86_64-linux-thread-multi
    uname='linux firenze.fritz.box 2.6.35.11-83.fc14.x86_64 #1 smp mon feb 7 07:06:44 utc 2011 x86_64 x86_64 x86_64 gnulinux '
    config_args='-Dprefix=/home/perl512/testing/perl5.12.4 -Dusedevel -Dusethreads -des'
    hint=recommended, useposix=true, d_sigaction=define
    useithreads=define, usemultiplicity=define
    useperlio=define, d_sfio=undef, uselargefiles=define, usesocks=undef
    use64bitint=define, use64bitall=define, uselongdouble=undef
    usemymalloc=n, bincompat5005=undef
  Compiler:
    cc='cc', ccflags ='-D_REENTRANT -D_GNU_SOURCE -fno-strict-aliasing -pipe -fstack-protector -I/usr/local/include -D_LARGEFILE_SOURCE -D_FILE_OFFSET_BITS=64',
    optimize='-O2',
    cppflags='-D_REENTRANT -D_GNU_SOURCE -fno-strict-aliasing -pipe -fstack-protector -I/usr/local/include'
    ccversion='', gccversion='4.5.1 20100924 (Red Hat 4.5.1-4)', gccosandvers=''
    intsize=4, longsize=8, ptrsize=8, doublesize=8, byteorder=12345678
    d_longlong=define, longlongsize=8, d_longdbl=define, longdblsize=16
    ivtype='long', ivsize=8, nvtype='double', nvsize=8, Off_t='off_t', lseeksize=8
    alignbytes=8, prototype=define
  Linker and Libraries:
    ld='cc', ldflags =' -fstack-protector -L/usr/local/lib'
    libpth=/usr/local/lib /lib/../lib64 /usr/lib/../lib64 /lib /usr/lib /lib64 /usr/lib64 /usr/local/lib64
    libs=-lnsl -lgdbm -ldb -ldl -lm -lcrypt -lutil -lpthread -lc -lgdbm_compat
    perllibs=-lnsl -ldl -lm -lcrypt -lutil -lpthread -lc
    libc=, so=so, useshrplib=false, libperl=libperl.a
    gnulibc_version='2.13'
  Dynamic Linking:
    dlsrc=dl_dlopen.xs, dlext=so, d_dlsymun=undef, ccdlflags='-Wl,-E'
    cccdlflags='-fPIC', lddlflags='-shared -O2 -L/usr/local/lib -fstack-protector'


Characteristics of this binary (from libperl): 
  Compile-time options: MULTIPLICITY PERL_DONT_CREATE_GVSV
                        PERL_IMPLICIT_CONTEXT PERL_MALLOC_WRAP PERL_USE_DEVEL
                        USE_64_BIT_ALL USE_64_BIT_INT USE_ITHREADS
                        USE_LARGE_FILES USE_PERLIO USE_PERL_ATOF
                        USE_REENTRANT_API
  Built under linux
  Compiled at Jun 20 2011 20:29:40
  %ENV:
    PERL5LIB="/home/perl512/.cpan/build/Log-Agent-0.307-pwk6jX/blib/arch:/home/perl512/.cpan/build/Log-Agent-0.307-pwk6jX/blib/lib"
    PERL5OPT=""
    PERL5_CPANPLUS_IS_RUNNING="24587"
    PERL5_CPAN_IS_RUNNING="24587"
    PERL5_CPAN_IS_RUNNING_IN_RECURSION="4237,24587"
    PERLBREW_PATH="/home/tester/perl5/perlbrew/bin:/home/tester/perl5/perlbrew/perls/perl-5.15.1/bin"
    PERLBREW_PERL="perl-5.15.1"
    PERLBREW_ROOT="/home/tester/perl5/perlbrew"
    PERLBREW_VERSION="0.15"
    PERL_CR_SMOKER_CURRENT="Class-PObject-2.17"
    PERL_EXTUTILS_AUTOINSTALL="--defaultdeps"
    PERL_MM_USE_DEFAULT="1"
  @INC:
    /home/perl512/.cpan/build/Log-Agent-0.307-pwk6jX/blib/arch
    /home/perl512/.cpan/build/Log-Agent-0.307-pwk6jX/blib/lib
    /home/perl512/testing/perl5.12.4/lib/site_perl/5.12.4/x86_64-linux-thread-multi
    /home/perl512/testing/perl5.12.4/lib/site_perl/5.12.4
    /home/perl512/testing/perl5.12.4/lib/5.12.4/x86_64-linux-thread-multi
    /home/perl512/testing/perl5.12.4/lib/5.12.4
    .