Data-Validate-Sanctions v0.15 Perl 5 v5.18.2 amd64-freebsd
- Status
- Fail
- From
- Slaven Rezić
- Dist
-
Data-Validate-Sanctions v0.15
- Platform
- Perl 5 v5.18.2 amd64-freebsd
- Date
- 2022-11-24 07:18:07
- ID
- 24eae0b0-6bc8-11ed-afcc-b64a6e8775ea
This distribution has been tested as part of the CPAN Testers
project, supporting the Perl programming language. See
http://wiki.cpantesters.org/ for more information or email
questions to cpan-testers-discuss@perl.org
--
Dear Binary.com,
This is a computer-generated report for Data-Validate-Sanctions-0.15
on perl 5.18.2, created by CPAN-Reporter-1.2018.
Thank you for uploading your work to CPAN. However, there was a problem
testing your distribution.
If you think this report is invalid, please consult the CPAN Testers Wiki
for suggestions on how to avoid getting FAIL reports for missing library
or binary dependencies, unsupported operating systems, and so on:
http://wiki.cpantesters.org/wiki/CPANAuthorNotes
Sections of this report:
* Tester comments
* Program output
* Prerequisites
* Environment and other context
------------------------------
TESTER COMMENTS
------------------------------
Additional comments from tester:
none provided
------------------------------
PROGRAM OUTPUT
------------------------------
Output from '/usr/bin/make test':
Skip blib/lib/auto/share/dist/Data-Validate-Sanctions/sanctions.yml (unchanged)
PERL_DL_NONLAZY=1 "/usr/perl5.18.2/bin/perl" "-MExtUtils::Command::MM" "-MTest::Harness" "-e" "undef *Test::Harness::Switches; test_harness(0, 'blib/lib', 'blib/arch')" t/*.t
t/00-check-deps.t ....... ok
# Failed test 'Data/Validate/Sanctions.pm loaded ok'
# at t/00-compile.t line 47.
# got: '65280'
# expected: '0'
Array found where operator expected at /usr/home/cpansand/.cpan/build/2022112312/Data-Validate-Sanctions-0.15-1/blib/lib/Data/Validate/Sanctions/Fetcher.pm line 172, at end of line
(Missing operator before ?)
Array found where operator expected at /usr/home/cpansand/.cpan/build/2022112312/Data-Validate-Sanctions-0.15-1/blib/lib/Data/Validate/Sanctions/Fetcher.pm line 204, at end of line
(Missing operator before ?)
Array found where operator expected at /usr/home/cpansand/.cpan/build/2022112312/Data-Validate-Sanctions-0.15-1/blib/lib/Data/Validate/Sanctions/Fetcher.pm line 205, at end of line
(Missing operator before ?)
Array found where operator expected at /usr/home/cpansand/.cpan/build/2022112312/Data-Validate-Sanctions-0.15-1/blib/lib/Data/Validate/Sanctions/Fetcher.pm line 209, at end of line
(Missing operator before ?)
Array found where operator expected at /usr/home/cpansand/.cpan/build/2022112312/Data-Validate-Sanctions-0.15-1/blib/lib/Data/Validate/Sanctions/Fetcher.pm line 212, at end of line
(Missing operator before ?)
Array found where operator expected at /usr/home/cpansand/.cpan/build/2022112312/Data-Validate-Sanctions-0.15-1/blib/lib/Data/Validate/Sanctions/Fetcher.pm line 218, at end of line
(Missing operator before ?)
Array found where operator expected at /usr/home/cpansand/.cpan/build/2022112312/Data-Validate-Sanctions-0.15-1/blib/lib/Data/Validate/Sanctions/Fetcher.pm line 221, at end of line
(Missing operator before ?)
Array found where operator expected at /usr/home/cpansand/.cpan/build/2022112312/Data-Validate-Sanctions-0.15-1/blib/lib/Data/Validate/Sanctions/Fetcher.pm line 223, at end of line
(Missing operator before ?)
syntax error at /usr/home/cpansand/.cpan/build/2022112312/Data-Validate-Sanctions-0.15-1/blib/lib/Data/Validate/Sanctions/Fetcher.pm line 172, near "->@*"
syntax error at /usr/home/cpansand/.cpan/build/2022112312/Data-Validate-Sanctions-0.15-1/blib/lib/Data/Validate/Sanctions/Fetcher.pm line 204, near "->@*"
syntax error at /usr/home/cpansand/.cpan/build/2022112312/Data-Validate-Sanctions-0.15-1/blib/lib/Data/Validate/Sanctions/Fetcher.pm line 205, near "->@*"
syntax error at /usr/home/cpansand/.cpan/build/2022112312/Data-Validate-Sanctions-0.15-1/blib/lib/Data/Validate/Sanctions/Fetcher.pm line 209, near "->@*"
syntax error at /usr/home/cpansand/.cpan/build/2022112312/Data-Validate-Sanctions-0.15-1/blib/lib/Data/Validate/Sanctions/Fetcher.pm line 212, near "->@*"
syntax error at /usr/home/cpansand/.cpan/build/2022112312/Data-Validate-Sanctions-0.15-1/blib/lib/Data/Validate/Sanctions/Fetcher.pm line 218, near "->@*"
syntax error at /usr/home/cpansand/.cpan/build/2022112312/Data-Validate-Sanctions-0.15-1/blib/lib/Data/Validate/Sanctions/Fetcher.pm line 221, near "%data{"
Global symbol "%data" requires explicit package name at /usr/home/cpansand/.cpan/build/2022112312/Data-Validate-Sanctions-0.15-1/blib/lib/Data/Validate/Sanctions/Fetcher.pm line 221.
Global symbol "$dataset" requires explicit package name at /usr/home/cpansand/.cpan/build/2022112312/Data-Validate-Sanctions-0.15-1/blib/lib/Data/Validate/Sanctions/Fetcher.pm line 223.
syntax error at /usr/home/cpansand/.cpan/build/2022112312/Data-Validate-Sanctions-0.15-1/blib/lib/Data/Validate/Sanctions/Fetcher.pm line 223, near "->@*"
/usr/home/cpansand/.cpan/build/2022112312/Data-Validate-Sanctions-0.15-1/blib/lib/Data/Validate/Sanctions/Fetcher.pm has too many errors.
Compilation failed in require at /usr/home/cpansand/.cpan/build/2022112312/Data-Validate-Sanctions-0.15-1/blib/lib/Data/Validate/Sanctions.pm line 11.
BEGIN failed--compilation aborted at /usr/home/cpansand/.cpan/build/2022112312/Data-Validate-Sanctions-0.15-1/blib/lib/Data/Validate/Sanctions.pm line 11.
Compilation failed in require at -e line 1.
# Failed test 'Data/Validate/Sanctions/Fetcher.pm loaded ok'
# at t/00-compile.t line 47.
# got: '65280'
# expected: '0'
Array found where operator expected at /usr/home/cpansand/.cpan/build/2022112312/Data-Validate-Sanctions-0.15-1/blib/lib/Data/Validate/Sanctions/Fetcher.pm line 172, at end of line
(Missing operator before ?)
Array found where operator expected at /usr/home/cpansand/.cpan/build/2022112312/Data-Validate-Sanctions-0.15-1/blib/lib/Data/Validate/Sanctions/Fetcher.pm line 204, at end of line
(Missing operator before ?)
Array found where operator expected at /usr/home/cpansand/.cpan/build/2022112312/Data-Validate-Sanctions-0.15-1/blib/lib/Data/Validate/Sanctions/Fetcher.pm line 205, at end of line
(Missing operator before ?)
Array found where operator expected at /usr/home/cpansand/.cpan/build/2022112312/Data-Validate-Sanctions-0.15-1/blib/lib/Data/Validate/Sanctions/Fetcher.pm line 209, at end of line
(Missing operator before ?)
Array found where operator expected at /usr/home/cpansand/.cpan/build/2022112312/Data-Validate-Sanctions-0.15-1/blib/lib/Data/Validate/Sanctions/Fetcher.pm line 212, at end of line
(Missing operator before ?)
Array found where operator expected at /usr/home/cpansand/.cpan/build/2022112312/Data-Validate-Sanctions-0.15-1/blib/lib/Data/Validate/Sanctions/Fetcher.pm line 218, at end of line
(Missing operator before ?)
Array found where operator expected at /usr/home/cpansand/.cpan/build/2022112312/Data-Validate-Sanctions-0.15-1/blib/lib/Data/Validate/Sanctions/Fetcher.pm line 221, at end of line
(Missing operator before ?)
Array found where operator expected at /usr/home/cpansand/.cpan/build/2022112312/Data-Validate-Sanctions-0.15-1/blib/lib/Data/Validate/Sanctions/Fetcher.pm line 223, at end of line
(Missing operator before ?)
syntax error at /usr/home/cpansand/.cpan/build/2022112312/Data-Validate-Sanctions-0.15-1/blib/lib/Data/Validate/Sanctions/Fetcher.pm line 172, near "->@*"
syntax error at /usr/home/cpansand/.cpan/build/2022112312/Data-Validate-Sanctions-0.15-1/blib/lib/Data/Validate/Sanctions/Fetcher.pm line 204, near "->@*"
syntax error at /usr/home/cpansand/.cpan/build/2022112312/Data-Validate-Sanctions-0.15-1/blib/lib/Data/Validate/Sanctions/Fetcher.pm line 205, near "->@*"
syntax error at /usr/home/cpansand/.cpan/build/2022112312/Data-Validate-Sanctions-0.15-1/blib/lib/Data/Validate/Sanctions/Fetcher.pm line 209, near "->@*"
syntax error at /usr/home/cpansand/.cpan/build/2022112312/Data-Validate-Sanctions-0.15-1/blib/lib/Data/Validate/Sanctions/Fetcher.pm line 212, near "->@*"
syntax error at /usr/home/cpansand/.cpan/build/2022112312/Data-Validate-Sanctions-0.15-1/blib/lib/Data/Validate/Sanctions/Fetcher.pm line 218, near "->@*"
syntax error at /usr/home/cpansand/.cpan/build/2022112312/Data-Validate-Sanctions-0.15-1/blib/lib/Data/Validate/Sanctions/Fetcher.pm line 221, near "%data{"
Global symbol "%data" requires explicit package name at /usr/home/cpansand/.cpan/build/2022112312/Data-Validate-Sanctions-0.15-1/blib/lib/Data/Validate/Sanctions/Fetcher.pm line 221.
Global symbol "$dataset" requires explicit package name at /usr/home/cpansand/.cpan/build/2022112312/Data-Validate-Sanctions-0.15-1/blib/lib/Data/Validate/Sanctions/Fetcher.pm line 223.
syntax error at /usr/home/cpansand/.cpan/build/2022112312/Data-Validate-Sanctions-0.15-1/blib/lib/Data/Validate/Sanctions/Fetcher.pm line 223, near "->@*"
/usr/home/cpansand/.cpan/build/2022112312/Data-Validate-Sanctions-0.15-1/blib/lib/Data/Validate/Sanctions/Fetcher.pm has too many errors.
Compilation failed in require at -e line 1.
# Failed test 'Data/Validate/Sanctions/Redis.pm loaded ok'
# at t/00-compile.t line 47.
# got: '65280'
# expected: '0'
Array found where operator expected at /usr/home/cpansand/.cpan/build/2022112312/Data-Validate-Sanctions-0.15-1/blib/lib/Data/Validate/Sanctions/Fetcher.pm line 172, at end of line
(Missing operator before ?)
Array found where operator expected at /usr/home/cpansand/.cpan/build/2022112312/Data-Validate-Sanctions-0.15-1/blib/lib/Data/Validate/Sanctions/Fetcher.pm line 204, at end of line
(Missing operator before ?)
Array found where operator expected at /usr/home/cpansand/.cpan/build/2022112312/Data-Validate-Sanctions-0.15-1/blib/lib/Data/Validate/Sanctions/Fetcher.pm line 205, at end of line
(Missing operator before ?)
Array found where operator expected at /usr/home/cpansand/.cpan/build/2022112312/Data-Validate-Sanctions-0.15-1/blib/lib/Data/Validate/Sanctions/Fetcher.pm line 209, at end of line
(Missing operator before ?)
Array found where operator expected at /usr/home/cpansand/.cpan/build/2022112312/Data-Validate-Sanctions-0.15-1/blib/lib/Data/Validate/Sanctions/Fetcher.pm line 212, at end of line
(Missing operator before ?)
Array found where operator expected at /usr/home/cpansand/.cpan/build/2022112312/Data-Validate-Sanctions-0.15-1/blib/lib/Data/Validate/Sanctions/Fetcher.pm line 218, at end of line
(Missing operator before ?)
Array found where operator expected at /usr/home/cpansand/.cpan/build/2022112312/Data-Validate-Sanctions-0.15-1/blib/lib/Data/Validate/Sanctions/Fetcher.pm line 221, at end of line
(Missing operator before ?)
Array found where operator expected at /usr/home/cpansand/.cpan/build/2022112312/Data-Validate-Sanctions-0.15-1/blib/lib/Data/Validate/Sanctions/Fetcher.pm line 223, at end of line
(Missing operator before ?)
syntax error at /usr/home/cpansand/.cpan/build/2022112312/Data-Validate-Sanctions-0.15-1/blib/lib/Data/Validate/Sanctions/Fetcher.pm line 172, near "->@*"
syntax error at /usr/home/cpansand/.cpan/build/2022112312/Data-Validate-Sanctions-0.15-1/blib/lib/Data/Validate/Sanctions/Fetcher.pm line 204, near "->@*"
syntax error at /usr/home/cpansand/.cpan/build/2022112312/Data-Validate-Sanctions-0.15-1/blib/lib/Data/Validate/Sanctions/Fetcher.pm line 205, near "->@*"
syntax error at /usr/home/cpansand/.cpan/build/2022112312/Data-Validate-Sanctions-0.15-1/blib/lib/Data/Validate/Sanctions/Fetcher.pm line 209, near "->@*"
syntax error at /usr/home/cpansand/.cpan/build/2022112312/Data-Validate-Sanctions-0.15-1/blib/lib/Data/Validate/Sanctions/Fetcher.pm line 212, near "->@*"
syntax error at /usr/home/cpansand/.cpan/build/2022112312/Data-Validate-Sanctions-0.15-1/blib/lib/Data/Validate/Sanctions/Fetcher.pm line 218, near "->@*"
syntax error at /usr/home/cpansand/.cpan/build/2022112312/Data-Validate-Sanctions-0.15-1/blib/lib/Data/Validate/Sanctions/Fetcher.pm line 221, near "%data{"
Global symbol "%data" requires explicit package name at /usr/home/cpansand/.cpan/build/2022112312/Data-Validate-Sanctions-0.15-1/blib/lib/Data/Validate/Sanctions/Fetcher.pm line 221.
Global symbol "$dataset" requires explicit package name at /usr/home/cpansand/.cpan/build/2022112312/Data-Validate-Sanctions-0.15-1/blib/lib/Data/Validate/Sanctions/Fetcher.pm line 223.
syntax error at /usr/home/cpansand/.cpan/build/2022112312/Data-Validate-Sanctions-0.15-1/blib/lib/Data/Validate/Sanctions/Fetcher.pm line 223, near "->@*"
/usr/home/cpansand/.cpan/build/2022112312/Data-Validate-Sanctions-0.15-1/blib/lib/Data/Validate/Sanctions/Fetcher.pm has too many errors.
Compilation failed in require at /usr/home/cpansand/.cpan/build/2022112312/Data-Validate-Sanctions-0.15-1/blib/lib/Data/Validate/Sanctions.pm line 11.
BEGIN failed--compilation aborted at /usr/home/cpansand/.cpan/build/2022112312/Data-Validate-Sanctions-0.15-1/blib/lib/Data/Validate/Sanctions.pm line 11.
Compilation failed in require at /usr/perl5.18.2/lib/site_perl/5.18.2/parent.pm line 16.
BEGIN failed--compilation aborted at /usr/home/cpansand/.cpan/build/2022112312/Data-Validate-Sanctions-0.15-1/blib/lib/Data/Validate/Sanctions/Redis.pm line 6.
Compilation failed in require at -e line 1.
# Failed test 'bin/update_sanctions_csv compiled ok'
# at t/00-compile.t line 80.
# got: '65280'
# expected: '0'
Array found where operator expected at /usr/home/cpansand/.cpan/build/2022112312/Data-Validate-Sanctions-0.15-1/blib/lib/Data/Validate/Sanctions/Fetcher.pm line 172, at end of line (Missing operator before ?)Array found where operator expected at /usr/home/cpansand/.cpan/build/2022112312/Data-Validate-Sanctions-0.15-1/blib/lib/Data/Validate/Sanctions/Fetcher.pm line 204, at end of line (Missing operator before ?)Array found where operator expected at /usr/home/cpansand/.cpan/build/2022112312/Data-Validate-Sanctions-0.15-1/blib/lib/Data/Validate/Sanctions/Fetcher.pm line 205, at end of line (Missing operator before ?)Array found where operator expected at /usr/home/cpansand/.cpan/build/2022112312/Data-Validate-Sanctions-0.15-1/blib/lib/Data/Validate/Sanctions/Fetcher.pm line 209, at end of line (Missing operator before ?)Array found where operator expected at /usr/home/cpansand/.cpan/build/2022112312/Data-Validate-Sanctions-0.15-1/blib/lib/Data/Validate/Sanctions/Fetcher.pm line 212, at end of line (Missing operator before ?)Array found where operator expected at /usr/home/cpansand/.cpan/build/2022112312/Data-Validate-Sanctions-0.15-1/blib/lib/Data/Validate/Sanctions/Fetcher.pm line 218, at end of line (Missing operator before ?)Array found where operator expected at /usr/home/cpansand/.cpan/build/2022112312/Data-Validate-Sanctions-0.15-1/blib/lib/Data/Validate/Sanctions/Fetcher.pm line 221, at end of line (Missing operator before ?)Array found where operator expected at /usr/home/cpansand/.cpan/build/2022112312/Data-Validate-Sanctions-0.15-1/blib/lib/Data/Validate/Sanctions/Fetcher.pm line 223, at end of line (Missing operator before ?)syntax error at /usr/home/cpansand/.cpan/build/2022112312/Data-Validate-Sanctions-0.15-1/blib/lib/Data/Validate/Sanctions/Fetcher.pm line 172, near "->@*"syntax error at /usr/home/cpansand/.cpan/build/2022112312/Data-Validate-Sanctions-0.15-1/blib/lib/Data/Validate/Sanctions/Fetcher.pm line 204, near "->@*"syntax error at /usr/home/cpansand/.cpan/build/2022112312/Data-Validate-Sanctions-0.15-1/blib/lib/Data/Validate/Sanctions/Fetcher.pm line 205, near "->@*"syntax error at /usr/home/cpansand/.cpan/build/2022112312/Data-Validate-Sanctions-0.15-1/blib/lib/Data/Validate/Sanctions/Fetcher.pm line 209, near "->@*"syntax error at /usr/home/cpansand/.cpan/build/2022112312/Data-Validate-Sanctions-0.15-1/blib/lib/Data/Validate/Sanctions/Fetcher.pm line 212, near "->@*"syntax error at /usr/home/cpansand/.cpan/build/2022112312/Data-Validate-Sanctions-0.15-1/blib/lib/Data/Validate/Sanctions/Fetcher.pm line 218, near "->@*"syntax error at /usr/home/cpansand/.cpan/build/2022112312/Data-Validate-Sanctions-0.15-1/blib/lib/Data/Validate/Sanctions/Fetcher.pm line 221, near "%data{"Global symbol "%data" requires explicit package name at /usr/home/cpansand/.cpan/build/2022112312/Data-Validate-Sanctions-0.15-1/blib/lib/Data/Validate/Sanctions/Fetcher.pm line 221.Global symbol "$dataset" requires explicit package name at /usr/home/cpansand/.cpan/build/2022112312/Data-Validate-Sanctions-0.15-1/blib/lib/Data/Validate/Sanctions/Fetcher.pm line 223.syntax error at /usr/home/cpansand/.cpan/build/2022112312/Data-Validate-Sanctions-0.15-1/blib/lib/Data/Validate/Sanctions/Fetcher.pm line 223, near "->@*"/usr/home/cpansand/.cpan/build/2022112312/Data-Validate-Sanctions-0.15-1/blib/lib/Data/Validate/Sanctions/Fetcher.pm has too many errors.Compilation failed in require at /usr/home/cpansand/.cpan/build/2022112312/Data-Validate-Sanctions-0.15-1/blib/lib/Data/Validate/Sanctions.pm line 11.BEGIN failed--compilation aborted at /usr/home/cpansand/.cpan/build/2022112312/Data-Validate-Sanctions-0.15-1/blib/lib/Data/Validate/Sanctions.pm line 11.Compilation failed in require at bin/update_sanctions_csv line 7.BEGIN failed--compilation aborted at bin/update_sanctions_csv line 7. at t/00-compile.t line 89, <GEN12> line 31.
# Looks like you failed 4 tests of 4.
t/00-compile.t ..........
Dubious, test returned 4 (wstat 1024, 0x400)
Failed 4/4 subtests
#
# Versions for all modules listed in MYMETA.json (including optional ones):
#
# === Configure Requires ===
#
# Module Want Have
# ----------------------- ---- ----
# ExtUtils::MakeMaker 7.64 7.64
# File::ShareDir::Install 0.06 0.14
#
# === Build Requires ===
#
# Module Want Have
# ------------------- ---- ----
# ExtUtils::MakeMaker any 7.64
#
# === Test Requires ===
#
# Module Want Have
# ------------------- ---------- ----------
# Class::Unload any 0.11
# ExtUtils::MakeMaker any 7.64
# File::Slurp any 9999.32
# File::Spec any 3.75
# FindBin any 1.51
# IO::Handle any 1.45
# IPC::Open3 any 1.13
# Path::Tiny any 0.142
# RedisDB 2.57 2.57
# Test::CheckDeps 0.010 0.010
# Test::Deep any 1.130
# Test::Exception any 0.43
# Test::Fatal any 0.016
# Test::MockModule 0.15 0.177.0
# Test::MockObject 1.20161202 1.20200122
# Test::MockTime any 0.17
# Test::More 0.96 1.302191
# Test::RedisServer 0.23 0.23
# Test::Warn 0.23 0.37
# Test::Warnings 0.026 0.031
# YAML any 1.30
# utf8 any 1.10
#
# === Test Recommends ===
#
# Module Want Have
# ---------- -------- --------
# CPAN::Meta 2.120900 2.150010
#
# === Runtime Requires ===
#
# Module Want Have
# -------------------------- ---- ------
# Carp any 1.50
# Clone any 0.46
# Data::Compare any 1.25
# Date::Utility any 1.08
# DateTime::Format::Strptime any 1.79
# Exporter any 5.74
# File::ShareDir any 1.118
# File::Temp any 0.2311
# File::stat any 1.07
# FindBin any 1.51
# Getopt::Long 2.42 2.53
# IO::Uncompress::Unzip any 2.201
# JSON::MaybeUTF8 any 2.000
# List::Util any 1.63
# Locale::Country 3.66 3.72
# Mojo::UserAgent any undef
# Path::Tiny any 0.142
# Pod::Usage any 2.01
# Scalar::Util any 1.63
# Syntax::Keyword::Try 0.18 0.27
# Text::CSV any 2.02
# Text::Trim any 1.04
# XML::Fast any 0.16
# YAML::XS any 0.85
# parent any 0.238
# strict any 1.07
# warnings any 1.18
#
t/00-report-prereqs.t ... ok
Array found where operator expected at /usr/home/cpansand/.cpan/build/2022112312/Data-Validate-Sanctions-0.15-1/blib/lib/Data/Validate/Sanctions/Fetcher.pm line 172, at end of line
(Missing operator before ?)
Array found where operator expected at /usr/home/cpansand/.cpan/build/2022112312/Data-Validate-Sanctions-0.15-1/blib/lib/Data/Validate/Sanctions/Fetcher.pm line 204, at end of line
(Missing operator before ?)
Array found where operator expected at /usr/home/cpansand/.cpan/build/2022112312/Data-Validate-Sanctions-0.15-1/blib/lib/Data/Validate/Sanctions/Fetcher.pm line 205, at end of line
(Missing operator before ?)
Array found where operator expected at /usr/home/cpansand/.cpan/build/2022112312/Data-Validate-Sanctions-0.15-1/blib/lib/Data/Validate/Sanctions/Fetcher.pm line 209, at end of line
(Missing operator before ?)
Array found where operator expected at /usr/home/cpansand/.cpan/build/2022112312/Data-Validate-Sanctions-0.15-1/blib/lib/Data/Validate/Sanctions/Fetcher.pm line 212, at end of line
(Missing operator before ?)
Array found where operator expected at /usr/home/cpansand/.cpan/build/2022112312/Data-Validate-Sanctions-0.15-1/blib/lib/Data/Validate/Sanctions/Fetcher.pm line 218, at end of line
(Missing operator before ?)
Array found where operator expected at /usr/home/cpansand/.cpan/build/2022112312/Data-Validate-Sanctions-0.15-1/blib/lib/Data/Validate/Sanctions/Fetcher.pm line 221, at end of line
(Missing operator before ?)
Array found where operator expected at /usr/home/cpansand/.cpan/build/2022112312/Data-Validate-Sanctions-0.15-1/blib/lib/Data/Validate/Sanctions/Fetcher.pm line 223, at end of line
(Missing operator before ?)
syntax error at /usr/home/cpansand/.cpan/build/2022112312/Data-Validate-Sanctions-0.15-1/blib/lib/Data/Validate/Sanctions/Fetcher.pm line 172, near "->@*"
syntax error at /usr/home/cpansand/.cpan/build/2022112312/Data-Validate-Sanctions-0.15-1/blib/lib/Data/Validate/Sanctions/Fetcher.pm line 204, near "->@*"
syntax error at /usr/home/cpansand/.cpan/build/2022112312/Data-Validate-Sanctions-0.15-1/blib/lib/Data/Validate/Sanctions/Fetcher.pm line 205, near "->@*"
syntax error at /usr/home/cpansand/.cpan/build/2022112312/Data-Validate-Sanctions-0.15-1/blib/lib/Data/Validate/Sanctions/Fetcher.pm line 209, near "->@*"
syntax error at /usr/home/cpansand/.cpan/build/2022112312/Data-Validate-Sanctions-0.15-1/blib/lib/Data/Validate/Sanctions/Fetcher.pm line 212, near "->@*"
syntax error at /usr/home/cpansand/.cpan/build/2022112312/Data-Validate-Sanctions-0.15-1/blib/lib/Data/Validate/Sanctions/Fetcher.pm line 218, near "->@*"
syntax error at /usr/home/cpansand/.cpan/build/2022112312/Data-Validate-Sanctions-0.15-1/blib/lib/Data/Validate/Sanctions/Fetcher.pm line 221, near "%data{"
Global symbol "%data" requires explicit package name at /usr/home/cpansand/.cpan/build/2022112312/Data-Validate-Sanctions-0.15-1/blib/lib/Data/Validate/Sanctions/Fetcher.pm line 221.
Global symbol "$dataset" requires explicit package name at /usr/home/cpansand/.cpan/build/2022112312/Data-Validate-Sanctions-0.15-1/blib/lib/Data/Validate/Sanctions/Fetcher.pm line 223.
syntax error at /usr/home/cpansand/.cpan/build/2022112312/Data-Validate-Sanctions-0.15-1/blib/lib/Data/Validate/Sanctions/Fetcher.pm line 223, near "->@*"
/usr/home/cpansand/.cpan/build/2022112312/Data-Validate-Sanctions-0.15-1/blib/lib/Data/Validate/Sanctions/Fetcher.pm has too many errors.
Compilation failed in require at /usr/home/cpansand/.cpan/build/2022112312/Data-Validate-Sanctions-0.15-1/blib/lib/Data/Validate/Sanctions.pm line 11.
BEGIN failed--compilation aborted at /usr/home/cpansand/.cpan/build/2022112312/Data-Validate-Sanctions-0.15-1/blib/lib/Data/Validate/Sanctions.pm line 11.
Compilation failed in require at t/01_basic.t line 5.
BEGIN failed--compilation aborted at t/01_basic.t line 5.
t/01_basic.t ............
Dubious, test returned 255 (wstat 65280, 0xff00)
No subtests run
Array found where operator expected at /usr/home/cpansand/.cpan/build/2022112312/Data-Validate-Sanctions-0.15-1/blib/lib/Data/Validate/Sanctions/Fetcher.pm line 172, at end of line
(Missing operator before ?)
Array found where operator expected at /usr/home/cpansand/.cpan/build/2022112312/Data-Validate-Sanctions-0.15-1/blib/lib/Data/Validate/Sanctions/Fetcher.pm line 204, at end of line
(Missing operator before ?)
Array found where operator expected at /usr/home/cpansand/.cpan/build/2022112312/Data-Validate-Sanctions-0.15-1/blib/lib/Data/Validate/Sanctions/Fetcher.pm line 205, at end of line
(Missing operator before ?)
Array found where operator expected at /usr/home/cpansand/.cpan/build/2022112312/Data-Validate-Sanctions-0.15-1/blib/lib/Data/Validate/Sanctions/Fetcher.pm line 209, at end of line
(Missing operator before ?)
Array found where operator expected at /usr/home/cpansand/.cpan/build/2022112312/Data-Validate-Sanctions-0.15-1/blib/lib/Data/Validate/Sanctions/Fetcher.pm line 212, at end of line
(Missing operator before ?)
Array found where operator expected at /usr/home/cpansand/.cpan/build/2022112312/Data-Validate-Sanctions-0.15-1/blib/lib/Data/Validate/Sanctions/Fetcher.pm line 218, at end of line
(Missing operator before ?)
Array found where operator expected at /usr/home/cpansand/.cpan/build/2022112312/Data-Validate-Sanctions-0.15-1/blib/lib/Data/Validate/Sanctions/Fetcher.pm line 221, at end of line
(Missing operator before ?)
Array found where operator expected at /usr/home/cpansand/.cpan/build/2022112312/Data-Validate-Sanctions-0.15-1/blib/lib/Data/Validate/Sanctions/Fetcher.pm line 223, at end of line
(Missing operator before ?)
syntax error at /usr/home/cpansand/.cpan/build/2022112312/Data-Validate-Sanctions-0.15-1/blib/lib/Data/Validate/Sanctions/Fetcher.pm line 172, near "->@*"
syntax error at /usr/home/cpansand/.cpan/build/2022112312/Data-Validate-Sanctions-0.15-1/blib/lib/Data/Validate/Sanctions/Fetcher.pm line 204, near "->@*"
syntax error at /usr/home/cpansand/.cpan/build/2022112312/Data-Validate-Sanctions-0.15-1/blib/lib/Data/Validate/Sanctions/Fetcher.pm line 205, near "->@*"
syntax error at /usr/home/cpansand/.cpan/build/2022112312/Data-Validate-Sanctions-0.15-1/blib/lib/Data/Validate/Sanctions/Fetcher.pm line 209, near "->@*"
syntax error at /usr/home/cpansand/.cpan/build/2022112312/Data-Validate-Sanctions-0.15-1/blib/lib/Data/Validate/Sanctions/Fetcher.pm line 212, near "->@*"
syntax error at /usr/home/cpansand/.cpan/build/2022112312/Data-Validate-Sanctions-0.15-1/blib/lib/Data/Validate/Sanctions/Fetcher.pm line 218, near "->@*"
syntax error at /usr/home/cpansand/.cpan/build/2022112312/Data-Validate-Sanctions-0.15-1/blib/lib/Data/Validate/Sanctions/Fetcher.pm line 221, near "%data{"
Global symbol "%data" requires explicit package name at /usr/home/cpansand/.cpan/build/2022112312/Data-Validate-Sanctions-0.15-1/blib/lib/Data/Validate/Sanctions/Fetcher.pm line 221.
Global symbol "$dataset" requires explicit package name at /usr/home/cpansand/.cpan/build/2022112312/Data-Validate-Sanctions-0.15-1/blib/lib/Data/Validate/Sanctions/Fetcher.pm line 223.
syntax error at /usr/home/cpansand/.cpan/build/2022112312/Data-Validate-Sanctions-0.15-1/blib/lib/Data/Validate/Sanctions/Fetcher.pm line 223, near "->@*"
/usr/home/cpansand/.cpan/build/2022112312/Data-Validate-Sanctions-0.15-1/blib/lib/Data/Validate/Sanctions/Fetcher.pm has too many errors.
Compilation failed in require at /usr/home/cpansand/.cpan/build/2022112312/Data-Validate-Sanctions-0.15-1/blib/lib/Data/Validate/Sanctions.pm line 11.
BEGIN failed--compilation aborted at /usr/home/cpansand/.cpan/build/2022112312/Data-Validate-Sanctions-0.15-1/blib/lib/Data/Validate/Sanctions.pm line 11.
Compilation failed in require at t/02_env.t line 46.
BEGIN failed--compilation aborted at t/02_env.t line 46.
t/02_env.t ..............
Dubious, test returned 255 (wstat 65280, 0xff00)
No subtests run
Array found where operator expected at /usr/home/cpansand/.cpan/build/2022112312/Data-Validate-Sanctions-0.15-1/blib/lib/Data/Validate/Sanctions/Fetcher.pm line 172, at end of line
(Missing operator before ?)
Array found where operator expected at /usr/home/cpansand/.cpan/build/2022112312/Data-Validate-Sanctions-0.15-1/blib/lib/Data/Validate/Sanctions/Fetcher.pm line 204, at end of line
(Missing operator before ?)
Array found where operator expected at /usr/home/cpansand/.cpan/build/2022112312/Data-Validate-Sanctions-0.15-1/blib/lib/Data/Validate/Sanctions/Fetcher.pm line 205, at end of line
(Missing operator before ?)
Array found where operator expected at /usr/home/cpansand/.cpan/build/2022112312/Data-Validate-Sanctions-0.15-1/blib/lib/Data/Validate/Sanctions/Fetcher.pm line 209, at end of line
(Missing operator before ?)
Array found where operator expected at /usr/home/cpansand/.cpan/build/2022112312/Data-Validate-Sanctions-0.15-1/blib/lib/Data/Validate/Sanctions/Fetcher.pm line 212, at end of line
(Missing operator before ?)
Array found where operator expected at /usr/home/cpansand/.cpan/build/2022112312/Data-Validate-Sanctions-0.15-1/blib/lib/Data/Validate/Sanctions/Fetcher.pm line 218, at end of line
(Missing operator before ?)
Array found where operator expected at /usr/home/cpansand/.cpan/build/2022112312/Data-Validate-Sanctions-0.15-1/blib/lib/Data/Validate/Sanctions/Fetcher.pm line 221, at end of line
(Missing operator before ?)
Array found where operator expected at /usr/home/cpansand/.cpan/build/2022112312/Data-Validate-Sanctions-0.15-1/blib/lib/Data/Validate/Sanctions/Fetcher.pm line 223, at end of line
(Missing operator before ?)
syntax error at /usr/home/cpansand/.cpan/build/2022112312/Data-Validate-Sanctions-0.15-1/blib/lib/Data/Validate/Sanctions/Fetcher.pm line 172, near "->@*"
syntax error at /usr/home/cpansand/.cpan/build/2022112312/Data-Validate-Sanctions-0.15-1/blib/lib/Data/Validate/Sanctions/Fetcher.pm line 204, near "->@*"
syntax error at /usr/home/cpansand/.cpan/build/2022112312/Data-Validate-Sanctions-0.15-1/blib/lib/Data/Validate/Sanctions/Fetcher.pm line 205, near "->@*"
syntax error at /usr/home/cpansand/.cpan/build/2022112312/Data-Validate-Sanctions-0.15-1/blib/lib/Data/Validate/Sanctions/Fetcher.pm line 209, near "->@*"
syntax error at /usr/home/cpansand/.cpan/build/2022112312/Data-Validate-Sanctions-0.15-1/blib/lib/Data/Validate/Sanctions/Fetcher.pm line 212, near "->@*"
syntax error at /usr/home/cpansand/.cpan/build/2022112312/Data-Validate-Sanctions-0.15-1/blib/lib/Data/Validate/Sanctions/Fetcher.pm line 218, near "->@*"
syntax error at /usr/home/cpansand/.cpan/build/2022112312/Data-Validate-Sanctions-0.15-1/blib/lib/Data/Validate/Sanctions/Fetcher.pm line 221, near "%data{"
Global symbol "%data" requires explicit package name at /usr/home/cpansand/.cpan/build/2022112312/Data-Validate-Sanctions-0.15-1/blib/lib/Data/Validate/Sanctions/Fetcher.pm line 221.
Global symbol "$dataset" requires explicit package name at /usr/home/cpansand/.cpan/build/2022112312/Data-Validate-Sanctions-0.15-1/blib/lib/Data/Validate/Sanctions/Fetcher.pm line 223.
syntax error at /usr/home/cpansand/.cpan/build/2022112312/Data-Validate-Sanctions-0.15-1/blib/lib/Data/Validate/Sanctions/Fetcher.pm line 223, near "->@*"
/usr/home/cpansand/.cpan/build/2022112312/Data-Validate-Sanctions-0.15-1/blib/lib/Data/Validate/Sanctions/Fetcher.pm has too many errors.
Compilation failed in require at /usr/home/cpansand/.cpan/build/2022112312/Data-Validate-Sanctions-0.15-1/blib/lib/Data/Validate/Sanctions.pm line 11.
BEGIN failed--compilation aborted at /usr/home/cpansand/.cpan/build/2022112312/Data-Validate-Sanctions-0.15-1/blib/lib/Data/Validate/Sanctions.pm line 11.
Compilation failed in require at t/03_oo.t line 3.
BEGIN failed--compilation aborted at t/03_oo.t line 3.
t/03_oo.t ...............
Dubious, test returned 255 (wstat 65280, 0xff00)
No subtests run
Array found where operator expected at /usr/home/cpansand/.cpan/build/2022112312/Data-Validate-Sanctions-0.15-1/blib/lib/Data/Validate/Sanctions/Fetcher.pm line 172, at end of line
(Missing operator before ?)
Array found where operator expected at /usr/home/cpansand/.cpan/build/2022112312/Data-Validate-Sanctions-0.15-1/blib/lib/Data/Validate/Sanctions/Fetcher.pm line 204, at end of line
(Missing operator before ?)
Array found where operator expected at /usr/home/cpansand/.cpan/build/2022112312/Data-Validate-Sanctions-0.15-1/blib/lib/Data/Validate/Sanctions/Fetcher.pm line 205, at end of line
(Missing operator before ?)
Array found where operator expected at /usr/home/cpansand/.cpan/build/2022112312/Data-Validate-Sanctions-0.15-1/blib/lib/Data/Validate/Sanctions/Fetcher.pm line 209, at end of line
(Missing operator before ?)
Array found where operator expected at /usr/home/cpansand/.cpan/build/2022112312/Data-Validate-Sanctions-0.15-1/blib/lib/Data/Validate/Sanctions/Fetcher.pm line 212, at end of line
(Missing operator before ?)
Array found where operator expected at /usr/home/cpansand/.cpan/build/2022112312/Data-Validate-Sanctions-0.15-1/blib/lib/Data/Validate/Sanctions/Fetcher.pm line 218, at end of line
(Missing operator before ?)
Array found where operator expected at /usr/home/cpansand/.cpan/build/2022112312/Data-Validate-Sanctions-0.15-1/blib/lib/Data/Validate/Sanctions/Fetcher.pm line 221, at end of line
(Missing operator before ?)
Array found where operator expected at /usr/home/cpansand/.cpan/build/2022112312/Data-Validate-Sanctions-0.15-1/blib/lib/Data/Validate/Sanctions/Fetcher.pm line 223, at end of line
(Missing operator before ?)
syntax error at /usr/home/cpansand/.cpan/build/2022112312/Data-Validate-Sanctions-0.15-1/blib/lib/Data/Validate/Sanctions/Fetcher.pm line 172, near "->@*"
syntax error at /usr/home/cpansand/.cpan/build/2022112312/Data-Validate-Sanctions-0.15-1/blib/lib/Data/Validate/Sanctions/Fetcher.pm line 204, near "->@*"
syntax error at /usr/home/cpansand/.cpan/build/2022112312/Data-Validate-Sanctions-0.15-1/blib/lib/Data/Validate/Sanctions/Fetcher.pm line 205, near "->@*"
syntax error at /usr/home/cpansand/.cpan/build/2022112312/Data-Validate-Sanctions-0.15-1/blib/lib/Data/Validate/Sanctions/Fetcher.pm line 209, near "->@*"
syntax error at /usr/home/cpansand/.cpan/build/2022112312/Data-Validate-Sanctions-0.15-1/blib/lib/Data/Validate/Sanctions/Fetcher.pm line 212, near "->@*"
syntax error at /usr/home/cpansand/.cpan/build/2022112312/Data-Validate-Sanctions-0.15-1/blib/lib/Data/Validate/Sanctions/Fetcher.pm line 218, near "->@*"
syntax error at /usr/home/cpansand/.cpan/build/2022112312/Data-Validate-Sanctions-0.15-1/blib/lib/Data/Validate/Sanctions/Fetcher.pm line 221, near "%data{"
Global symbol "%data" requires explicit package name at /usr/home/cpansand/.cpan/build/2022112312/Data-Validate-Sanctions-0.15-1/blib/lib/Data/Validate/Sanctions/Fetcher.pm line 221.
Global symbol "$dataset" requires explicit package name at /usr/home/cpansand/.cpan/build/2022112312/Data-Validate-Sanctions-0.15-1/blib/lib/Data/Validate/Sanctions/Fetcher.pm line 223.
syntax error at /usr/home/cpansand/.cpan/build/2022112312/Data-Validate-Sanctions-0.15-1/blib/lib/Data/Validate/Sanctions/Fetcher.pm line 223, near "->@*"
/usr/home/cpansand/.cpan/build/2022112312/Data-Validate-Sanctions-0.15-1/blib/lib/Data/Validate/Sanctions/Fetcher.pm has too many errors.
Compilation failed in require at /usr/home/cpansand/.cpan/build/2022112312/Data-Validate-Sanctions-0.15-1/blib/lib/Data/Validate/Sanctions.pm line 11.
BEGIN failed--compilation aborted at /usr/home/cpansand/.cpan/build/2022112312/Data-Validate-Sanctions-0.15-1/blib/lib/Data/Validate/Sanctions.pm line 11.
Compilation failed in require at t/04_fetcher.t line 6.
BEGIN failed--compilation aborted at t/04_fetcher.t line 6.
t/04_fetcher.t ..........
Dubious, test returned 255 (wstat 65280, 0xff00)
No subtests run
Array found where operator expected at /usr/home/cpansand/.cpan/build/2022112312/Data-Validate-Sanctions-0.15-1/blib/lib/Data/Validate/Sanctions/Fetcher.pm line 172, at end of line
(Missing operator before ?)
Array found where operator expected at /usr/home/cpansand/.cpan/build/2022112312/Data-Validate-Sanctions-0.15-1/blib/lib/Data/Validate/Sanctions/Fetcher.pm line 204, at end of line
(Missing operator before ?)
Array found where operator expected at /usr/home/cpansand/.cpan/build/2022112312/Data-Validate-Sanctions-0.15-1/blib/lib/Data/Validate/Sanctions/Fetcher.pm line 205, at end of line
(Missing operator before ?)
Array found where operator expected at /usr/home/cpansand/.cpan/build/2022112312/Data-Validate-Sanctions-0.15-1/blib/lib/Data/Validate/Sanctions/Fetcher.pm line 209, at end of line
(Missing operator before ?)
Array found where operator expected at /usr/home/cpansand/.cpan/build/2022112312/Data-Validate-Sanctions-0.15-1/blib/lib/Data/Validate/Sanctions/Fetcher.pm line 212, at end of line
(Missing operator before ?)
Array found where operator expected at /usr/home/cpansand/.cpan/build/2022112312/Data-Validate-Sanctions-0.15-1/blib/lib/Data/Validate/Sanctions/Fetcher.pm line 218, at end of line
(Missing operator before ?)
Array found where operator expected at /usr/home/cpansand/.cpan/build/2022112312/Data-Validate-Sanctions-0.15-1/blib/lib/Data/Validate/Sanctions/Fetcher.pm line 221, at end of line
(Missing operator before ?)
Array found where operator expected at /usr/home/cpansand/.cpan/build/2022112312/Data-Validate-Sanctions-0.15-1/blib/lib/Data/Validate/Sanctions/Fetcher.pm line 223, at end of line
(Missing operator before ?)
syntax error at /usr/home/cpansand/.cpan/build/2022112312/Data-Validate-Sanctions-0.15-1/blib/lib/Data/Validate/Sanctions/Fetcher.pm line 172, near "->@*"
syntax error at /usr/home/cpansand/.cpan/build/2022112312/Data-Validate-Sanctions-0.15-1/blib/lib/Data/Validate/Sanctions/Fetcher.pm line 204, near "->@*"
syntax error at /usr/home/cpansand/.cpan/build/2022112312/Data-Validate-Sanctions-0.15-1/blib/lib/Data/Validate/Sanctions/Fetcher.pm line 205, near "->@*"
syntax error at /usr/home/cpansand/.cpan/build/2022112312/Data-Validate-Sanctions-0.15-1/blib/lib/Data/Validate/Sanctions/Fetcher.pm line 209, near "->@*"
syntax error at /usr/home/cpansand/.cpan/build/2022112312/Data-Validate-Sanctions-0.15-1/blib/lib/Data/Validate/Sanctions/Fetcher.pm line 212, near "->@*"
syntax error at /usr/home/cpansand/.cpan/build/2022112312/Data-Validate-Sanctions-0.15-1/blib/lib/Data/Validate/Sanctions/Fetcher.pm line 218, near "->@*"
syntax error at /usr/home/cpansand/.cpan/build/2022112312/Data-Validate-Sanctions-0.15-1/blib/lib/Data/Validate/Sanctions/Fetcher.pm line 221, near "%data{"
Global symbol "%data" requires explicit package name at /usr/home/cpansand/.cpan/build/2022112312/Data-Validate-Sanctions-0.15-1/blib/lib/Data/Validate/Sanctions/Fetcher.pm line 221.
Global symbol "$dataset" requires explicit package name at /usr/home/cpansand/.cpan/build/2022112312/Data-Validate-Sanctions-0.15-1/blib/lib/Data/Validate/Sanctions/Fetcher.pm line 223.
syntax error at /usr/home/cpansand/.cpan/build/2022112312/Data-Validate-Sanctions-0.15-1/blib/lib/Data/Validate/Sanctions/Fetcher.pm line 223, near "->@*"
/usr/home/cpansand/.cpan/build/2022112312/Data-Validate-Sanctions-0.15-1/blib/lib/Data/Validate/Sanctions/Fetcher.pm has too many errors.
Compilation failed in require at /usr/home/cpansand/.cpan/build/2022112312/Data-Validate-Sanctions-0.15-1/blib/lib/Data/Validate/Sanctions.pm line 11.
BEGIN failed--compilation aborted at /usr/home/cpansand/.cpan/build/2022112312/Data-Validate-Sanctions-0.15-1/blib/lib/Data/Validate/Sanctions.pm line 11.
Compilation failed in require at /usr/perl5.18.2/lib/site_perl/5.18.2/parent.pm line 16.
BEGIN failed--compilation aborted at /usr/home/cpansand/.cpan/build/2022112312/Data-Validate-Sanctions-0.15-1/blib/lib/Data/Validate/Sanctions/Redis.pm line 6.
Compilation failed in require at t/05_sanctions_redis.t line 17.
BEGIN failed--compilation aborted at t/05_sanctions_redis.t line 17.
t/05_sanctions_redis.t ..
Dubious, test returned 255 (wstat 65280, 0xff00)
No subtests run
Array found where operator expected at /usr/home/cpansand/.cpan/build/2022112312/Data-Validate-Sanctions-0.15-1/blib/lib/Data/Validate/Sanctions/Fetcher.pm line 172, at end of line
(Missing operator before ?)
Array found where operator expected at /usr/home/cpansand/.cpan/build/2022112312/Data-Validate-Sanctions-0.15-1/blib/lib/Data/Validate/Sanctions/Fetcher.pm line 204, at end of line
(Missing operator before ?)
Array found where operator expected at /usr/home/cpansand/.cpan/build/2022112312/Data-Validate-Sanctions-0.15-1/blib/lib/Data/Validate/Sanctions/Fetcher.pm line 205, at end of line
(Missing operator before ?)
Array found where operator expected at /usr/home/cpansand/.cpan/build/2022112312/Data-Validate-Sanctions-0.15-1/blib/lib/Data/Validate/Sanctions/Fetcher.pm line 209, at end of line
(Missing operator before ?)
Array found where operator expected at /usr/home/cpansand/.cpan/build/2022112312/Data-Validate-Sanctions-0.15-1/blib/lib/Data/Validate/Sanctions/Fetcher.pm line 212, at end of line
(Missing operator before ?)
Array found where operator expected at /usr/home/cpansand/.cpan/build/2022112312/Data-Validate-Sanctions-0.15-1/blib/lib/Data/Validate/Sanctions/Fetcher.pm line 218, at end of line
(Missing operator before ?)
Array found where operator expected at /usr/home/cpansand/.cpan/build/2022112312/Data-Validate-Sanctions-0.15-1/blib/lib/Data/Validate/Sanctions/Fetcher.pm line 221, at end of line
(Missing operator before ?)
Array found where operator expected at /usr/home/cpansand/.cpan/build/2022112312/Data-Validate-Sanctions-0.15-1/blib/lib/Data/Validate/Sanctions/Fetcher.pm line 223, at end of line
(Missing operator before ?)
syntax error at /usr/home/cpansand/.cpan/build/2022112312/Data-Validate-Sanctions-0.15-1/blib/lib/Data/Validate/Sanctions/Fetcher.pm line 172, near "->@*"
syntax error at /usr/home/cpansand/.cpan/build/2022112312/Data-Validate-Sanctions-0.15-1/blib/lib/Data/Validate/Sanctions/Fetcher.pm line 204, near "->@*"
syntax error at /usr/home/cpansand/.cpan/build/2022112312/Data-Validate-Sanctions-0.15-1/blib/lib/Data/Validate/Sanctions/Fetcher.pm line 205, near "->@*"
syntax error at /usr/home/cpansand/.cpan/build/2022112312/Data-Validate-Sanctions-0.15-1/blib/lib/Data/Validate/Sanctions/Fetcher.pm line 209, near "->@*"
syntax error at /usr/home/cpansand/.cpan/build/2022112312/Data-Validate-Sanctions-0.15-1/blib/lib/Data/Validate/Sanctions/Fetcher.pm line 212, near "->@*"
syntax error at /usr/home/cpansand/.cpan/build/2022112312/Data-Validate-Sanctions-0.15-1/blib/lib/Data/Validate/Sanctions/Fetcher.pm line 218, near "->@*"
syntax error at /usr/home/cpansand/.cpan/build/2022112312/Data-Validate-Sanctions-0.15-1/blib/lib/Data/Validate/Sanctions/Fetcher.pm line 221, near "%data{"
Global symbol "%data" requires explicit package name at /usr/home/cpansand/.cpan/build/2022112312/Data-Validate-Sanctions-0.15-1/blib/lib/Data/Validate/Sanctions/Fetcher.pm line 221.
Global symbol "$dataset" requires explicit package name at /usr/home/cpansand/.cpan/build/2022112312/Data-Validate-Sanctions-0.15-1/blib/lib/Data/Validate/Sanctions/Fetcher.pm line 223.
syntax error at /usr/home/cpansand/.cpan/build/2022112312/Data-Validate-Sanctions-0.15-1/blib/lib/Data/Validate/Sanctions/Fetcher.pm line 223, near "->@*"
/usr/home/cpansand/.cpan/build/2022112312/Data-Validate-Sanctions-0.15-1/blib/lib/Data/Validate/Sanctions/Fetcher.pm has too many errors.
Compilation failed in require at t/06_fetcher_sources.t line 4.
BEGIN failed--compilation aborted at t/06_fetcher_sources.t line 4.
t/06_fetcher_sources.t ..
Dubious, test returned 255 (wstat 65280, 0xff00)
No subtests run
Test Summary Report
-------------------
t/00-compile.t (Wstat: 1024 (exited 4) Tests: 4 Failed: 4)
Failed tests: 1-4
Non-zero exit status: 4
t/01_basic.t (Wstat: 65280 (exited 255) Tests: 0 Failed: 0)
Non-zero exit status: 255
Parse errors: No plan found in TAP output
t/02_env.t (Wstat: 65280 (exited 255) Tests: 0 Failed: 0)
Non-zero exit status: 255
Parse errors: No plan found in TAP output
t/03_oo.t (Wstat: 65280 (exited 255) Tests: 0 Failed: 0)
Non-zero exit status: 255
Parse errors: No plan found in TAP output
t/04_fetcher.t (Wstat: 65280 (exited 255) Tests: 0 Failed: 0)
Non-zero exit status: 255
Parse errors: No plan found in TAP output
t/05_sanctions_redis.t (Wstat: 65280 (exited 255) Tests: 0 Failed: 0)
Non-zero exit status: 255
Parse errors: No plan found in TAP output
t/06_fetcher_sources.t (Wstat: 65280 (exited 255) Tests: 0 Failed: 0)
Non-zero exit status: 255
Parse errors: No plan found in TAP output
Files=9, Tests=58, 8 wallclock secs ( 0.02 usr 0.06 sys + 6.02 cusr 0.89 csys = 6.99 CPU)
Result: FAIL
Failed 7/9 test programs. 4/58 subtests failed.
*** [test_dynamic] Error code 255
Stop in /usr/home/cpansand/.cpan/build/2022112312/Data-Validate-Sanctions-0.15-1.
------------------------------
PREREQUISITES
------------------------------
Prerequisite modules loaded:
requires:
Module Need Have
-------------------------- ---------- ----------
Carp 0 1.50
Clone 0 0.46
Data::Compare 0 1.25
Date::Utility 0 1.08
DateTime::Format::Strptime 0 1.79
Exporter 0 5.74
File::ShareDir 0 1.118
File::stat 0 1.07
File::Temp 0 0.2311
FindBin 0 1.51
Getopt::Long 2.42 2.53
IO::Uncompress::Unzip 0 2.201
JSON::MaybeUTF8 0 2.000
List::Util 0 1.63
Locale::Country 3.66 3.72
Mojo::UserAgent 0 0
parent 0 0.238
Path::Tiny 0 0.142
perl 5.008005 5.018002
Pod::Usage 0 2.01
Scalar::Util 0 1.63
strict 0 1.07
Syntax::Keyword::Try 0.18 0.27
Text::CSV 0 2.02
Text::Trim 0 1.04
warnings 0 1.18
XML::Fast 0 0.16
YAML::XS 0 0.85
build_requires:
Module Need Have
-------------------------- ---------- ----------
Class::Unload 0 0.11
ExtUtils::MakeMaker 0 7.64
File::Slurp 0 9999.32
File::Spec 0 3.75
FindBin 0 1.51
IO::Handle 0 1.45
IPC::Open3 0 1.13
Path::Tiny 0 0.142
RedisDB 2.57 2.57
Test::CheckDeps 0.010 0.010
Test::Deep 0 1.130
Test::Exception 0 0.43
Test::Fatal 0 0.016
Test::MockModule 0.15 0.177.0
Test::MockObject 1.20161202 1.20200122
Test::MockTime 0 0.17
Test::More 0.96 1.302191
Test::RedisServer 0.23 0.23
Test::Warn 0.23 0.37
Test::Warnings 0.026 0.031
utf8 0 1.10
YAML 0 1.30
configure_requires:
Module Need Have
-------------------------- ---------- ----------
ExtUtils::MakeMaker 7.64 7.64
File::ShareDir::Install 0.06 0.14
opt_build_requires:
Module Need Have
-------------------------- ---------- ----------
CPAN::Meta 2.120900 2.150010
------------------------------
ENVIRONMENT AND OTHER CONTEXT
------------------------------
Environment variables:
LC_ALL = de_DE.ISO8859-1
PATH = /usr/local/bin:/usr/bin:/bin:/usr/local/sbin:/usr/sbin:/sbin:/home/cpansand/bin/freebsd9.3:/home/cpansand/bin/sh:/home/cpansand/bin:/usr/games:/home/cpansand/devel:/usr/home/eserte/src/srezic-misc/scripts
PERL5LIB = /home/cpansand/.cpan/build/2022112312/Test-RedisServer-0.23-1/blib/arch:/home/cpansand/.cpan/build/2022112312/Test-RedisServer-0.23-1/blib/lib:/home/cpansand/.cpan/build/2022112312/RedisDB-2.57-1/blib/arch:/home/cpansand/.cpan/build/2022112312/RedisDB-2.57-1/blib/lib
PERL5OPT =
PERL5_CPANPLUS_IS_RUNNING = 36820
PERL5_CPAN_IS_RUNNING = 36820
PERL5_CPAN_IS_RUNNING_IN_RECURSION = 36445,36820
PERLDOC = -MPod::Perldoc::ToTextOverstrike
PERL_BATCH = yes
PERL_CANARY_STABILITY_NOPROMPT = 1
PERL_CPAN_REPORTER_CONFIG = /var/tmp/cpansmoker-1023/2022112312/cpanreporter_000_config.ini
PERL_EXTUTILS_AUTOINSTALL = --defaultdeps
PERL_USE_UNSAFE_INC = 1
SHELL = /usr/local/bin/zsh
TERM = screen
TMPDIR = /var/tmp/cpansmoker-1023/2022112312
Perl special variables (and OS-specific diagnostics, for MSWin32):
$^X = /usr/perl5.18.2/bin/perl
$UID/$EUID = 1023 / 1023
$GID = 1023 1023
$EGID = 1023 1023
Perl module toolchain versions installed:
Module Have
------------------- --------
CPAN 2.34
CPAN::Meta 2.150010
Cwd 3.75
ExtUtils::CBuilder 0.280236
ExtUtils::Command 7.64
ExtUtils::Install 2.20
ExtUtils::MakeMaker 7.64
ExtUtils::Manifest 1.73
ExtUtils::ParseXS 3.35
File::Spec 3.75
JSON 4.10
JSON::PP 4.12
Module::Build 0.4231
Module::Signature 0.88
Parse::CPAN::Meta 2.150010
Test::Harness 3.44
Test::More 1.302191
YAML 1.30
YAML::Syck 1.34
version 0.9929
--
Summary of my perl5 (revision 5 version 18 subversion 2) configuration:
Platform:
osname=freebsd, osvers=9.2-release-p4, archname=amd64-freebsd
uname='freebsd cvrsnica-freebsd-92 9.2-release-p4 freebsd 9.2-release-p4 #0: tue apr 8 18:08:22 utc 2014 root@amd64-builder.daemonology.net:usrobjusrsrcsysgeneric amd64 '
config_args='-ds -e -Dprefix=/usr/perl5.18.2'
hint=recommended, useposix=true, d_sigaction=define
useithreads=undef, usemultiplicity=undef
useperlio=define, d_sfio=undef, uselargefiles=define, usesocks=undef
use64bitint=define, use64bitall=define, uselongdouble=undef
usemymalloc=n, bincompat5005=undef
Compiler:
cc='cc', ccflags ='-DHAS_FPSETMASK -DHAS_FLOATINGPOINT_H -fno-strict-aliasing -pipe -fstack-protector -I/usr/local/include',
optimize='-O',
cppflags='-DHAS_FPSETMASK -DHAS_FLOATINGPOINT_H -fno-strict-aliasing -pipe -fstack-protector -I/usr/local/include'
ccversion='', gccversion='4.2.1 20070831 patched [FreeBSD]', gccosandvers=''
intsize=4, longsize=8, ptrsize=8, doublesize=8, byteorder=12345678
d_longlong=define, longlongsize=8, d_longdbl=define, longdblsize=16
ivtype='long', ivsize=8, nvtype='double', nvsize=8, Off_t='off_t', lseeksize=8
alignbytes=8, prototype=define
Linker and Libraries:
ld='cc', ldflags ='-Wl,-E -fstack-protector -L/usr/local/lib'
libpth=/usr/lib /usr/local/lib
libs=-lgdbm -lm -lcrypt -lutil -lc
perllibs=-lm -lcrypt -lutil -lc
libc=, so=so, useshrplib=false, libperl=libperl.a
gnulibc_version=''
Dynamic Linking:
dlsrc=dl_dlopen.xs, dlext=so, d_dlsymun=undef, ccdlflags=' '
cccdlflags='-DPIC -fPIC', lddlflags='-shared -L/usr/local/lib -fstack-protector'
Characteristics of this binary (from libperl):
Compile-time options: HAS_TIMES PERLIO_LAYERS PERL_DONT_CREATE_GVSV
PERL_HASH_FUNC_ONE_AT_A_TIME_HARD PERL_MALLOC_WRAP
PERL_PRESERVE_IVUV PERL_SAWAMPERSAND USE_64_BIT_ALL
USE_64_BIT_INT USE_LARGE_FILES USE_LOCALE
USE_LOCALE_COLLATE USE_LOCALE_CTYPE
USE_LOCALE_NUMERIC USE_PERLIO USE_PERL_ATOF
Built under freebsd
Compiled at May 16 2014 01:27:28
%ENV:
PERL5LIB="/home/cpansand/.cpan/build/2022112312/Test-RedisServer-0.23-1/blib/arch:/home/cpansand/.cpan/build/2022112312/Test-RedisServer-0.23-1/blib/lib:/home/cpansand/.cpan/build/2022112312/RedisDB-2.57-1/blib/arch:/home/cpansand/.cpan/build/2022112312/RedisDB-2.57-1/blib/lib"
PERL5OPT=""
PERL5_CPANPLUS_IS_RUNNING="36820"
PERL5_CPAN_IS_RUNNING="36820"
PERL5_CPAN_IS_RUNNING_IN_RECURSION="36445,36820"
PERLDOC="-MPod::Perldoc::ToTextOverstrike"
PERL_BATCH="yes"
PERL_CANARY_STABILITY_NOPROMPT="1"
PERL_CPAN_REPORTER_CONFIG="/var/tmp/cpansmoker-1023/2022112312/cpanreporter_000_config.ini"
PERL_EXTUTILS_AUTOINSTALL="--defaultdeps"
PERL_USE_UNSAFE_INC="1"
@INC:
/home/cpansand/.cpan/build/2022112312/Test-RedisServer-0.23-1/blib/arch
/home/cpansand/.cpan/build/2022112312/Test-RedisServer-0.23-1/blib/lib
/home/cpansand/.cpan/build/2022112312/RedisDB-2.57-1/blib/arch
/home/cpansand/.cpan/build/2022112312/RedisDB-2.57-1/blib/lib
/usr/perl5.18.2/lib/site_perl/5.18.2/amd64-freebsd
/usr/perl5.18.2/lib/site_perl/5.18.2
/usr/perl5.18.2/lib/5.18.2/amd64-freebsd
/usr/perl5.18.2/lib/5.18.2
.