App-CryptoCurrencyUtils v0.010 Perl 5 v5.8.6 armv6l-linux-thread-multi

Status
Na
From
Nigel Horne
Dist
App-CryptoCurrencyUtils v0.010
Platform
Perl 5 v5.8.6 armv6l-linux-thread-multi
Date
2018-02-05 13:54:54
ID
24b9c74e-0a7c-11e8-af2b-acaf1d79aee4
This distribution has been tested as part of the CPAN Testers
project, supporting the Perl programming language.  See
http://wiki.cpantesters.org/ for more information or email
questions to cpan-testers-discuss@perl.org


--
Dear perlancar,

This is a computer-generated report for App-CryptoCurrencyUtils-0.010
on perl 5.8.6, created by CPAN-Reporter-1.2018.

Thank you for uploading your work to CPAN.  While attempting to build or test
this distribution, the distribution signaled that support is not available
either for this operating system or this version of Perl.  Nevertheless, any
diagnostic output produced is provided below for reference.  If this is not
what you expect, you may wish to consult the CPAN Testers Wiki:

http://wiki.cpantesters.org/wiki/CPANAuthorNotes

Sections of this report:

    * Tester comments
    * Program output
    * Prerequisites
    * Environment and other context

------------------------------
TESTER COMMENTS
------------------------------

Additional comments from tester:

this report is from an automated smoke testing program
and was not reviewed by a human for accuracy

------------------------------
PROGRAM OUTPUT
------------------------------

Output from '/usr/bin/make test':

PERL_DL_NONLAZY=1 "/home/njh/perl5/perlbrew/perls/perl-5.8.6/bin/perl" "-MExtUtils::Command::MM" "-MTest::Harness" "-e" "undef *Test::Harness::Switches; test_harness(0, 'blib/lib', 'blib/arch')" t/*.t
t/author-critic.t ........ skipped: these tests are for testing by the author
t/author-pod-coverage.t .. skipped: these tests are for testing by the author
t/author-pod-syntax.t .... skipped: these tests are for testing by the author
t/release-rinci.t ........ skipped: these tests are for release candidate testing

#   Failed test 'App/CryptoCurrencyUtils.pm loaded ok'
#   at t/00-compile.t line 56.
#          got: '65280'
#     expected: '0'
Perl v5.10.1 required--this is only v5.8.6, stopped at /home/njh/.cpan/build/App-CryptoCurrencyUtils-0.010-0/blib/lib/App/CryptoCurrencyUtils.pm line 6.
BEGIN failed--compilation aborted at /home/njh/.cpan/build/App-CryptoCurrencyUtils-0.010-0/blib/lib/App/CryptoCurrencyUtils.pm line 6.
Compilation failed in require at -e line 1.

#   Failed test 'App/grepcoin.pm loaded ok'
#   at t/00-compile.t line 56.
#          got: '65280'
#     expected: '0'
Perl v5.10.1 required--this is only v5.8.6, stopped at /home/njh/.cpan/build/App-CryptoCurrencyUtils-0.010-0/blib/lib/App/grepcoin.pm line 6.
BEGIN failed--compilation aborted at /home/njh/.cpan/build/App-CryptoCurrencyUtils-0.010-0/blib/lib/App/grepcoin.pm line 6.
Compilation failed in require at -e line 1.

#   Failed test 'App/grepexchange.pm loaded ok'
#   at t/00-compile.t line 56.
#          got: '65280'
#     expected: '0'
Perl v5.10.1 required--this is only v5.8.6, stopped at /home/njh/.cpan/build/App-CryptoCurrencyUtils-0.010-0/blib/lib/App/grepexchange.pm line 6.
BEGIN failed--compilation aborted at /home/njh/.cpan/build/App-CryptoCurrencyUtils-0.010-0/blib/lib/App/grepexchange.pm line 6.
Compilation failed in require at -e line 1.

#   Failed test 'script/coin-cmc-summary compiled ok'
#   at t/00-compile.t line 86.
#          got: '65280'
#     expected: '0'
Perl v5.10.1 required--this is only v5.8.6, stopped at script/coin-cmc-summary line 10.BEGIN failed--compilation aborted at script/coin-cmc-summary line 10. at t/00-compile.t line 95, <GEN12> line 2.

#   Failed test 'script/global-cmc-summary compiled ok'
#   at t/00-compile.t line 86.
#          got: '65280'
#     expected: '0'
Perl v5.10.1 required--this is only v5.8.6, stopped at script/global-cmc-summary line 10.BEGIN failed--compilation aborted at script/global-cmc-summary line 10. at t/00-compile.t line 95, <GEN16> line 2.

#   Failed test 'script/grep-coin compiled ok'
#   at t/00-compile.t line 86.
#          got: '65280'
#     expected: '0'
Perl v5.10.1 required--this is only v5.8.6, stopped at script/grep-coin line 10.BEGIN failed--compilation aborted at script/grep-coin line 10. at t/00-compile.t line 95, <GEN20> line 2.

#   Failed test 'script/grep-exchange compiled ok'
#   at t/00-compile.t line 86.
#          got: '65280'
#     expected: '0'
Perl v5.10.1 required--this is only v5.8.6, stopped at script/grep-exchange line 10.BEGIN failed--compilation aborted at script/grep-exchange line 10. at t/00-compile.t line 95, <GEN24> line 2.

#   Failed test 'script/list-cmc-coins compiled ok'
#   at t/00-compile.t line 86.
#          got: '65280'
#     expected: '0'
Perl v5.10.1 required--this is only v5.8.6, stopped at script/list-cmc-coins line 10.BEGIN failed--compilation aborted at script/list-cmc-coins line 10. at t/00-compile.t line 95, <GEN28> line 2.

#   Failed test 'script/list-coins compiled ok'
#   at t/00-compile.t line 86.
#          got: '65280'
#     expected: '0'
Perl v5.10.1 required--this is only v5.8.6, stopped at script/list-coins line 10.BEGIN failed--compilation aborted at script/list-coins line 10. at t/00-compile.t line 95, <GEN32> line 2.

#   Failed test 'script/list-exchanges compiled ok'
#   at t/00-compile.t line 86.
#          got: '65280'
#     expected: '0'
Perl v5.10.1 required--this is only v5.8.6, stopped at script/list-exchanges line 10.BEGIN failed--compilation aborted at script/list-exchanges line 10. at t/00-compile.t line 95, <GEN36> line 2.

#   Failed test 'script/open-coin-cmc compiled ok'
#   at t/00-compile.t line 86.
#          got: '65280'
#     expected: '0'
Perl v5.10.1 required--this is only v5.8.6, stopped at script/open-coin-cmc line 10.BEGIN failed--compilation aborted at script/open-coin-cmc line 10. at t/00-compile.t line 95, <GEN40> line 2.

#   Failed test 'script/open-coin-mno compiled ok'
#   at t/00-compile.t line 86.
#          got: '65280'
#     expected: '0'
Perl v5.10.1 required--this is only v5.8.6, stopped at script/open-coin-mno line 10.BEGIN failed--compilation aborted at script/open-coin-mno line 10. at t/00-compile.t line 95, <GEN44> line 2.

#   Failed test 'script/open-exchange-cmc compiled ok'
#   at t/00-compile.t line 86.
#          got: '65280'
#     expected: '0'
Perl v5.10.1 required--this is only v5.8.6, stopped at script/open-exchange-cmc line 10.BEGIN failed--compilation aborted at script/open-exchange-cmc line 10. at t/00-compile.t line 95, <GEN48> line 2.
# Looks like you failed 13 tests of 13.
t/00-compile.t ........... 
Dubious, test returned 13 (wstat 3328, 0xd00)
Failed 13/13 subtests 

Test Summary Report
-------------------
t/00-compile.t         (Wstat: 3328 Tests: 13 Failed: 13)
  Failed tests:  1-13
  Non-zero exit status: 13
Files=5, Tests=13,  3 wallclock secs ( 0.19 usr  0.06 sys +  1.72 cusr  0.47 csys =  2.44 CPU)
Result: FAIL
Failed 1/5 test programs. 13/13 subtests failed.
Makefile:1006: recipe for target 'test_dynamic' failed
make: *** [test_dynamic] Error 13

------------------------------
PREREQUISITES
------------------------------

Prerequisite modules loaded:

requires:

    Module                                      Need  Have    
    ------------------------------------------- ----- --------
  ! AppBase::Grep                               0.003 n/a     
    Browser::Open                               0     0.04    
  ! CryptoCurrency::Catalog                     0     n/a     
  ! CryptoExchange::Catalog                     0     n/a     
  ! Data::Sah::Compiler::perl::TH::array        0     n/a     
  ! Data::Sah::Compiler::perl::TH::bool         0     n/a     
  ! Data::Sah::Compiler::perl::TH::re           0     n/a     
  ! Data::Sah::Compiler::perl::TH::str          0     n/a     
    HTTP::Tiny                                  0     0.056   
    JSON::MaybeXS                               0     1.003010
    Log::ger                                    0.023 0.023   
  ! Perinci::CmdLine::Any                       0     n/a     
  ! Perinci::CmdLine::Base                      1.80  n/a     
  ! Perinci::Sub::Util                          0.46  n/a     
  ! Sah::Schema::cryptocurrency::symbol_or_name 0     n/a     
  ! Sah::Schema::cryptoexchange::name           0     n/a     
    Sah::Schema::true                           0     0.001   
    strict                                      0     1.03    
    URI::Escape                                 0     3.31    
    warnings                                    0     1.03    

build_requires:

    Module                                      Need  Have    
    ------------------------------------------- ----- --------
    ExtUtils::MakeMaker                         0     7.30    
    File::Spec                                  0     3.62    
    IO::Handle                                  0     1.28    
    IPC::Open3                                  0     1.0106  
    Test::More                                  0     1.302120

configure_requires:

    Module                                      Need  Have    
    ------------------------------------------- ----- --------
    ExtUtils::MakeMaker                         0     7.30    


------------------------------
ENVIRONMENT AND OTHER CONTEXT
------------------------------

Environment variables:

    AUTOMATED_TESTING = 1
    HARNESS_OPTIONS = j4
    LANG = en_GB.UTF-8
    PATH = /home/njh/perl5/perlbrew/bin:/home/njh/perl5/perlbrew/perls/perl-5.8.6/bin:src/njh/smoker/bin:/usr/bin:/bin
    PERL5LIB = /home/njh/.cpan/build/Sah-Schemas-Bool-0.001-0/blib/arch:/home/njh/.cpan/build/Sah-Schemas-Bool-0.001-0/blib/lib:/home/njh/.cpan/build/Log-ger-0.023-5/blib/arch:/home/njh/.cpan/build/Log-ger-0.023-5/blib/lib:/home/njh/.cpan/build/JSON-MaybeXS-1.003010-14/blib/arch:/home/njh/.cpan/build/JSON-MaybeXS-1.003010-14/blib/lib:/home/njh/.cpan/build/Cpanel-JSON-XS-4.01-5/blib/arch:/home/njh/.cpan/build/Cpanel-JSON-XS-4.01-5/blib/lib:/home/njh/.cpan/build/Browser-Open-0.04-0/blib/arch:/home/njh/.cpan/build/Browser-Open-0.04-0/blib/lib:/home/njh/.cpan/build/Net-Etcd-0.019-0/blib/arch:/home/njh/.cpan/build/Net-Etcd-0.019-0/blib/lib:/home/njh/.cpan/build/Math-Int64-0.54-0/blib/arch:/home/njh/.cpan/build/Math-Int64-0.54-0/blib/lib:/home/njh/.cpan/build/AnyEvent-HTTP-2.23-0/blib/arch:/home/njh/.cpan/build/AnyEvent-HTTP-2.23-0/blib/lib:/home/njh/.cpan/build/common-sense-3.74-3/blib/arch:/home/njh/.cpan/build/common-sense-3.74-3/blib/lib:/home/njh/.cpan/build/AnyEvent-7.14-0/blib/arch:/home/njh/.cpan/build/AnyEvent-7.14-0/blib/lib:/home/njh/.cpan/build/Canary-Stability-2012-6/blib/arch:/home/njh/.cpan/build/Canary-Stability-2012-6/blib/lib
    PERL5OPT = 
    PERL5_CPANPLUS_IS_RUNNING = 8242
    PERL5_CPAN_IS_RUNNING = 8242
    PERLBREW_BASHRC_VERSION = 0.80
    PERLBREW_HOME = /home/njh/.perlbrew
    PERLBREW_MANPATH = /home/njh/perl5/perlbrew/perls/perl-5.8.6/man
    PERLBREW_PATH = /home/njh/perl5/perlbrew/bin:/home/njh/perl5/perlbrew/perls/perl-5.8.6/bin
    PERLBREW_PERL = perl-5.8.6
    PERLBREW_ROOT = /home/njh/perl5/perlbrew
    PERLBREW_VERSION = 0.80
    SHELL = /bin/sh

Perl special variables (and OS-specific diagnostics, for MSWin32):

    $^X = /home/njh/perl5/perlbrew/perls/perl-5.8.6/bin/perl
    $UID/$EUID = 1000 / 1000
    $GID = 1000 1000 999 998 997 108 101 100 60 46 44 30 29 27 25 24 20 4
    $EGID = 1000 1000 999 998 997 108 101 100 60 46 44 30 29 27 25 24 20 4

Perl module toolchain versions installed:

    Module              Have    
    ------------------- --------
    CPAN                2.16    
    CPAN::Meta          2.150010
    Cwd                 3.62    
    ExtUtils::CBuilder  0.280226
    ExtUtils::Command   7.30    
    ExtUtils::Install   2.06    
    ExtUtils::MakeMaker 7.30    
    ExtUtils::Manifest  1.70    
    ExtUtils::ParseXS   3.24    
    File::Spec          3.62    
    JSON                2.61    
    JSON::PP            2.27300 
    Module::Build       0.4224  
    Module::Signature   0.81    
    Parse::CPAN::Meta   2.150010
    Test::Harness       3.39    
    Test::More          1.302120
    YAML                n/a     
    YAML::Syck          1.30    
    version             0.9912  


--

Summary of my perl5 (revision 5 version 8 subversion 6) configuration:
  Platform:
    osname=linux, osvers=3.2.27+, archname=armv6l-linux-thread-multi
    uname='linux pi 3.2.27+ #250 preempt thu oct 18 19:03:02 bst 2012 armv6l gnulinux '
    config_args='-de -Dprefix=/home/njh/perl5/perlbrew/perls/perl-5.8.6 -Duseithreads -Dusemultiplicity -Accflags=-Os -W -Wformat=2 -Wswitch -Wshadow -Wwrite-strings -Wuninitialized -Wall -pipe -fomit-frame-pointer -pedantic -D_FORTIFY_SOURCE=2 -Wpointer-arith -Wstrict-prototypes -fstack-protector -Wstack-protector -Wextra -Wbad-function-cast -Wcast-align -Wcast-qual -Wdisabled-optimization -Wendif-labels -Wfloat-equal -Wformat-nonliteral -Winline -Wmissing-declarations -Wmissing-prototypes -Wnested-externs -Wpointer-arith -Wundef -Wformat-security -Aeval:scriptdir=/home/njh/perl5/perlbrew/perls/perl-5.8.6/bin'
    hint=recommended, useposix=true, d_sigaction=define
    usethreads=define use5005threads=undef useithreads=define usemultiplicity=define
    useperlio=define d_sfio=undef uselargefiles=define usesocks=undef
    use64bitint=undef use64bitall=undef uselongdouble=undef
    usemymalloc=n, bincompat5005=undef
  Compiler:
    cc='cc', ccflags ='-D_REENTRANT -D_GNU_SOURCE -Os -W -Wformat=2 -Wswitch -Wshadow -Wwrite-strings -Wuninitialized -Wall -pipe -fomit-frame-pointer -pedantic -D_FORTIFY_SOURCE=2 -Wpointer-arith -Wstrict-prototypes -fstack-protector -Wstack-protector -Wextra -Wbad-function-cast -Wcast-align -Wcast-qual -Wdisabled-optimization -Wendif-labels -Wfloat-equal -Wformat-nonliteral -Winline -Wmissing-declarations -Wmissing-prototypes -Wnested-externs -Wpointer-arith -Wundef -Wformat-security -fno-strict-aliasing -I/usr/local/include -D_LARGEFILE_SOURCE -D_FILE_OFFSET_BITS=64',
    optimize='-O2',
    cppflags='-D_REENTRANT -D_GNU_SOURCE -Os -W -Wformat=2 -Wswitch -Wshadow -Wwrite-strings -Wuninitialized -Wall -pipe -fomit-frame-pointer -pedantic -D_FORTIFY_SOURCE=2 -Wpointer-arith -Wstrict-prototypes -fstack-protector -Wstack-protector -Wextra -Wbad-function-cast -Wcast-align -Wcast-qual -Wdisabled-optimization -Wendif-labels -Wfloat-equal -Wformat-nonliteral -Winline -Wmissing-declarations -Wmissing-prototypes -Wnested-externs -Wpointer-arith -Wundef -Wformat-security -fno-strict-aliasing -I/usr/local/include'
    ccversion='', gccversion='4.6.3', gccosandvers=''
    intsize=4, longsize=4, ptrsize=4, doublesize=8, byteorder=1234
    d_longlong=define, longlongsize=8, d_longdbl=define, longdblsize=8
    ivtype='long', ivsize=4, nvtype='double', nvsize=8, Off_t='off_t', lseeksize=8
    alignbytes=8, prototype=define
  Linker and Libraries:
    ld='cc', ldflags =' -L/usr/local/lib'
    libpth=/usr/local/lib /lib/arm-linux-gnueabihf /lib /usr/lib/arm-linux-gnueabihf /usr/lib
    libs=-lnsl -lgdbm -ldb -ldl -lm -lcrypt -lutil -lpthread -lc -lgdbm_compat
    perllibs=-lnsl -ldl -lm -lcrypt -lutil -lpthread -lc -lgdbm_compat
    libc=, so=so, useshrplib=false, libperl=libperl.a
    gnulibc_version='2.13'
  Dynamic Linking:
    dlsrc=dl_dlopen.xs, dlext=so, d_dlsymun=undef, ccdlflags='-Wl,-E'
    cccdlflags='-fpic', lddlflags='-shared -L/usr/local/lib'


Characteristics of this binary (from libperl): 
  Compile-time options: MULTIPLICITY USE_ITHREADS USE_LARGE_FILES PERL_IMPLICIT_CONTEXT
  Built under linux
  Compiled at Feb 13 2013 07:18:29
  %ENV:
    PERL5LIB="/home/njh/.cpan/build/Sah-Schemas-Bool-0.001-0/blib/arch:/home/njh/.cpan/build/Sah-Schemas-Bool-0.001-0/blib/lib:/home/njh/.cpan/build/Log-ger-0.023-5/blib/arch:/home/njh/.cpan/build/Log-ger-0.023-5/blib/lib:/home/njh/.cpan/build/JSON-MaybeXS-1.003010-14/blib/arch:/home/njh/.cpan/build/JSON-MaybeXS-1.003010-14/blib/lib:/home/njh/.cpan/build/Cpanel-JSON-XS-4.01-5/blib/arch:/home/njh/.cpan/build/Cpanel-JSON-XS-4.01-5/blib/lib:/home/njh/.cpan/build/Browser-Open-0.04-0/blib/arch:/home/njh/.cpan/build/Browser-Open-0.04-0/blib/lib:/home/njh/.cpan/build/Net-Etcd-0.019-0/blib/arch:/home/njh/.cpan/build/Net-Etcd-0.019-0/blib/lib:/home/njh/.cpan/build/Math-Int64-0.54-0/blib/arch:/home/njh/.cpan/build/Math-Int64-0.54-0/blib/lib:/home/njh/.cpan/build/AnyEvent-HTTP-2.23-0/blib/arch:/home/njh/.cpan/build/AnyEvent-HTTP-2.23-0/blib/lib:/home/njh/.cpan/build/common-sense-3.74-3/blib/arch:/home/njh/.cpan/build/common-sense-3.74-3/blib/lib:/home/njh/.cpan/build/AnyEvent-7.14-0/blib/arch:/home/njh/.cpan/build/AnyEvent-7.14-0/blib/lib:/home/njh/.cpan/build/Canary-Stability-2012-6/blib/arch:/home/njh/.cpan/build/Canary-Stability-2012-6/blib/lib"
    PERL5OPT=""
    PERL5_CPANPLUS_IS_RUNNING="8242"
    PERL5_CPAN_IS_RUNNING="8242"
    PERLBREW_BASHRC_VERSION="0.80"
    PERLBREW_HOME="/home/njh/.perlbrew"
    PERLBREW_MANPATH="/home/njh/perl5/perlbrew/perls/perl-5.8.6/man"
    PERLBREW_PATH="/home/njh/perl5/perlbrew/bin:/home/njh/perl5/perlbrew/perls/perl-5.8.6/bin"
    PERLBREW_PERL="perl-5.8.6"
    PERLBREW_ROOT="/home/njh/perl5/perlbrew"
    PERLBREW_VERSION="0.80"
  @INC:
    /home/njh/.cpan/build/Sah-Schemas-Bool-0.001-0/blib/arch
    /home/njh/.cpan/build/Sah-Schemas-Bool-0.001-0/blib/lib
    /home/njh/.cpan/build/Log-ger-0.023-5/blib/arch
    /home/njh/.cpan/build/Log-ger-0.023-5/blib/lib
    /home/njh/.cpan/build/JSON-MaybeXS-1.003010-14/blib/arch
    /home/njh/.cpan/build/JSON-MaybeXS-1.003010-14/blib/lib
    /home/njh/.cpan/build/Cpanel-JSON-XS-4.01-5/blib/arch
    /home/njh/.cpan/build/Cpanel-JSON-XS-4.01-5/blib/lib
    /home/njh/.cpan/build/Browser-Open-0.04-0/blib/arch
    /home/njh/.cpan/build/Browser-Open-0.04-0/blib/lib
    /home/njh/.cpan/build/Net-Etcd-0.019-0/blib/arch
    /home/njh/.cpan/build/Net-Etcd-0.019-0/blib/lib
    /home/njh/.cpan/build/Math-Int64-0.54-0/blib/arch
    /home/njh/.cpan/build/Math-Int64-0.54-0/blib/lib
    /home/njh/.cpan/build/AnyEvent-HTTP-2.23-0/blib/arch
    /home/njh/.cpan/build/AnyEvent-HTTP-2.23-0/blib/lib
    /home/njh/.cpan/build/common-sense-3.74-3/blib/arch
    /home/njh/.cpan/build/common-sense-3.74-3/blib/lib
    /home/njh/.cpan/build/AnyEvent-7.14-0/blib/arch
    /home/njh/.cpan/build/AnyEvent-7.14-0/blib/lib
    /home/njh/.cpan/build/Canary-Stability-2012-6/blib/arch
    /home/njh/.cpan/build/Canary-Stability-2012-6/blib/lib
    /home/njh/perl5/perlbrew/perls/perl-5.8.6/lib/5.8.6/armv6l-linux-thread-multi
    /home/njh/perl5/perlbrew/perls/perl-5.8.6/lib/5.8.6
    /home/njh/perl5/perlbrew/perls/perl-5.8.6/lib/site_perl/5.8.6/armv6l-linux-thread-multi
    /home/njh/perl5/perlbrew/perls/perl-5.8.6/lib/site_perl/5.8.6
    /home/njh/perl5/perlbrew/perls/perl-5.8.6/lib/site_perl
    .