Report for TaskForest-1.37

Back
From: metabase:user:917c2b6a-77f3-11e5-af78-c9d573d1e3cf
Subject: FAIL TaskForest-1.37 v5.18.1 GNU/Linux
Date: 2015-12-25T04:37:01Z

This distribution has been tested as part of the CPAN Testers
project, supporting the Perl programming language.  See
http://wiki.cpantesters.org/ for more information or email
questions to cpan-testers-discuss@perl.org


--
Dear Aijaz Ansari,

This is a computer-generated report for TaskForest-1.37
on perl 5.18.1, created by CPAN-Reporter-1.2015.

Thank you for uploading your work to CPAN.  However, there was a problem
testing your distribution.

If you think this report is invalid, please consult the CPAN Testers Wiki
for suggestions on how to avoid getting FAIL reports for missing library
or binary dependencies, unsupported operating systems, and so on:

http://wiki.cpantesters.org/wiki/CPANAuthorNotes

Sections of this report:

    * Tester comments
    * Program output
    * Prerequisites
    * Environment and other context

------------------------------
TESTER COMMENTS
------------------------------

Additional comments from tester:

this report is from an automated smoke testing program
and was not reviewed by a human for accuracy

------------------------------
PROGRAM OUTPUT
------------------------------

Output from '/usr/bin/make test':

PERL_DL_NONLAZY=1 "/usr/bin/perl5.18.1" "-MExtUtils::Command::MM" "-MTest::Harness" "-e" "undef *Test::Harness::Switches; test_harness(0, 'blib/lib', 'blib/arch')" t/*.t
t/000_Bailout.t ........................ ok
t/001_DateTime.t ....................... ok
t/002_TimeDependency.t ................. ok
t/003_Options.t ........................ ok
t/004_LogDir.t ......................... ok
t/005_Job.t ............................ ok

Ignore this line: Hello, world!
Can't locate object method "TIESCALAR" via package "TaskForest::StringHandleTier" at /home/petr/.local/share/.cpan/build/TaskForest-1.37-R4YNN9/blib/lib/TaskForest/StringHandle.pm line 50.
# Looks like you planned 16 tests but ran 8.
# Looks like your test exited with 255 just after 8.
t/0065_StringHandle.t .................. 
Dubious, test returned 255 (wstat 65280, 0xff00)
Failed 8/16 subtests 
"my" variable $year masks earlier declaration in same statement at t/006_Family.t line 54.
"my" variable $mon masks earlier declaration in same scope at t/006_Family.t line 54.
"my" variable $sf masks earlier declaration in same scope at t/006_Family.t line 55.
"my" variable $wday masks earlier declaration in same scope at t/006_Family.t line 55.
syntax error at t/006_Family.t line 51, near "$day qw (Mon Tue Wed Thu Fri Sat Sun)"
Global symbol "$day" requires explicit package name at t/006_Family.t line 52.
Execution of t/006_Family.t aborted due to compilation errors.
# Looks like you planned 74 tests but ran 2.
# Looks like your test exited with 255 just after 2.
t/006_Family.t ......................... 
Dubious, test returned 255 (wstat 65280, 0xff00)
Failed 72/74 subtests 
t/007_TaskForest.t ..................... ok
"my" variable $year masks earlier declaration in same statement at t/008_Repeat.t line 43.
"my" variable $mon masks earlier declaration in same scope at t/008_Repeat.t line 43.
"my" variable $sf masks earlier declaration in same scope at t/008_Repeat.t line 44.
"my" variable $wday masks earlier declaration in same scope at t/008_Repeat.t line 44.
syntax error at t/008_Repeat.t line 40, near "$day qw (Mon Tue Wed Thu Fri Sat Sun)"
Global symbol "$day" requires explicit package name at t/008_Repeat.t line 41.
Execution of t/008_Repeat.t aborted due to compilation errors.
# Looks like you planned 50 tests but ran 2.
# Looks like your test exited with 255 just after 2.
t/008_Repeat.t ......................... 
Dubious, test returned 255 (wstat 65280, 0xff00)
Failed 48/50 subtests 
Can't locate object method "TIESCALAR" via package "TaskForest::StringHandleTier" at /home/petr/.local/share/.cpan/build/TaskForest-1.37-R4YNN9/blib/lib/TaskForest/StringHandle.pm line 50.
# Looks like you planned 25 tests but ran 8.
# Looks like your test exited with 255 just after 8.
t/009_Display.t ........................ 
Dubious, test returned 255 (wstat 65280, 0xff00)
Failed 17/25 subtests 
Can't locate object method "TIESCALAR" via package "TaskForest::StringHandleTier" at /home/petr/.local/share/.cpan/build/TaskForest-1.37-R4YNN9/blib/lib/TaskForest/StringHandle.pm line 50.
# Looks like you planned 6 tests but ran 4.
# Looks like your test exited with 9 just after 4.
t/010_LongRunningJobs.t ................ 
Dubious, test returned 9 (wstat 2304, 0x900)
Failed 2/6 subtests 
"my" variable $year masks earlier declaration in same statement at t/011_NotEnoughTime.t line 43.
"my" variable $mon masks earlier declaration in same scope at t/011_NotEnoughTime.t line 43.
"my" variable $sf masks earlier declaration in same scope at t/011_NotEnoughTime.t line 44.
"my" variable $wday masks earlier declaration in same scope at t/011_NotEnoughTime.t line 44.
syntax error at t/011_NotEnoughTime.t line 40, near "$day qw (Mon Tue Wed Thu Fri Sat Sun)"
Global symbol "$day" requires explicit package name at t/011_NotEnoughTime.t line 41.
Execution of t/011_NotEnoughTime.t aborted due to compilation errors.
# Looks like you planned 50 tests but ran 2.
# Looks like your test exited with 255 just after 2.
t/011_NotEnoughTime.t .................. 
Dubious, test returned 255 (wstat 65280, 0xff00)
Failed 48/50 subtests 
Can't locate object method "TIESCALAR" via package "TaskForest::StringHandleTier" at /home/petr/.local/share/.cpan/build/TaskForest-1.37-R4YNN9/blib/lib/TaskForest/StringHandle.pm line 50.
# Looks like you planned 10 tests but ran 8.
# Looks like your test exited with 255 just after 8.
t/012_Collapse.t ....................... 
Dubious, test returned 255 (wstat 65280, 0xff00)
Failed 2/10 subtests 
Can't locate object method "TIESCALAR" via package "TaskForest::StringHandleTier" at /home/petr/.local/share/.cpan/build/TaskForest-1.37-R4YNN9/blib/lib/TaskForest/StringHandle.pm line 50.
# Looks like you planned 17 tests but ran 9.
# Looks like your test exited with 255 just after 9.
t/013_Rerun.t .......................... 
Dubious, test returned 255 (wstat 65280, 0xff00)
Failed 8/17 subtests 
Can't locate object method "TIESCALAR" via package "TaskForest::StringHandleTier" at /home/petr/.local/share/.cpan/build/TaskForest-1.37-R4YNN9/blib/lib/TaskForest/StringHandle.pm line 50.
# Looks like you planned 21 tests but ran 9.
# Looks like your test exited with 255 just after 9.
t/014_Mark.t ........................... 
Dubious, test returned 255 (wstat 65280, 0xff00)
Failed 12/21 subtests 
t/015_Syntax.t ......................... ok
t/016_Cascade.t ........................ ok

#   Failed test 'J2 was not in contention'
#   at t/017_IgnoreRegex.t line 121.
#                   'tokens.txt, tokens.lock, IGNORE01.J1.0, IGNORE02.J2.started, .., ., IGNORE02.J2.0, IGNORE01.J1.pid, IGNORE01.J1.started, IGNORE02.J2.pid'
#           matches '(?^:J2)'
# Looks like you failed 1 test of 12.
t/017_IgnoreRegex.t .................... 
Dubious, test returned 1 (wstat 256, 0x100)
Failed 1/12 subtests 
# 
# **********************************************************************
# 
# No web server was found at port 1111.  Skipping the rest of
# these tests.  If you want, you can start the web server and
# rerun 'make test'.
# 
# To start the web server enter:
# 
# perl -T -I lib ./blib/script/taskforestd --config_file=./taskforestd.test.cfg
# 
# For more help, see http://www.taskforest.com
# 
# **********************************************************************
# 
t/018TaskForestDaemon.t ................ ok
Can't locate object method "TIESCALAR" via package "TaskForest::StringHandleTier" at /home/petr/.local/share/.cpan/build/TaskForest-1.37-R4YNN9/blib/lib/TaskForest/StringHandle.pm line 50.
# Looks like you planned 17 tests but ran 8.
# Looks like your test exited with 255 just after 8.
t/019_FamilyRemoval.t .................. 
Dubious, test returned 255 (wstat 65280, 0xff00)
Failed 9/17 subtests 
t/020_Run_With_Log.t ................... ok
Can't locate object method "TIESCALAR" via package "TaskForest::StringHandleTier" at /home/petr/.local/share/.cpan/build/TaskForest-1.37-R4YNN9/blib/lib/TaskForest/StringHandle.pm line 50.
# Looks like you planned 51 tests but ran 9.
# Looks like your test exited with 255 just after 9.
t/021_Release.t ........................ 
Dubious, test returned 255 (wstat 65280, 0xff00)
Failed 42/51 subtests 
t/022_Debug.t .......................... ok
t/023_Tokens.t ......................... ok
Can't locate object method "TIESCALAR" via package "TaskForest::StringHandleTier" at /home/petr/.local/share/.cpan/build/TaskForest-1.37-R4YNN9/blib/lib/TaskForest/StringHandle.pm line 50.
# Looks like you planned 17 tests but ran 9.
# Looks like your test exited with 255 just after 9.
t/024_Midnight.t ....................... 
Dubious, test returned 255 (wstat 65280, 0xff00)
Failed 8/17 subtests 
Can't locate object method "TIESCALAR" via package "TaskForest::StringHandleTier" at /home/petr/.local/share/.cpan/build/TaskForest-1.37-R4YNN9/blib/lib/TaskForest/StringHandle.pm line 50.
# Looks like you planned 19 tests but ran 9.
# Looks like your test exited with 255 just after 9.
t/025_Midnight_Ready.t ................. 
Dubious, test returned 255 (wstat 65280, 0xff00)
Failed 10/19 subtests 
Can't locate object method "TIESCALAR" via package "TaskForest::StringHandleTier" at /home/petr/.local/share/.cpan/build/TaskForest-1.37-R4YNN9/blib/lib/TaskForest/StringHandle.pm line 50.
# Looks like you planned 16 tests but ran 9.
# Looks like your test exited with 255 just after 9.
t/026_Tomorrows_Logs.t ................. 
Dubious, test returned 255 (wstat 65280, 0xff00)
Failed 7/16 subtests 
t/027_MultiTokens.t .................... ok
t/028_TokenDemo.t ...................... ok
t/029_FindDaysOfWeek.t ................. ok
t/030_Calendar.t ....................... ok
t/031_Calendar_Simple.t ................ ok
t/032_Calendar_Weekdays.t .............. ok
t/033_DST.t ............................ ok
t/034_External.t ....................... ok
t/035_ExternalSameName.t ............... ok
Can't locate object method "TIESCALAR" via package "TaskForest::StringHandleTier" at /home/petr/.local/share/.cpan/build/TaskForest-1.37-R4YNN9/blib/lib/TaskForest/StringHandle.pm line 50.
# Looks like you planned 10 tests but ran 5.
# Looks like your test exited with 255 just after 5.
t/036_ExternalMultiple.t ............... 
Dubious, test returned 255 (wstat 65280, 0xff00)
Failed 5/10 subtests 
Can't locate object method "TIESCALAR" via package "TaskForest::StringHandleTier" at /home/petr/.local/share/.cpan/build/TaskForest-1.37-R4YNN9/blib/lib/TaskForest/StringHandle.pm line 50.
# Looks like you planned 58 tests but ran 5.
# Looks like your test exited with 255 just after 5.
t/037_ExternalDeep.t ................... 
Dubious, test returned 255 (wstat 65280, 0xff00)
Failed 53/58 subtests 
Can't locate object method "TIESCALAR" via package "TaskForest::StringHandleTier" at /home/petr/.local/share/.cpan/build/TaskForest-1.37-R4YNN9/blib/lib/TaskForest/StringHandle.pm line 50.
# Looks like you planned 13 tests but ran 5.
# Looks like your test exited with 255 just after 5.
t/038_ExternalTokens.t ................. 
Dubious, test returned 255 (wstat 65280, 0xff00)
Failed 8/13 subtests 
t/039_ExternalFirstLineOnly.t .......... ok
t/040_ExternalFirstLineOnly2.t ......... ok
t/041_ExternalSecondSection.t .......... ok
Can't locate object method "TIESCALAR" via package "TaskForest::StringHandleTier" at /home/petr/.local/share/.cpan/build/TaskForest-1.37-R4YNN9/blib/lib/TaskForest/StringHandle.pm line 50.
# Looks like you planned 13 tests but ran 5.
# Looks like your test exited with 255 just after 5.
t/042_ExternalMultipleSections.t ....... 
Dubious, test returned 255 (wstat 65280, 0xff00)
Failed 8/13 subtests 
Can't locate object method "TIESCALAR" via package "TaskForest::StringHandleTier" at /home/petr/.local/share/.cpan/build/TaskForest-1.37-R4YNN9/blib/lib/TaskForest/StringHandle.pm line 50.
# Looks like you planned 17 tests but ran 6.
# Looks like your test exited with 255 just after 6.
t/043_ExternalSecondSectionParallel.t .. 
Dubious, test returned 255 (wstat 65280, 0xff00)
Failed 11/17 subtests 
Can't locate object method "TIESCALAR" via package "TaskForest::StringHandleTier" at /home/petr/.local/share/.cpan/build/TaskForest-1.37-R4YNN9/blib/lib/TaskForest/StringHandle.pm line 50.
# Looks like you planned 35 tests but ran 10.
# Looks like your test exited with 255 just after 10.
t/044_Hold.t ........................... 
Dubious, test returned 255 (wstat 65280, 0xff00)
Failed 25/35 subtests 
Can't locate object method "TIESCALAR" via package "TaskForest::StringHandleTier" at /home/petr/.local/share/.cpan/build/TaskForest-1.37-R4YNN9/blib/lib/TaskForest/StringHandle.pm line 50.
# Looks like you planned 40 tests but ran 10.
# Looks like your test exited with 255 just after 10.
t/045_ReleaseHold.t .................... 
Dubious, test returned 255 (wstat 65280, 0xff00)
Failed 30/40 subtests 
Can't locate object method "TIESCALAR" via package "TaskForest::StringHandleTier" at /home/petr/.local/share/.cpan/build/TaskForest-1.37-R4YNN9/blib/lib/TaskForest/StringHandle.pm line 50.
# Looks like you planned 52 tests but ran 10.
# Looks like your test exited with 255 just after 10.
t/046_Retry.t .......................... 
Dubious, test returned 255 (wstat 65280, 0xff00)
Failed 42/52 subtests 
Can't locate object method "TIESCALAR" via package "TaskForest::StringHandleTier" at /home/petr/.local/share/.cpan/build/TaskForest-1.37-R4YNN9/blib/lib/TaskForest/StringHandle.pm line 50.
# Looks like you planned 30 tests but ran 10.
# Looks like your test exited with 255 just after 10.
t/047_Fail.t ........................... 
Dubious, test returned 255 (wstat 65280, 0xff00)
Failed 20/30 subtests 
Can't locate object method "TIESCALAR" via package "TaskForest::StringHandleTier" at /home/petr/.local/share/.cpan/build/TaskForest-1.37-R4YNN9/blib/lib/TaskForest/StringHandle.pm line 50.
# Looks like you planned 77 tests but ran 10.
# Looks like your test exited with 255 just after 10.
t/048_FailRetry.t ...................... 
Dubious, test returned 255 (wstat 65280, 0xff00)
Failed 67/77 subtests 

Test Summary Report
-------------------
t/0065_StringHandle.t                (Wstat: 65280 Tests: 8 Failed: 0)
  Non-zero exit status: 255
  Parse errors: Bad plan.  You planned 16 tests but ran 8.
t/006_Family.t                       (Wstat: 65280 Tests: 2 Failed: 0)
  Non-zero exit status: 255
  Parse errors: Bad plan.  You planned 74 tests but ran 2.
t/008_Repeat.t                       (Wstat: 65280 Tests: 2 Failed: 0)
  Non-zero exit status: 255
  Parse errors: Bad plan.  You planned 50 tests but ran 2.
t/009_Display.t                      (Wstat: 65280 Tests: 8 Failed: 0)
  Non-zero exit status: 255
  Parse errors: Bad plan.  You planned 25 tests but ran 8.
t/010_LongRunningJobs.t              (Wstat: 2304 Tests: 4 Failed: 0)
  Non-zero exit status: 9
  Parse errors: Bad plan.  You planned 6 tests but ran 4.
t/011_NotEnoughTime.t                (Wstat: 65280 Tests: 2 Failed: 0)
  Non-zero exit status: 255
  Parse errors: Bad plan.  You planned 50 tests but ran 2.
t/012_Collapse.t                     (Wstat: 65280 Tests: 8 Failed: 0)
  Non-zero exit status: 255
  Parse errors: Bad plan.  You planned 10 tests but ran 8.
t/013_Rerun.t                        (Wstat: 65280 Tests: 9 Failed: 0)
  Non-zero exit status: 255
  Parse errors: Bad plan.  You planned 17 tests but ran 9.
t/014_Mark.t                         (Wstat: 65280 Tests: 9 Failed: 0)
  Non-zero exit status: 255
  Parse errors: Bad plan.  You planned 21 tests but ran 9.
t/017_IgnoreRegex.t                  (Wstat: 256 Tests: 12 Failed: 1)
  Failed test:  9
  Non-zero exit status: 1
t/019_FamilyRemoval.t                (Wstat: 65280 Tests: 8 Failed: 0)
  Non-zero exit status: 255
  Parse errors: Bad plan.  You planned 17 tests but ran 8.
t/021_Release.t                      (Wstat: 65280 Tests: 9 Failed: 0)
  Non-zero exit status: 255
  Parse errors: Bad plan.  You planned 51 tests but ran 9.
t/024_Midnight.t                     (Wstat: 65280 Tests: 9 Failed: 0)
  Non-zero exit status: 255
  Parse errors: Bad plan.  You planned 17 tests but ran 9.
t/025_Midnight_Ready.t               (Wstat: 65280 Tests: 9 Failed: 0)
  Non-zero exit status: 255
  Parse errors: Bad plan.  You planned 19 tests but ran 9.
t/026_Tomorrows_Logs.t               (Wstat: 65280 Tests: 9 Failed: 0)
  Non-zero exit status: 255
  Parse errors: Bad plan.  You planned 16 tests but ran 9.
t/036_ExternalMultiple.t             (Wstat: 65280 Tests: 5 Failed: 0)
  Non-zero exit status: 255
  Parse errors: Bad plan.  You planned 10 tests but ran 5.
t/037_ExternalDeep.t                 (Wstat: 65280 Tests: 5 Failed: 0)
  Non-zero exit status: 255
  Parse errors: Bad plan.  You planned 58 tests but ran 5.
t/038_ExternalTokens.t               (Wstat: 65280 Tests: 5 Failed: 0)
  Non-zero exit status: 255
  Parse errors: Bad plan.  You planned 13 tests but ran 5.
t/042_ExternalMultipleSections.t     (Wstat: 65280 Tests: 5 Failed: 0)
  Non-zero exit status: 255
  Parse errors: Bad plan.  You planned 13 tests but ran 5.
t/043_ExternalSecondSectionParallel.t (Wstat: 65280 Tests: 6 Failed: 0)
  Non-zero exit status: 255
  Parse errors: Bad plan.  You planned 17 tests but ran 6.
t/044_Hold.t                         (Wstat: 65280 Tests: 10 Failed: 0)
  Non-zero exit status: 255
  Parse errors: Bad plan.  You planned 35 tests but ran 10.
t/045_ReleaseHold.t                  (Wstat: 65280 Tests: 10 Failed: 0)
  Non-zero exit status: 255
  Parse errors: Bad plan.  You planned 40 tests but ran 10.
t/046_Retry.t                        (Wstat: 65280 Tests: 10 Failed: 0)
  Non-zero exit status: 255
  Parse errors: Bad plan.  You planned 52 tests but ran 10.
t/047_Fail.t                         (Wstat: 65280 Tests: 10 Failed: 0)
  Non-zero exit status: 255
  Parse errors: Bad plan.  You planned 30 tests but ran 10.
t/048_FailRetry.t                    (Wstat: 65280 Tests: 10 Failed: 0)
  Non-zero exit status: 255
  Parse errors: Bad plan.  You planned 77 tests but ran 10.
Files=50, Tests=10518, 71 wallclock secs ( 1.57 usr  0.18 sys + 14.41 cusr  1.79 csys = 17.95 CPU)
Result: FAIL
Failed 25/50 test programs. 1/10518 subtests failed.
make: *** [test_dynamic] Error 255

------------------------------
PREREQUISITES
------------------------------

Prerequisite modules loaded:

requires:

    Module              Need  Have    
    ------------------- ----- --------
    Config::General     2.38  2.60    
    DateTime            0     1.21    
    HTTP::Daemon        5.818 6.01    
    HTTP::Request       5.818 6.11    
    HTTP::Response      5.82  6.11    
    HTTP::Status        5.817 6.11    
    Log::Log4perl       1.16  1.46    
    Net::SMTP           2.31  2.31    
    Test::Simple        0.44  1.001014

build_requires:

    Module              Need  Have    
    ------------------- ----- --------
    ExtUtils::MakeMaker 0     7.10    


------------------------------
ENVIRONMENT AND OTHER CONTEXT
------------------------------

Environment variables:

    AUTOMATED_TESTING = 1
    LANG = cs_CZ.UTF-8
    LC_ALL = cs_CZ.UTF-8
    LC_COLLATE = C
    LC_CTYPES = cs_CZ.UTF-8
    PATH = /home/petr/perl5/bin:/usr/local/bin:/usr/bin:/bin:/usr/games:/usr/lib64/qt/bin:/home/petr/bin
    PERL5LIB = /home/petr/.local/share/.cpan/build/Config-General-2.60-vcHgUI/blib/arch:/home/petr/.local/share/.cpan/build/Config-General-2.60-vcHgUI/blib/lib:/home/petr/.local/share/.cpan/build/Log-Log4perl-1.46-4mK_Fk/blib/arch:/home/petr/.local/share/.cpan/build/Log-Log4perl-1.46-4mK_Fk/blib/lib:/home/petr/perl5/lib/perl5
    PERL5OPT = 
    PERL5_CPANPLUS_IS_RUNNING = 9932
    PERL5_CPAN_IS_RUNNING = 9932
    PERL5_CPAN_IS_RUNNING_IN_RECURSION = 1008,9932
    PERL_CR_SMOKER_CURRENT = TaskForest-1.37
    PERL_EXTUTILS_AUTOINSTALL = --defaultdeps
    PERL_LOCAL_LIB_ROOT = /home/petr/perl5
    PERL_LWP_SSL_CA_PATH = /etc/ssl/certs
    PERL_MB_OPT = --install_base "/home/petr/perl5"
    PERL_MM_OPT = INSTALL_BASE=/home/petr/perl5
    PERL_MM_USE_DEFAULT = 1
    SHELL = /bin/bash
    TERM = screen

Perl special variables (and OS-specific diagnostics, for MSWin32):

    $^X = /usr/bin/perl5.18.1
    $UID/$EUID = 1000 / 1000
    $GID = 100 7 10 11 17 18 19 93 100
    $EGID = 100 7 10 11 17 18 19 93 100

Perl module toolchain versions installed:

    Module              Have    
    ------------------- --------
    CPAN                2.10    
    CPAN::Meta          2.150005
    Cwd                 3.40    
    ExtUtils::CBuilder  0.280210
    ExtUtils::Command   7.10    
    ExtUtils::Install   1.59    
    ExtUtils::MakeMaker 7.10    
    ExtUtils::Manifest  1.65    
    ExtUtils::ParseXS   3.18    
    File::Spec          3.40    
    JSON                2.90    
    JSON::PP            2.27203 
    Module::Build       0.4003  
    Module::Signature   n/a     
    Parse::CPAN::Meta   1.4417  
    Test::Harness       3.26    
    Test::More          1.001014
    YAML                1.15    
    YAML::Syck          1.29    
    version             0.9902  


--

Summary of my perl5 (revision 5 version 18 subversion 1) configuration:
   
  Platform:
    osname=linux, osvers=3.10.9, archname=x86_64-linux-thread-multi
    uname='linux hive64 3.10.9 #1 smp wed aug 21 14:50:51 cdt 2013 x86_64 amd phenom(tm) ii x6 1100t processor authenticamd gnulinux '
    config_args='-de -Dprefix=/usr -Dsiteprefix=/usr/local -Dsitelib=/usr/local/share/perl5 -Dsitearch=/usr/local/lib64/perl5 -Darchlib=/usr/lib64/perl5 -Dvendorprefix=/usr -Dprivlib=/usr/share/perl5 -Dvendorlib=/usr/share/perl5/vendor_perl -Dvendorarch=/usr/lib64/perl5/vendor_perl -Dscriptdir=/usr/bin -Dcccdlflags=-fPIC -Dinstallprefix=/usr -Dlibpth=/usr/local/lib64 /usr/lib64 /lib64 -Doptimize=-O2 -fPIC -Dusethreads -Duseithreads -Duseshrplib -Ubincompat5005 -Uversiononly -Dpager=/usr/bin/less -isr -Darchname=x86_64-linux'
    hint=recommended, useposix=true, d_sigaction=define
    useithreads=define, usemultiplicity=define
    useperlio=define, d_sfio=undef, uselargefiles=define, usesocks=undef
    use64bitint=define, use64bitall=define, uselongdouble=undef
    usemymalloc=n, bincompat5005=undef
  Compiler:
    cc='cc', ccflags ='-D_REENTRANT -D_GNU_SOURCE -fno-strict-aliasing -pipe -fstack-protector -I/usr/local/include -D_LARGEFILE_SOURCE -D_FILE_OFFSET_BITS=64',
    optimize='-O2 -fPIC',
    cppflags='-D_REENTRANT -D_GNU_SOURCE -fno-strict-aliasing -pipe -fstack-protector -I/usr/local/include'
    ccversion='', gccversion='4.8.1', gccosandvers=''
    intsize=4, longsize=8, ptrsize=8, doublesize=8, byteorder=12345678
    d_longlong=define, longlongsize=8, d_longdbl=define, longdblsize=16
    ivtype='long', ivsize=8, nvtype='double', nvsize=8, Off_t='off_t', lseeksize=8
    alignbytes=8, prototype=define
  Linker and Libraries:
    ld='cc', ldflags =' -fstack-protector'
    libpth=/usr/local/lib64 /usr/lib64 /lib64
    libs=-lnsl -lgdbm -ldb -ldl -lm -lcrypt -lutil -lpthread -lc
    perllibs=-lnsl -ldl -lm -lcrypt -lutil -lpthread -lc
    libc=/lib64/libc-2.17.so, so=so, useshrplib=true, libperl=libperl.so
    gnulibc_version='2.17'
  Dynamic Linking:
    dlsrc=dl_dlopen.xs, dlext=so, d_dlsymun=undef, ccdlflags='-Wl,-E -Wl,-rpath,/usr/lib64/perl5/CORE'
    cccdlflags='-fPIC', lddlflags='-shared -O2 -fPIC -fstack-protector'


Characteristics of this binary (from libperl): 
  Compile-time options: HAS_TIMES MULTIPLICITY PERLIO_LAYERS
                        PERL_DONT_CREATE_GVSV
                        PERL_HASH_FUNC_ONE_AT_A_TIME_HARD
                        PERL_IMPLICIT_CONTEXT PERL_MALLOC_WRAP
                        PERL_PRESERVE_IVUV PERL_SAWAMPERSAND USE_64_BIT_ALL
                        USE_64_BIT_INT USE_ITHREADS USE_LARGE_FILES
                        USE_LOCALE USE_LOCALE_COLLATE USE_LOCALE_CTYPE
                        USE_LOCALE_NUMERIC USE_PERLIO USE_PERL_ATOF
                        USE_REENTRANT_API
  Built under linux
  Compiled at Sep  2 2013 18:11:30
  %ENV:
    PERL5LIB="/home/petr/.local/share/.cpan/build/Config-General-2.60-vcHgUI/blib/arch:/home/petr/.local/share/.cpan/build/Config-General-2.60-vcHgUI/blib/lib:/home/petr/.local/share/.cpan/build/Log-Log4perl-1.46-4mK_Fk/blib/arch:/home/petr/.local/share/.cpan/build/Log-Log4perl-1.46-4mK_Fk/blib/lib:/home/petr/perl5/lib/perl5"
    PERL5OPT=""
    PERL5_CPANPLUS_IS_RUNNING="9932"
    PERL5_CPAN_IS_RUNNING="9932"
    PERL5_CPAN_IS_RUNNING_IN_RECURSION="1008,9932"
    PERL_CR_SMOKER_CURRENT="TaskForest-1.37"
    PERL_EXTUTILS_AUTOINSTALL="--defaultdeps"
    PERL_LOCAL_LIB_ROOT="/home/petr/perl5"
    PERL_LWP_SSL_CA_PATH="/etc/ssl/certs"
    PERL_MB_OPT="--install_base "/home/petr/perl5""
    PERL_MM_OPT="INSTALL_BASE=/home/petr/perl5"
    PERL_MM_USE_DEFAULT="1"
  @INC:
    /home/petr/.local/share/.cpan/build/Config-General-2.60-vcHgUI/blib/arch
    /home/petr/.local/share/.cpan/build/Config-General-2.60-vcHgUI/blib/lib
    /home/petr/.local/share/.cpan/build/Log-Log4perl-1.46-4mK_Fk/blib/arch
    /home/petr/.local/share/.cpan/build/Log-Log4perl-1.46-4mK_Fk/blib/lib
    /home/petr/perl5/lib/perl5/5.18.1/x86_64-linux-thread-multi
    /home/petr/perl5/lib/perl5/5.18.1
    /home/petr/perl5/lib/perl5/x86_64-linux-thread-multi
    /home/petr/perl5/lib/perl5
    /usr/local/lib64/perl5
    /usr/local/share/perl5
    /usr/lib64/perl5/vendor_perl
    /usr/share/perl5/vendor_perl
    /usr/lib64/perl5
    /usr/share/perl5
    .