Report for CGI-Cache-1.4207

Back
From: metabase:user:5f77f54e-6c0d-1014-966e-55cac1b3e646
Subject: FAIL CGI-Cache-1.4207 v5.16.3 
Date: 2015-05-14T15:20:05Z

This distribution has been tested as part of the CPAN Testers
project, supporting the Perl programming language.  See
http://wiki.cpantesters.org/ for more information or email
questions to cpan-testers-discuss@perl.org


--
Dear David Coppit,

This is a computer-generated report for CGI-Cache-1.4207
on perl 5.16.3, created by CPAN-Reporter-1.2014.

Thank you for uploading your work to CPAN.  However, there was a problem
testing your distribution.

If you think this report is invalid, please consult the CPAN Testers Wiki
for suggestions on how to avoid getting FAIL reports for missing library
or binary dependencies, unsupported operating systems, and so on:

http://wiki.cpantesters.org/wiki/CPANAuthorNotes

Sections of this report:

    * Tester comments
    * Program output
    * Prerequisites
    * Environment and other context

------------------------------
TESTER COMMENTS
------------------------------

Additional comments from tester:

none provided

------------------------------
PROGRAM OUTPUT
------------------------------

Output from 'C:\VS13\VC\bin\nmake.exe test':


Microsoft (R) Program Maintenance Utility Version 12.00.21005.1
Copyright (C) Microsoft Corporation.  All rights reserved.

	"C:\Perl\bin\perl.EXE" "-MExtUtils::Command::MM" "-MTest::Harness" "-e" "undef *Test::Harness::Switches; test_harness(0, 'inc', 'blib\lib', 'blib\arch')" t\*.t
Subroutine Cwd::bootstrap redefined at C:/Perl/lib/DynaLoader.pm line 207.
Subroutine Cwd::CLONE redefined at C:/Perl/lib/DynaLoader.pm line 214.
Subroutine Cwd::fastcwd redefined at C:/Perl/lib/DynaLoader.pm line 214.
Subroutine Cwd::getcwd redefined at C:/Perl/lib/DynaLoader.pm line 214.
Subroutine Cwd::abs_path redefined at C:/Perl/lib/DynaLoader.pm line 214.
Subroutine Cwd::getdcwd redefined at C:/Perl/lib/DynaLoader.pm line 214.
Subroutine File::Spec::Unix::canonpath redefined at C:/Perl/lib/DynaLoader.pm line 214.
Subroutine File::Spec::Unix::_fn_canonpath redefined at C:/Perl/lib/DynaLoader.pm line 214.
Subroutine File::Spec::Unix::catdir redefined at C:/Perl/lib/DynaLoader.pm line 214.
Subroutine File::Spec::Unix::_fn_catdir redefined at C:/Perl/lib/DynaLoader.pm line 214.
Subroutine File::Spec::Unix::catfile redefined at C:/Perl/lib/DynaLoader.pm line 214.
Subroutine File::Spec::Unix::_fn_catfile redefined at C:/Perl/lib/DynaLoader.pm line 214.
Free to wrong pool 2abf40 not 211d338 at t\000_standard__compile.t line 12 during global destruction.
t\000_standard__compile.t ....... 
Dubious, test returned 5 (wstat 1280, 0x500)
Failed 1/1 subtests 
t\000_standard__perl_critic.t ... skipped: Author test. Set $ENV{TEST_AUTHOR} to a true value to run.
t\000_standard__pod.t ........... ok
t\000_standard__pod_coverage.t .. ok
t\basic.t ....................... ok
t\buffer.t ...................... ok
t\cgi_carp.t .................... ok
t\disabled_ouput.t .............. ok
t\invalidate_cache_entry.t ...... ok
t\non-caching.t ................. ok
t\pause_continue.t .............. ok
t\stop.t ........................ ok
t\user_specified_filehandle.t ... ok

Test Summary Report
-------------------
t\000_standard__compile.t     (Wstat: 1280 Tests: 0 Failed: 0)
  Non-zero exit status: 5
  Parse errors: Bad plan.  You planned 1 tests but ran 0.
Files=13, Tests=68, 18 wallclock secs ( 0.14 usr +  0.08 sys =  0.22 CPU)
Result: FAIL
Failed 1/13 test programs. 0/68 subtests failed.
NMAKE : fatal error U1077: 'C:\Perl\bin\perl.EXE' : return code '0xff'
Stop.

------------------------------
PREREQUISITES
------------------------------

Prerequisite modules loaded:

requires:

    Module              Need  Have    
    ------------------- ----- --------
    Cache::Cache        0     1.08    
    File::Path          0     2.09    
    File::Spec          0     3.47    
    perl                5.005 5.016003
    Storable            0     2.51    
    Tie::Restore        0     0.11    

build_requires:

    Module              Need  Have    
    ------------------- ----- --------
    Error               0     0.17023 
    ExtUtils::MakeMaker 6.36  7.04    
    File::Slurp         0     9999.19 
    Test::Compile       0     v1.2.1  
    Test::More          0     1.001014
    UNIVERSAL::require  0     0.18    
    URI::Escape         0     3.31    

configure_requires:

    Module              Need  Have    
    ------------------- ----- --------
    ExtUtils::MakeMaker 6.36  7.04    
    URI::Escape         0     3.31    


------------------------------
ENVIRONMENT AND OTHER CONTEXT
------------------------------

Environment variables:

    COMSPEC = C:\TCMD\TCC.EXE
    INCLUDE = C:\VS13\VC\INCLUDE;C:\VS13\VC\ATLMFC\INCLUDE;C:\Program Files (x86)\Windows Kits\8.1\include\shared;C:\Program Files (x86)\Windows Kits\8.1\include\um;C:\Program Files (x86)\Windows Kits\8.1\include\winrt;c:\openssl\include;C:\Program Files (x86)\Microsoft SDKs\Windows\v7.1A\Include
    LIB = C:\VS13\VC\LIB;C:\VS13\VC\ATLMFC\LIB;C:\Program Files (x86)\Windows Kits\8.1\lib\winv6.3\um\x86;c:\openssl\lib;c:\VS10\VC\LIB;C:\VS13\VC\atlmfc\lib;C:\Program Files (x86)\Microsoft SDKs\Windows\v7.1A\Lib;c:\tcl\lib
    NUMBER_OF_PROCESSORS = 4
    PATH = C:\Windows;C:\Windows\System32;C:\Windows\System32\WBEM;C:\VS13\Common7\IDE\CommonExtensions\Microsoft\TestWindow;C:\Program Files (x86)\Microsoft SDKs\F#\3.1\Framework\v4.0;C:\Program Files (x86)\MSBuild\12.0\Bin;C:\VS13\Common7\IDE;C:\VS13\VC\bin;C:\VS13\Common7\Tools;C:\Windows\Microsoft.NET\Framework\v4.0.30319;C:\VS13\VC\vcpackages;C:\Program Files (x86)\HTML Help Workshop;C:\VS13\Team Tools\Performance Tools;C:\Program Files (x86)\Windows Kits\8.1\bin\x86;C:\Program Files (x86)\Microsoft SDKs\Windows\v8.1A\bin\NETFX 4.5.1 Tools;C:\ProgramData\Oracle\Java\javapath;C:\Tcl\bin;C:\Perl\PDK\bin;C:\Python;C:\Python\Scripts;C:\Program Files (x86)\ImageMagick-6.9.0-Q16;C:\Program Files (x86)\ActiveState Komodo IDE 8;C:\Perl\PDK\bin;C:\Python;C:\Program Files\RSA SecurID Token Common;C:\Program Files (x86)\ImageMagick-6.9.0-Q16;C:\Program Files (x86)\ActiveState Komodo IDE 8;C:\TCMD;C:\Utils;C:\openssl\bin;C:\Perl\site\bin;C:\Perl\bin;C:\VS10\VC\bin;C:\Program Files (x86)\Nmap;C:\Windows\idmu\common;C:\VS10\Common7\IDE;C:\VS13\Common7\Tools;C:\Windows\Microsoft.NET\Framework\v4.0.30319;C:\Windows\Microsoft.NET\Framework\v3.5;C:\VS13\VC\vcpackages;C:\Program Files (x86)\Microsoft SDKs\Windows\v8.1A\bin\NETFX 4.5.1 Tools;C:\Program Files (x86)\Microsoft SDKs\Windows\v7.0A\Bin;C:\Program Files (x86)\Graphviz 2.28\bin;C:\Windows\System32\WindowsPowerShell\v1.0;C:\Apache24\bin;C:\Program Files (x86)\QuickTime\QTSystem;C:\Program Files\VanDyke Software\Clients;C:\Program Files (x86)\Intel\OpenCL SDK\2.0\bin\x86;C:\Program Files (x86)\Intel\OpenCL SDK\2.0\bin\x64;C:\Program Files\Intel\WiFi\bin;C:\Program Files\Common Files\Intel\WirelessCommon;C:\Program Files (x86)\WinSCP;C:\GnuPG\pub;C:\Program Files\VanDyke Software\Clients;C:\Program Files (x86)\WinSCP;C:\Program Files\VanDyke Software\Clients;C:\Program Files\VanDyke Software\Clients;C:\Program Files (x86)\QuickTime\QTSystem;C:\Pari;C:\Program Files\VanDyke Software\Clients;C:\Program Files\Intel\WiFi\bin;C:\Program Files\Common Files\Intel\WirelessCommon;C:\Program Files (x86)\Nmap;C:\Program Files\Intel\WiFi\bin\;C:\Program Files\Common Files\Intel\WirelessCommon\
    PERL5LIB = 
    PERL5OPT = 
    PERL5_CPANPLUS_IS_RUNNING = 1872
    PERL5_CPAN_IS_RUNNING = 1872
    PROCESSOR_IDENTIFIER = Intel64 Family 6 Model 42 Stepping 7, GenuineIntel
    TEMP = C:\Users\a00772a\AppData\Local\Temp
    TERM = dumb

Perl special variables (and OS-specific diagnostics, for MSWin32):

    $^X = C:\Perl\bin\perl.EXE
    $UID/$EUID = 0 / 0
    $GID = 0
    $EGID = 0
    Win32::GetOSName = Win7
    Win32::GetOSVersion = Service Pack 1, 6, 1, 7601, 2, 1, 0, 256, 1
    Win32::FsType = NTFS
    Win32::IsAdminUser = 1

Perl module toolchain versions installed:

    Module              Have    
    ------------------- --------
    CPAN                2.10    
    CPAN::Meta          2.150001
    Cwd                 3.47    
    ExtUtils::CBuilder  0.280220
    ExtUtils::Command   1.20    
    ExtUtils::Install   2.04    
    ExtUtils::MakeMaker 7.04    
    ExtUtils::Manifest  1.70    
    ExtUtils::ParseXS   3.24    
    File::Spec          3.47    
    JSON                2.90    
    JSON::PP            2.27300 
    Module::Build       0.4211  
    Module::Signature   0.78    
    Parse::CPAN::Meta   1.4414  
    Test::Harness       3.35    
    Test::More          1.001014
    YAML                1.15    
    YAML::Syck          1.29    
    version             0.9912  


--

Summary of my perl5 (revision 5 version 16 subversion 3) configuration:
   
  Platform:
    osname=MSWin32, osvers=5.2, archname=MSWin32-x86-multi-thread
    uname=''
    config_args='undef'
    hint=recommended, useposix=true, d_sigaction=undef
    useithreads=define, usemultiplicity=define
    useperlio=define, d_sfio=undef, uselargefiles=define, usesocks=undef
    use64bitint=undef, use64bitall=undef, uselongdouble=undef
    usemymalloc=n, bincompat5005=undef
  Compiler:
    cc='cl', ccflags ='-nologo -GF -W3 -MD -Zi -DNDEBUG -O1 -DWIN32 -D_CONSOLE -DNO_STRICT -DPERL_TEXTMODE_SCRIPTS -DUSE_SITECUSTOMIZE -DPERL_IMPLICIT_CONTEXT -DPERL_IMPLICIT_SYS -DUSE_PERLIO -D_USE_32BIT_TIME_T',
    optimize='-MD -Zi -DNDEBUG -O1',
    cppflags='-DWIN32'
    ccversion='18.0.31101', gccversion='', gccosandvers=''
    intsize=4, longsize=4, ptrsize=4, doublesize=8, byteorder=1234
    d_longlong=undef, longlongsize=8, d_longdbl=define, longdblsize=8
    ivtype='long', ivsize=4, nvtype='double', nvsize=8, Off_t='__int64', lseeksize=8
    alignbytes=8, prototype=define
  Linker and Libraries:
    ld='link', ldflags ='-nologo -nodefaultlib -debug -opt:ref,icf  -libpath:"C:\Perl\lib\CORE"  -machine:x86'
    libpth=\lib
    libs=oldnames.lib kernel32.lib user32.lib gdi32.lib winspool.lib  comdlg32.lib advapi32.lib shell32.lib ole32.lib oleaut32.lib  netapi32.lib uuid.lib ws2_32.lib mpr.lib winmm.lib  version.lib odbc32.lib odbccp32.lib comctl32.lib msvcrt.lib
    perllibs=oldnames.lib kernel32.lib user32.lib gdi32.lib winspool.lib  comdlg32.lib advapi32.lib shell32.lib ole32.lib oleaut32.lib  netapi32.lib uuid.lib ws2_32.lib mpr.lib winmm.lib  version.lib odbc32.lib odbccp32.lib comctl32.lib msvcrt.lib
    libc=msvcrt.lib, so=dll, useshrplib=true, libperl=perl516.lib
    gnulibc_version=''
  Dynamic Linking:
    dlsrc=dl_win32.xs, dlext=dll, d_dlsymun=undef, ccdlflags=' '
    cccdlflags=' ', lddlflags='-dll -nologo -nodefaultlib -debug -opt:ref,icf  -libpath:"C:\Perl\lib\CORE"  -machine:x86'


Characteristics of this binary (from libperl): 
  Compile-time options: HAS_TIMES HAVE_INTERP_INTERN MULTIPLICITY
                        PERLIO_LAYERS PERL_DONT_CREATE_GVSV
                        PERL_IMPLICIT_CONTEXT PERL_IMPLICIT_SYS
                        PERL_MALLOC_WRAP PERL_PRESERVE_IVUV PL_OP_SLAB_ALLOC
                        USE_ITHREADS USE_LARGE_FILES USE_LOCALE
                        USE_LOCALE_COLLATE USE_LOCALE_CTYPE
                        USE_LOCALE_NUMERIC USE_PERLIO USE_PERL_ATOF
                        USE_SITECUSTOMIZE
  Locally applied patches:
	ActivePerl Build 1604 [298023]
  Built under MSWin32
  Compiled at Apr 14 2014 14:32:20
  %ENV:
    PERL5_CPANPLUS_IS_RUNNING="1872"
    PERL5_CPAN_IS_RUNNING="1872"
  @INC:
    C:/Perl/site/lib/MSWin32-x86-multi-thread
    C:/Perl/site/lib
    C:/Perl/lib
    .