Art-World v0.18_14 Perl 5 v5.24.2 i686-linux-thread-multi

Status
Fail
From
Chris Williams (BINGOS)
Dist
Art-World v0.18_14
Platform
Perl 5 v5.24.2 i686-linux-thread-multi
Date
2021-03-25T21:43:30
ID
23a95780-8db3-11eb-84bc-edd243e66a77
This distribution has been tested as part of the CPAN Testers
project, supporting the Perl programming language.  See
http://wiki.cpantesters.org/ for more information or email
questions to cpan-testers-discuss@perl.org


--

Dear SMONFF,

This is a computer-generated error report created automatically by
CPANPLUS, version 0.9910. Testers personal comments may appear
at the end of this report.


Thank you for uploading your work to CPAN.  However, it appears that
there were some problems testing your distribution.

TEST RESULTS:

Below is the error stack from stage 'make test':

t/00_pod.t ............ ok
Out of memory!

#   Failed test 'use Art::World;'
#   at t/01_basic.t line 5.
#     Tried to use 'Art::World'.
#     Error:  Concept is nested in Art but Art is not a class at (eval 706) line 1.
# BEGIN failed--compilation aborted at (eval 706) line 1.
#  at /home/cpan/pit/jail/BSD5I3VZnj/lib/perl5/B/Hooks/EndOfScope/XS.pm line 26.
# Compilation failed in require at t/01_basic.t line 5.
# BEGIN failed--compilation aborted at t/01_basic.t line 5.
# Looks like you failed 1 test of 1.
t/01_basic.t .......... 
Dubious, test returned 1 (wstat 256, 0x100)
Failed 1/1 subtests 
Out of memory!
Concept is nested in Art but Art is not a class at (eval 705) line 1.
BEGIN failed--compilation aborted at (eval 705) line 1.
 at /home/cpan/pit/jail/BSD5I3VZnj/lib/perl5/B/Hooks/EndOfScope/XS.pm line 26.
Compilation failed in require at t/02_abstraction.t line 3.
BEGIN failed--compilation aborted at t/02_abstraction.t line 3.
# Looks like your test exited with 12 before it could output anything.
t/02_abstraction.t .... 
Dubious, test returned 12 (wstat 3072, 0xc00)
Failed 6/6 subtests 
Out of memory!
Concept is nested in Art but Art is not a class at (eval 705) line 1.
BEGIN failed--compilation aborted at (eval 705) line 1.
 at /home/cpan/pit/jail/BSD5I3VZnj/lib/perl5/B/Hooks/EndOfScope/XS.pm line 26.
Compilation failed in require at t/03_agent.t line 3.
BEGIN failed--compilation aborted at t/03_agent.t line 3.
# Looks like your test exited with 12 before it could output anything.
t/03_agent.t .......... 
Dubious, test returned 12 (wstat 3072, 0xc00)
Failed 13/13 subtests 
Out of memory!
Concept is nested in Art but Art is not a class at (eval 705) line 1.
BEGIN failed--compilation aborted at (eval 705) line 1.
 at /home/cpan/pit/jail/BSD5I3VZnj/lib/perl5/B/Hooks/EndOfScope/XS.pm line 26.
Compilation failed in require at t/04_artist.t line 3.
BEGIN failed--compilation aborted at t/04_artist.t line 3.
# Looks like your test exited with 12 before it could output anything.
t/04_artist.t ......... 
Dubious, test returned 12 (wstat 3072, 0xc00)
Failed 8/8 subtests 
Out of memory!
Concept is nested in Art but Art is not a class at (eval 705) line 1.
BEGIN failed--compilation aborted at (eval 705) line 1.
 at /home/cpan/pit/jail/BSD5I3VZnj/lib/perl5/B/Hooks/EndOfScope/XS.pm line 26.
Compilation failed in require at t/05_collector.t line 3.
BEGIN failed--compilation aborted at t/05_collector.t line 3.
# Looks like your test exited with 12 before it could output anything.
t/05_collector.t ...... 
Dubious, test returned 12 (wstat 3072, 0xc00)
Failed 16/16 subtests 
Out of memory!
Concept is nested in Art but Art is not a class at (eval 705) line 1.
BEGIN failed--compilation aborted at (eval 705) line 1.
 at /home/cpan/pit/jail/BSD5I3VZnj/lib/perl5/B/Hooks/EndOfScope/XS.pm line 26.
Compilation failed in require at t/06_public.t line 3.
BEGIN failed--compilation aborted at t/06_public.t line 3.
# Looks like your test exited with 12 before it could output anything.
t/06_public.t ......... 
Dubious, test returned 12 (wstat 3072, 0xc00)
Failed 4/4 subtests 
Out of memory!
Concept is nested in Art but Art is not a class at (eval 705) line 1.
BEGIN failed--compilation aborted at (eval 705) line 1.
 at /home/cpan/pit/jail/BSD5I3VZnj/lib/perl5/B/Hooks/EndOfScope/XS.pm line 26.
Compilation failed in require at t/07_manager.t line 3.
BEGIN failed--compilation aborted at t/07_manager.t line 3.
# Looks like your test exited with 12 before it could output anything.
t/07_manager.t ........ 
Dubious, test returned 12 (wstat 3072, 0xc00)
Failed 5/5 subtests 
Out of memory!
Concept is nested in Art but Art is not a class at (eval 705) line 1.
BEGIN failed--compilation aborted at (eval 705) line 1.
 at /home/cpan/pit/jail/BSD5I3VZnj/lib/perl5/B/Hooks/EndOfScope/XS.pm line 26.
Compilation failed in require at t/11_artwork.t line 3.
BEGIN failed--compilation aborted at t/11_artwork.t line 3.
# Looks like your test exited with 12 before it could output anything.
t/11_artwork.t ........ 
Dubious, test returned 12 (wstat 3072, 0xc00)
Failed 9/9 subtests 
Out of memory!
Concept is nested in Art but Art is not a class at (eval 705) line 1.
BEGIN failed--compilation aborted at (eval 705) line 1.
 at /home/cpan/pit/jail/BSD5I3VZnj/lib/perl5/B/Hooks/EndOfScope/XS.pm line 26.
Compilation failed in require at t/12_place.t line 3.
BEGIN failed--compilation aborted at t/12_place.t line 3.
# Looks like your test exited with 12 before it could output anything.
t/12_place.t .......... 
Dubious, test returned 12 (wstat 3072, 0xc00)
Failed 1/1 subtests 
Out of memory!
Concept is nested in Art but Art is not a class at (eval 705) line 1.
BEGIN failed--compilation aborted at (eval 705) line 1.
 at /home/cpan/pit/jail/BSD5I3VZnj/lib/perl5/B/Hooks/EndOfScope/XS.pm line 26.
Compilation failed in require at t/14_exhibition.t line 3.
BEGIN failed--compilation aborted at t/14_exhibition.t line 3.
# Looks like your test exited with 12 before it could output anything.
t/14_exhibition.t ..... 
Dubious, test returned 12 (wstat 3072, 0xc00)
Failed 4/4 subtests 
Out of memory!
Concept is nested in Art but Art is not a class at (eval 705) line 1.
BEGIN failed--compilation aborted at (eval 705) line 1.
 at /home/cpan/pit/jail/BSD5I3VZnj/lib/perl5/B/Hooks/EndOfScope/XS.pm line 26.
Compilation failed in require at t/15_gallery.t line 3.
BEGIN failed--compilation aborted at t/15_gallery.t line 3.
# Looks like your test exited with 12 before it could output anything.
t/15_gallery.t ........ 
Dubious, test returned 12 (wstat 3072, 0xc00)
Failed 5/5 subtests 
Out of memory!
Concept is nested in Art but Art is not a class at (eval 705) line 1.
BEGIN failed--compilation aborted at (eval 705) line 1.
 at /home/cpan/pit/jail/BSD5I3VZnj/lib/perl5/B/Hooks/EndOfScope/XS.pm line 26.
Compilation failed in require at t/16_opening.t line 3.
BEGIN failed--compilation aborted at t/16_opening.t line 3.
# Looks like your test exited with 12 before it could output anything.
t/16_opening.t ........ 
Dubious, test returned 12 (wstat 3072, 0xc00)
Failed 4/4 subtests 
Out of memory!
Concept is nested in Art but Art is not a class at (eval 705) line 1.
BEGIN failed--compilation aborted at (eval 705) line 1.
 at /home/cpan/pit/jail/BSD5I3VZnj/lib/perl5/B/Hooks/EndOfScope/XS.pm line 26.
Compilation failed in require at t/20_crud.t line 3.
BEGIN failed--compilation aborted at t/20_crud.t line 3.
# Looks like your test exited with 12 before it could output anything.
t/20_crud.t ........... 
Dubious, test returned 12 (wstat 3072, 0xc00)
Failed 109/109 subtests 
t/30_introspection.t .. ok
Out of memory!
Concept is nested in Art but Art is not a class at (eval 705) line 1.
BEGIN failed--compilation aborted at (eval 705) line 1.
 at /home/cpan/pit/jail/BSD5I3VZnj/lib/perl5/B/Hooks/EndOfScope/XS.pm line 26.
Compilation failed in require at t/40_concept.t line 3.
BEGIN failed--compilation aborted at t/40_concept.t line 3.
# Looks like your test exited with 12 before it could output anything.
t/40_concept.t ........ 
Dubious, test returned 12 (wstat 3072, 0xc00)
Failed 3/3 subtests 
Out of memory!
Concept is nested in Art but Art is not a class at (eval 705) line 1.
BEGIN failed--compilation aborted at (eval 705) line 1.
 at /home/cpan/pit/jail/BSD5I3VZnj/lib/perl5/B/Hooks/EndOfScope/XS.pm line 26.
Compilation failed in require at t/50_fame.t line 3.
BEGIN failed--compilation aborted at t/50_fame.t line 3.
# Looks like your test exited with 12 before it could output anything.
t/50_fame.t ........... 
Dubious, test returned 12 (wstat 3072, 0xc00)
Failed 14/14 subtests 

Test Summary Report
-------------------
t/01_basic.t        (Wstat: 256 Tests: 1 Failed: 1)
  Failed test:  1
  Non-zero exit status: 1
t/02_abstraction.t  (Wstat: 3072 Tests: 0 Failed: 0)
  Non-zero exit status: 12
  Parse errors: Bad plan.  You planned 6 tests but ran 0.
t/03_agent.t        (Wstat: 3072 Tests: 0 Failed: 0)
  Non-zero exit status: 12
  Parse errors: Bad plan.  You planned 13 tests but ran 0.
t/04_artist.t       (Wstat: 3072 Tests: 0 Failed: 0)
  Non-zero exit status: 12
  Parse errors: Bad plan.  You planned 8 tests but ran 0.
t/05_collector.t    (Wstat: 3072 Tests: 0 Failed: 0)
  Non-zero exit status: 12
  Parse errors: Bad plan.  You planned 16 tests but ran 0.
t/06_public.t       (Wstat: 3072 Tests: 0 Failed: 0)
  Non-zero exit status: 12
  Parse errors: Bad plan.  You planned 4 tests but ran 0.
t/07_manager.t      (Wstat: 3072 Tests: 0 Failed: 0)
  Non-zero exit status: 12
  Parse errors: Bad plan.  You planned 5 tests but ran 0.
t/11_artwork.t      (Wstat: 3072 Tests: 0 Failed: 0)
  Non-zero exit status: 12
  Parse errors: Bad plan.  You planned 9 tests but ran 0.
t/12_place.t        (Wstat: 3072 Tests: 0 Failed: 0)
  Non-zero exit status: 12
  Parse errors: Bad plan.  You planned 1 tests but ran 0.
t/14_exhibition.t   (Wstat: 3072 Tests: 0 Failed: 0)
  Non-zero exit status: 12
  Parse errors: Bad plan.  You planned 4 tests but ran 0.
t/15_gallery.t      (Wstat: 3072 Tests: 0 Failed: 0)
  Non-zero exit status: 12
  Parse errors: Bad plan.  You planned 5 tests but ran 0.
t/16_opening.t      (Wstat: 3072 Tests: 0 Failed: 0)
  Non-zero exit status: 12
  Parse errors: Bad plan.  You planned 4 tests but ran 0.
t/20_crud.t         (Wstat: 3072 Tests: 0 Failed: 0)
  Non-zero exit status: 12
  Parse errors: Bad plan.  You planned 109 tests but ran 0.
t/40_concept.t      (Wstat: 3072 Tests: 0 Failed: 0)
  Non-zero exit status: 12
  Parse errors: Bad plan.  You planned 3 tests but ran 0.
t/50_fame.t         (Wstat: 3072 Tests: 0 Failed: 0)
  Non-zero exit status: 12
  Parse errors: Bad plan.  You planned 14 tests but ran 0.
Files=17, Tests=5, 74 wallclock secs ( 0.08 usr  0.05 sys + 47.15 cusr  9.65 csys = 56.93 CPU)
Result: FAIL


PREREQUISITES:

Here is a list of prerequisites you specified and versions we
managed to load:

	  Module Name                        Have     Want
	! Config::Tiny                       2.26  == 2.26
	! DBD::SQLite                        1.66  == 1.66
	! DBI                               1.643 == 1.643
	! Data::Printer                  1.000004 == 1.000004
	! DateTimeX::Auto                   0.009 == 0.009
	! Faker                              1.04  == 1.04
	! Math::Round                        0.07  == 0.07
	! PadWalker                           2.5   == 2.5
	! Path::Tiny                        0.118 == 0.118
	! Syntax::Keyword::Try               0.21  == 0.21
	! Teng                               0.32  == 0.32
	! Test::Pod                          1.52  == 1.52
	! Type::Tiny                     1.012001 == 1.012001
	! Type::Tiny::XS                    0.022 == 0.022
	! Types::XSD                        0.007 == 0.007
	! Zydeco                            0.613 == 0.613

Perl module toolchain versions installed:
	Module Name                        Have
	CPANPLUS                         0.9910
	CPANPLUS::Dist::Build              0.90
	Cwd                                3.75
	ExtUtils::CBuilder             0.280235
	ExtUtils::Command                  7.58
	ExtUtils::Install                  2.20
	ExtUtils::MakeMaker                7.58
	ExtUtils::Manifest                 1.73
	ExtUtils::ParseXS                  3.35
	File::Spec                         3.75
	Module::Build                    0.4231
	Pod::Parser                        1.63
	Pod::Simple                        3.32
	Test2                          1.302183
	Test::Harness                      3.42
	Test::More                     1.302183
	version                          0.9928

******************************** NOTE ********************************
The comments above are created mechanically, possibly without manual
checking by the sender.  As there are many people performing automatic
tests on each upload to CPAN, it is likely that you will receive
identical messages about the same problem.

If you believe that the message is mistaken, please reply to the first
one with correction and/or additional informations, and do not take
it personally.  We appreciate your patience. :)
**********************************************************************

Additional comments:


This report was machine-generated by CPANPLUS::Dist::YACSmoke 1.08.
Powered by minismokebox version 0.68

CPANPLUS is prefering Build.PL

------------------------------
ENVIRONMENT AND OTHER CONTEXT
------------------------------

Environment variables:

    AUTOMATED_TESTING = 1
    LANG = en_GB.UTF-8
    LANGUAGE = en_GB:en
    NONINTERACTIVE_TESTING = 1
    PATH = /usr/local/bin:/usr/bin:/bin:/usr/local/games:/usr/games
    PERL5LIB = /home/cpan/pit/jail/BSD5I3VZnj/lib/perl5:/home/cpan/pit/thr/conf/perl-5.24.2/.cpanplus/5.24.2/build/FpGoyKyGyO/Art-World-0.18_14/blib/lib:/home/cpan/pit/thr/conf/perl-5.24.2/.cpanplus/5.24.2/build/FpGoyKyGyO/Art-World-0.18_14/blib/arch
    PERL5_CPANPLUS_IS_RUNNING = 24325
    PERL5_CPANPLUS_IS_VERSION = 0.9910
    PERL5_MINISMOKEBOX = 0.68
    PERL5_YACSMOKE_BASE = /home/cpan/pit/thr/conf/perl-5.24.2
    PERL_EXTUTILS_AUTOINSTALL = --defaultdeps
    PERL_LOCAL_LIB_ROOT = /home/cpan/pit/jail/BSD5I3VZnj
    PERL_MB_OPT = --install_base "/home/cpan/pit/jail/BSD5I3VZnj"
    PERL_MM_OPT = INSTALL_BASE=/home/cpan/pit/jail/BSD5I3VZnj
    PERL_MM_USE_DEFAULT = 1
    SHELL = /bin/bash
    TERM = screen

Perl special variables (and OS-specific diagnostics, for MSWin32):

    Perl: $^X = /home/cpan/pit/thr/perl-5.24.2/bin/perl
    UID:  $<  = 1001
    EUID: $>  = 1001
    GID:  $(  = 1001 1001
    EGID: $)  = 1001 1001


-------------------------------


--

Summary of my perl5 (revision 5 version 24 subversion 2) configuration:
   
  Platform:
    osname=linux, osvers=4.19.0-6-686, archname=i686-linux-thread-multi
    uname='linux dagobah 4.19.0-6-686 #1 smp debian 4.19.67-2+deb10u2 (2019-11-11) i686 gnulinux '
    config_args='-des -Dprefix=/home/cpan/pit/thr/perl-5.24.2 -Dusethreads'
    hint=recommended, useposix=true, d_sigaction=define
    useithreads=define, usemultiplicity=define
    use64bitint=undef, use64bitall=undef, uselongdouble=undef
    usemymalloc=n, bincompat5005=undef
  Compiler:
    cc='cc', ccflags ='-D_REENTRANT -D_GNU_SOURCE -fwrapv -fno-strict-aliasing -pipe -fstack-protector-strong -I/usr/local/include -D_LARGEFILE_SOURCE -D_FILE_OFFSET_BITS=64',
    optimize='-O2',
    cppflags='-D_REENTRANT -D_GNU_SOURCE -fwrapv -fno-strict-aliasing -pipe -fstack-protector-strong -I/usr/local/include'
    ccversion='', gccversion='8.3.0', gccosandvers=''
    intsize=4, longsize=4, ptrsize=4, doublesize=8, byteorder=1234, doublekind=3
    d_longlong=define, longlongsize=8, d_longdbl=define, longdblsize=12, longdblkind=3
    ivtype='long', ivsize=4, nvtype='double', nvsize=8, Off_t='off_t', lseeksize=8
    alignbytes=4, prototype=define
  Linker and Libraries:
    ld='cc', ldflags =' -fstack-protector-strong -L/usr/local/lib'
    libpth=/usr/local/lib /usr/lib/gcc/i686-linux-gnu/8/include-fixed /usr/include/i386-linux-gnu /usr/lib /lib/i386-linux-gnu /lib/../lib /usr/lib/i386-linux-gnu /usr/lib/../lib /lib /lib64 /usr/lib64
    libs=-lpthread -lnsl -lgdbm -ldl -lm -lcrypt -lutil -lc
    perllibs=-lpthread -lnsl -ldl -lm -lcrypt -lutil -lc
    libc=libc-2.28.so, so=so, useshrplib=false, libperl=libperl.a
    gnulibc_version='2.28'
  Dynamic Linking:
    dlsrc=dl_dlopen.xs, dlext=so, d_dlsymun=undef, ccdlflags='-Wl,-E'
    cccdlflags='-fPIC', lddlflags='-shared -O2 -L/usr/local/lib -fstack-protector-strong'


Characteristics of this binary (from libperl): 
  Compile-time options: HAS_TIMES MULTIPLICITY PERLIO_LAYERS
                        PERL_COPY_ON_WRITE PERL_DONT_CREATE_GVSV
                        PERL_HASH_FUNC_ONE_AT_A_TIME_HARD
                        PERL_IMPLICIT_CONTEXT PERL_MALLOC_WRAP
                        PERL_PRESERVE_IVUV USE_ITHREADS USE_LARGE_FILES
                        USE_LOCALE USE_LOCALE_COLLATE USE_LOCALE_CTYPE
                        USE_LOCALE_NUMERIC USE_LOCALE_TIME USE_PERLIO
                        USE_PERL_ATOF USE_REENTRANT_API
  Locally applied patches:
	Devel::PatchPerl 1.80
  Built under linux
  Compiled at Nov 28 2019 23:47:46
  %ENV:
    PERL5LIB="/home/cpan/pit/jail/BSD5I3VZnj/lib/perl5:/home/cpan/pit/thr/conf/perl-5.24.2/.cpanplus/5.24.2/build/FpGoyKyGyO/Art-World-0.18_14/blib/lib:/home/cpan/pit/thr/conf/perl-5.24.2/.cpanplus/5.24.2/build/FpGoyKyGyO/Art-World-0.18_14/blib/arch"
    PERL5_CPANPLUS_IS_RUNNING="24325"
    PERL5_CPANPLUS_IS_VERSION="0.9910"
    PERL5_MINISMOKEBOX="0.68"
    PERL5_YACSMOKE_BASE="/home/cpan/pit/thr/conf/perl-5.24.2"
    PERL_EXTUTILS_AUTOINSTALL="--defaultdeps"
    PERL_LOCAL_LIB_ROOT="/home/cpan/pit/jail/BSD5I3VZnj"
    PERL_MB_OPT="--install_base "/home/cpan/pit/jail/BSD5I3VZnj""
    PERL_MM_OPT="INSTALL_BASE=/home/cpan/pit/jail/BSD5I3VZnj"
    PERL_MM_USE_DEFAULT="1"
  @INC:
    /home/cpan/pit/jail/BSD5I3VZnj/lib/perl5/5.24.2/i686-linux-thread-multi
    /home/cpan/pit/jail/BSD5I3VZnj/lib/perl5/5.24.2
    /home/cpan/pit/jail/BSD5I3VZnj/lib/perl5/i686-linux-thread-multi
    /home/cpan/pit/jail/BSD5I3VZnj/lib/perl5
    /home/cpan/pit/thr/conf/perl-5.24.2/.cpanplus/5.24.2/build/FpGoyKyGyO/Art-World-0.18_14/blib/lib
    /home/cpan/pit/thr/conf/perl-5.24.2/.cpanplus/5.24.2/build/FpGoyKyGyO/Art-World-0.18_14/blib/arch
    /home/cpan/pit/thr/perl-5.24.2/lib/site_perl/5.24.2/i686-linux-thread-multi
    /home/cpan/pit/thr/perl-5.24.2/lib/site_perl/5.24.2
    /home/cpan/pit/thr/perl-5.24.2/lib/5.24.2/i686-linux-thread-multi
    /home/cpan/pit/thr/perl-5.24.2/lib/5.24.2
    .