Report for HTTP-Engine-0.03005

Back
From: metabase:user:320bfe00-2aae-11df-837a-5e0a49663a4f
Subject: FAIL HTTP-Engine-0.03005 v5.21.3 GNU/Linux
Date: 2014-08-02T13:44:35Z

This distribution has been tested as part of the CPAN Testers
project, supporting the Perl programming language.  See
http://wiki.cpantesters.org/ for more information or email
questions to cpan-testers-discuss@perl.org


--
Dear Kazuhiro Osawa,

This is a computer-generated report for HTTP-Engine-0.03005
on perl 5.21.3, created by CPAN-Reporter-1.2011.

Thank you for uploading your work to CPAN.  However, there was a problem
testing your distribution.

If you think this report is invalid, please consult the CPAN Testers Wiki
for suggestions on how to avoid getting FAIL reports for missing library
or binary dependencies, unsupported operating systems, and so on:

http://wiki.cpantesters.org/wiki/CPANAuthorNotes

Sections of this report:

    * Tester comments
    * Program output
    * Prerequisites
    * Environment and other context

------------------------------
TESTER COMMENTS
------------------------------

Additional comments from tester:

this report is from an automated smoke testing program
and was not reviewed by a human for accuracy

------------------------------
PROGRAM OUTPUT
------------------------------

Output from '/usr/bin/make test':

PERL_DL_NONLAZY=1 /tmp/basesmoker-reloperl-ob9u/bin/perl "-MExtUtils::Command::MM" "-MTest::Harness" "-e" "undef *Test::Harness::Switches; test_harness(0, 'inc', 'blib/lib', 'blib/arch')" t/*.t t/*/*.t t/moose/*/*.t
Possible precedence issue with control flow operator at /tmp/loop_over_bdir-5237-Q5zY2y/HTTP-Engine-0.03005-fq4Tdg/inc/Test/Builder.pm line 917.
# Soft dependency versions:
#  Any::Moose 0.24
#  Mouse 2.3.0
#  MooseX::Types 0.44
t/00_compile.t .............................................. ok
Possible precedence issue with control flow operator at /tmp/loop_over_bdir-5237-Q5zY2y/HTTP-Engine-0.03005-fq4Tdg/inc/Test/Builder.pm line 917.
t/010_core/builder_options-upload_tmp.t ..................... ok
Possible precedence issue with control flow operator at /tmp/loop_over_bdir-5237-Q5zY2y/HTTP-Engine-0.03005-fq4Tdg/inc/Test/Builder.pm line 917.
t/010_core/interface-require.t .............................. ok
Possible precedence issue with control flow operator at /tmp/loop_over_bdir-5237-Q5zY2y/HTTP-Engine-0.03005-fq4Tdg/inc/Test/Builder.pm line 917.
t/010_core/interface.t ...................................... ok
Possible precedence issue with control flow operator at /tmp/loop_over_bdir-5237-Q5zY2y/HTTP-Engine-0.03005-fq4Tdg/inc/Test/Builder.pm line 917.
t/010_core/load_requestbuilder_cgi.t ........................ ok
Possible precedence issue with control flow operator at /tmp/loop_over_bdir-5237-Q5zY2y/HTTP-Engine-0.03005-fq4Tdg/inc/Test/Builder.pm line 917.
Redundant argument in sprintf at /tmp/loop_over_bdir-5237-Q5zY2y/HTTP-Engine-0.03005-fq4Tdg/inc/Spiffy.pm line 225.
Redundant argument in sprintf at /tmp/loop_over_bdir-5237-Q5zY2y/HTTP-Engine-0.03005-fq4Tdg/inc/Spiffy.pm line 225.
Redundant argument in sprintf at /tmp/loop_over_bdir-5237-Q5zY2y/HTTP-Engine-0.03005-fq4Tdg/inc/Spiffy.pm line 225.
Redundant argument in sprintf at /tmp/loop_over_bdir-5237-Q5zY2y/HTTP-Engine-0.03005-fq4Tdg/inc/Spiffy.pm line 225.
t/010_core/request-absolute_uri.t ........................... ok
Possible precedence issue with control flow operator at /tmp/loop_over_bdir-5237-Q5zY2y/HTTP-Engine-0.03005-fq4Tdg/inc/Test/Builder.pm line 917.
t/010_core/request-as_http_request.t ........................ ok
Possible precedence issue with control flow operator at /tmp/loop_over_bdir-5237-Q5zY2y/HTTP-Engine-0.03005-fq4Tdg/inc/Test/Builder.pm line 917.
t/010_core/request-as_string.t .............................. ok
Possible precedence issue with control flow operator at /tmp/loop_over_bdir-5237-Q5zY2y/HTTP-Engine-0.03005-fq4Tdg/inc/Test/Builder.pm line 917.
t/010_core/request-body.t ................................... ok
Possible precedence issue with control flow operator at /tmp/loop_over_bdir-5237-Q5zY2y/HTTP-Engine-0.03005-fq4Tdg/inc/Test/Builder.pm line 917.
t/010_core/request-content.t ................................ ok
Possible precedence issue with control flow operator at /tmp/loop_over_bdir-5237-Q5zY2y/HTTP-Engine-0.03005-fq4Tdg/inc/Test/Builder.pm line 917.
t/010_core/request-cookie.t ................................. ok
Possible precedence issue with control flow operator at /tmp/loop_over_bdir-5237-Q5zY2y/HTTP-Engine-0.03005-fq4Tdg/inc/Test/Builder.pm line 917.
t/010_core/request-hostname.t ............................... ok
Possible precedence issue with control flow operator at /tmp/loop_over_bdir-5237-Q5zY2y/HTTP-Engine-0.03005-fq4Tdg/inc/Test/Builder.pm line 917.
t/010_core/request-many_upload.t ............................ ok
Possible precedence issue with control flow operator at /tmp/loop_over_bdir-5237-Q5zY2y/HTTP-Engine-0.03005-fq4Tdg/inc/Test/Builder.pm line 917.
t/010_core/request-parameters.t ............................. ok
Possible precedence issue with control flow operator at /tmp/loop_over_bdir-5237-Q5zY2y/HTTP-Engine-0.03005-fq4Tdg/inc/Test/Builder.pm line 917.
Redundant argument in sprintf at /tmp/loop_over_bdir-5237-Q5zY2y/HTTP-Engine-0.03005-fq4Tdg/inc/Spiffy.pm line 225.
Redundant argument in sprintf at /tmp/loop_over_bdir-5237-Q5zY2y/HTTP-Engine-0.03005-fq4Tdg/inc/Spiffy.pm line 225.
Redundant argument in sprintf at /tmp/loop_over_bdir-5237-Q5zY2y/HTTP-Engine-0.03005-fq4Tdg/inc/Spiffy.pm line 225.
Redundant argument in sprintf at /tmp/loop_over_bdir-5237-Q5zY2y/HTTP-Engine-0.03005-fq4Tdg/inc/Spiffy.pm line 225.
t/010_core/request-params.t ................................. ok
Possible precedence issue with control flow operator at /tmp/loop_over_bdir-5237-Q5zY2y/HTTP-Engine-0.03005-fq4Tdg/inc/Test/Builder.pm line 917.
t/010_core/request-parse.t .................................. ok
Possible precedence issue with control flow operator at /tmp/loop_over_bdir-5237-Q5zY2y/HTTP-Engine-0.03005-fq4Tdg/inc/Test/Builder.pm line 917.
Redundant argument in sprintf at /tmp/loop_over_bdir-5237-Q5zY2y/HTTP-Engine-0.03005-fq4Tdg/inc/Spiffy.pm line 225.
Redundant argument in sprintf at /tmp/loop_over_bdir-5237-Q5zY2y/HTTP-Engine-0.03005-fq4Tdg/inc/Spiffy.pm line 225.
Redundant argument in sprintf at /tmp/loop_over_bdir-5237-Q5zY2y/HTTP-Engine-0.03005-fq4Tdg/inc/Spiffy.pm line 225.
Redundant argument in sprintf at /tmp/loop_over_bdir-5237-Q5zY2y/HTTP-Engine-0.03005-fq4Tdg/inc/Spiffy.pm line 225.
t/010_core/request-proxy_request.t .......................... ok
Possible precedence issue with control flow operator at /tmp/loop_over_bdir-5237-Q5zY2y/HTTP-Engine-0.03005-fq4Tdg/inc/Test/Builder.pm line 917.
t/010_core/request-raw_body.t ............................... ok
Possible precedence issue with control flow operator at /tmp/loop_over_bdir-5237-Q5zY2y/HTTP-Engine-0.03005-fq4Tdg/inc/Test/Builder.pm line 917.
t/010_core/request-readbody.t ............................... ok
Possible precedence issue with control flow operator at /tmp/loop_over_bdir-5237-Q5zY2y/HTTP-Engine-0.03005-fq4Tdg/inc/Test/Builder.pm line 917.
Redundant argument in sprintf at /tmp/loop_over_bdir-5237-Q5zY2y/HTTP-Engine-0.03005-fq4Tdg/inc/Spiffy.pm line 225.
Redundant argument in sprintf at /tmp/loop_over_bdir-5237-Q5zY2y/HTTP-Engine-0.03005-fq4Tdg/inc/Spiffy.pm line 225.
Redundant argument in sprintf at /tmp/loop_over_bdir-5237-Q5zY2y/HTTP-Engine-0.03005-fq4Tdg/inc/Spiffy.pm line 225.
Redundant argument in sprintf at /tmp/loop_over_bdir-5237-Q5zY2y/HTTP-Engine-0.03005-fq4Tdg/inc/Spiffy.pm line 225.
t/010_core/request-secure.t ................................. ok
Possible precedence issue with control flow operator at /tmp/loop_over_bdir-5237-Q5zY2y/HTTP-Engine-0.03005-fq4Tdg/inc/Test/Builder.pm line 917.
t/010_core/request-upload.t ................................. ok
Possible precedence issue with control flow operator at /tmp/loop_over_bdir-5237-Q5zY2y/HTTP-Engine-0.03005-fq4Tdg/inc/Test/Builder.pm line 917.
Redundant argument in sprintf at /tmp/loop_over_bdir-5237-Q5zY2y/HTTP-Engine-0.03005-fq4Tdg/inc/Spiffy.pm line 225.
Redundant argument in sprintf at /tmp/loop_over_bdir-5237-Q5zY2y/HTTP-Engine-0.03005-fq4Tdg/inc/Spiffy.pm line 225.
Redundant argument in sprintf at /tmp/loop_over_bdir-5237-Q5zY2y/HTTP-Engine-0.03005-fq4Tdg/inc/Spiffy.pm line 225.
Redundant argument in sprintf at /tmp/loop_over_bdir-5237-Q5zY2y/HTTP-Engine-0.03005-fq4Tdg/inc/Spiffy.pm line 225.

#   Failed test at /tmp/loop_over_bdir-5237-Q5zY2y/HTTP-Engine-0.03005-fq4Tdg/inc/Test/More.pm line 376.
#          got: 'http://example.com/?aco=tie&foo=bar&foo=baz&bar=baz'
#     expected: 'http://example.com/?aco=tie&bar=baz&foo=bar&foo=baz'
# Looks like you failed 1 test of 110.
t/010_core/request-uri.t .................................... 
Dubious, test returned 1 (wstat 256, 0x100)
Failed 1/110 subtests 
Possible precedence issue with control flow operator at /tmp/loop_over_bdir-5237-Q5zY2y/HTTP-Engine-0.03005-fq4Tdg/inc/Test/Builder.pm line 917.
t/010_core/request.t ........................................ ok
Possible precedence issue with control flow operator at /tmp/loop_over_bdir-5237-Q5zY2y/HTTP-Engine-0.03005-fq4Tdg/inc/Test/Builder.pm line 917.
t/010_core/request_builder-noenv.t .......................... ok
Possible precedence issue with control flow operator at /tmp/loop_over_bdir-5237-Q5zY2y/HTTP-Engine-0.03005-fq4Tdg/inc/Test/Builder.pm line 917.
t/010_core/request_processor-catch_error.t .................. ok
Possible precedence issue with control flow operator at /tmp/loop_over_bdir-5237-Q5zY2y/HTTP-Engine-0.03005-fq4Tdg/inc/Test/Builder.pm line 917.
t/010_core/request_processor-make_request.t ................. ok
Possible precedence issue with control flow operator at /tmp/loop_over_bdir-5237-Q5zY2y/HTTP-Engine-0.03005-fq4Tdg/inc/Test/Builder.pm line 917.
t/010_core/request_processor-response_error.t ............... ok
Possible precedence issue with control flow operator at /tmp/loop_over_bdir-5237-Q5zY2y/HTTP-Engine-0.03005-fq4Tdg/inc/Test/Builder.pm line 917.
t/010_core/request_upload-basename.t ........................ ok
Possible precedence issue with control flow operator at /tmp/loop_over_bdir-5237-Q5zY2y/HTTP-Engine-0.03005-fq4Tdg/inc/Test/Builder.pm line 917.
t/010_core/response-code.t .................................. ok
Possible precedence issue with control flow operator at /tmp/loop_over_bdir-5237-Q5zY2y/HTTP-Engine-0.03005-fq4Tdg/inc/Test/Builder.pm line 917.
t/010_core/response-coerce_headers.t ........................ ok
Possible precedence issue with control flow operator at /tmp/loop_over_bdir-5237-Q5zY2y/HTTP-Engine-0.03005-fq4Tdg/inc/Test/Builder.pm line 917.
t/010_core/response-content_length.t ........................ ok
Possible precedence issue with control flow operator at /tmp/loop_over_bdir-5237-Q5zY2y/HTTP-Engine-0.03005-fq4Tdg/inc/Test/Builder.pm line 917.
t/010_core/response-cookie.t ................................ ok
Possible precedence issue with control flow operator at /tmp/loop_over_bdir-5237-Q5zY2y/HTTP-Engine-0.03005-fq4Tdg/inc/Test/Builder.pm line 917.
t/010_core/response-new.t ................................... ok
Possible precedence issue with control flow operator at /tmp/loop_over_bdir-5237-Q5zY2y/HTTP-Engine-0.03005-fq4Tdg/inc/Test/Builder.pm line 917.
t/010_core/response-set_http_response.t ..................... ok
Possible precedence issue with control flow operator at /tmp/loop_over_bdir-5237-Q5zY2y/HTTP-Engine-0.03005-fq4Tdg/inc/Test/Builder.pm line 917.
Redundant argument in sprintf at /tmp/loop_over_bdir-5237-Q5zY2y/HTTP-Engine-0.03005-fq4Tdg/inc/Spiffy.pm line 225.
Redundant argument in sprintf at /tmp/loop_over_bdir-5237-Q5zY2y/HTTP-Engine-0.03005-fq4Tdg/inc/Spiffy.pm line 225.
Redundant argument in sprintf at /tmp/loop_over_bdir-5237-Q5zY2y/HTTP-Engine-0.03005-fq4Tdg/inc/Spiffy.pm line 225.
Redundant argument in sprintf at /tmp/loop_over_bdir-5237-Q5zY2y/HTTP-Engine-0.03005-fq4Tdg/inc/Spiffy.pm line 225.
t/010_core/response-status.t ................................ ok
Possible precedence issue with control flow operator at /tmp/loop_over_bdir-5237-Q5zY2y/HTTP-Engine-0.03005-fq4Tdg/inc/Test/Builder.pm line 917.
t/010_core/response.t ....................................... ok
Possible precedence issue with control flow operator at /tmp/loop_over_bdir-5237-Q5zY2y/HTTP-Engine-0.03005-fq4Tdg/inc/Test/Builder.pm line 917.
Redundant argument in sprintf at /tmp/loop_over_bdir-5237-Q5zY2y/HTTP-Engine-0.03005-fq4Tdg/inc/Spiffy.pm line 225.
Redundant argument in sprintf at /tmp/loop_over_bdir-5237-Q5zY2y/HTTP-Engine-0.03005-fq4Tdg/inc/Spiffy.pm line 225.
Redundant argument in sprintf at /tmp/loop_over_bdir-5237-Q5zY2y/HTTP-Engine-0.03005-fq4Tdg/inc/Spiffy.pm line 225.
Redundant argument in sprintf at /tmp/loop_over_bdir-5237-Q5zY2y/HTTP-Engine-0.03005-fq4Tdg/inc/Spiffy.pm line 225.
t/010_core/response_finalizer.t ............................. ok
Possible precedence issue with control flow operator at /tmp/loop_over_bdir-5237-Q5zY2y/HTTP-Engine-0.03005-fq4Tdg/inc/Test/Builder.pm line 917.
t/010_core/response_writer.t ................................ ok
Possible precedence issue with control flow operator at /tmp/loop_over_bdir-5237-Q5zY2y/HTTP-Engine-0.03005-fq4Tdg/inc/Test/Builder.pm line 917.
t/010_core/responsewriter-broken_io.t ....................... ok
Possible precedence issue with control flow operator at /tmp/loop_over_bdir-5237-Q5zY2y/HTTP-Engine-0.03005-fq4Tdg/inc/Test/Builder.pm line 917.
Redundant argument in sprintf at /tmp/loop_over_bdir-5237-Q5zY2y/HTTP-Engine-0.03005-fq4Tdg/inc/Spiffy.pm line 225.
Redundant argument in sprintf at /tmp/loop_over_bdir-5237-Q5zY2y/HTTP-Engine-0.03005-fq4Tdg/inc/Spiffy.pm line 225.
Redundant argument in sprintf at /tmp/loop_over_bdir-5237-Q5zY2y/HTTP-Engine-0.03005-fq4Tdg/inc/Spiffy.pm line 225.
Redundant argument in sprintf at /tmp/loop_over_bdir-5237-Q5zY2y/HTTP-Engine-0.03005-fq4Tdg/inc/Spiffy.pm line 225.
t/010_core/responsewriter-with_io.t ......................... ok
Possible precedence issue with control flow operator at /tmp/loop_over_bdir-5237-Q5zY2y/HTTP-Engine-0.03005-fq4Tdg/inc/Test/Builder.pm line 917.
Redundant argument in sprintf at /tmp/loop_over_bdir-5237-Q5zY2y/HTTP-Engine-0.03005-fq4Tdg/inc/Spiffy.pm line 225.
Redundant argument in sprintf at /tmp/loop_over_bdir-5237-Q5zY2y/HTTP-Engine-0.03005-fq4Tdg/inc/Spiffy.pm line 225.
Redundant argument in sprintf at /tmp/loop_over_bdir-5237-Q5zY2y/HTTP-Engine-0.03005-fq4Tdg/inc/Spiffy.pm line 225.
Redundant argument in sprintf at /tmp/loop_over_bdir-5237-Q5zY2y/HTTP-Engine-0.03005-fq4Tdg/inc/Spiffy.pm line 225.
t/020_interface/cgi.t ....................................... ok
Possible precedence issue with control flow operator at /tmp/loop_over_bdir-5237-Q5zY2y/HTTP-Engine-0.03005-fq4Tdg/inc/Test/Builder.pm line 917.
t/020_interface/lighty-fcgi.t ............................... skipped: set TEST_LIGHTTPD to enable this test
Possible precedence issue with control flow operator at /tmp/loop_over_bdir-5237-Q5zY2y/HTTP-Engine-0.03005-fq4Tdg/inc/Test/Builder.pm line 917.
t/020_interface/modperl_wildcard_hostname.t ................. skipped: this test requires mod_perl 2
Possible precedence issue with control flow operator at /tmp/loop_over_bdir-5237-Q5zY2y/HTTP-Engine-0.03005-fq4Tdg/inc/Test/Builder.pm line 917.
=== 3125 === !!! Kernel has 1 child process(es).
=== 3125 === !!! Stopped child process (PID 3126) reaped when POE::Kernel->run() is ready to return.
=== 3125 === !!! Stopped child process (PID 3127) reaped when POE::Kernel->run() is ready to return.
=== 3125 === !!! Stopped child process (PID 3128) reaped when POE::Kernel->run() is ready to return.
=== 3125 === !!! Stopped child process (PID 3129) reaped when POE::Kernel->run() is ready to return.
=== 3125 === !!! Stopped child process (PID 3130) reaped when POE::Kernel->run() is ready to return.
=== 3125 === !!! Stopped child process (PID 3132) reaped when POE::Kernel->run() is ready to return.
=== 3125 === !!! Stopped child process (PID 3133) reaped when POE::Kernel->run() is ready to return.
=== 3125 === !!! At least one child process is still running when POE::Kernel->run() is ready to return.
=== 3125 === !!! Be sure to use sig_child() to reap child processes.
=== 3125 === !!! In extreme cases, failure to reap child processes has
=== 3125 === !!! resulted in a slow 'fork bomb' that has halted systems.
t/020_interface/poe-proxy.t ................................. ok
Possible precedence issue with control flow operator at /tmp/loop_over_bdir-5237-Q5zY2y/HTTP-Engine-0.03005-fq4Tdg/inc/Test/Builder.pm line 917.
=== 3134 === !!! Kernel has 1 child process(es).
=== 3134 === !!! Stopped child process (PID 3135) reaped when POE::Kernel->run() is ready to return.
=== 3134 === !!! Stopped child process (PID 3136) reaped when POE::Kernel->run() is ready to return.
=== 3134 === !!! Stopped child process (PID 3137) reaped when POE::Kernel->run() is ready to return.
=== 3134 === !!! Stopped child process (PID 3138) reaped when POE::Kernel->run() is ready to return.
=== 3134 === !!! Stopped child process (PID 3139) reaped when POE::Kernel->run() is ready to return.
=== 3134 === !!! Stopped child process (PID 3140) reaped when POE::Kernel->run() is ready to return.
=== 3134 === !!! Stopped child process (PID 3141) reaped when POE::Kernel->run() is ready to return.
=== 3134 === !!! Stopped child process (PID 3142) reaped when POE::Kernel->run() is ready to return.
=== 3134 === !!! Be sure to use sig_child() to reap child processes.
=== 3134 === !!! In extreme cases, failure to reap child processes has
=== 3134 === !!! resulted in a slow 'fork bomb' that has halted systems.
t/020_interface/poe-uri.t ................................... ok
Possible precedence issue with control flow operator at /tmp/loop_over_bdir-5237-Q5zY2y/HTTP-Engine-0.03005-fq4Tdg/inc/Test/Builder.pm line 917.
=== 3143 === !!! Kernel has 1 child process(es).
=== 3143 === !!! Stopped child process (PID 3147) reaped when POE::Kernel->run() is ready to return.
=== 3143 === !!! Stopped child process (PID 3148) reaped when POE::Kernel->run() is ready to return.
=== 3143 === !!! Stopped child process (PID 3149) reaped when POE::Kernel->run() is ready to return.
=== 3143 === !!! Stopped child process (PID 3150) reaped when POE::Kernel->run() is ready to return.
=== 3143 === !!! Stopped child process (PID 3151) reaped when POE::Kernel->run() is ready to return.
=== 3143 === !!! Stopped child process (PID 3152) reaped when POE::Kernel->run() is ready to return.
=== 3143 === !!! Stopped child process (PID 3153) reaped when POE::Kernel->run() is ready to return.
=== 3143 === !!! Stopped child process (PID 3154) reaped when POE::Kernel->run() is ready to return.
=== 3143 === !!! Be sure to use sig_child() to reap child processes.
=== 3143 === !!! In extreme cases, failure to reap child processes has
=== 3143 === !!! resulted in a slow 'fork bomb' that has halted systems.
t/020_interface/poe.t ....................................... ok
Possible precedence issue with control flow operator at /tmp/loop_over_bdir-5237-Q5zY2y/HTTP-Engine-0.03005-fq4Tdg/inc/Test/Builder.pm line 917.
t/020_interface/psgi-with_plack.t ........................... ok
Possible precedence issue with control flow operator at /tmp/loop_over_bdir-5237-Q5zY2y/HTTP-Engine-0.03005-fq4Tdg/inc/Test/Builder.pm line 917.
t/020_interface/psgi.t ...................................... ok
Possible precedence issue with control flow operator at /tmp/loop_over_bdir-5237-Q5zY2y/HTTP-Engine-0.03005-fq4Tdg/inc/Test/Builder.pm line 917.
t/020_interface/server_simple-net_server_configure.t ........ ok
Possible precedence issue with control flow operator at /tmp/loop_over_bdir-5237-Q5zY2y/HTTP-Engine-0.03005-fq4Tdg/inc/Test/Builder.pm line 917.
t/020_interface/server_simple-not-send-header-bug.t ......... ok
Possible precedence issue with control flow operator at /tmp/loop_over_bdir-5237-Q5zY2y/HTTP-Engine-0.03005-fq4Tdg/inc/Test/Builder.pm line 917.
t/020_interface/server_simple-print_banner.t ................ ok
Possible precedence issue with control flow operator at /tmp/loop_over_bdir-5237-Q5zY2y/HTTP-Engine-0.03005-fq4Tdg/inc/Test/Builder.pm line 917.
t/020_interface/server_simple.t ............................. ok
Possible precedence issue with control flow operator at /tmp/loop_over_bdir-5237-Q5zY2y/HTTP-Engine-0.03005-fq4Tdg/inc/Test/Builder.pm line 917.
t/020_interface/standalone-keep_alive.t ..................... skipped: Interface::Standalone will be removed
Possible precedence issue with control flow operator at /tmp/loop_over_bdir-5237-Q5zY2y/HTTP-Engine-0.03005-fq4Tdg/inc/Test/Builder.pm line 917.
t/020_interface/standalone-restart.t ........................ skipped: Interface::Standalone will be removed
Possible precedence issue with control flow operator at /tmp/loop_over_bdir-5237-Q5zY2y/HTTP-Engine-0.03005-fq4Tdg/inc/Test/Builder.pm line 917.
t/020_interface/streaming_response.t ........................ ok
Possible precedence issue with control flow operator at /tmp/loop_over_bdir-5237-Q5zY2y/HTTP-Engine-0.03005-fq4Tdg/inc/Test/Builder.pm line 917.
t/020_interface/test-validation.t ........................... ok
Possible precedence issue with control flow operator at /tmp/loop_over_bdir-5237-Q5zY2y/HTTP-Engine-0.03005-fq4Tdg/inc/Test/Builder.pm line 917.
t/020_interface/test-warn_at_utf8.t ......................... ok
Possible precedence issue with control flow operator at /tmp/loop_over_bdir-5237-Q5zY2y/HTTP-Engine-0.03005-fq4Tdg/inc/Test/Builder.pm line 917.
Redundant argument in sprintf at /tmp/loop_over_bdir-5237-Q5zY2y/HTTP-Engine-0.03005-fq4Tdg/inc/Spiffy.pm line 225.
Redundant argument in sprintf at /tmp/loop_over_bdir-5237-Q5zY2y/HTTP-Engine-0.03005-fq4Tdg/inc/Spiffy.pm line 225.
Redundant argument in sprintf at /tmp/loop_over_bdir-5237-Q5zY2y/HTTP-Engine-0.03005-fq4Tdg/inc/Spiffy.pm line 225.
Redundant argument in sprintf at /tmp/loop_over_bdir-5237-Q5zY2y/HTTP-Engine-0.03005-fq4Tdg/inc/Spiffy.pm line 225.
t/020_interface/test.t ...................................... ok
Possible precedence issue with control flow operator at /tmp/loop_over_bdir-5237-Q5zY2y/HTTP-Engine-0.03005-fq4Tdg/inc/Test/Builder.pm line 917.
t/020_interface/test_response-with_io.t ..................... ok
Possible precedence issue with control flow operator at /tmp/loop_over_bdir-5237-Q5zY2y/HTTP-Engine-0.03005-fq4Tdg/inc/Test/Builder.pm line 917.
Redundant argument in sprintf at /tmp/loop_over_bdir-5237-Q5zY2y/HTTP-Engine-0.03005-fq4Tdg/inc/Spiffy.pm line 225.
Redundant argument in sprintf at /tmp/loop_over_bdir-5237-Q5zY2y/HTTP-Engine-0.03005-fq4Tdg/inc/Spiffy.pm line 225.
Redundant argument in sprintf at /tmp/loop_over_bdir-5237-Q5zY2y/HTTP-Engine-0.03005-fq4Tdg/inc/Spiffy.pm line 225.
Redundant argument in sprintf at /tmp/loop_over_bdir-5237-Q5zY2y/HTTP-Engine-0.03005-fq4Tdg/inc/Spiffy.pm line 225.
t/020_interface/test_upload.t ............................... ok
Possible precedence issue with control flow operator at /tmp/loop_over_bdir-5237-Q5zY2y/HTTP-Engine-0.03005-fq4Tdg/inc/Test/Builder.pm line 917.
t/030_daemonize/connection_info.t ........................... ok
Possible precedence issue with control flow operator at /tmp/loop_over_bdir-5237-Q5zY2y/HTTP-Engine-0.03005-fq4Tdg/inc/Test/Builder.pm line 917.
t/030_daemonize/headers.t ................................... ok
Possible precedence issue with control flow operator at /tmp/loop_over_bdir-5237-Q5zY2y/HTTP-Engine-0.03005-fq4Tdg/inc/Test/Builder.pm line 917.
t/030_daemonize/proxy_path.t ................................ ok
Possible precedence issue with control flow operator at /tmp/loop_over_bdir-5237-Q5zY2y/HTTP-Engine-0.03005-fq4Tdg/inc/Test/Builder.pm line 917.
t/030_daemonize/raw_body.t .................................. ok
Possible precedence issue with control flow operator at /tmp/loop_over_bdir-5237-Q5zY2y/HTTP-Engine-0.03005-fq4Tdg/inc/Test/Builder.pm line 917.
t/030_daemonize/request_independence.t ...................... ok
Possible precedence issue with control flow operator at /tmp/loop_over_bdir-5237-Q5zY2y/HTTP-Engine-0.03005-fq4Tdg/inc/Test/Builder.pm line 917.
t/030_daemonize/responsewriter_io.t ......................... ok
Possible precedence issue with control flow operator at /tmp/loop_over_bdir-5237-Q5zY2y/HTTP-Engine-0.03005-fq4Tdg/inc/Test/Builder.pm line 917.
t/030_daemonize/upload-methods.t ............................ ok
Possible precedence issue with control flow operator at /tmp/loop_over_bdir-5237-Q5zY2y/HTTP-Engine-0.03005-fq4Tdg/inc/Test/Builder.pm line 917.
t/030_daemonize/upload.t .................................... ok
Possible precedence issue with control flow operator at /tmp/loop_over_bdir-5237-Q5zY2y/HTTP-Engine-0.03005-fq4Tdg/inc/Test/Builder.pm line 917.
t/030_daemonize/uri.t ....................................... ok
Possible precedence issue with control flow operator at /tmp/loop_over_bdir-5237-Q5zY2y/HTTP-Engine-0.03005-fq4Tdg/inc/Test/Builder.pm line 917.
t/030_daemonize/utf8flagged-uri.t ........................... ok
Possible precedence issue with control flow operator at /tmp/loop_over_bdir-5237-Q5zY2y/HTTP-Engine-0.03005-fq4Tdg/inc/Test/Builder.pm line 917.
Redundant argument in sprintf at /tmp/loop_over_bdir-5237-Q5zY2y/HTTP-Engine-0.03005-fq4Tdg/inc/Spiffy.pm line 225.
Redundant argument in sprintf at /tmp/loop_over_bdir-5237-Q5zY2y/HTTP-Engine-0.03005-fq4Tdg/inc/Spiffy.pm line 225.
Redundant argument in sprintf at /tmp/loop_over_bdir-5237-Q5zY2y/HTTP-Engine-0.03005-fq4Tdg/inc/Spiffy.pm line 225.
Redundant argument in sprintf at /tmp/loop_over_bdir-5237-Q5zY2y/HTTP-Engine-0.03005-fq4Tdg/inc/Spiffy.pm line 225.
t/040_minimal/001_simple.t .................................. ok
Possible precedence issue with control flow operator at /tmp/loop_over_bdir-5237-Q5zY2y/HTTP-Engine-0.03005-fq4Tdg/inc/Test/Builder.pm line 917.
t/050_tests/request.t ....................................... ok
Possible precedence issue with control flow operator at /tmp/loop_over_bdir-5237-Q5zY2y/HTTP-Engine-0.03005-fq4Tdg/inc/Test/Builder.pm line 917.
# Soft dependency versions:
#  Any::Moose 0.24
#  Mouse 2.3.0
#  MooseX::Types 0.44
t/moose/00_compile.t ........................................ ok
Possible precedence issue with control flow operator at /tmp/loop_over_bdir-5237-Q5zY2y/HTTP-Engine-0.03005-fq4Tdg/inc/Test/Builder.pm line 917.
t/moose/010_core/builder_options-upload_tmp.t ............... ok
Possible precedence issue with control flow operator at /tmp/loop_over_bdir-5237-Q5zY2y/HTTP-Engine-0.03005-fq4Tdg/inc/Test/Builder.pm line 917.
t/moose/010_core/interface-require.t ........................ ok
Possible precedence issue with control flow operator at /tmp/loop_over_bdir-5237-Q5zY2y/HTTP-Engine-0.03005-fq4Tdg/inc/Test/Builder.pm line 917.
t/moose/010_core/interface.t ................................ ok
Possible precedence issue with control flow operator at /tmp/loop_over_bdir-5237-Q5zY2y/HTTP-Engine-0.03005-fq4Tdg/inc/Test/Builder.pm line 917.
t/moose/010_core/load_requestbuilder_cgi.t .................. ok
Possible precedence issue with control flow operator at /tmp/loop_over_bdir-5237-Q5zY2y/HTTP-Engine-0.03005-fq4Tdg/inc/Test/Builder.pm line 917.
Redundant argument in sprintf at /tmp/loop_over_bdir-5237-Q5zY2y/HTTP-Engine-0.03005-fq4Tdg/inc/Spiffy.pm line 225.
Redundant argument in sprintf at /tmp/loop_over_bdir-5237-Q5zY2y/HTTP-Engine-0.03005-fq4Tdg/inc/Spiffy.pm line 225.
Redundant argument in sprintf at /tmp/loop_over_bdir-5237-Q5zY2y/HTTP-Engine-0.03005-fq4Tdg/inc/Spiffy.pm line 225.
Redundant argument in sprintf at /tmp/loop_over_bdir-5237-Q5zY2y/HTTP-Engine-0.03005-fq4Tdg/inc/Spiffy.pm line 225.
t/moose/010_core/request-absolute_uri.t ..................... ok
Possible precedence issue with control flow operator at /tmp/loop_over_bdir-5237-Q5zY2y/HTTP-Engine-0.03005-fq4Tdg/inc/Test/Builder.pm line 917.
t/moose/010_core/request-as_http_request.t .................. ok
Possible precedence issue with control flow operator at /tmp/loop_over_bdir-5237-Q5zY2y/HTTP-Engine-0.03005-fq4Tdg/inc/Test/Builder.pm line 917.
t/moose/010_core/request-as_string.t ........................ ok
Possible precedence issue with control flow operator at /tmp/loop_over_bdir-5237-Q5zY2y/HTTP-Engine-0.03005-fq4Tdg/inc/Test/Builder.pm line 917.
Class::MOP::load_class is deprecated at /home/sand/src/perl/repoperls/installed-perls/perl/v5.21.2-87-g33e493d/165a/lib/site_perl/5.21.3/x86_64-linux/Class/MOP.pm line 71.
	Class::MOP::load_class("HTTP::Engine::Interface::Test") called at /tmp/loop_over_bdir-5237-Q5zY2y/HTTP-Engine-0.03005-fq4Tdg/blib/lib/HTTP/Engine/Types/Core.pm line 26
	HTTP::Engine::Types::Core::__ANON__(HASH(0xcd5460)) called at /home/sand/src/perl/repoperls/installed-perls/perl/v5.21.2-87-g33e493d/165a/lib/site_perl/5.21.3/x86_64-linux/Moose/Meta/TypeCoercion.pm line 67
	Moose::Meta::TypeCoercion::__ANON__(HASH(0xcd5460)) called at constructor HTTP::Engine::new (defined at /tmp/loop_over_bdir-5237-Q5zY2y/HTTP-Engine-0.03005-fq4Tdg/blib/lib/HTTP/Engine.pm line 17) line 32
	HTTP::Engine::new("HTTP::Engine", "interface", HASH(0xcd5460)) called at t/Utils.pm line 141
	t::Utils::run_engine(CODE(0x270a378), HTTP::Request=HASH(0xcd5430)) called at t/moose/010_core/request-body.t line 27
t/moose/010_core/request-body.t ............................. ok
Possible precedence issue with control flow operator at /tmp/loop_over_bdir-5237-Q5zY2y/HTTP-Engine-0.03005-fq4Tdg/inc/Test/Builder.pm line 917.
t/moose/010_core/request-content.t .......................... ok
Possible precedence issue with control flow operator at /tmp/loop_over_bdir-5237-Q5zY2y/HTTP-Engine-0.03005-fq4Tdg/inc/Test/Builder.pm line 917.
Class::MOP::load_class is deprecated at /home/sand/src/perl/repoperls/installed-perls/perl/v5.21.2-87-g33e493d/165a/lib/site_perl/5.21.3/x86_64-linux/Class/MOP.pm line 71.
	Class::MOP::load_class("HTTP::Engine::Interface::Test") called at /tmp/loop_over_bdir-5237-Q5zY2y/HTTP-Engine-0.03005-fq4Tdg/blib/lib/HTTP/Engine/Types/Core.pm line 26
	HTTP::Engine::Types::Core::__ANON__(HASH(0x2e34a58)) called at /home/sand/src/perl/repoperls/installed-perls/perl/v5.21.2-87-g33e493d/165a/lib/site_perl/5.21.3/x86_64-linux/Moose/Meta/TypeCoercion.pm line 67
	Moose::Meta::TypeCoercion::__ANON__(HASH(0x2e34a58)) called at constructor HTTP::Engine::new (defined at /tmp/loop_over_bdir-5237-Q5zY2y/HTTP-Engine-0.03005-fq4Tdg/blib/lib/HTTP/Engine.pm line 17) line 32
	HTTP::Engine::new("HTTP::Engine", "interface", HASH(0x2e34a58)) called at t/Utils.pm line 141
	t::Utils::run_engine(CODE(0x2df9378), HTTP::Request=HASH(0x13de418)) called at t/moose/010_core/request-cookie.t line 32
t/moose/010_core/request-cookie.t ........................... ok
Possible precedence issue with control flow operator at /tmp/loop_over_bdir-5237-Q5zY2y/HTTP-Engine-0.03005-fq4Tdg/inc/Test/Builder.pm line 917.
t/moose/010_core/request-hostname.t ......................... ok
Possible precedence issue with control flow operator at /tmp/loop_over_bdir-5237-Q5zY2y/HTTP-Engine-0.03005-fq4Tdg/inc/Test/Builder.pm line 917.
Class::MOP::load_class is deprecated at /home/sand/src/perl/repoperls/installed-perls/perl/v5.21.2-87-g33e493d/165a/lib/site_perl/5.21.3/x86_64-linux/Class/MOP.pm line 71.
	Class::MOP::load_class("HTTP::Engine::Interface::Test") called at /tmp/loop_over_bdir-5237-Q5zY2y/HTTP-Engine-0.03005-fq4Tdg/blib/lib/HTTP/Engine/Types/Core.pm line 26
	HTTP::Engine::Types::Core::__ANON__(HASH(0xbd43e8)) called at /home/sand/src/perl/repoperls/installed-perls/perl/v5.21.2-87-g33e493d/165a/lib/site_perl/5.21.3/x86_64-linux/Moose/Meta/TypeCoercion.pm line 67
	Moose::Meta::TypeCoercion::__ANON__(HASH(0xbd43e8)) called at constructor HTTP::Engine::new (defined at /tmp/loop_over_bdir-5237-Q5zY2y/HTTP-Engine-0.03005-fq4Tdg/blib/lib/HTTP/Engine.pm line 17) line 32
	HTTP::Engine::new("HTTP::Engine", "interface", HASH(0xbd43e8)) called at t/Utils.pm line 141
	t::Utils::run_engine(CODE(0x2619fa0), HTTP::Request=HASH(0xbd4508)) called at t/moose/010_core/request-many_upload.t line 91
t/moose/010_core/request-many_upload.t ...................... ok
Possible precedence issue with control flow operator at /tmp/loop_over_bdir-5237-Q5zY2y/HTTP-Engine-0.03005-fq4Tdg/inc/Test/Builder.pm line 917.
t/moose/010_core/request-parameters.t ....................... ok
Possible precedence issue with control flow operator at /tmp/loop_over_bdir-5237-Q5zY2y/HTTP-Engine-0.03005-fq4Tdg/inc/Test/Builder.pm line 917.
Redundant argument in sprintf at /tmp/loop_over_bdir-5237-Q5zY2y/HTTP-Engine-0.03005-fq4Tdg/inc/Spiffy.pm line 225.
Redundant argument in sprintf at /tmp/loop_over_bdir-5237-Q5zY2y/HTTP-Engine-0.03005-fq4Tdg/inc/Spiffy.pm line 225.
Redundant argument in sprintf at /tmp/loop_over_bdir-5237-Q5zY2y/HTTP-Engine-0.03005-fq4Tdg/inc/Spiffy.pm line 225.
Redundant argument in sprintf at /tmp/loop_over_bdir-5237-Q5zY2y/HTTP-Engine-0.03005-fq4Tdg/inc/Spiffy.pm line 225.
t/moose/010_core/request-params.t ........................... ok
Possible precedence issue with control flow operator at /tmp/loop_over_bdir-5237-Q5zY2y/HTTP-Engine-0.03005-fq4Tdg/inc/Test/Builder.pm line 917.
t/moose/010_core/request-parse.t ............................ ok
Possible precedence issue with control flow operator at /tmp/loop_over_bdir-5237-Q5zY2y/HTTP-Engine-0.03005-fq4Tdg/inc/Test/Builder.pm line 917.
Redundant argument in sprintf at /tmp/loop_over_bdir-5237-Q5zY2y/HTTP-Engine-0.03005-fq4Tdg/inc/Spiffy.pm line 225.
Redundant argument in sprintf at /tmp/loop_over_bdir-5237-Q5zY2y/HTTP-Engine-0.03005-fq4Tdg/inc/Spiffy.pm line 225.
Redundant argument in sprintf at /tmp/loop_over_bdir-5237-Q5zY2y/HTTP-Engine-0.03005-fq4Tdg/inc/Spiffy.pm line 225.
Redundant argument in sprintf at /tmp/loop_over_bdir-5237-Q5zY2y/HTTP-Engine-0.03005-fq4Tdg/inc/Spiffy.pm line 225.
t/moose/010_core/request-proxy_request.t .................... ok
Possible precedence issue with control flow operator at /tmp/loop_over_bdir-5237-Q5zY2y/HTTP-Engine-0.03005-fq4Tdg/inc/Test/Builder.pm line 917.
t/moose/010_core/request-raw_body.t ......................... ok
Possible precedence issue with control flow operator at /tmp/loop_over_bdir-5237-Q5zY2y/HTTP-Engine-0.03005-fq4Tdg/inc/Test/Builder.pm line 917.
t/moose/010_core/request-readbody.t ......................... ok
Possible precedence issue with control flow operator at /tmp/loop_over_bdir-5237-Q5zY2y/HTTP-Engine-0.03005-fq4Tdg/inc/Test/Builder.pm line 917.
Redundant argument in sprintf at /tmp/loop_over_bdir-5237-Q5zY2y/HTTP-Engine-0.03005-fq4Tdg/inc/Spiffy.pm line 225.
Redundant argument in sprintf at /tmp/loop_over_bdir-5237-Q5zY2y/HTTP-Engine-0.03005-fq4Tdg/inc/Spiffy.pm line 225.
Redundant argument in sprintf at /tmp/loop_over_bdir-5237-Q5zY2y/HTTP-Engine-0.03005-fq4Tdg/inc/Spiffy.pm line 225.
Redundant argument in sprintf at /tmp/loop_over_bdir-5237-Q5zY2y/HTTP-Engine-0.03005-fq4Tdg/inc/Spiffy.pm line 225.
t/moose/010_core/request-secure.t ........................... ok
Possible precedence issue with control flow operator at /tmp/loop_over_bdir-5237-Q5zY2y/HTTP-Engine-0.03005-fq4Tdg/inc/Test/Builder.pm line 917.
t/moose/010_core/request-upload.t ........................... ok
Possible precedence issue with control flow operator at /tmp/loop_over_bdir-5237-Q5zY2y/HTTP-Engine-0.03005-fq4Tdg/inc/Test/Builder.pm line 917.
Redundant argument in sprintf at /tmp/loop_over_bdir-5237-Q5zY2y/HTTP-Engine-0.03005-fq4Tdg/inc/Spiffy.pm line 225.
Redundant argument in sprintf at /tmp/loop_over_bdir-5237-Q5zY2y/HTTP-Engine-0.03005-fq4Tdg/inc/Spiffy.pm line 225.
Redundant argument in sprintf at /tmp/loop_over_bdir-5237-Q5zY2y/HTTP-Engine-0.03005-fq4Tdg/inc/Spiffy.pm line 225.
Redundant argument in sprintf at /tmp/loop_over_bdir-5237-Q5zY2y/HTTP-Engine-0.03005-fq4Tdg/inc/Spiffy.pm line 225.

#   Failed test at /tmp/loop_over_bdir-5237-Q5zY2y/HTTP-Engine-0.03005-fq4Tdg/inc/Test/More.pm line 376.
#          got: 'http://example.com/?foo=bar&aco=tie'
#     expected: 'http://example.com/?aco=tie&foo=bar'

#   Failed test at /tmp/loop_over_bdir-5237-Q5zY2y/HTTP-Engine-0.03005-fq4Tdg/inc/Test/More.pm line 376.
#          got: 'http://example.com/?foo=bar&foo=baz&aco=tie'
#     expected: 'http://example.com/?aco=tie&foo=bar&foo=baz'

#   Failed test at /tmp/loop_over_bdir-5237-Q5zY2y/HTTP-Engine-0.03005-fq4Tdg/inc/Test/More.pm line 376.
#          got: 'http://example.com/?aco=tie&foo=bar&foo=baz&bar=baz'
#     expected: 'http://example.com/?aco=tie&bar=baz&foo=bar&foo=baz'

#   Failed test at /tmp/loop_over_bdir-5237-Q5zY2y/HTTP-Engine-0.03005-fq4Tdg/inc/Test/More.pm line 376.
#          got: 'http://example.com/?aco=tie&foo=bar&foo=baz&bar=baz&bar=foo'
#     expected: 'http://example.com/?aco=tie&bar=baz&bar=foo&foo=bar&foo=baz'
# Looks like you failed 4 tests of 110.
t/moose/010_core/request-uri.t .............................. 
Dubious, test returned 4 (wstat 1024, 0x400)
Failed 4/110 subtests 
Possible precedence issue with control flow operator at /tmp/loop_over_bdir-5237-Q5zY2y/HTTP-Engine-0.03005-fq4Tdg/inc/Test/Builder.pm line 917.
t/moose/010_core/request.t .................................. ok
Possible precedence issue with control flow operator at /tmp/loop_over_bdir-5237-Q5zY2y/HTTP-Engine-0.03005-fq4Tdg/inc/Test/Builder.pm line 917.
t/moose/010_core/request_builder-noenv.t .................... ok
Possible precedence issue with control flow operator at /tmp/loop_over_bdir-5237-Q5zY2y/HTTP-Engine-0.03005-fq4Tdg/inc/Test/Builder.pm line 917.

#   Failed test at /tmp/loop_over_bdir-5237-Q5zY2y/HTTP-Engine-0.03005-fq4Tdg/inc/Test/More.pm line 420.
#                   'Class::MOP::load_class is deprecated at /home/sand/src/perl/repoperls/installed-perls/perl/v5.21.2-87-g33e493d/165a/lib/site_perl/5.21.3/x86_64-linux/Class/MOP.pm line 71.
# 	Class::MOP::load_class("HTTP::Engine::Interface::Test") called at /tmp/loop_over_bdir-5237-Q5zY2y/HTTP-Engine-0.03005-fq4Tdg/blib/lib/HTTP/Engine/Types/Core.pm line 26
# 	HTTP::Engine::Types::Core::__ANON__(HASH(0x256d188)) called at /home/sand/src/perl/repoperls/installed-perls/perl/v5.21.2-87-g33e493d/165a/lib/site_perl/5.21.3/x86_64-linux/Moose/Meta/TypeCoercion.pm line 67
# 	Moose::Meta::TypeCoercion::__ANON__(HASH(0x256d188)) called at constructor HTTP::Engine::new (defined at /tmp/loop_over_bdir-5237-Q5zY2y/HTTP-Engine-0.03005-fq4Tdg/blib/lib/HTTP/Engine.pm line 17) line 32
# 	HTTP::Engine::new("HTTP::Engine", "interface", HASH(0x256d188)) called at t/Utils.pm line 141
# 	t::Utils::run_engine(CODE(0xb237e8), HTTP::Request=HASH(0x20ff6f8)) called at t/moose/010_core/request_processor-catch_error.t line 15
# 	eval {...} called at t/moose/010_core/request_processor-catch_error.t line 12
# orz at t/moose/010_core/request_processor-catch_error.t line 14.
# '
#     doesn't match '(?^:^orz)'
# Looks like you failed 1 test of 3.
t/moose/010_core/request_processor-catch_error.t ............ 
Dubious, test returned 1 (wstat 256, 0x100)
Failed 1/3 subtests 
Possible precedence issue with control flow operator at /tmp/loop_over_bdir-5237-Q5zY2y/HTTP-Engine-0.03005-fq4Tdg/inc/Test/Builder.pm line 917.
Class::MOP::load_class is deprecated at /home/sand/src/perl/repoperls/installed-perls/perl/v5.21.2-87-g33e493d/165a/lib/site_perl/5.21.3/x86_64-linux/Class/MOP.pm line 71.
	Class::MOP::load_class("HTTP::Engine::Interface::Test") called at /tmp/loop_over_bdir-5237-Q5zY2y/HTTP-Engine-0.03005-fq4Tdg/blib/lib/HTTP/Engine/Types/Core.pm line 26
	HTTP::Engine::Types::Core::__ANON__(HASH(0x2fc29d8)) called at /home/sand/src/perl/repoperls/installed-perls/perl/v5.21.2-87-g33e493d/165a/lib/site_perl/5.21.3/x86_64-linux/Moose/Meta/TypeCoercion.pm line 67
	Moose::Meta::TypeCoercion::__ANON__(HASH(0x2fc29d8)) called at constructor HTTP::Engine::new (defined at /tmp/loop_over_bdir-5237-Q5zY2y/HTTP-Engine-0.03005-fq4Tdg/blib/lib/HTTP/Engine.pm line 17) line 32
	HTTP::Engine::new("HTTP::Engine", "interface", HASH(0x2fc29d8)) called at t/Utils.pm line 141
	t::Utils::run_engine(CODE(0x1708330), HTTP::Request=HASH(0x1580380), "method", "GET", "raw_body", "test") called at t/moose/010_core/request_processor-make_request.t line 15
t/moose/010_core/request_processor-make_request.t ........... ok
Possible precedence issue with control flow operator at /tmp/loop_over_bdir-5237-Q5zY2y/HTTP-Engine-0.03005-fq4Tdg/inc/Test/Builder.pm line 917.
t/moose/010_core/request_processor-response_error.t ......... ok
Possible precedence issue with control flow operator at /tmp/loop_over_bdir-5237-Q5zY2y/HTTP-Engine-0.03005-fq4Tdg/inc/Test/Builder.pm line 917.
t/moose/010_core/request_upload-basename.t .................. ok
Possible precedence issue with control flow operator at /tmp/loop_over_bdir-5237-Q5zY2y/HTTP-Engine-0.03005-fq4Tdg/inc/Test/Builder.pm line 917.
t/moose/010_core/response-code.t ............................ ok
Possible precedence issue with control flow operator at /tmp/loop_over_bdir-5237-Q5zY2y/HTTP-Engine-0.03005-fq4Tdg/inc/Test/Builder.pm line 917.
t/moose/010_core/response-coerce_headers.t .................. ok
Possible precedence issue with control flow operator at /tmp/loop_over_bdir-5237-Q5zY2y/HTTP-Engine-0.03005-fq4Tdg/inc/Test/Builder.pm line 917.
t/moose/010_core/response-content_length.t .................. ok
Possible precedence issue with control flow operator at /tmp/loop_over_bdir-5237-Q5zY2y/HTTP-Engine-0.03005-fq4Tdg/inc/Test/Builder.pm line 917.
Class::MOP::load_class is deprecated at /home/sand/src/perl/repoperls/installed-perls/perl/v5.21.2-87-g33e493d/165a/lib/site_perl/5.21.3/x86_64-linux/Class/MOP.pm line 71.
	Class::MOP::load_class("HTTP::Engine::Interface::Test") called at /tmp/loop_over_bdir-5237-Q5zY2y/HTTP-Engine-0.03005-fq4Tdg/blib/lib/HTTP/Engine/Types/Core.pm line 26
	HTTP::Engine::Types::Core::__ANON__(HASH(0xbab458)) called at /home/sand/src/perl/repoperls/installed-perls/perl/v5.21.2-87-g33e493d/165a/lib/site_perl/5.21.3/x86_64-linux/Moose/Meta/TypeCoercion.pm line 67
	Moose::Meta::TypeCoercion::__ANON__(HASH(0xbab458)) called at constructor HTTP::Engine::new (defined at /tmp/loop_over_bdir-5237-Q5zY2y/HTTP-Engine-0.03005-fq4Tdg/blib/lib/HTTP/Engine.pm line 17) line 32
	HTTP::Engine::new("HTTP::Engine", "interface", HASH(0xbab458)) called at t/Utils.pm line 141
	t::Utils::run_engine(CODE(0xa2fc70), HTTP::Request=HASH(0xa23340)) called at t/moose/010_core/response-cookie.t line 45
t/moose/010_core/response-cookie.t .......................... ok
Possible precedence issue with control flow operator at /tmp/loop_over_bdir-5237-Q5zY2y/HTTP-Engine-0.03005-fq4Tdg/inc/Test/Builder.pm line 917.
t/moose/010_core/response-new.t ............................. ok
Possible precedence issue with control flow operator at /tmp/loop_over_bdir-5237-Q5zY2y/HTTP-Engine-0.03005-fq4Tdg/inc/Test/Builder.pm line 917.
t/moose/010_core/response-set_http_response.t ............... ok
Possible precedence issue with control flow operator at /tmp/loop_over_bdir-5237-Q5zY2y/HTTP-Engine-0.03005-fq4Tdg/inc/Test/Builder.pm line 917.
Redundant argument in sprintf at /tmp/loop_over_bdir-5237-Q5zY2y/HTTP-Engine-0.03005-fq4Tdg/inc/Spiffy.pm line 225.
Redundant argument in sprintf at /tmp/loop_over_bdir-5237-Q5zY2y/HTTP-Engine-0.03005-fq4Tdg/inc/Spiffy.pm line 225.
Redundant argument in sprintf at /tmp/loop_over_bdir-5237-Q5zY2y/HTTP-Engine-0.03005-fq4Tdg/inc/Spiffy.pm line 225.
Redundant argument in sprintf at /tmp/loop_over_bdir-5237-Q5zY2y/HTTP-Engine-0.03005-fq4Tdg/inc/Spiffy.pm line 225.
t/moose/010_core/response-status.t .......................... ok
Possible precedence issue with control flow operator at /tmp/loop_over_bdir-5237-Q5zY2y/HTTP-Engine-0.03005-fq4Tdg/inc/Test/Builder.pm line 917.
t/moose/010_core/response.t ................................. ok
Possible precedence issue with control flow operator at /tmp/loop_over_bdir-5237-Q5zY2y/HTTP-Engine-0.03005-fq4Tdg/inc/Test/Builder.pm line 917.
Redundant argument in sprintf at /tmp/loop_over_bdir-5237-Q5zY2y/HTTP-Engine-0.03005-fq4Tdg/inc/Spiffy.pm line 225.
Redundant argument in sprintf at /tmp/loop_over_bdir-5237-Q5zY2y/HTTP-Engine-0.03005-fq4Tdg/inc/Spiffy.pm line 225.
Redundant argument in sprintf at /tmp/loop_over_bdir-5237-Q5zY2y/HTTP-Engine-0.03005-fq4Tdg/inc/Spiffy.pm line 225.
Redundant argument in sprintf at /tmp/loop_over_bdir-5237-Q5zY2y/HTTP-Engine-0.03005-fq4Tdg/inc/Spiffy.pm line 225.
t/moose/010_core/response_finalizer.t ....................... ok
Possible precedence issue with control flow operator at /tmp/loop_over_bdir-5237-Q5zY2y/HTTP-Engine-0.03005-fq4Tdg/inc/Test/Builder.pm line 917.
Class::MOP::load_class is deprecated at /home/sand/src/perl/repoperls/installed-perls/perl/v5.21.2-87-g33e493d/165a/lib/site_perl/5.21.3/x86_64-linux/Class/MOP.pm line 71.
	Class::MOP::load_class("HTTP::Engine::RequestBuilder::CGI") called at /tmp/loop_over_bdir-5237-Q5zY2y/HTTP-Engine-0.03005-fq4Tdg/blib/lib/HTTP/Engine/Interface.pm line 65
	HTTP::Engine::Interface::_setup_builder("HTTP::Engine::Interface::CGI", "CGI") called at /tmp/loop_over_bdir-5237-Q5zY2y/HTTP-Engine-0.03005-fq4Tdg/blib/lib/HTTP/Engine/Interface.pm line 51
	HTTP::Engine::Interface::__INTERFACE__("HTTP::Engine::Interface::CGI") called at /tmp/loop_over_bdir-5237-Q5zY2y/HTTP-Engine-0.03005-fq4Tdg/blib/lib/HTTP/Engine/Interface.pm line 31
	HTTP::Engine::Interface::__ANON__() called at /tmp/loop_over_bdir-5237-Q5zY2y/HTTP-Engine-0.03005-fq4Tdg/blib/lib/HTTP/Engine/Interface/CGI.pm line 18
	require HTTP/Engine/Interface/CGI.pm called at t/moose/010_core/response_writer.t line 9
	main::BEGIN() called at /tmp/loop_over_bdir-5237-Q5zY2y/HTTP-Engine-0.03005-fq4Tdg/blib/lib/HTTP/Engine/Interface/CGI.pm line 0
	eval {...} called at /tmp/loop_over_bdir-5237-Q5zY2y/HTTP-Engine-0.03005-fq4Tdg/blib/lib/HTTP/Engine/Interface/CGI.pm line 0
t/moose/010_core/response_writer.t .......................... ok
Possible precedence issue with control flow operator at /tmp/loop_over_bdir-5237-Q5zY2y/HTTP-Engine-0.03005-fq4Tdg/inc/Test/Builder.pm line 917.
t/moose/010_core/responsewriter-broken_io.t ................. ok
Possible precedence issue with control flow operator at /tmp/loop_over_bdir-5237-Q5zY2y/HTTP-Engine-0.03005-fq4Tdg/inc/Test/Builder.pm line 917.
Redundant argument in sprintf at /tmp/loop_over_bdir-5237-Q5zY2y/HTTP-Engine-0.03005-fq4Tdg/inc/Spiffy.pm line 225.
Redundant argument in sprintf at /tmp/loop_over_bdir-5237-Q5zY2y/HTTP-Engine-0.03005-fq4Tdg/inc/Spiffy.pm line 225.
Redundant argument in sprintf at /tmp/loop_over_bdir-5237-Q5zY2y/HTTP-Engine-0.03005-fq4Tdg/inc/Spiffy.pm line 225.
Redundant argument in sprintf at /tmp/loop_over_bdir-5237-Q5zY2y/HTTP-Engine-0.03005-fq4Tdg/inc/Spiffy.pm line 225.
t/moose/010_core/responsewriter-with_io.t ................... ok
Class::MOP::load_class is deprecated at /home/sand/src/perl/repoperls/installed-perls/perl/v5.21.2-87-g33e493d/165a/lib/site_perl/5.21.3/x86_64-linux/Class/MOP.pm line 71.
	Class::MOP::load_class("HTTP::Engine::RequestBuilder::CGI") called at /tmp/loop_over_bdir-5237-Q5zY2y/HTTP-Engine-0.03005-fq4Tdg/blib/lib/HTTP/Engine/Interface.pm line 65
	HTTP::Engine::Interface::_setup_builder("HTTP::Engine::Interface::CGI", "CGI") called at /tmp/loop_over_bdir-5237-Q5zY2y/HTTP-Engine-0.03005-fq4Tdg/blib/lib/HTTP/Engine/Interface.pm line 51
	HTTP::Engine::Interface::__INTERFACE__("HTTP::Engine::Interface::CGI") called at /tmp/loop_over_bdir-5237-Q5zY2y/HTTP-Engine-0.03005-fq4Tdg/blib/lib/HTTP/Engine/Interface.pm line 31
	HTTP::Engine::Interface::__ANON__() called at /tmp/loop_over_bdir-5237-Q5zY2y/HTTP-Engine-0.03005-fq4Tdg/blib/lib/HTTP/Engine/Interface/CGI.pm line 18
	require HTTP/Engine/Interface/CGI.pm called at t/moose/020_interface/cgi.t line 5
	main::BEGIN() called at /tmp/loop_over_bdir-5237-Q5zY2y/HTTP-Engine-0.03005-fq4Tdg/blib/lib/HTTP/Engine/Interface/CGI.pm line 0
	eval {...} called at /tmp/loop_over_bdir-5237-Q5zY2y/HTTP-Engine-0.03005-fq4Tdg/blib/lib/HTTP/Engine/Interface/CGI.pm line 0
Possible precedence issue with control flow operator at /tmp/loop_over_bdir-5237-Q5zY2y/HTTP-Engine-0.03005-fq4Tdg/inc/Test/Builder.pm line 917.
Redundant argument in sprintf at /tmp/loop_over_bdir-5237-Q5zY2y/HTTP-Engine-0.03005-fq4Tdg/inc/Spiffy.pm line 225.
Redundant argument in sprintf at /tmp/loop_over_bdir-5237-Q5zY2y/HTTP-Engine-0.03005-fq4Tdg/inc/Spiffy.pm line 225.
Redundant argument in sprintf at /tmp/loop_over_bdir-5237-Q5zY2y/HTTP-Engine-0.03005-fq4Tdg/inc/Spiffy.pm line 225.
Redundant argument in sprintf at /tmp/loop_over_bdir-5237-Q5zY2y/HTTP-Engine-0.03005-fq4Tdg/inc/Spiffy.pm line 225.
Class::MOP::load_class is deprecated at /home/sand/src/perl/repoperls/installed-perls/perl/v5.21.2-87-g33e493d/165a/lib/site_perl/5.21.3/x86_64-linux/Class/MOP.pm line 71, <DATA> line 1.
	Class::MOP::load_class("HTTP::Engine::Interface::CGI") called at /tmp/loop_over_bdir-5237-Q5zY2y/HTTP-Engine-0.03005-fq4Tdg/blib/lib/HTTP/Engine/Types/Core.pm line 26
	HTTP::Engine::Types::Core::__ANON__(HASH(0x30a56d8)) called at /home/sand/src/perl/repoperls/installed-perls/perl/v5.21.2-87-g33e493d/165a/lib/site_perl/5.21.3/x86_64-linux/Moose/Meta/TypeCoercion.pm line 67
	Moose::Meta::TypeCoercion::__ANON__(HASH(0x30a56d8)) called at constructor HTTP::Engine::new (defined at /tmp/loop_over_bdir-5237-Q5zY2y/HTTP-Engine-0.03005-fq4Tdg/blib/lib/HTTP/Engine.pm line 17) line 32
	HTTP::Engine::new("HTTP::Engine", "interface", HASH(0x30a56d8)) called at t/moose/020_interface/cgi.t line 36
	main::__ANON__(Test::Base::Block=HASH(0x30a5858)) called at /tmp/loop_over_bdir-5237-Q5zY2y/HTTP-Engine-0.03005-fq4Tdg/inc/Test/Base.pm line 269
	Test::Base::run(undef) called at t/moose/020_interface/cgi.t line 39
t/moose/020_interface/cgi.t ................................. ok
Possible precedence issue with control flow operator at /tmp/loop_over_bdir-5237-Q5zY2y/HTTP-Engine-0.03005-fq4Tdg/inc/Test/Builder.pm line 917.
t/moose/020_interface/lighty-fcgi.t ......................... skipped: set TEST_LIGHTTPD to enable this test
Possible precedence issue with control flow operator at /tmp/loop_over_bdir-5237-Q5zY2y/HTTP-Engine-0.03005-fq4Tdg/inc/Test/Builder.pm line 917.
t/moose/020_interface/modperl_wildcard_hostname.t ........... skipped: this test requires mod_perl 2
Possible precedence issue with control flow operator at /tmp/loop_over_bdir-5237-Q5zY2y/HTTP-Engine-0.03005-fq4Tdg/inc/Test/Builder.pm line 917.
Class::MOP::load_class is deprecated at /home/sand/src/perl/repoperls/installed-perls/perl/v5.21.2-87-g33e493d/165a/lib/site_perl/5.21.3/x86_64-linux/Class/MOP.pm line 71.
	Class::MOP::load_class("HTTP::Engine::RequestBuilder::NoEnv") called at /tmp/loop_over_bdir-5237-Q5zY2y/HTTP-Engine-0.03005-fq4Tdg/blib/lib/HTTP/Engine/Interface.pm line 65
	HTTP::Engine::Interface::_setup_builder("HTTP::Engine::Interface::POE", "NoEnv") called at /tmp/loop_over_bdir-5237-Q5zY2y/HTTP-Engine-0.03005-fq4Tdg/blib/lib/HTTP/Engine/Interface.pm line 51
	HTTP::Engine::Interface::__INTERFACE__("HTTP::Engine::Interface::POE") called at /tmp/loop_over_bdir-5237-Q5zY2y/HTTP-Engine-0.03005-fq4Tdg/blib/lib/HTTP/Engine/Interface.pm line 31
	HTTP::Engine::Interface::__ANON__() called at /tmp/loop_over_bdir-5237-Q5zY2y/HTTP-Engine-0.03005-fq4Tdg/blib/lib/HTTP/Engine/Interface/POE.pm line 132
	require HTTP/Engine/Interface/POE.pm called at (eval 337) line 2
	main::BEGIN() called at /tmp/loop_over_bdir-5237-Q5zY2y/HTTP-Engine-0.03005-fq4Tdg/blib/lib/HTTP/Engine/Interface/POE.pm line 0
	eval {...} called at /tmp/loop_over_bdir-5237-Q5zY2y/HTTP-Engine-0.03005-fq4Tdg/blib/lib/HTTP/Engine/Interface/POE.pm line 0
	eval 'package main;
use HTTP::Engine::Interface::POE @{$args[0]};
1;
' called at /tmp/loop_over_bdir-5237-Q5zY2y/HTTP-Engine-0.03005-fq4Tdg/inc/Test/More.pm line 884
	Test::More::_eval("package main;\x{a}use HTTP::Engine::Interface::POE \@{\$args[0]};\x{a}1;\x{a}", ARRAY(0x1e12bf8)) called at /tmp/loop_over_bdir-5237-Q5zY2y/HTTP-Engine-0.03005-fq4Tdg/inc/Test/More.pm line 859
	Test::More::use_ok("HTTP::Engine::Interface::POE") called at t/moose/020_interface/poe-proxy.t line 15
=== 3303 === !!! Kernel has 1 child process(es).
=== 3303 === !!! Stopped child process (PID 3304) reaped when POE::Kernel->run() is ready to return.
=== 3303 === !!! Stopped child process (PID 3305) reaped when POE::Kernel->run() is ready to return.
=== 3303 === !!! Stopped child process (PID 3306) reaped when POE::Kernel->run() is ready to return.
=== 3303 === !!! Stopped child process (PID 3307) reaped when POE::Kernel->run() is ready to return.
=== 3303 === !!! Stopped child process (PID 3308) reaped when POE::Kernel->run() is ready to return.
=== 3303 === !!! Stopped child process (PID 3309) reaped when POE::Kernel->run() is ready to return.
=== 3303 === !!! Stopped child process (PID 3310) reaped when POE::Kernel->run() is ready to return.
=== 3303 === !!! Stopped child process (PID 3311) reaped when POE::Kernel->run() is ready to return.
=== 3303 === !!! Be sure to use sig_child() to reap child processes.
=== 3303 === !!! In extreme cases, failure to reap child processes has
=== 3303 === !!! resulted in a slow 'fork bomb' that has halted systems.
t/moose/020_interface/poe-proxy.t ........................... ok
Possible precedence issue with control flow operator at /tmp/loop_over_bdir-5237-Q5zY2y/HTTP-Engine-0.03005-fq4Tdg/inc/Test/Builder.pm line 917.
Class::MOP::load_class is deprecated at /home/sand/src/perl/repoperls/installed-perls/perl/v5.21.2-87-g33e493d/165a/lib/site_perl/5.21.3/x86_64-linux/Class/MOP.pm line 71.
	Class::MOP::load_class("HTTP::Engine::RequestBuilder::NoEnv") called at /tmp/loop_over_bdir-5237-Q5zY2y/HTTP-Engine-0.03005-fq4Tdg/blib/lib/HTTP/Engine/Interface.pm line 65
	HTTP::Engine::Interface::_setup_builder("HTTP::Engine::Interface::POE", "NoEnv") called at /tmp/loop_over_bdir-5237-Q5zY2y/HTTP-Engine-0.03005-fq4Tdg/blib/lib/HTTP/Engine/Interface.pm line 51
	HTTP::Engine::Interface::__INTERFACE__("HTTP::Engine::Interface::POE") called at /tmp/loop_over_bdir-5237-Q5zY2y/HTTP-Engine-0.03005-fq4Tdg/blib/lib/HTTP/Engine/Interface.pm line 31
	HTTP::Engine::Interface::__ANON__() called at /tmp/loop_over_bdir-5237-Q5zY2y/HTTP-Engine-0.03005-fq4Tdg/blib/lib/HTTP/Engine/Interface/POE.pm line 132
	require HTTP/Engine/Interface/POE.pm called at (eval 337) line 2
	main::BEGIN() called at /tmp/loop_over_bdir-5237-Q5zY2y/HTTP-Engine-0.03005-fq4Tdg/blib/lib/HTTP/Engine/Interface/POE.pm line 0
	eval {...} called at /tmp/loop_over_bdir-5237-Q5zY2y/HTTP-Engine-0.03005-fq4Tdg/blib/lib/HTTP/Engine/Interface/POE.pm line 0
	eval 'package main;
use HTTP::Engine::Interface::POE @{$args[0]};
1;
' called at /tmp/loop_over_bdir-5237-Q5zY2y/HTTP-Engine-0.03005-fq4Tdg/inc/Test/More.pm line 884
	Test::More::_eval("package main;\x{a}use HTTP::Engine::Interface::POE \@{\$args[0]};\x{a}1;\x{a}", ARRAY(0x2213be8)) called at /tmp/loop_over_bdir-5237-Q5zY2y/HTTP-Engine-0.03005-fq4Tdg/inc/Test/More.pm line 859
	Test::More::use_ok("HTTP::Engine::Interface::POE") called at t/moose/020_interface/poe-uri.t line 16
=== 3312 === !!! Kernel has 1 child process(es).
=== 3312 === !!! Stopped child process (PID 3313) reaped when POE::Kernel->run() is ready to return.
=== 3312 === !!! Stopped child process (PID 3314) reaped when POE::Kernel->run() is ready to return.
=== 3312 === !!! Stopped child process (PID 3315) reaped when POE::Kernel->run() is ready to return.
=== 3312 === !!! Stopped child process (PID 3316) reaped when POE::Kernel->run() is ready to return.
=== 3312 === !!! Stopped child process (PID 3317) reaped when POE::Kernel->run() is ready to return.
=== 3312 === !!! Stopped child process (PID 3318) reaped when POE::Kernel->run() is ready to return.
=== 3312 === !!! Stopped child process (PID 3319) reaped when POE::Kernel->run() is ready to return.
=== 3312 === !!! Stopped child process (PID 3320) reaped when POE::Kernel->run() is ready to return.
=== 3312 === !!! Be sure to use sig_child() to reap child processes.
=== 3312 === !!! In extreme cases, failure to reap child processes has
=== 3312 === !!! resulted in a slow 'fork bomb' that has halted systems.
t/moose/020_interface/poe-uri.t ............................. ok
Possible precedence issue with control flow operator at /tmp/loop_over_bdir-5237-Q5zY2y/HTTP-Engine-0.03005-fq4Tdg/inc/Test/Builder.pm line 917.
Class::MOP::load_class is deprecated at /home/sand/src/perl/repoperls/installed-perls/perl/v5.21.2-87-g33e493d/165a/lib/site_perl/5.21.3/x86_64-linux/Class/MOP.pm line 71.
	Class::MOP::load_class("HTTP::Engine::RequestBuilder::NoEnv") called at /tmp/loop_over_bdir-5237-Q5zY2y/HTTP-Engine-0.03005-fq4Tdg/blib/lib/HTTP/Engine/Interface.pm line 65
	HTTP::Engine::Interface::_setup_builder("HTTP::Engine::Interface::POE", "NoEnv") called at /tmp/loop_over_bdir-5237-Q5zY2y/HTTP-Engine-0.03005-fq4Tdg/blib/lib/HTTP/Engine/Interface.pm line 51
	HTTP::Engine::Interface::__INTERFACE__("HTTP::Engine::Interface::POE") called at /tmp/loop_over_bdir-5237-Q5zY2y/HTTP-Engine-0.03005-fq4Tdg/blib/lib/HTTP/Engine/Interface.pm line 31
	HTTP::Engine::Interface::__ANON__() called at /tmp/loop_over_bdir-5237-Q5zY2y/HTTP-Engine-0.03005-fq4Tdg/blib/lib/HTTP/Engine/Interface/POE.pm line 132
	require HTTP/Engine/Interface/POE.pm called at (eval 337) line 2
	main::BEGIN() called at /tmp/loop_over_bdir-5237-Q5zY2y/HTTP-Engine-0.03005-fq4Tdg/blib/lib/HTTP/Engine/Interface/POE.pm line 0
	eval {...} called at /tmp/loop_over_bdir-5237-Q5zY2y/HTTP-Engine-0.03005-fq4Tdg/blib/lib/HTTP/Engine/Interface/POE.pm line 0
	eval 'package main;
use HTTP::Engine::Interface::POE @{$args[0]};
1;
' called at /tmp/loop_over_bdir-5237-Q5zY2y/HTTP-Engine-0.03005-fq4Tdg/inc/Test/More.pm line 884
	Test::More::_eval("package main;\x{a}use HTTP::Engine::Interface::POE \@{\$args[0]};\x{a}1;\x{a}", ARRAY(0x11ef208)) called at /tmp/loop_over_bdir-5237-Q5zY2y/HTTP-Engine-0.03005-fq4Tdg/inc/Test/More.pm line 859
	Test::More::use_ok("HTTP::Engine::Interface::POE") called at t/moose/020_interface/poe.t line 15
=== 3321 === !!! Kernel has 1 child process(es).
=== 3321 === !!! Stopped child process (PID 3322) reaped when POE::Kernel->run() is ready to return.
=== 3321 === !!! Stopped child process (PID 3323) reaped when POE::Kernel->run() is ready to return.
=== 3321 === !!! Stopped child process (PID 3324) reaped when POE::Kernel->run() is ready to return.
=== 3321 === !!! Stopped child process (PID 3325) reaped when POE::Kernel->run() is ready to return.
=== 3321 === !!! Stopped child process (PID 3326) reaped when POE::Kernel->run() is ready to return.
=== 3321 === !!! Stopped child process (PID 3327) reaped when POE::Kernel->run() is ready to return.
=== 3321 === !!! Stopped child process (PID 3328) reaped when POE::Kernel->run() is ready to return.
=== 3321 === !!! Stopped child process (PID 3329) reaped when POE::Kernel->run() is ready to return.
=== 3321 === !!! Be sure to use sig_child() to reap child processes.
=== 3321 === !!! In extreme cases, failure to reap child processes has
=== 3321 === !!! resulted in a slow 'fork bomb' that has halted systems.
t/moose/020_interface/poe.t ................................. ok
Possible precedence issue with control flow operator at /tmp/loop_over_bdir-5237-Q5zY2y/HTTP-Engine-0.03005-fq4Tdg/inc/Test/Builder.pm line 917.
Class::MOP::load_class is deprecated at /home/sand/src/perl/repoperls/installed-perls/perl/v5.21.2-87-g33e493d/165a/lib/site_perl/5.21.3/x86_64-linux/Class/MOP.pm line 71.
	Class::MOP::load_class("HTTP::Engine::Interface::PSGI") called at /tmp/loop_over_bdir-5237-Q5zY2y/HTTP-Engine-0.03005-fq4Tdg/blib/lib/HTTP/Engine/Types/Core.pm line 26
	HTTP::Engine::Types::Core::__ANON__(HASH(0x328d078)) called at /home/sand/src/perl/repoperls/installed-perls/perl/v5.21.2-87-g33e493d/165a/lib/site_perl/5.21.3/x86_64-linux/Moose/Meta/TypeCoercion.pm line 67
	Moose::Meta::TypeCoercion::__ANON__(HASH(0x328d078)) called at constructor HTTP::Engine::new (defined at /tmp/loop_over_bdir-5237-Q5zY2y/HTTP-Engine-0.03005-fq4Tdg/blib/lib/HTTP/Engine.pm line 17) line 32
	HTTP::Engine::new("HTTP::Engine", "interface", HASH(0x328d078)) called at t/moose/020_interface/psgi-with_plack.t line 33
	main::__ANON__(50479) called at /tmp/loop_over_bdir-5237-Q5zY2y/HTTP-Engine-0.03005-fq4Tdg/inc/Test/TCP.pm line 118
	Test::TCP::start(Test::TCP=HASH(0x196b158)) called at /tmp/loop_over_bdir-5237-Q5zY2y/HTTP-Engine-0.03005-fq4Tdg/inc/Test/TCP.pm line 101
	Test::TCP::new("Test::TCP", "code", CODE(0x3429f50), "port", 50479) called at /tmp/loop_over_bdir-5237-Q5zY2y/HTTP-Engine-0.03005-fq4Tdg/inc/Test/TCP.pm line 52
	Test::TCP::test_tcp("client", CODE(0x338bde8), "server", CODE(0x3429f50)) called at t/moose/020_interface/psgi-with_plack.t line 37
t/moose/020_interface/psgi-with_plack.t ..................... ok
Possible precedence issue with control flow operator at /tmp/loop_over_bdir-5237-Q5zY2y/HTTP-Engine-0.03005-fq4Tdg/inc/Test/Builder.pm line 917.
Class::MOP::load_class is deprecated at /home/sand/src/perl/repoperls/installed-perls/perl/v5.21.2-87-g33e493d/165a/lib/site_perl/5.21.3/x86_64-linux/Class/MOP.pm line 71.
	Class::MOP::load_class("HTTP::Engine::Interface::PSGI") called at /tmp/loop_over_bdir-5237-Q5zY2y/HTTP-Engine-0.03005-fq4Tdg/blib/lib/HTTP/Engine/Types/Core.pm line 26
	HTTP::Engine::Types::Core::__ANON__(HASH(0x1b16340)) called at /home/sand/src/perl/repoperls/installed-perls/perl/v5.21.2-87-g33e493d/165a/lib/site_perl/5.21.3/x86_64-linux/Moose/Meta/TypeCoercion.pm line 67
	Moose::Meta::TypeCoercion::__ANON__(HASH(0x1b16340)) called at constructor HTTP::Engine::new (defined at /tmp/loop_over_bdir-5237-Q5zY2y/HTTP-Engine-0.03005-fq4Tdg/blib/lib/HTTP/Engine.pm line 17) line 32
	HTTP::Engine::new("HTTP::Engine", "interface", HASH(0x1b16340)) called at t/moose/020_interface/psgi.t line 24
t/moose/020_interface/psgi.t ................................ ok
Possible precedence issue with control flow operator at /tmp/loop_over_bdir-5237-Q5zY2y/HTTP-Engine-0.03005-fq4Tdg/inc/Test/Builder.pm line 917.
Class::MOP::load_class is deprecated at /home/sand/src/perl/repoperls/installed-perls/perl/v5.21.2-87-g33e493d/165a/lib/site_perl/5.21.3/x86_64-linux/Class/MOP.pm line 71, <DATA> line 11.
	Class::MOP::load_class("HTTP::Engine::Interface::ServerSimple") called at /tmp/loop_over_bdir-5237-Q5zY2y/HTTP-Engine-0.03005-fq4Tdg/blib/lib/HTTP/Engine/Types/Core.pm line 26
	HTTP::Engine::Types::Core::__ANON__(HASH(0x3346b10)) called at /home/sand/src/perl/repoperls/installed-perls/perl/v5.21.2-87-g33e493d/165a/lib/site_perl/5.21.3/x86_64-linux/Moose/Meta/TypeCoercion.pm line 67
	Moose::Meta::TypeCoercion::__ANON__(HASH(0x3346b10)) called at constructor HTTP::Engine::new (defined at /tmp/loop_over_bdir-5237-Q5zY2y/HTTP-Engine-0.03005-fq4Tdg/blib/lib/HTTP/Engine.pm line 17) line 32
	HTTP::Engine::new("HTTP::Engine", "interface", HASH(0x3346b10)) called at t/moose/020_interface/server_simple-net_server_configure.t line 52
	main::__ANON__(50693) called at /tmp/loop_over_bdir-5237-Q5zY2y/HTTP-Engine-0.03005-fq4Tdg/inc/Test/TCP.pm line 118
	Test::TCP::start(Test::TCP=HASH(0x32c1b88)) called at /tmp/loop_over_bdir-5237-Q5zY2y/HTTP-Engine-0.03005-fq4Tdg/inc/Test/TCP.pm line 101
	Test::TCP::new("Test::TCP", "code", CODE(0x1728478), "port", 50693) called at /tmp/loop_over_bdir-5237-Q5zY2y/HTTP-Engine-0.03005-fq4Tdg/inc/Test/TCP.pm line 52
	Test::TCP::test_tcp("client", CODE(0x31564e0), "server", CODE(0x1728478)) called at t/moose/020_interface/server_simple-net_server_configure.t line 54
t/moose/020_interface/server_simple-net_server_configure.t .. ok
Possible precedence issue with control flow operator at /tmp/loop_over_bdir-5237-Q5zY2y/HTTP-Engine-0.03005-fq4Tdg/inc/Test/Builder.pm line 917.
Class::MOP::load_class is deprecated at /home/sand/src/perl/repoperls/installed-perls/perl/v5.21.2-87-g33e493d/165a/lib/site_perl/5.21.3/x86_64-linux/Class/MOP.pm line 71, <DATA> line 11.
	Class::MOP::load_class("HTTP::Engine::Interface::ServerSimple") called at /tmp/loop_over_bdir-5237-Q5zY2y/HTTP-Engine-0.03005-fq4Tdg/blib/lib/HTTP/Engine/Types/Core.pm line 26
	HTTP::Engine::Types::Core::__ANON__(HASH(0x27b34f8)) called at /home/sand/src/perl/repoperls/installed-perls/perl/v5.21.2-87-g33e493d/165a/lib/site_perl/5.21.3/x86_64-linux/Moose/Meta/TypeCoercion.pm line 67
	Moose::Meta::TypeCoercion::__ANON__(HASH(0x27b34f8)) called at constructor HTTP::Engine::new (defined at /tmp/loop_over_bdir-5237-Q5zY2y/HTTP-Engine-0.03005-fq4Tdg/blib/lib/HTTP/Engine.pm line 17) line 32
	HTTP::Engine::new("HTTP::Engine", "interface", HASH(0x27b34f8)) called at t/moose/020_interface/server_simple-not-send-header-bug.t line 39
	main::__ANON__(50867) called at /tmp/loop_over_bdir-5237-Q5zY2y/HTTP-Engine-0.03005-fq4Tdg/inc/Test/TCP.pm line 118
	Test::TCP::start(Test::TCP=HASH(0x10785c8)) called at /tmp/loop_over_bdir-5237-Q5zY2y/HTTP-Engine-0.03005-fq4Tdg/inc/Test/TCP.pm line 101
	Test::TCP::new("Test::TCP", "code", CODE(0x13987b8), "port", 50867) called at /tmp/loop_over_bdir-5237-Q5zY2y/HTTP-Engine-0.03005-fq4Tdg/inc/Test/TCP.pm line 52
	Test::TCP::test_tcp("client", CODE(0x1336fc0), "server", CODE(0x13987b8)) called at t/moose/020_interface/server_simple-not-send-header-bug.t line 41
Class::MOP::load_class is deprecated at /home/sand/src/perl/repoperls/installed-perls/perl/v5.21.2-87-g33e493d/165a/lib/site_perl/5.21.3/x86_64-linux/Class/MOP.pm line 71, <DATA> line 16.
	Class::MOP::load_class("HTTP::Engine::RequestBuilder::NoEnv") called at /tmp/loop_over_bdir-5237-Q5zY2y/HTTP-Engine-0.03005-fq4Tdg/blib/lib/HTTP/Engine/Interface.pm line 65
	HTTP::Engine::Interface::_setup_builder("HTTP::Engine::Interface::ServerSimple", "NoEnv") called at /tmp/loop_over_bdir-5237-Q5zY2y/HTTP-Engine-0.03005-fq4Tdg/blib/lib/HTTP/Engine/Interface.pm line 51
	HTTP::Engine::Interface::__INTERFACE__("HTTP::Engine::Interface::ServerSimple") called at /tmp/loop_over_bdir-5237-Q5zY2y/HTTP-Engine-0.03005-fq4Tdg/blib/lib/HTTP/Engine/Interface.pm line 31
	HTTP::Engine::Interface::__ANON__() called at /tmp/loop_over_bdir-5237-Q5zY2y/HTTP-Engine-0.03005-fq4Tdg/blib/lib/HTTP/Engine/Interface/ServerSimple.pm line 111
	require HTTP/Engine/Interface/ServerSimple.pm called at /home/sand/src/perl/repoperls/installed-perls/perl/v5.21.2-87-g33e493d/165a/lib/site_perl/5.21.3/Module/Runtime.pm line 317
	Module::Runtime::require_module("HTTP::Engine::Interface::ServerSimple") called at /home/sand/src/perl/repoperls/installed-perls/perl/v5.21.2-87-g33e493d/165a/lib/site_perl/5.21.3/Class/Load.pm line 179
	Class::Load::try {...} () called at /home/sand/src/perl/repoperls/installed-perls/perl/v5.21.2-87-g33e493d/165a/lib/site_perl/5.21.3/Try/Tiny.pm line 77
	eval {...} called at /home/sand/src/perl/repoperls/installed-perls/perl/v5.21.2-87-g33e493d/165a/lib/site_perl/5.21.3/Try/Tiny.pm line 72
	Try::Tiny::try(CODE(0x2313608), Try::Tiny::Catch=REF(0x2448a20)) called at /home/sand/src/perl/repoperls/installed-perls/perl/v5.21.2-87-g33e493d/165a/lib/site_perl/5.21.3/Class/Load.pm line 185
	Class::Load::try_load_class("HTTP::Engine::Interface::ServerSimple", undef) called at /home/sand/src/perl/repoperls/installed-perls/perl/v5.21.2-87-g33e493d/165a/lib/site_perl/5.21.3/Class/Load.pm line 40
	Class::Load::load_class("HTTP::Engine::Interface::ServerSimple") called at /tmp/loop_over_bdir-5237-Q5zY2y/HTTP-Engine-0.03005-fq4Tdg/blib/lib/HTTP/Engine/Types/Core.pm line 26
	HTTP::Engine::Types::Core::__ANON__(HASH(0x27b34f8)) called at /home/sand/src/perl/repoperls/installed-perls/perl/v5.21.2-87-g33e493d/165a/lib/site_perl/5.21.3/x86_64-linux/Moose/Meta/TypeCoercion.pm line 67
	Moose::Meta::TypeCoercion::__ANON__(HASH(0x27b34f8)) called at constructor HTTP::Engine::new (defined at /tmp/loop_over_bdir-5237-Q5zY2y/HTTP-Engine-0.03005-fq4Tdg/blib/lib/HTTP/Engine.pm line 17) line 32
	HTTP::Engine::new("HTTP::Engine", "interface", HASH(0x27b34f8)) called at t/moose/020_interface/server_simple-not-send-header-bug.t line 39
	main::__ANON__(50867) called at /tmp/loop_over_bdir-5237-Q5zY2y/HTTP-Engine-0.03005-fq4Tdg/inc/Test/TCP.pm line 118
	Test::TCP::start(Test::TCP=HASH(0x10785c8)) called at /tmp/loop_over_bdir-5237-Q5zY2y/HTTP-Engine-0.03005-fq4Tdg/inc/Test/TCP.pm line 101
	Test::TCP::new("Test::TCP", "code", CODE(0x13987b8), "port", 50867) called at /tmp/loop_over_bdir-5237-Q5zY2y/HTTP-Engine-0.03005-fq4Tdg/inc/Test/TCP.pm line 52
	Test::TCP::test_tcp("client", CODE(0x1336fc0), "server", CODE(0x13987b8)) called at t/moose/020_interface/server_simple-not-send-header-bug.t line 41
t/moose/020_interface/server_simple-not-send-header-bug.t ... ok
Possible precedence issue with control flow operator at /tmp/loop_over_bdir-5237-Q5zY2y/HTTP-Engine-0.03005-fq4Tdg/inc/Test/Builder.pm line 917.
Class::MOP::load_class is deprecated at /home/sand/src/perl/repoperls/installed-perls/perl/v5.21.2-87-g33e493d/165a/lib/site_perl/5.21.3/x86_64-linux/Class/MOP.pm line 71, <DATA> line 11.
	Class::MOP::load_class("HTTP::Engine::Interface::ServerSimple") called at /tmp/loop_over_bdir-5237-Q5zY2y/HTTP-Engine-0.03005-fq4Tdg/blib/lib/HTTP/Engine/Types/Core.pm line 26
	HTTP::Engine::Types::Core::__ANON__(HASH(0x23a4eb8)) called at /home/sand/src/perl/repoperls/installed-perls/perl/v5.21.2-87-g33e493d/165a/lib/site_perl/5.21.3/x86_64-linux/Moose/Meta/TypeCoercion.pm line 67
	Moose::Meta::TypeCoercion::__ANON__(HASH(0x23a4eb8)) called at constructor HTTP::Engine::new (defined at /tmp/loop_over_bdir-5237-Q5zY2y/HTTP-Engine-0.03005-fq4Tdg/blib/lib/HTTP/Engine.pm line 17) line 32
	HTTP::Engine::new("HTTP::Engine", "interface", HASH(0x23a4eb8)) called at t/moose/020_interface/server_simple-print_banner.t line 32
	main::__ANON__(50144) called at /tmp/loop_over_bdir-5237-Q5zY2y/HTTP-Engine-0.03005-fq4Tdg/inc/Test/TCP.pm line 118
	Test::TCP::start(Test::TCP=HASH(0x235f5f0)) called at /tmp/loop_over_bdir-5237-Q5zY2y/HTTP-Engine-0.03005-fq4Tdg/inc/Test/TCP.pm line 101
	Test::TCP::new("Test::TCP", "code", CODE(0x908148), "port", 50144) called at /tmp/loop_over_bdir-5237-Q5zY2y/HTTP-Engine-0.03005-fq4Tdg/inc/Test/TCP.pm line 52
	Test::TCP::test_tcp("client", CODE(0x947e60), "server", CODE(0x908148)) called at t/moose/020_interface/server_simple-print_banner.t line 34
t/moose/020_interface/server_simple-print_banner.t .......... ok
Possible precedence issue with control flow operator at /tmp/loop_over_bdir-5237-Q5zY2y/HTTP-Engine-0.03005-fq4Tdg/inc/Test/Builder.pm line 917.
Class::MOP::load_class is deprecated at /home/sand/src/perl/repoperls/installed-perls/perl/v5.21.2-87-g33e493d/165a/lib/site_perl/5.21.3/x86_64-linux/Class/MOP.pm line 71, <DATA> line 11.
	Class::MOP::load_class("HTTP::Engine::Interface::ServerSimple") called at /tmp/loop_over_bdir-5237-Q5zY2y/HTTP-Engine-0.03005-fq4Tdg/blib/lib/HTTP/Engine/Types/Core.pm line 26
	HTTP::Engine::Types::Core::__ANON__(HASH(0x3081838)) called at /home/sand/src/perl/repoperls/installed-perls/perl/v5.21.2-87-g33e493d/165a/lib/site_perl/5.21.3/x86_64-linux/Moose/Meta/TypeCoercion.pm line 67
	Moose::Meta::TypeCoercion::__ANON__(HASH(0x3081838)) called at constructor HTTP::Engine::new (defined at /tmp/loop_over_bdir-5237-Q5zY2y/HTTP-Engine-0.03005-fq4Tdg/blib/lib/HTTP/Engine.pm line 17) line 32
	HTTP::Engine::new("HTTP::Engine", "interface", HASH(0x3081838)) called at t/moose/020_interface/server_simple.t line 36
	main::__ANON__(50333) called at /tmp/loop_over_bdir-5237-Q5zY2y/HTTP-Engine-0.03005-fq4Tdg/inc/Test/TCP.pm line 118
	Test::TCP::start(Test::TCP=HASH(0x14f2310)) called at /tmp/loop_over_bdir-5237-Q5zY2y/HTTP-Engine-0.03005-fq4Tdg/inc/Test/TCP.pm line 101
	Test::TCP::new("Test::TCP", "code", CODE(0x306bb80), "port", 50333) called at /tmp/loop_over_bdir-5237-Q5zY2y/HTTP-Engine-0.03005-fq4Tdg/inc/Test/TCP.pm line 52
	Test::TCP::test_tcp("client", CODE(0x2fa2bc0), "server", CODE(0x306bb80)) called at t/moose/020_interface/server_simple.t line 38
t/moose/020_interface/server_simple.t ....................... ok
Possible precedence issue with control flow operator at /tmp/loop_over_bdir-5237-Q5zY2y/HTTP-Engine-0.03005-fq4Tdg/inc/Test/Builder.pm line 917.
t/moose/020_interface/standalone-keep_alive.t ............... skipped: Interface::Standalone will be removed
Possible precedence issue with control flow operator at /tmp/loop_over_bdir-5237-Q5zY2y/HTTP-Engine-0.03005-fq4Tdg/inc/Test/Builder.pm line 917.
t/moose/020_interface/standalone-restart.t .................. skipped: Interface::Standalone will be removed
Possible precedence issue with control flow operator at /tmp/loop_over_bdir-5237-Q5zY2y/HTTP-Engine-0.03005-fq4Tdg/inc/Test/Builder.pm line 917.
Class::MOP::load_class is deprecated at /home/sand/src/perl/repoperls/installed-perls/perl/v5.21.2-87-g33e493d/165a/lib/site_perl/5.21.3/x86_64-linux/Class/MOP.pm line 71.
	Class::MOP::load_class("HTTP::Engine::Interface::Test") called at /tmp/loop_over_bdir-5237-Q5zY2y/HTTP-Engine-0.03005-fq4Tdg/blib/lib/HTTP/Engine/Types/Core.pm line 26
	HTTP::Engine::Types::Core::__ANON__(HASH(0x4137108)) called at /home/sand/src/perl/repoperls/installed-perls/perl/v5.21.2-87-g33e493d/165a/lib/site_perl/5.21.3/x86_64-linux/Moose/Meta/TypeCoercion.pm line 67
	Moose::Meta::TypeCoercion::__ANON__(HASH(0x4137108)) called at constructor HTTP::Engine::new (defined at /tmp/loop_over_bdir-5237-Q5zY2y/HTTP-Engine-0.03005-fq4Tdg/blib/lib/HTTP/Engine.pm line 17) line 32
	HTTP::Engine::new("HTTP::Engine", "interface", HASH(0x4137108)) called at t/moose/020_interface/streaming_response.t line 30
	eval {...} called at t/moose/020_interface/streaming_response.t line 19
t/moose/020_interface/streaming_response.t .................. ok
Possible precedence issue with control flow operator at /tmp/loop_over_bdir-5237-Q5zY2y/HTTP-Engine-0.03005-fq4Tdg/inc/Test/Builder.pm line 917.

#   Failed test at t/moose/020_interface/test-validation.t line 23.
#          got: '1'
#     expected: '0'
# Looks like you failed 1 test of 10.
t/moose/020_interface/test-validation.t ..................... 
Dubious, test returned 1 (wstat 256, 0x100)
Failed 1/10 subtests 
Possible precedence issue with control flow operator at /tmp/loop_over_bdir-5237-Q5zY2y/HTTP-Engine-0.03005-fq4Tdg/inc/Test/Builder.pm line 917.
t/moose/020_interface/test-warn_at_utf8.t ................... ok
Possible precedence issue with control flow operator at /tmp/loop_over_bdir-5237-Q5zY2y/HTTP-Engine-0.03005-fq4Tdg/inc/Test/Builder.pm line 917.
Redundant argument in sprintf at /tmp/loop_over_bdir-5237-Q5zY2y/HTTP-Engine-0.03005-fq4Tdg/inc/Spiffy.pm line 225.
Redundant argument in sprintf at /tmp/loop_over_bdir-5237-Q5zY2y/HTTP-Engine-0.03005-fq4Tdg/inc/Spiffy.pm line 225.
Redundant argument in sprintf at /tmp/loop_over_bdir-5237-Q5zY2y/HTTP-Engine-0.03005-fq4Tdg/inc/Spiffy.pm line 225.
Redundant argument in sprintf at /tmp/loop_over_bdir-5237-Q5zY2y/HTTP-Engine-0.03005-fq4Tdg/inc/Spiffy.pm line 225.
Class::MOP::load_class is deprecated at /home/sand/src/perl/repoperls/installed-perls/perl/v5.21.2-87-g33e493d/165a/lib/site_perl/5.21.3/x86_64-linux/Class/MOP.pm line 71, <DATA> line 1.
	Class::MOP::load_class("HTTP::Engine::Interface::Test") called at /tmp/loop_over_bdir-5237-Q5zY2y/HTTP-Engine-0.03005-fq4Tdg/blib/lib/HTTP/Engine/Types/Core.pm line 26
	HTTP::Engine::Types::Core::__ANON__(HASH(0x2566570)) called at /home/sand/src/perl/repoperls/installed-perls/perl/v5.21.2-87-g33e493d/165a/lib/site_perl/5.21.3/x86_64-linux/Moose/Meta/TypeCoercion.pm line 67
	Moose::Meta::TypeCoercion::__ANON__(HASH(0x2566570)) called at constructor HTTP::Engine::new (defined at /tmp/loop_over_bdir-5237-Q5zY2y/HTTP-Engine-0.03005-fq4Tdg/blib/lib/HTTP/Engine.pm line 17) line 32
	HTTP::Engine::new("HTTP::Engine", "interface", HASH(0x2566570)) called at t/moose/020_interface/test.t line 38
	main::__ANON__(Test::Base::Block=HASH(0x2389758)) called at /tmp/loop_over_bdir-5237-Q5zY2y/HTTP-Engine-0.03005-fq4Tdg/inc/Test/Base.pm line 269
	Test::Base::run(undef) called at t/moose/020_interface/test.t line 43
t/moose/020_interface/test.t ................................ ok
Possible precedence issue with control flow operator at /tmp/loop_over_bdir-5237-Q5zY2y/HTTP-Engine-0.03005-fq4Tdg/inc/Test/Builder.pm line 917.
Class::MOP::load_class is deprecated at /home/sand/src/perl/repoperls/installed-perls/perl/v5.21.2-87-g33e493d/165a/lib/site_perl/5.21.3/x86_64-linux/Class/MOP.pm line 71.
	Class::MOP::load_class("HTTP::Engine::Interface::Test") called at /tmp/loop_over_bdir-5237-Q5zY2y/HTTP-Engine-0.03005-fq4Tdg/blib/lib/HTTP/Engine/Types/Core.pm line 26
	HTTP::Engine::Types::Core::__ANON__(HASH(0x1ff5520)) called at /home/sand/src/perl/repoperls/installed-perls/perl/v5.21.2-87-g33e493d/165a/lib/site_perl/5.21.3/x86_64-linux/Moose/Meta/TypeCoercion.pm line 67
	Moose::Meta::TypeCoercion::__ANON__(HASH(0x1ff5520)) called at constructor HTTP::Engine::new (defined at /tmp/loop_over_bdir-5237-Q5zY2y/HTTP-Engine-0.03005-fq4Tdg/blib/lib/HTTP/Engine.pm line 17) line 32
	HTTP::Engine::new("HTTP::Engine", "interface", HASH(0x1ff5520)) called at t/moose/020_interface/test_response-with_io.t line 26
t/moose/020_interface/test_response-with_io.t ............... ok
Possible precedence issue with control flow operator at /tmp/loop_over_bdir-5237-Q5zY2y/HTTP-Engine-0.03005-fq4Tdg/inc/Test/Builder.pm line 917.
Redundant argument in sprintf at /tmp/loop_over_bdir-5237-Q5zY2y/HTTP-Engine-0.03005-fq4Tdg/inc/Spiffy.pm line 225.
Redundant argument in sprintf at /tmp/loop_over_bdir-5237-Q5zY2y/HTTP-Engine-0.03005-fq4Tdg/inc/Spiffy.pm line 225.
Redundant argument in sprintf at /tmp/loop_over_bdir-5237-Q5zY2y/HTTP-Engine-0.03005-fq4Tdg/inc/Spiffy.pm line 225.
Redundant argument in sprintf at /tmp/loop_over_bdir-5237-Q5zY2y/HTTP-Engine-0.03005-fq4Tdg/inc/Spiffy.pm line 225.
Class::MOP::load_class is deprecated at /home/sand/src/perl/repoperls/installed-perls/perl/v5.21.2-87-g33e493d/165a/lib/site_perl/5.21.3/x86_64-linux/Class/MOP.pm line 71, <DATA> line 1.
	Class::MOP::load_class("HTTP::Engine::Interface::Test") called at /tmp/loop_over_bdir-5237-Q5zY2y/HTTP-Engine-0.03005-fq4Tdg/blib/lib/HTTP/Engine/Types/Core.pm line 26
	HTTP::Engine::Types::Core::__ANON__(HASH(0x2bd5c38)) called at /home/sand/src/perl/repoperls/installed-perls/perl/v5.21.2-87-g33e493d/165a/lib/site_perl/5.21.3/x86_64-linux/Moose/Meta/TypeCoercion.pm line 67
	Moose::Meta::TypeCoercion::__ANON__(HASH(0x2bd5c38)) called at constructor HTTP::Engine::new (defined at /tmp/loop_over_bdir-5237-Q5zY2y/HTTP-Engine-0.03005-fq4Tdg/blib/lib/HTTP/Engine.pm line 17) line 32
	HTTP::Engine::new("HTTP::Engine", "interface", HASH(0x2bd5c38)) called at t/moose/020_interface/test_upload.t line 55
	main::__ANON__(Test::Base::Block=HASH(0xa2f580)) called at /tmp/loop_over_bdir-5237-Q5zY2y/HTTP-Engine-0.03005-fq4Tdg/inc/Test/Base.pm line 269
	Test::Base::run(undef) called at t/moose/020_interface/test_upload.t line 91
t/moose/020_interface/test_upload.t ......................... ok
Possible precedence issue with control flow operator at /tmp/loop_over_bdir-5237-Q5zY2y/HTTP-Engine-0.03005-fq4Tdg/inc/Test/Builder.pm line 917.
Class::MOP::load_class is deprecated at /home/sand/src/perl/repoperls/installed-perls/perl/v5.21.2-87-g33e493d/165a/lib/site_perl/5.21.3/x86_64-linux/Class/MOP.pm line 71.
	Class::MOP::load_class("HTTP::Engine::Interface::Standalone") called at /tmp/loop_over_bdir-5237-Q5zY2y/HTTP-Engine-0.03005-fq4Tdg/blib/lib/HTTP/Engine/Types/Core.pm line 26
	HTTP::Engine::Types::Core::__ANON__(HASH(0x317e278)) called at /home/sand/src/perl/repoperls/installed-perls/perl/v5.21.2-87-g33e493d/165a/lib/site_perl/5.21.3/x86_64-linux/Moose/Meta/TypeCoercion.pm line 67
	Moose::Meta::TypeCoercion::__ANON__(HASH(0x317e278)) called at constructor HTTP::Engine::new (defined at /tmp/loop_over_bdir-5237-Q5zY2y/HTTP-Engine-0.03005-fq4Tdg/blib/lib/HTTP/Engine.pm line 17) line 32
	HTTP::Engine::new("HTTP::Engine", "interface", HASH(0x317e278)) called at t/Utils.pm line 129
	t::Utils::__ANON__(50456) called at /tmp/loop_over_bdir-5237-Q5zY2y/HTTP-Engine-0.03005-fq4Tdg/inc/Test/TCP.pm line 118
	Test::TCP::start(Test::TCP=HASH(0x3453f80)) called at /tmp/loop_over_bdir-5237-Q5zY2y/HTTP-Engine-0.03005-fq4Tdg/inc/Test/TCP.pm line 101
	Test::TCP::new("Test::TCP", "code", CODE(0x33d9dd0), "port", 50456) called at /tmp/loop_over_bdir-5237-Q5zY2y/HTTP-Engine-0.03005-fq4Tdg/inc/Test/TCP.pm line 52
	Test::TCP::test_tcp("client", CODE(0x33d9ba8), "server", CODE(0x33d9dd0), "port", 50456) called at t/Utils.pm line 132
	t::Utils::daemonize_all(CODE(0x2f34568), "    sub {\x{a}        my \$port = shift;\x{a}        return (\x{a}        "...) called at t/moose/030_daemonize/connection_info.t line 47
Class::MOP::load_class is deprecated at /home/sand/src/perl/repoperls/installed-perls/perl/v5.21.2-87-g33e493d/165a/lib/site_perl/5.21.3/x86_64-linux/Class/MOP.pm line 71.
	Class::MOP::load_class("HTTP::Engine::Interface::ServerSimple") called at /tmp/loop_over_bdir-5237-Q5zY2y/HTTP-Engine-0.03005-fq4Tdg/blib/lib/HTTP/Engine/Types/Core.pm line 26
	HTTP::Engine::Types::Core::__ANON__(HASH(0x317e278)) called at /home/sand/src/perl/repoperls/installed-perls/perl/v5.21.2-87-g33e493d/165a/lib/site_perl/5.21.3/x86_64-linux/Moose/Meta/TypeCoercion.pm line 67
	Moose::Meta::TypeCoercion::__ANON__(HASH(0x317e278)) called at constructor HTTP::Engine::new (defined at /tmp/loop_over_bdir-5237-Q5zY2y/HTTP-Engine-0.03005-fq4Tdg/blib/lib/HTTP/Engine.pm line 17) line 32
	HTTP::Engine::new("HTTP::Engine", "interface", HASH(0x317e278)) called at t/Utils.pm line 129
	t::Utils::__ANON__(50456) called at /tmp/loop_over_bdir-5237-Q5zY2y/HTTP-Engine-0.03005-fq4Tdg/inc/Test/TCP.pm line 118
	Test::TCP::start(Test::TCP=HASH(0x3454088)) called at /tmp/loop_over_bdir-5237-Q5zY2y/HTTP-Engine-0.03005-fq4Tdg/inc/Test/TCP.pm line 101
	Test::TCP::new("Test::TCP", "code", CODE(0x33d9dd0), "port", 50456) called at /tmp/loop_over_bdir-5237-Q5zY2y/HTTP-Engine-0.03005-fq4Tdg/inc/Test/TCP.pm line 52
	Test::TCP::test_tcp("client", CODE(0x33d9ba8), "server", CODE(0x33d9dd0), "port", 50456) called at t/Utils.pm line 132
	t::Utils::daemonize_all(CODE(0x2f34568), "    sub {\x{a}        my \$port = shift;\x{a}        return (\x{a}        "...) called at t/moose/030_daemonize/connection_info.t line 47
Class::MOP::load_class is deprecated at /home/sand/src/perl/repoperls/installed-perls/perl/v5.21.2-87-g33e493d/165a/lib/site_perl/5.21.3/x86_64-linux/Class/MOP.pm line 71.
	Class::MOP::load_class("HTTP::Engine::Interface::POE") called at /tmp/loop_over_bdir-5237-Q5zY2y/HTTP-Engine-0.03005-fq4Tdg/blib/lib/HTTP/Engine/Types/Core.pm line 26
	HTTP::Engine::Types::Core::__ANON__(HASH(0x317e278)) called at /home/sand/src/perl/repoperls/installed-perls/perl/v5.21.2-87-g33e493d/165a/lib/site_perl/5.21.3/x86_64-linux/Moose/Meta/TypeCoercion.pm line 67
	Moose::Meta::TypeCoercion::__ANON__(HASH(0x317e278)) called at constructor HTTP::Engine::new (defined at /tmp/loop_over_bdir-5237-Q5zY2y/HTTP-Engine-0.03005-fq4Tdg/blib/lib/HTTP/Engine.pm line 17) line 32
	HTTP::Engine::new("HTTP::Engine", "interface", HASH(0x317e278)) called at t/Utils.pm line 129
	t::Utils::__ANON__(50456) called at /tmp/loop_over_bdir-5237-Q5zY2y/HTTP-Engine-0.03005-fq4Tdg/inc/Test/TCP.pm line 118
	Test::TCP::start(Test::TCP=HASH(0x3453f80)) called at /tmp/loop_over_bdir-5237-Q5zY2y/HTTP-Engine-0.03005-fq4Tdg/inc/Test/TCP.pm line 101
	Test::TCP::new("Test::TCP", "code", CODE(0x33d9dd0), "port", 50456) called at /tmp/loop_over_bdir-5237-Q5zY2y/HTTP-Engine-0.03005-fq4Tdg/inc/Test/TCP.pm line 52
	Test::TCP::test_tcp("client", CODE(0x33d9ba8), "server", CODE(0x33d9dd0), "port", 50456) called at t/Utils.pm line 132
	t::Utils::daemonize_all(CODE(0x2f34568), "    sub {\x{a}        my \$port = shift;\x{a}        return (\x{a}        "...) called at t/moose/030_daemonize/connection_info.t line 47
t/moose/030_daemonize/connection_info.t ..................... ok
Possible precedence issue with control flow operator at /tmp/loop_over_bdir-5237-Q5zY2y/HTTP-Engine-0.03005-fq4Tdg/inc/Test/Builder.pm line 917.
Class::MOP::load_class is deprecated at /home/sand/src/perl/repoperls/installed-perls/perl/v5.21.2-87-g33e493d/165a/lib/site_perl/5.21.3/x86_64-linux/Class/MOP.pm line 71.
	Class::MOP::load_class("HTTP::Engine::Interface::Standalone") called at /tmp/loop_over_bdir-5237-Q5zY2y/HTTP-Engine-0.03005-fq4Tdg/blib/lib/HTTP/Engine/Types/Core.pm line 26
	HTTP::Engine::Types::Core::__ANON__(HASH(0x231c430)) called at /home/sand/src/perl/repoperls/installed-perls/perl/v5.21.2-87-g33e493d/165a/lib/site_perl/5.21.3/x86_64-linux/Moose/Meta/TypeCoercion.pm line 67
	Moose::Meta::TypeCoercion::__ANON__(HASH(0x231c430)) called at constructor HTTP::Engine::new (defined at /tmp/loop_over_bdir-5237-Q5zY2y/HTTP-Engine-0.03005-fq4Tdg/blib/lib/HTTP/Engine.pm line 17) line 32
	HTTP::Engine::new("HTTP::Engine", "interface", HASH(0x231c430)) called at t/Utils.pm line 129
	t::Utils::__ANON__(50448) called at /tmp/loop_over_bdir-5237-Q5zY2y/HTTP-Engine-0.03005-fq4Tdg/inc/Test/TCP.pm line 118
	Test::TCP::start(Test::TCP=HASH(0x426f728)) called at /tmp/loop_over_bdir-5237-Q5zY2y/HTTP-Engine-0.03005-fq4Tdg/inc/Test/TCP.pm line 101
	Test::TCP::new("Test::TCP", "code", CODE(0x41e4290), "port", 50448) called at /tmp/loop_over_bdir-5237-Q5zY2y/HTTP-Engine-0.03005-fq4Tdg/inc/Test/TCP.pm line 52
	Test::TCP::test_tcp("client", CODE(0x41e4068), "server", CODE(0x41e4290), "port", 50448) called at t/Utils.pm line 132
	t::Utils::daemonize_all(CODE(0x3d54ea8), "    sub {\x{a}        my \$port = shift;\x{a}        return (\x{a}        "...) called at t/moose/030_daemonize/headers.t line 40
Class::MOP::load_class is deprecated at /home/sand/src/perl/repoperls/installed-perls/perl/v5.21.2-87-g33e493d/165a/lib/site_perl/5.21.3/x86_64-linux/Class/MOP.pm line 71.
	Class::MOP::load_class("HTTP::Engine::Interface::ServerSimple") called at /tmp/loop_over_bdir-5237-Q5zY2y/HTTP-Engine-0.03005-fq4Tdg/blib/lib/HTTP/Engine/Types/Core.pm line 26
	HTTP::Engine::Types::Core::__ANON__(HASH(0x231c430)) called at /home/sand/src/perl/repoperls/installed-perls/perl/v5.21.2-87-g33e493d/165a/lib/site_perl/5.21.3/x86_64-linux/Moose/Meta/TypeCoercion.pm line 67
	Moose::Meta::TypeCoercion::__ANON__(HASH(0x231c430)) called at constructor HTTP::Engine::new (defined at /tmp/loop_over_bdir-5237-Q5zY2y/HTTP-Engine-0.03005-fq4Tdg/blib/lib/HTTP/Engine.pm line 17) line 32
	HTTP::Engine::new("HTTP::Engine", "interface", HASH(0x231c430)) called at t/Utils.pm line 129
	t::Utils::__ANON__(50448) called at /tmp/loop_over_bdir-5237-Q5zY2y/HTTP-Engine-0.03005-fq4Tdg/inc/Test/TCP.pm line 118
	Test::TCP::start(Test::TCP=HASH(0x426fc20)) called at /tmp/loop_over_bdir-5237-Q5zY2y/HTTP-Engine-0.03005-fq4Tdg/inc/Test/TCP.pm line 101
	Test::TCP::new("Test::TCP", "code", CODE(0x41e4290), "port", 50448) called at /tmp/loop_over_bdir-5237-Q5zY2y/HTTP-Engine-0.03005-fq4Tdg/inc/Test/TCP.pm line 52
	Test::TCP::test_tcp("client", CODE(0x41e4068), "server", CODE(0x41e4290), "port", 50448) called at t/Utils.pm line 132
	t::Utils::daemonize_all(CODE(0x3d54ea8), "    sub {\x{a}        my \$port = shift;\x{a}        return (\x{a}        "...) called at t/moose/030_daemonize/headers.t line 40
Class::MOP::load_class is deprecated at /home/sand/src/perl/repoperls/installed-perls/perl/v5.21.2-87-g33e493d/165a/lib/site_perl/5.21.3/x86_64-linux/Class/MOP.pm line 71.
	Class::MOP::load_class("HTTP::Engine::Interface::POE") called at /tmp/loop_over_bdir-5237-Q5zY2y/HTTP-Engine-0.03005-fq4Tdg/blib/lib/HTTP/Engine/Types/Core.pm line 26
	HTTP::Engine::Types::Core::__ANON__(HASH(0x231c430)) called at /home/sand/src/perl/repoperls/installed-perls/perl/v5.21.2-87-g33e493d/165a/lib/site_perl/5.21.3/x86_64-linux/Moose/Meta/TypeCoercion.pm line 67
	Moose::Meta::TypeCoercion::__ANON__(HASH(0x231c430)) called at constructor HTTP::Engine::new (defined at /tmp/loop_over_bdir-5237-Q5zY2y/HTTP-Engine-0.03005-fq4Tdg/blib/lib/HTTP/Engine.pm line 17) line 32
	HTTP::Engine::new("HTTP::Engine", "interface", HASH(0x231c430)) called at t/Utils.pm line 129
	t::Utils::__ANON__(50448) called at /tmp/loop_over_bdir-5237-Q5zY2y/HTTP-Engine-0.03005-fq4Tdg/inc/Test/TCP.pm line 118
	Test::TCP::start(Test::TCP=HASH(0x24a8448)) called at /tmp/loop_over_bdir-5237-Q5zY2y/HTTP-Engine-0.03005-fq4Tdg/inc/Test/TCP.pm line 101
	Test::TCP::new("Test::TCP", "code", CODE(0x41e4290), "port", 50448) called at /tmp/loop_over_bdir-5237-Q5zY2y/HTTP-Engine-0.03005-fq4Tdg/inc/Test/TCP.pm line 52
	Test::TCP::test_tcp("client", CODE(0x41e4068), "server", CODE(0x41e4290), "port", 50448) called at t/Utils.pm line 132
	t::Utils::daemonize_all(CODE(0x3d54ea8), "    sub {\x{a}        my \$port = shift;\x{a}        return (\x{a}        "...) called at t/moose/030_daemonize/headers.t line 40
t/moose/030_daemonize/headers.t ............................. ok
Possible precedence issue with control flow operator at /tmp/loop_over_bdir-5237-Q5zY2y/HTTP-Engine-0.03005-fq4Tdg/inc/Test/Builder.pm line 917.
Class::MOP::load_class is deprecated at /home/sand/src/perl/repoperls/installed-perls/perl/v5.21.2-87-g33e493d/165a/lib/site_perl/5.21.3/x86_64-linux/Class/MOP.pm line 71.
	Class::MOP::load_class("HTTP::Engine::Interface::Standalone") called at /tmp/loop_over_bdir-5237-Q5zY2y/HTTP-Engine-0.03005-fq4Tdg/blib/lib/HTTP/Engine/Types/Core.pm line 26
	HTTP::Engine::Types::Core::__ANON__(HASH(0x40abe38)) called at /home/sand/src/perl/repoperls/installed-perls/perl/v5.21.2-87-g33e493d/165a/lib/site_perl/5.21.3/x86_64-linux/Moose/Meta/TypeCoercion.pm line 67
	Moose::Meta::TypeCoercion::__ANON__(HASH(0x40abe38)) called at constructor HTTP::Engine::new (defined at /tmp/loop_over_bdir-5237-Q5zY2y/HTTP-Engine-0.03005-fq4Tdg/blib/lib/HTTP/Engine.pm line 17) line 32
	HTTP::Engine::new("HTTP::Engine", "interface", HASH(0x40abe38)) called at t/Utils.pm line 129
	t::Utils::__ANON__(50366) called at /tmp/loop_over_bdir-5237-Q5zY2y/HTTP-Engine-0.03005-fq4Tdg/inc/Test/TCP.pm line 118
	Test::TCP::start(Test::TCP=HASH(0x443ce58)) called at /tmp/loop_over_bdir-5237-Q5zY2y/HTTP-Engine-0.03005-fq4Tdg/inc/Test/TCP.pm line 101
	Test::TCP::new("Test::TCP", "code", CODE(0x43bf540), "port", 50366) called at /tmp/loop_over_bdir-5237-Q5zY2y/HTTP-Engine-0.03005-fq4Tdg/inc/Test/TCP.pm line 52
	Test::TCP::test_tcp("client", CODE(0x43bf318), "server", CODE(0x43bf540), "port", 50366) called at t/Utils.pm line 132
	t::Utils::daemonize_all(CODE(0x3f3ca60), "    sub {\x{a}        my \$port = shift;\x{a}        return (\x{a}        "...) called at t/moose/030_daemonize/proxy_path.t line 25
Class::MOP::load_class is deprecated at /home/sand/src/perl/repoperls/installed-perls/perl/v5.21.2-87-g33e493d/165a/lib/site_perl/5.21.3/x86_64-linux/Class/MOP.pm line 71.
	Class::MOP::load_class("HTTP::Engine::Interface::ServerSimple") called at /tmp/loop_over_bdir-5237-Q5zY2y/HTTP-Engine-0.03005-fq4Tdg/blib/lib/HTTP/Engine/Types/Core.pm line 26
	HTTP::Engine::Types::Core::__ANON__(HASH(0x40abe38)) called at /home/sand/src/perl/repoperls/installed-perls/perl/v5.21.2-87-g33e493d/165a/lib/site_perl/5.21.3/x86_64-linux/Moose/Meta/TypeCoercion.pm line 67
	Moose::Meta::TypeCoercion::__ANON__(HASH(0x40abe38)) called at constructor HTTP::Engine::new (defined at /tmp/loop_over_bdir-5237-Q5zY2y/HTTP-Engine-0.03005-fq4Tdg/blib/lib/HTTP/Engine.pm line 17) line 32
	HTTP::Engine::new("HTTP::Engine", "interface", HASH(0x40abe38)) called at t/Utils.pm line 129
	t::Utils::__ANON__(50366) called at /tmp/loop_over_bdir-5237-Q5zY2y/HTTP-Engine-0.03005-fq4Tdg/inc/Test/TCP.pm line 118
	Test::TCP::start(Test::TCP=HASH(0x443d2f0)) called at /tmp/loop_over_bdir-5237-Q5zY2y/HTTP-Engine-0.03005-fq4Tdg/inc/Test/TCP.pm line 101
	Test::TCP::new("Test::TCP", "code", CODE(0x43bf540), "port", 50366) called at /tmp/loop_over_bdir-5237-Q5zY2y/HTTP-Engine-0.03005-fq4Tdg/inc/Test/TCP.pm line 52
	Test::TCP::test_tcp("client", CODE(0x43bf318), "server", CODE(0x43bf540), "port", 50366) called at t/Utils.pm line 132
	t::Utils::daemonize_all(CODE(0x3f3ca60), "    sub {\x{a}        my \$port = shift;\x{a}        return (\x{a}        "...) called at t/moose/030_daemonize/proxy_path.t line 25
Class::MOP::load_class is deprecated at /home/sand/src/perl/repoperls/installed-perls/perl/v5.21.2-87-g33e493d/165a/lib/site_perl/5.21.3/x86_64-linux/Class/MOP.pm line 71.
	Class::MOP::load_class("HTTP::Engine::Interface::POE") called at /tmp/loop_over_bdir-5237-Q5zY2y/HTTP-Engine-0.03005-fq4Tdg/blib/lib/HTTP/Engine/Types/Core.pm line 26
	HTTP::Engine::Types::Core::__ANON__(HASH(0x40abe38)) called at /home/sand/src/perl/repoperls/installed-perls/perl/v5.21.2-87-g33e493d/165a/lib/site_perl/5.21.3/x86_64-linux/Moose/Meta/TypeCoercion.pm line 67
	Moose::Meta::TypeCoercion::__ANON__(HASH(0x40abe38)) called at constructor HTTP::Engine::new (defined at /tmp/loop_over_bdir-5237-Q5zY2y/HTTP-Engine-0.03005-fq4Tdg/blib/lib/HTTP/Engine.pm line 17) line 32
	HTTP::Engine::new("HTTP::Engine", "interface", HASH(0x40abe38)) called at t/Utils.pm line 129
	t::Utils::__ANON__(50366) called at /tmp/loop_over_bdir-5237-Q5zY2y/HTTP-Engine-0.03005-fq4Tdg/inc/Test/TCP.pm line 118
	Test::TCP::start(Test::TCP=HASH(0x485fdd8)) called at /tmp/loop_over_bdir-5237-Q5zY2y/HTTP-Engine-0.03005-fq4Tdg/inc/Test/TCP.pm line 101
	Test::TCP::new("Test::TCP", "code", CODE(0x43bf540), "port", 50366) called at /tmp/loop_over_bdir-5237-Q5zY2y/HTTP-Engine-0.03005-fq4Tdg/inc/Test/TCP.pm line 52
	Test::TCP::test_tcp("client", CODE(0x43bf318), "server", CODE(0x43bf540), "port", 50366) called at t/Utils.pm line 132
	t::Utils::daemonize_all(CODE(0x3f3ca60), "    sub {\x{a}        my \$port = shift;\x{a}        return (\x{a}        "...) called at t/moose/030_daemonize/proxy_path.t line 25
t/moose/030_daemonize/proxy_path.t .......................... ok
Possible precedence issue with control flow operator at /tmp/loop_over_bdir-5237-Q5zY2y/HTTP-Engine-0.03005-fq4Tdg/inc/Test/Builder.pm line 917.
Class::MOP::load_class is deprecated at /home/sand/src/perl/repoperls/installed-perls/perl/v5.21.2-87-g33e493d/165a/lib/site_perl/5.21.3/x86_64-linux/Class/MOP.pm line 71.
	Class::MOP::load_class("HTTP::Engine::Interface::Standalone") called at /tmp/loop_over_bdir-5237-Q5zY2y/HTTP-Engine-0.03005-fq4Tdg/blib/lib/HTTP/Engine/Types/Core.pm line 26
	HTTP::Engine::Types::Core::__ANON__(HASH(0x1c2daf8)) called at /home/sand/src/perl/repoperls/installed-perls/perl/v5.21.2-87-g33e493d/165a/lib/site_perl/5.21.3/x86_64-linux/Moose/Meta/TypeCoercion.pm line 67
	Moose::Meta::TypeCoercion::__ANON__(HASH(0x1c2daf8)) called at constructor HTTP::Engine::new (defined at /tmp/loop_over_bdir-5237-Q5zY2y/HTTP-Engine-0.03005-fq4Tdg/blib/lib/HTTP/Engine.pm line 17) line 32
	HTTP::Engine::new("HTTP::Engine", "interface", HASH(0x1c2daf8)) called at t/Utils.pm line 129
	t::Utils::__ANON__(50882) called at /tmp/loop_over_bdir-5237-Q5zY2y/HTTP-Engine-0.03005-fq4Tdg/inc/Test/TCP.pm line 118
	Test::TCP::start(Test::TCP=HASH(0x2c49390)) called at /tmp/loop_over_bdir-5237-Q5zY2y/HTTP-Engine-0.03005-fq4Tdg/inc/Test/TCP.pm line 101
	Test::TCP::new("Test::TCP", "code", CODE(0x1c37170), "port", 50882) called at /tmp/loop_over_bdir-5237-Q5zY2y/HTTP-Engine-0.03005-fq4Tdg/inc/Test/TCP.pm line 52
	Test::TCP::test_tcp("client", CODE(0x2bbeba0), "server", CODE(0x1c37170), "port", 50882) called at t/Utils.pm line 132
	t::Utils::daemonize_all(CODE(0x2730098), "    sub {\x{a}        my \$port = shift;\x{a}        return (\x{a}        "...) called at t/moose/030_daemonize/raw_body.t line 41
Class::MOP::load_class is deprecated at /home/sand/src/perl/repoperls/installed-perls/perl/v5.21.2-87-g33e493d/165a/lib/site_perl/5.21.3/x86_64-linux/Class/MOP.pm line 71.
	Class::MOP::load_class("HTTP::Engine::Interface::ServerSimple") called at /tmp/loop_over_bdir-5237-Q5zY2y/HTTP-Engine-0.03005-fq4Tdg/blib/lib/HTTP/Engine/Types/Core.pm line 26
	HTTP::Engine::Types::Core::__ANON__(HASH(0x1c2daf8)) called at /home/sand/src/perl/repoperls/installed-perls/perl/v5.21.2-87-g33e493d/165a/lib/site_perl/5.21.3/x86_64-linux/Moose/Meta/TypeCoercion.pm line 67
	Moose::Meta::TypeCoercion::__ANON__(HASH(0x1c2daf8)) called at constructor HTTP::Engine::new (defined at /tmp/loop_over_bdir-5237-Q5zY2y/HTTP-Engine-0.03005-fq4Tdg/blib/lib/HTTP/Engine.pm line 17) line 32
	HTTP::Engine::new("HTTP::Engine", "interface", HASH(0x1c2daf8)) called at t/Utils.pm line 129
	t::Utils::__ANON__(50882) called at /tmp/loop_over_bdir-5237-Q5zY2y/HTTP-Engine-0.03005-fq4Tdg/inc/Test/TCP.pm line 118
	Test::TCP::start(Test::TCP=HASH(0x2c497f8)) called at /tmp/loop_over_bdir-5237-Q5zY2y/HTTP-Engine-0.03005-fq4Tdg/inc/Test/TCP.pm line 101
	Test::TCP::new("Test::TCP", "code", CODE(0x1c37170), "port", 50882) called at /tmp/loop_over_bdir-5237-Q5zY2y/HTTP-Engine-0.03005-fq4Tdg/inc/Test/TCP.pm line 52
	Test::TCP::test_tcp("client", CODE(0x2bbeba0), "server", CODE(0x1c37170), "port", 50882) called at t/Utils.pm line 132
	t::Utils::daemonize_all(CODE(0x2730098), "    sub {\x{a}        my \$port = shift;\x{a}        return (\x{a}        "...) called at t/moose/030_daemonize/raw_body.t line 41
Class::MOP::load_class is deprecated at /home/sand/src/perl/repoperls/installed-perls/perl/v5.21.2-87-g33e493d/165a/lib/site_perl/5.21.3/x86_64-linux/Class/MOP.pm line 71.
	Class::MOP::load_class("HTTP::Engine::Interface::POE") called at /tmp/loop_over_bdir-5237-Q5zY2y/HTTP-Engine-0.03005-fq4Tdg/blib/lib/HTTP/Engine/Types/Core.pm line 26
	HTTP::Engine::Types::Core::__ANON__(HASH(0x1c2daf8)) called at /home/sand/src/perl/repoperls/installed-perls/perl/v5.21.2-87-g33e493d/165a/lib/site_perl/5.21.3/x86_64-linux/Moose/Meta/TypeCoercion.pm line 67
	Moose::Meta::TypeCoercion::__ANON__(HASH(0x1c2daf8)) called at constructor HTTP::Engine::new (defined at /tmp/loop_over_bdir-5237-Q5zY2y/HTTP-Engine-0.03005-fq4Tdg/blib/lib/HTTP/Engine.pm line 17) line 32
	HTTP::Engine::new("HTTP::Engine", "interface", HASH(0x1c2daf8)) called at t/Utils.pm line 129
	t::Utils::__ANON__(50882) called at /tmp/loop_over_bdir-5237-Q5zY2y/HTTP-Engine-0.03005-fq4Tdg/inc/Test/TCP.pm line 118
	Test::TCP::start(Test::TCP=HASH(0x2c49390)) called at /tmp/loop_over_bdir-5237-Q5zY2y/HTTP-Engine-0.03005-fq4Tdg/inc/Test/TCP.pm line 101
	Test::TCP::new("Test::TCP", "code", CODE(0x1c37170), "port", 50882) called at /tmp/loop_over_bdir-5237-Q5zY2y/HTTP-Engine-0.03005-fq4Tdg/inc/Test/TCP.pm line 52
	Test::TCP::test_tcp("client", CODE(0x2bbeba0), "server", CODE(0x1c37170), "port", 50882) called at t/Utils.pm line 132
	t::Utils::daemonize_all(CODE(0x2730098), "    sub {\x{a}        my \$port = shift;\x{a}        return (\x{a}        "...) called at t/moose/030_daemonize/raw_body.t line 41
t/moose/030_daemonize/raw_body.t ............................ ok
Possible precedence issue with control flow operator at /tmp/loop_over_bdir-5237-Q5zY2y/HTTP-Engine-0.03005-fq4Tdg/inc/Test/Builder.pm line 917.
Class::MOP::load_class is deprecated at /home/sand/src/perl/repoperls/installed-perls/perl/v5.21.2-87-g33e493d/165a/lib/site_perl/5.21.3/x86_64-linux/Class/MOP.pm line 71.
	Class::MOP::load_class("HTTP::Engine::Interface::Standalone") called at /tmp/loop_over_bdir-5237-Q5zY2y/HTTP-Engine-0.03005-fq4Tdg/blib/lib/HTTP/Engine/Types/Core.pm line 26
	HTTP::Engine::Types::Core::__ANON__(HASH(0x2459470)) called at /home/sand/src/perl/repoperls/installed-perls/perl/v5.21.2-87-g33e493d/165a/lib/site_perl/5.21.3/x86_64-linux/Moose/Meta/TypeCoercion.pm line 67
	Moose::Meta::TypeCoercion::__ANON__(HASH(0x2459470)) called at constructor HTTP::Engine::new (defined at /tmp/loop_over_bdir-5237-Q5zY2y/HTTP-Engine-0.03005-fq4Tdg/blib/lib/HTTP/Engine.pm line 17) line 32
	HTTP::Engine::new("HTTP::Engine", "interface", HASH(0x2459470)) called at t/Utils.pm line 129
	t::Utils::__ANON__(50870) called at /tmp/loop_over_bdir-5237-Q5zY2y/HTTP-Engine-0.03005-fq4Tdg/inc/Test/TCP.pm line 118
	Test::TCP::start(Test::TCP=HASH(0x43abc38)) called at /tmp/loop_over_bdir-5237-Q5zY2y/HTTP-Engine-0.03005-fq4Tdg/inc/Test/TCP.pm line 101
	Test::TCP::new("Test::TCP", "code", CODE(0x3f96e50), "port", 50870) called at /tmp/loop_over_bdir-5237-Q5zY2y/HTTP-Engine-0.03005-fq4Tdg/inc/Test/TCP.pm line 52
	Test::TCP::test_tcp("client", CODE(0x4320510), "server", CODE(0x3f96e50), "port", 50870) called at t/Utils.pm line 132
	t::Utils::daemonize_all(CODE(0x3e8e4a8), "    sub {\x{a}        my \$port = shift;\x{a}        return (\x{a}        "...) called at t/moose/030_daemonize/request_independence.t line 51
Class::MOP::load_class is deprecated at /home/sand/src/perl/repoperls/installed-perls/perl/v5.21.2-87-g33e493d/165a/lib/site_perl/5.21.3/x86_64-linux/Class/MOP.pm line 71.
	Class::MOP::load_class("HTTP::Engine::Interface::ServerSimple") called at /tmp/loop_over_bdir-5237-Q5zY2y/HTTP-Engine-0.03005-fq4Tdg/blib/lib/HTTP/Engine/Types/Core.pm line 26
	HTTP::Engine::Types::Core::__ANON__(HASH(0x2459470)) called at /home/sand/src/perl/repoperls/installed-perls/perl/v5.21.2-87-g33e493d/165a/lib/site_perl/5.21.3/x86_64-linux/Moose/Meta/TypeCoercion.pm line 67
	Moose::Meta::TypeCoercion::__ANON__(HASH(0x2459470)) called at constructor HTTP::Engine::new (defined at /tmp/loop_over_bdir-5237-Q5zY2y/HTTP-Engine-0.03005-fq4Tdg/blib/lib/HTTP/Engine.pm line 17) line 32
	HTTP::Engine::new("HTTP::Engine", "interface", HASH(0x2459470)) called at t/Utils.pm line 129
	t::Utils::__ANON__(50870) called at /tmp/loop_over_bdir-5237-Q5zY2y/HTTP-Engine-0.03005-fq4Tdg/inc/Test/TCP.pm line 118
	Test::TCP::start(Test::TCP=HASH(0x43ac118)) called at /tmp/loop_over_bdir-5237-Q5zY2y/HTTP-Engine-0.03005-fq4Tdg/inc/Test/TCP.pm line 101
	Test::TCP::new("Test::TCP", "code", CODE(0x3f96e50), "port", 50870) called at /tmp/loop_over_bdir-5237-Q5zY2y/HTTP-Engine-0.03005-fq4Tdg/inc/Test/TCP.pm line 52
	Test::TCP::test_tcp("client", CODE(0x4320510), "server", CODE(0x3f96e50), "port", 50870) called at t/Utils.pm line 132
	t::Utils::daemonize_all(CODE(0x3e8e4a8), "    sub {\x{a}        my \$port = shift;\x{a}        return (\x{a}        "...) called at t/moose/030_daemonize/request_independence.t line 51
Class::MOP::load_class is deprecated at /home/sand/src/perl/repoperls/installed-perls/perl/v5.21.2-87-g33e493d/165a/lib/site_perl/5.21.3/x86_64-linux/Class/MOP.pm line 71.
	Class::MOP::load_class("HTTP::Engine::Interface::POE") called at /tmp/loop_over_bdir-5237-Q5zY2y/HTTP-Engine-0.03005-fq4Tdg/blib/lib/HTTP/Engine/Types/Core.pm line 26
	HTTP::Engine::Types::Core::__ANON__(HASH(0x2459470)) called at /home/sand/src/perl/repoperls/installed-perls/perl/v5.21.2-87-g33e493d/165a/lib/site_perl/5.21.3/x86_64-linux/Moose/Meta/TypeCoercion.pm line 67
	Moose::Meta::TypeCoercion::__ANON__(HASH(0x2459470)) called at constructor HTTP::Engine::new (defined at /tmp/loop_over_bdir-5237-Q5zY2y/HTTP-Engine-0.03005-fq4Tdg/blib/lib/HTTP/Engine.pm line 17) line 32
	HTTP::Engine::new("HTTP::Engine", "interface", HASH(0x2459470)) called at t/Utils.pm line 129
	t::Utils::__ANON__(50870) called at /tmp/loop_over_bdir-5237-Q5zY2y/HTTP-Engine-0.03005-fq4Tdg/inc/Test/TCP.pm line 118
	Test::TCP::start(Test::TCP=HASH(0x43abc38)) called at /tmp/loop_over_bdir-5237-Q5zY2y/HTTP-Engine-0.03005-fq4Tdg/inc/Test/TCP.pm line 101
	Test::TCP::new("Test::TCP", "code", CODE(0x3f96e50), "port", 50870) called at /tmp/loop_over_bdir-5237-Q5zY2y/HTTP-Engine-0.03005-fq4Tdg/inc/Test/TCP.pm line 52
	Test::TCP::test_tcp("client", CODE(0x4320510), "server", CODE(0x3f96e50), "port", 50870) called at t/Utils.pm line 132
	t::Utils::daemonize_all(CODE(0x3e8e4a8), "    sub {\x{a}        my \$port = shift;\x{a}        return (\x{a}        "...) called at t/moose/030_daemonize/request_independence.t line 51
t/moose/030_daemonize/request_independence.t ................ ok
Possible precedence issue with control flow operator at /tmp/loop_over_bdir-5237-Q5zY2y/HTTP-Engine-0.03005-fq4Tdg/inc/Test/Builder.pm line 917.
Class::MOP::load_class is deprecated at /home/sand/src/perl/repoperls/installed-perls/perl/v5.21.2-87-g33e493d/165a/lib/site_perl/5.21.3/x86_64-linux/Class/MOP.pm line 71.
	Class::MOP::load_class("HTTP::Engine::Interface::Standalone") called at /tmp/loop_over_bdir-5237-Q5zY2y/HTTP-Engine-0.03005-fq4Tdg/blib/lib/HTTP/Engine/Types/Core.pm line 26
	HTTP::Engine::Types::Core::__ANON__(HASH(0x4227a50)) called at /home/sand/src/perl/repoperls/installed-perls/perl/v5.21.2-87-g33e493d/165a/lib/site_perl/5.21.3/x86_64-linux/Moose/Meta/TypeCoercion.pm line 67
	Moose::Meta::TypeCoercion::__ANON__(HASH(0x4227a50)) called at constructor HTTP::Engine::new (defined at /tmp/loop_over_bdir-5237-Q5zY2y/HTTP-Engine-0.03005-fq4Tdg/blib/lib/HTTP/Engine.pm line 17) line 32
	HTTP::Engine::new("HTTP::Engine", "interface", HASH(0x4227a50)) called at t/Utils.pm line 129
	t::Utils::__ANON__(50588) called at /tmp/loop_over_bdir-5237-Q5zY2y/HTTP-Engine-0.03005-fq4Tdg/inc/Test/TCP.pm line 118
	Test::TCP::start(Test::TCP=HASH(0x42a4e60)) called at /tmp/loop_over_bdir-5237-Q5zY2y/HTTP-Engine-0.03005-fq4Tdg/inc/Test/TCP.pm line 101
	Test::TCP::new("Test::TCP", "code", CODE(0x4228158), "port", 50588) called at /tmp/loop_over_bdir-5237-Q5zY2y/HTTP-Engine-0.03005-fq4Tdg/inc/Test/TCP.pm line 52
	Test::TCP::test_tcp("client", CODE(0x4227f30), "server", CODE(0x4228158), "port", 50588) called at t/Utils.pm line 132
	t::Utils::daemonize_all(CODE(0x2352548), "    sub {\x{a}        require File::Temp;\x{a}        my \$port = shif"...) called at t/moose/030_daemonize/responsewriter_io.t line 50
Class::MOP::load_class is deprecated at /home/sand/src/perl/repoperls/installed-perls/perl/v5.21.2-87-g33e493d/165a/lib/site_perl/5.21.3/x86_64-linux/Class/MOP.pm line 71.
	Class::MOP::load_class("HTTP::Engine::Interface::ServerSimple") called at /tmp/loop_over_bdir-5237-Q5zY2y/HTTP-Engine-0.03005-fq4Tdg/blib/lib/HTTP/Engine/Types/Core.pm line 26
	HTTP::Engine::Types::Core::__ANON__(HASH(0x4227a50)) called at /home/sand/src/perl/repoperls/installed-perls/perl/v5.21.2-87-g33e493d/165a/lib/site_perl/5.21.3/x86_64-linux/Moose/Meta/TypeCoercion.pm line 67
	Moose::Meta::TypeCoercion::__ANON__(HASH(0x4227a50)) called at constructor HTTP::Engine::new (defined at /tmp/loop_over_bdir-5237-Q5zY2y/HTTP-Engine-0.03005-fq4Tdg/blib/lib/HTTP/Engine.pm line 17) line 32
	HTTP::Engine::new("HTTP::Engine", "interface", HASH(0x4227a50)) called at t/Utils.pm line 129
	t::Utils::__ANON__(50588) called at /tmp/loop_over_bdir-5237-Q5zY2y/HTTP-Engine-0.03005-fq4Tdg/inc/Test/TCP.pm line 118
	Test::TCP::start(Test::TCP=HASH(0x4285490)) called at /tmp/loop_over_bdir-5237-Q5zY2y/HTTP-Engine-0.03005-fq4Tdg/inc/Test/TCP.pm line 101
	Test::TCP::new("Test::TCP", "code", CODE(0x4228158), "port", 50588) called at /tmp/loop_over_bdir-5237-Q5zY2y/HTTP-Engine-0.03005-fq4Tdg/inc/Test/TCP.pm line 52
	Test::TCP::test_tcp("client", CODE(0x4227f30), "server", CODE(0x4228158), "port", 50588) called at t/Utils.pm line 132
	t::Utils::daemonize_all(CODE(0x2352548), "    sub {\x{a}        require File::Temp;\x{a}        my \$port = shif"...) called at t/moose/030_daemonize/responsewriter_io.t line 50
Class::MOP::load_class is deprecated at /home/sand/src/perl/repoperls/installed-perls/perl/v5.21.2-87-g33e493d/165a/lib/site_perl/5.21.3/x86_64-linux/Class/MOP.pm line 71.
	Class::MOP::load_class("HTTP::Engine::Interface::POE") called at /tmp/loop_over_bdir-5237-Q5zY2y/HTTP-Engine-0.03005-fq4Tdg/blib/lib/HTTP/Engine/Types/Core.pm line 26
	HTTP::Engine::Types::Core::__ANON__(HASH(0x4227a50)) called at /home/sand/src/perl/repoperls/installed-perls/perl/v5.21.2-87-g33e493d/165a/lib/site_perl/5.21.3/x86_64-linux/Moose/Meta/TypeCoercion.pm line 67
	Moose::Meta::TypeCoercion::__ANON__(HASH(0x4227a50)) called at constructor HTTP::Engine::new (defined at /tmp/loop_over_bdir-5237-Q5zY2y/HTTP-Engine-0.03005-fq4Tdg/blib/lib/HTTP/Engine.pm line 17) line 32
	HTTP::Engine::new("HTTP::Engine", "interface", HASH(0x4227a50)) called at t/Utils.pm line 129
	t::Utils::__ANON__(50588) called at /tmp/loop_over_bdir-5237-Q5zY2y/HTTP-Engine-0.03005-fq4Tdg/inc/Test/TCP.pm line 118
	Test::TCP::start(Test::TCP=HASH(0x42a4e60)) called at /tmp/loop_over_bdir-5237-Q5zY2y/HTTP-Engine-0.03005-fq4Tdg/inc/Test/TCP.pm line 101
	Test::TCP::new("Test::TCP", "code", CODE(0x4228158), "port", 50588) called at /tmp/loop_over_bdir-5237-Q5zY2y/HTTP-Engine-0.03005-fq4Tdg/inc/Test/TCP.pm line 52
	Test::TCP::test_tcp("client", CODE(0x4227f30), "server", CODE(0x4228158), "port", 50588) called at t/Utils.pm line 132
	t::Utils::daemonize_all(CODE(0x2352548), "    sub {\x{a}        require File::Temp;\x{a}        my \$port = shif"...) called at t/moose/030_daemonize/responsewriter_io.t line 50
t/moose/030_daemonize/responsewriter_io.t ................... ok
Possible precedence issue with control flow operator at /tmp/loop_over_bdir-5237-Q5zY2y/HTTP-Engine-0.03005-fq4Tdg/inc/Test/Builder.pm line 917.
Class::MOP::load_class is deprecated at /home/sand/src/perl/repoperls/installed-perls/perl/v5.21.2-87-g33e493d/165a/lib/site_perl/5.21.3/x86_64-linux/Class/MOP.pm line 71.
	Class::MOP::load_class("HTTP::Engine::Interface::Standalone") called at /tmp/loop_over_bdir-5237-Q5zY2y/HTTP-Engine-0.03005-fq4Tdg/blib/lib/HTTP/Engine/Types/Core.pm line 26
	HTTP::Engine::Types::Core::__ANON__(HASH(0x2a6d680)) called at /home/sand/src/perl/repoperls/installed-perls/perl/v5.21.2-87-g33e493d/165a/lib/site_perl/5.21.3/x86_64-linux/Moose/Meta/TypeCoercion.pm line 67
	Moose::Meta::TypeCoercion::__ANON__(HASH(0x2a6d680)) called at constructor HTTP::Engine::new (defined at /tmp/loop_over_bdir-5237-Q5zY2y/HTTP-Engine-0.03005-fq4Tdg/blib/lib/HTTP/Engine.pm line 17) line 32
	HTTP::Engine::new("HTTP::Engine", "interface", HASH(0x2a6d680)) called at t/Utils.pm line 129
	t::Utils::__ANON__(50849) called at /tmp/loop_over_bdir-5237-Q5zY2y/HTTP-Engine-0.03005-fq4Tdg/inc/Test/TCP.pm line 118
	Test::TCP::start(Test::TCP=HASH(0x2b02f90)) called at /tmp/loop_over_bdir-5237-Q5zY2y/HTTP-Engine-0.03005-fq4Tdg/inc/Test/TCP.pm line 101
	Test::TCP::new("Test::TCP", "code", CODE(0x28a1310), "port", 50849) called at /tmp/loop_over_bdir-5237-Q5zY2y/HTTP-Engine-0.03005-fq4Tdg/inc/Test/TCP.pm line 52
	Test::TCP::test_tcp("client", CODE(0x2a79d50), "server", CODE(0x28a1310), "port", 50849) called at t/Utils.pm line 132
	t::Utils::daemonize_all(CODE(0xb9e148), "    sub {\x{a}        my \$port = shift;\x{a}        return (\x{a}        "...) called at t/moose/030_daemonize/upload-methods.t line 42
Class::MOP::load_class is deprecated at /home/sand/src/perl/repoperls/installed-perls/perl/v5.21.2-87-g33e493d/165a/lib/site_perl/5.21.3/x86_64-linux/Class/MOP.pm line 71.
	Class::MOP::load_class("HTTP::Engine::Interface::ServerSimple") called at /tmp/loop_over_bdir-5237-Q5zY2y/HTTP-Engine-0.03005-fq4Tdg/blib/lib/HTTP/Engine/Types/Core.pm line 26
	HTTP::Engine::Types::Core::__ANON__(HASH(0x2a6d680)) called at /home/sand/src/perl/repoperls/installed-perls/perl/v5.21.2-87-g33e493d/165a/lib/site_perl/5.21.3/x86_64-linux/Moose/Meta/TypeCoercion.pm line 67
	Moose::Meta::TypeCoercion::__ANON__(HASH(0x2a6d680)) called at constructor HTTP::Engine::new (defined at /tmp/loop_over_bdir-5237-Q5zY2y/HTTP-Engine-0.03005-fq4Tdg/blib/lib/HTTP/Engine.pm line 17) line 32
	HTTP::Engine::new("HTTP::Engine", "interface", HASH(0x2a6d680)) called at t/Utils.pm line 129
	t::Utils::__ANON__(50849) called at /tmp/loop_over_bdir-5237-Q5zY2y/HTTP-Engine-0.03005-fq4Tdg/inc/Test/TCP.pm line 118
	Test::TCP::start(Test::TCP=HASH(0x2b031d0)) called at /tmp/loop_over_bdir-5237-Q5zY2y/HTTP-Engine-0.03005-fq4Tdg/inc/Test/TCP.pm line 101
	Test::TCP::new("Test::TCP", "code", CODE(0x28a1310), "port", 50849) called at /tmp/loop_over_bdir-5237-Q5zY2y/HTTP-Engine-0.03005-fq4Tdg/inc/Test/TCP.pm line 52
	Test::TCP::test_tcp("client", CODE(0x2a79d50), "server", CODE(0x28a1310), "port", 50849) called at t/Utils.pm line 132
	t::Utils::daemonize_all(CODE(0xb9e148), "    sub {\x{a}        my \$port = shift;\x{a}        return (\x{a}        "...) called at t/moose/030_daemonize/upload-methods.t line 42
Class::MOP::load_class is deprecated at /home/sand/src/perl/repoperls/installed-perls/perl/v5.21.2-87-g33e493d/165a/lib/site_perl/5.21.3/x86_64-linux/Class/MOP.pm line 71.
	Class::MOP::load_class("HTTP::Engine::Interface::POE") called at /tmp/loop_over_bdir-5237-Q5zY2y/HTTP-Engine-0.03005-fq4Tdg/blib/lib/HTTP/Engine/Types/Core.pm line 26
	HTTP::Engine::Types::Core::__ANON__(HASH(0x2a6d680)) called at /home/sand/src/perl/repoperls/installed-perls/perl/v5.21.2-87-g33e493d/165a/lib/site_perl/5.21.3/x86_64-linux/Moose/Meta/TypeCoercion.pm line 67
	Moose::Meta::TypeCoercion::__ANON__(HASH(0x2a6d680)) called at constructor HTTP::Engine::new (defined at /tmp/loop_over_bdir-5237-Q5zY2y/HTTP-Engine-0.03005-fq4Tdg/blib/lib/HTTP/Engine.pm line 17) line 32
	HTTP::Engine::new("HTTP::Engine", "interface", HASH(0x2a6d680)) called at t/Utils.pm line 129
	t::Utils::__ANON__(50849) called at /tmp/loop_over_bdir-5237-Q5zY2y/HTTP-Engine-0.03005-fq4Tdg/inc/Test/TCP.pm line 118
	Test::TCP::start(Test::TCP=HASH(0x2b02f48)) called at /tmp/loop_over_bdir-5237-Q5zY2y/HTTP-Engine-0.03005-fq4Tdg/inc/Test/TCP.pm line 101
	Test::TCP::new("Test::TCP", "code", CODE(0x28a1310), "port", 50849) called at /tmp/loop_over_bdir-5237-Q5zY2y/HTTP-Engine-0.03005-fq4Tdg/inc/Test/TCP.pm line 52
	Test::TCP::test_tcp("client", CODE(0x2a79d50), "server", CODE(0x28a1310), "port", 50849) called at t/Utils.pm line 132
	t::Utils::daemonize_all(CODE(0xb9e148), "    sub {\x{a}        my \$port = shift;\x{a}        return (\x{a}        "...) called at t/moose/030_daemonize/upload-methods.t line 42
t/moose/030_daemonize/upload-methods.t ...................... ok
Possible precedence issue with control flow operator at /tmp/loop_over_bdir-5237-Q5zY2y/HTTP-Engine-0.03005-fq4Tdg/inc/Test/Builder.pm line 917.
Class::MOP::load_class is deprecated at /home/sand/src/perl/repoperls/installed-perls/perl/v5.21.2-87-g33e493d/165a/lib/site_perl/5.21.3/x86_64-linux/Class/MOP.pm line 71.
	Class::MOP::load_class("HTTP::Engine::Interface::Standalone") called at /tmp/loop_over_bdir-5237-Q5zY2y/HTTP-Engine-0.03005-fq4Tdg/blib/lib/HTTP/Engine/Types/Core.pm line 26
	HTTP::Engine::Types::Core::__ANON__(HASH(0x4563960)) called at /home/sand/src/perl/repoperls/installed-perls/perl/v5.21.2-87-g33e493d/165a/lib/site_perl/5.21.3/x86_64-linux/Moose/Meta/TypeCoercion.pm line 67
	Moose::Meta::TypeCoercion::__ANON__(HASH(0x4563960)) called at constructor HTTP::Engine::new (defined at /tmp/loop_over_bdir-5237-Q5zY2y/HTTP-Engine-0.03005-fq4Tdg/blib/lib/HTTP/Engine.pm line 17) line 32
	HTTP::Engine::new("HTTP::Engine", "interface", HASH(0x4563960)) called at t/Utils.pm line 129
	t::Utils::__ANON__(50393) called at /tmp/loop_over_bdir-5237-Q5zY2y/HTTP-Engine-0.03005-fq4Tdg/inc/Test/TCP.pm line 118
	Test::TCP::start(Test::TCP=HASH(0x45ed668)) called at /tmp/loop_over_bdir-5237-Q5zY2y/HTTP-Engine-0.03005-fq4Tdg/inc/Test/TCP.pm line 101
	Test::TCP::new("Test::TCP", "code", CODE(0x438b880), "port", 50393) called at /tmp/loop_over_bdir-5237-Q5zY2y/HTTP-Engine-0.03005-fq4Tdg/inc/Test/TCP.pm line 52
	Test::TCP::test_tcp("client", CODE(0x4564410), "server", CODE(0x438b880), "port", 50393) called at t/Utils.pm line 132
	t::Utils::daemonize_all(CODE(0x2688148), "    sub {\x{a}        my \$port = shift;\x{a}        return (\x{a}        "...) called at t/moose/030_daemonize/upload.t line 42
Class::MOP::load_class is deprecated at /home/sand/src/perl/repoperls/installed-perls/perl/v5.21.2-87-g33e493d/165a/lib/site_perl/5.21.3/x86_64-linux/Class/MOP.pm line 71.
	Class::MOP::load_class("HTTP::Engine::Interface::ServerSimple") called at /tmp/loop_over_bdir-5237-Q5zY2y/HTTP-Engine-0.03005-fq4Tdg/blib/lib/HTTP/Engine/Types/Core.pm line 26
	HTTP::Engine::Types::Core::__ANON__(HASH(0x4563960)) called at /home/sand/src/perl/repoperls/installed-perls/perl/v5.21.2-87-g33e493d/165a/lib/site_perl/5.21.3/x86_64-linux/Moose/Meta/TypeCoercion.pm line 67
	Moose::Meta::TypeCoercion::__ANON__(HASH(0x4563960)) called at constructor HTTP::Engine::new (defined at /tmp/loop_over_bdir-5237-Q5zY2y/HTTP-Engine-0.03005-fq4Tdg/blib/lib/HTTP/Engine.pm line 17) line 32
	HTTP::Engine::new("HTTP::Engine", "interface", HASH(0x4563960)) called at t/Utils.pm line 129
	t::Utils::__ANON__(50393) called at /tmp/loop_over_bdir-5237-Q5zY2y/HTTP-Engine-0.03005-fq4Tdg/inc/Test/TCP.pm line 118
	Test::TCP::start(Test::TCP=HASH(0x45edb18)) called at /tmp/loop_over_bdir-5237-Q5zY2y/HTTP-Engine-0.03005-fq4Tdg/inc/Test/TCP.pm line 101
	Test::TCP::new("Test::TCP", "code", CODE(0x438b880), "port", 50393) called at /tmp/loop_over_bdir-5237-Q5zY2y/HTTP-Engine-0.03005-fq4Tdg/inc/Test/TCP.pm line 52
	Test::TCP::test_tcp("client", CODE(0x4564410), "server", CODE(0x438b880), "port", 50393) called at t/Utils.pm line 132
	t::Utils::daemonize_all(CODE(0x2688148), "    sub {\x{a}        my \$port = shift;\x{a}        return (\x{a}        "...) called at t/moose/030_daemonize/upload.t line 42
Class::MOP::load_class is deprecated at /home/sand/src/perl/repoperls/installed-perls/perl/v5.21.2-87-g33e493d/165a/lib/site_perl/5.21.3/x86_64-linux/Class/MOP.pm line 71.
	Class::MOP::load_class("HTTP::Engine::Interface::POE") called at /tmp/loop_over_bdir-5237-Q5zY2y/HTTP-Engine-0.03005-fq4Tdg/blib/lib/HTTP/Engine/Types/Core.pm line 26
	HTTP::Engine::Types::Core::__ANON__(HASH(0x4563960)) called at /home/sand/src/perl/repoperls/installed-perls/perl/v5.21.2-87-g33e493d/165a/lib/site_perl/5.21.3/x86_64-linux/Moose/Meta/TypeCoercion.pm line 67
	Moose::Meta::TypeCoercion::__ANON__(HASH(0x4563960)) called at constructor HTTP::Engine::new (defined at /tmp/loop_over_bdir-5237-Q5zY2y/HTTP-Engine-0.03005-fq4Tdg/blib/lib/HTTP/Engine.pm line 17) line 32
	HTTP::Engine::new("HTTP::Engine", "interface", HASH(0x4563960)) called at t/Utils.pm line 129
	t::Utils::__ANON__(50393) called at /tmp/loop_over_bdir-5237-Q5zY2y/HTTP-Engine-0.03005-fq4Tdg/inc/Test/TCP.pm line 118
	Test::TCP::start(Test::TCP=HASH(0x2828358)) called at /tmp/loop_over_bdir-5237-Q5zY2y/HTTP-Engine-0.03005-fq4Tdg/inc/Test/TCP.pm line 101
	Test::TCP::new("Test::TCP", "code", CODE(0x438b880), "port", 50393) called at /tmp/loop_over_bdir-5237-Q5zY2y/HTTP-Engine-0.03005-fq4Tdg/inc/Test/TCP.pm line 52
	Test::TCP::test_tcp("client", CODE(0x4564410), "server", CODE(0x438b880), "port", 50393) called at t/Utils.pm line 132
	t::Utils::daemonize_all(CODE(0x2688148), "    sub {\x{a}        my \$port = shift;\x{a}        return (\x{a}        "...) called at t/moose/030_daemonize/upload.t line 42
t/moose/030_daemonize/upload.t .............................. ok
Possible precedence issue with control flow operator at /tmp/loop_over_bdir-5237-Q5zY2y/HTTP-Engine-0.03005-fq4Tdg/inc/Test/Builder.pm line 917.
Class::MOP::load_class is deprecated at /home/sand/src/perl/repoperls/installed-perls/perl/v5.21.2-87-g33e493d/165a/lib/site_perl/5.21.3/x86_64-linux/Class/MOP.pm line 71.
	Class::MOP::load_class("HTTP::Engine::Interface::Standalone") called at /tmp/loop_over_bdir-5237-Q5zY2y/HTTP-Engine-0.03005-fq4Tdg/blib/lib/HTTP/Engine/Types/Core.pm line 26
	HTTP::Engine::Types::Core::__ANON__(HASH(0x1548430)) called at /home/sand/src/perl/repoperls/installed-perls/perl/v5.21.2-87-g33e493d/165a/lib/site_perl/5.21.3/x86_64-linux/Moose/Meta/TypeCoercion.pm line 67
	Moose::Meta::TypeCoercion::__ANON__(HASH(0x1548430)) called at constructor HTTP::Engine::new (defined at /tmp/loop_over_bdir-5237-Q5zY2y/HTTP-Engine-0.03005-fq4Tdg/blib/lib/HTTP/Engine.pm line 17) line 32
	HTTP::Engine::new("HTTP::Engine", "interface", HASH(0x1548430)) called at t/Utils.pm line 129
	t::Utils::__ANON__(50703) called at /tmp/loop_over_bdir-5237-Q5zY2y/HTTP-Engine-0.03005-fq4Tdg/inc/Test/TCP.pm line 118
	Test::TCP::start(Test::TCP=HASH(0x349b170)) called at /tmp/loop_over_bdir-5237-Q5zY2y/HTTP-Engine-0.03005-fq4Tdg/inc/Test/TCP.pm line 101
	Test::TCP::new("Test::TCP", "code", CODE(0x3410b88), "port", 50703) called at /tmp/loop_over_bdir-5237-Q5zY2y/HTTP-Engine-0.03005-fq4Tdg/inc/Test/TCP.pm line 52
	Test::TCP::test_tcp("client", CODE(0x3410960), "server", CODE(0x3410b88), "port", 50703) called at t/Utils.pm line 132
	t::Utils::daemonize_all(CODE(0x2f80928), "    sub {\x{a}        my \$port = shift;\x{a}        return (\x{a}        "...) called at t/moose/030_daemonize/uri.t line 20
Class::MOP::load_class is deprecated at /home/sand/src/perl/repoperls/installed-perls/perl/v5.21.2-87-g33e493d/165a/lib/site_perl/5.21.3/x86_64-linux/Class/MOP.pm line 71.
	Class::MOP::load_class("HTTP::Engine::Interface::ServerSimple") called at /tmp/loop_over_bdir-5237-Q5zY2y/HTTP-Engine-0.03005-fq4Tdg/blib/lib/HTTP/Engine/Types/Core.pm line 26
	HTTP::Engine::Types::Core::__ANON__(HASH(0x1548430)) called at /home/sand/src/perl/repoperls/installed-perls/perl/v5.21.2-87-g33e493d/165a/lib/site_perl/5.21.3/x86_64-linux/Moose/Meta/TypeCoercion.pm line 67
	Moose::Meta::TypeCoercion::__ANON__(HASH(0x1548430)) called at constructor HTTP::Engine::new (defined at /tmp/loop_over_bdir-5237-Q5zY2y/HTTP-Engine-0.03005-fq4Tdg/blib/lib/HTTP/Engine.pm line 17) line 32
	HTTP::Engine::new("HTTP::Engine", "interface", HASH(0x1548430)) called at t/Utils.pm line 129
	t::Utils::__ANON__(50703) called at /tmp/loop_over_bdir-5237-Q5zY2y/HTTP-Engine-0.03005-fq4Tdg/inc/Test/TCP.pm line 118
	Test::TCP::start(Test::TCP=HASH(0x3479518)) called at /tmp/loop_over_bdir-5237-Q5zY2y/HTTP-Engine-0.03005-fq4Tdg/inc/Test/TCP.pm line 101
	Test::TCP::new("Test::TCP", "code", CODE(0x3410b88), "port", 50703) called at /tmp/loop_over_bdir-5237-Q5zY2y/HTTP-Engine-0.03005-fq4Tdg/inc/Test/TCP.pm line 52
	Test::TCP::test_tcp("client", CODE(0x3410960), "server", CODE(0x3410b88), "port", 50703) called at t/Utils.pm line 132
	t::Utils::daemonize_all(CODE(0x2f80928), "    sub {\x{a}        my \$port = shift;\x{a}        return (\x{a}        "...) called at t/moose/030_daemonize/uri.t line 20
Class::MOP::load_class is deprecated at /home/sand/src/perl/repoperls/installed-perls/perl/v5.21.2-87-g33e493d/165a/lib/site_perl/5.21.3/x86_64-linux/Class/MOP.pm line 71.
	Class::MOP::load_class("HTTP::Engine::Interface::POE") called at /tmp/loop_over_bdir-5237-Q5zY2y/HTTP-Engine-0.03005-fq4Tdg/blib/lib/HTTP/Engine/Types/Core.pm line 26
	HTTP::Engine::Types::Core::__ANON__(HASH(0x1548430)) called at /home/sand/src/perl/repoperls/installed-perls/perl/v5.21.2-87-g33e493d/165a/lib/site_perl/5.21.3/x86_64-linux/Moose/Meta/TypeCoercion.pm line 67
	Moose::Meta::TypeCoercion::__ANON__(HASH(0x1548430)) called at constructor HTTP::Engine::new (defined at /tmp/loop_over_bdir-5237-Q5zY2y/HTTP-Engine-0.03005-fq4Tdg/blib/lib/HTTP/Engine.pm line 17) line 32
	HTTP::Engine::new("HTTP::Engine", "interface", HASH(0x1548430)) called at t/Utils.pm line 129
	t::Utils::__ANON__(50703) called at /tmp/loop_over_bdir-5237-Q5zY2y/HTTP-Engine-0.03005-fq4Tdg/inc/Test/TCP.pm line 118
	Test::TCP::start(Test::TCP=HASH(0x16d43c8)) called at /tmp/loop_over_bdir-5237-Q5zY2y/HTTP-Engine-0.03005-fq4Tdg/inc/Test/TCP.pm line 101
	Test::TCP::new("Test::TCP", "code", CODE(0x3410b88), "port", 50703) called at /tmp/loop_over_bdir-5237-Q5zY2y/HTTP-Engine-0.03005-fq4Tdg/inc/Test/TCP.pm line 52
	Test::TCP::test_tcp("client", CODE(0x3410960), "server", CODE(0x3410b88), "port", 50703) called at t/Utils.pm line 132
	t::Utils::daemonize_all(CODE(0x2f80928), "    sub {\x{a}        my \$port = shift;\x{a}        return (\x{a}        "...) called at t/moose/030_daemonize/uri.t line 20
t/moose/030_daemonize/uri.t ................................. ok
Possible precedence issue with control flow operator at /tmp/loop_over_bdir-5237-Q5zY2y/HTTP-Engine-0.03005-fq4Tdg/inc/Test/Builder.pm line 917.
Class::MOP::load_class is deprecated at /home/sand/src/perl/repoperls/installed-perls/perl/v5.21.2-87-g33e493d/165a/lib/site_perl/5.21.3/x86_64-linux/Class/MOP.pm line 71.
	Class::MOP::load_class("HTTP::Engine::Interface::Standalone") called at /tmp/loop_over_bdir-5237-Q5zY2y/HTTP-Engine-0.03005-fq4Tdg/blib/lib/HTTP/Engine/Types/Core.pm line 26
	HTTP::Engine::Types::Core::__ANON__(HASH(0x1a14568)) called at /home/sand/src/perl/repoperls/installed-perls/perl/v5.21.2-87-g33e493d/165a/lib/site_perl/5.21.3/x86_64-linux/Moose/Meta/TypeCoercion.pm line 67
	Moose::Meta::TypeCoercion::__ANON__(HASH(0x1a14568)) called at constructor HTTP::Engine::new (defined at /tmp/loop_over_bdir-5237-Q5zY2y/HTTP-Engine-0.03005-fq4Tdg/blib/lib/HTTP/Engine.pm line 17) line 32
	HTTP::Engine::new("HTTP::Engine", "interface", HASH(0x1a14568)) called at t/Utils.pm line 129
	t::Utils::__ANON__(50396) called at /tmp/loop_over_bdir-5237-Q5zY2y/HTTP-Engine-0.03005-fq4Tdg/inc/Test/TCP.pm line 118
	Test::TCP::start(Test::TCP=HASH(0x39b6e10)) called at /tmp/loop_over_bdir-5237-Q5zY2y/HTTP-Engine-0.03005-fq4Tdg/inc/Test/TCP.pm line 101
	Test::TCP::new("Test::TCP", "code", CODE(0x393a500), "port", 50396) called at /tmp/loop_over_bdir-5237-Q5zY2y/HTTP-Engine-0.03005-fq4Tdg/inc/Test/TCP.pm line 52
	Test::TCP::test_tcp("client", CODE(0x393a2d8), "server", CODE(0x393a500), "port", 50396) called at t/Utils.pm line 132
	t::Utils::daemonize_all(CODE(0x344d348), "    sub {\x{a}        my \$port = Encode::decode_utf8(shift);\x{a}    "...) called at t/moose/030_daemonize/utf8flagged-uri.t line 23
Class::MOP::load_class is deprecated at /home/sand/src/perl/repoperls/installed-perls/perl/v5.21.2-87-g33e493d/165a/lib/site_perl/5.21.3/x86_64-linux/Class/MOP.pm line 71.
	Class::MOP::load_class("HTTP::Engine::Interface::ServerSimple") called at /tmp/loop_over_bdir-5237-Q5zY2y/HTTP-Engine-0.03005-fq4Tdg/blib/lib/HTTP/Engine/Types/Core.pm line 26
	HTTP::Engine::Types::Core::__ANON__(HASH(0x1a14568)) called at /home/sand/src/perl/repoperls/installed-perls/perl/v5.21.2-87-g33e493d/165a/lib/site_perl/5.21.3/x86_64-linux/Moose/Meta/TypeCoercion.pm line 67
	Moose::Meta::TypeCoercion::__ANON__(HASH(0x1a14568)) called at constructor HTTP::Engine::new (defined at /tmp/loop_over_bdir-5237-Q5zY2y/HTTP-Engine-0.03005-fq4Tdg/blib/lib/HTTP/Engine.pm line 17) line 32
	HTTP::Engine::new("HTTP::Engine", "interface", HASH(0x1a14568)) called at t/Utils.pm line 129
	t::Utils::__ANON__(50396) called at /tmp/loop_over_bdir-5237-Q5zY2y/HTTP-Engine-0.03005-fq4Tdg/inc/Test/TCP.pm line 118
	Test::TCP::start(Test::TCP=HASH(0x3992950)) called at /tmp/loop_over_bdir-5237-Q5zY2y/HTTP-Engine-0.03005-fq4Tdg/inc/Test/TCP.pm line 101
	Test::TCP::new("Test::TCP", "code", CODE(0x393a500), "port", 50396) called at /tmp/loop_over_bdir-5237-Q5zY2y/HTTP-Engine-0.03005-fq4Tdg/inc/Test/TCP.pm line 52
	Test::TCP::test_tcp("client", CODE(0x393a2d8), "server", CODE(0x393a500), "port", 50396) called at t/Utils.pm line 132
	t::Utils::daemonize_all(CODE(0x344d348), "    sub {\x{a}        my \$port = Encode::decode_utf8(shift);\x{a}    "...) called at t/moose/030_daemonize/utf8flagged-uri.t line 23
Class::MOP::load_class is deprecated at /home/sand/src/perl/repoperls/installed-perls/perl/v5.21.2-87-g33e493d/165a/lib/site_perl/5.21.3/x86_64-linux/Class/MOP.pm line 71.
	Class::MOP::load_class("HTTP::Engine::Interface::POE") called at /tmp/loop_over_bdir-5237-Q5zY2y/HTTP-Engine-0.03005-fq4Tdg/blib/lib/HTTP/Engine/Types/Core.pm line 26
	HTTP::Engine::Types::Core::__ANON__(HASH(0x1a14568)) called at /home/sand/src/perl/repoperls/installed-perls/perl/v5.21.2-87-g33e493d/165a/lib/site_perl/5.21.3/x86_64-linux/Moose/Meta/TypeCoercion.pm line 67
	Moose::Meta::TypeCoercion::__ANON__(HASH(0x1a14568)) called at constructor HTTP::Engine::new (defined at /tmp/loop_over_bdir-5237-Q5zY2y/HTTP-Engine-0.03005-fq4Tdg/blib/lib/HTTP/Engine.pm line 17) line 32
	HTTP::Engine::new("HTTP::Engine", "interface", HASH(0x1a14568)) called at t/Utils.pm line 129
	t::Utils::__ANON__(50396) called at /tmp/loop_over_bdir-5237-Q5zY2y/HTTP-Engine-0.03005-fq4Tdg/inc/Test/TCP.pm line 118
	Test::TCP::start(Test::TCP=HASH(0x3644d20)) called at /tmp/loop_over_bdir-5237-Q5zY2y/HTTP-Engine-0.03005-fq4Tdg/inc/Test/TCP.pm line 101
	Test::TCP::new("Test::TCP", "code", CODE(0x393a500), "port", 50396) called at /tmp/loop_over_bdir-5237-Q5zY2y/HTTP-Engine-0.03005-fq4Tdg/inc/Test/TCP.pm line 52
	Test::TCP::test_tcp("client", CODE(0x393a2d8), "server", CODE(0x393a500), "port", 50396) called at t/Utils.pm line 132
	t::Utils::daemonize_all(CODE(0x344d348), "    sub {\x{a}        my \$port = Encode::decode_utf8(shift);\x{a}    "...) called at t/moose/030_daemonize/utf8flagged-uri.t line 23
t/moose/030_daemonize/utf8flagged-uri.t ..................... ok
Possible precedence issue with control flow operator at /tmp/loop_over_bdir-5237-Q5zY2y/HTTP-Engine-0.03005-fq4Tdg/inc/Test/Builder.pm line 917.
Redundant argument in sprintf at /tmp/loop_over_bdir-5237-Q5zY2y/HTTP-Engine-0.03005-fq4Tdg/inc/Spiffy.pm line 225.
Redundant argument in sprintf at /tmp/loop_over_bdir-5237-Q5zY2y/HTTP-Engine-0.03005-fq4Tdg/inc/Spiffy.pm line 225.
Redundant argument in sprintf at /tmp/loop_over_bdir-5237-Q5zY2y/HTTP-Engine-0.03005-fq4Tdg/inc/Spiffy.pm line 225.
Redundant argument in sprintf at /tmp/loop_over_bdir-5237-Q5zY2y/HTTP-Engine-0.03005-fq4Tdg/inc/Spiffy.pm line 225.
t/moose/040_minimal/001_simple.t ............................ ok
Possible precedence issue with control flow operator at /tmp/loop_over_bdir-5237-Q5zY2y/HTTP-Engine-0.03005-fq4Tdg/inc/Test/Builder.pm line 917.
t/moose/050_tests/request.t ................................. ok

Test Summary Report
-------------------
t/010_core/request-uri.t                                  (Wstat: 256 Tests: 110 Failed: 1)
  Failed test:  48
  Non-zero exit status: 1
t/moose/010_core/request-uri.t                            (Wstat: 1024 Tests: 110 Failed: 4)
  Failed tests:  38, 43, 48, 53
  Non-zero exit status: 4
t/moose/010_core/request_processor-catch_error.t          (Wstat: 256 Tests: 3 Failed: 1)
  Failed test:  3
  Non-zero exit status: 1
t/moose/020_interface/test-validation.t                   (Wstat: 256 Tests: 10 Failed: 1)
  Failed test:  2
  Non-zero exit status: 1
Files=144, Tests=1382, 49 wallclock secs ( 0.50 usr  0.11 sys + 39.09 cusr  3.22 csys = 42.92 CPU)
Result: FAIL
Failed 4/144 test programs. 7/1382 subtests failed.
Makefile:922: recipe for target 'test_dynamic' failed
make: *** [test_dynamic] Error 255

------------------------------
PREREQUISITES
------------------------------

Prerequisite modules loaded:

requires:

    Module               Need   Have    
    -------------------- ------ --------
    Any::Moose           0.13   0.24    
    CGI::Simple::Cookie  1.103  1.113   
    File::Copy           0      2.30    
    File::Spec::Unix     3.2701 3.49    
    Filter::Util::Call   0      1.49    
    HTTP::Body           1.05   1.19    
    HTTP::Headers::Fast  0.11   0.17    
    HTTP::Server::Simple 0.35   0.44    
    Mouse                0.62   2.3.0   
    MouseX::Types        0.05   0.06    
    perl                 5.008  5.021003
    Scalar::Util         1.19   1.39    
    URI                  1.36   1.64    

build_requires:

    Module               Need   Have    
    -------------------- ------ --------
    ExtUtils::MakeMaker  6.42   6.98    
    File::Temp           0.20   0.2304  
    HTTP::Request::AsCGI 0      1.2     
    IO::File             1.14   1.16    
    IO::Scalar           0      2.110   
    IO::Socket           1.3    1.37    
    IO::Socket::INET     0      1.35    
    Test::More           0      1.001003
    Test::SharedFork     0.11   0.28    
    Test::TCP            0.16   2.06    
    YAML                 0      0.98    

configure_requires:

    Module               Need   Have    
    -------------------- ------ --------
    ExtUtils::MakeMaker  6.42   6.98    


------------------------------
ENVIRONMENT AND OTHER CONTEXT
------------------------------

Environment variables:

    AUTOMATED_TESTING = 1
    LANG = en_US.UTF-8
    LANGUAGE = en_US:en
    PATH = /usr/lib/ccache:/home/sand/bin:/usr/local/bin:/usr/bin:/bin:/usr/games:/usr/local/perl/bin:/usr/X11/bin:/sbin:/usr/sbin
    PERL5LIB = 
    PERL5OPT = 
    PERL5_CPANPLUS_IS_RUNNING = 24129
    PERL5_CPAN_IS_RUNNING = 24129
    PERL_MM_USE_DEFAULT = 1
    SHELL = /usr/bin/zsh
    TERM = screen

Perl special variables (and OS-specific diagnostics, for MSWin32):

    $^X = /tmp/basesmoker-reloperl-ob9u/bin/perl
    $UID/$EUID = 1005 / 1005
    $GID = 1005 1005
    $EGID = 1005 1005

Perl module toolchain versions installed:

    Module              Have    
    ------------------- --------
    CPAN                2.05    
    CPAN::Meta          2.142060
    Cwd                 3.49    
    ExtUtils::CBuilder  0.280216
    ExtUtils::Command   1.18    
    ExtUtils::Install   1.68    
    ExtUtils::MakeMaker 6.98    
    ExtUtils::Manifest  1.64    
    ExtUtils::ParseXS   3.25    
    File::Spec          3.49    
    JSON                2.90    
    JSON::PP            2.27203 
    Module::Build       0.4206  
    Module::Signature   0.73    
    Parse::CPAN::Meta   1.4414  
    Test::Harness       3.32    
    Test::More          1.001003
    YAML                0.98    
    YAML::Syck          1.27    
    version             0.9908  


--

Summary of my perl5 (revision 5 version 21 subversion 3) configuration:
  Commit id: 33e493d3ba71689dfaec10efd9847548790cc922
  Platform:
    osname=linux, osvers=3.14-2-amd64, archname=x86_64-linux
    uname='linux k83 3.14-2-amd64 #1 smp debian 3.14.13-2 (2014-07-24) x86_64 gnulinux '
    config_args='-Dprefix=/home/sand/src/perl/repoperls/installed-perls/perl/v5.21.2-87-g33e493d/165a -Dmyhostname=k83 -Dinstallusrbinperl=n -Uversiononly -Dusedevel -des -Ui_db -Uuseithreads -Uuselongdouble -DDEBUGGING=-g'
    hint=recommended, useposix=true, d_sigaction=define
    useithreads=undef, usemultiplicity=undef
    use64bitint=define, use64bitall=define, uselongdouble=undef
    usemymalloc=n, bincompat5005=undef
  Compiler:
    cc='cc', ccflags ='-fwrapv -fno-strict-aliasing -pipe -fstack-protector -I/usr/local/include -D_LARGEFILE_SOURCE -D_FILE_OFFSET_BITS=64 -D_FORTIFY_SOURCE=2',
    optimize='-O2 -g',
    cppflags='-fwrapv -fno-strict-aliasing -pipe -fstack-protector -I/usr/local/include'
    ccversion='', gccversion='4.9.1', gccosandvers=''
    intsize=4, longsize=8, ptrsize=8, doublesize=8, byteorder=12345678
    d_longlong=define, longlongsize=8, d_longdbl=define, longdblsize=16
    ivtype='long', ivsize=8, nvtype='double', nvsize=8, Off_t='off_t', lseeksize=8
    alignbytes=8, prototype=define
  Linker and Libraries:
    ld='cc', ldflags =' -fstack-protector -L/usr/local/lib'
    libpth=/usr/local/lib /usr/lib/gcc/x86_64-linux-gnu/4.9/include-fixed /usr/include/x86_64-linux-gnu /usr/lib /lib/x86_64-linux-gnu /lib/../lib /usr/lib/x86_64-linux-gnu /usr/lib/../lib /lib
    libs=-lnsl -lgdbm -ldb -ldl -lm -lcrypt -lutil -lc -lgdbm_compat
    perllibs=-lnsl -ldl -lm -lcrypt -lutil -lc
    libc=libc-2.19.so, so=so, useshrplib=false, libperl=libperl.a
    gnulibc_version='2.19'
  Dynamic Linking:
    dlsrc=dl_dlopen.xs, dlext=so, d_dlsymun=undef, ccdlflags='-Wl,-E'
    cccdlflags='-fPIC', lddlflags='-shared -O2 -g -L/usr/local/lib -fstack-protector'


Characteristics of this binary (from libperl): 
  Compile-time options: HAS_TIMES PERLIO_LAYERS PERL_DONT_CREATE_GVSV
                        PERL_HASH_FUNC_ONE_AT_A_TIME_HARD PERL_MALLOC_WRAP
                        PERL_NEW_COPY_ON_WRITE PERL_PRESERVE_IVUV
                        PERL_USE_DEVEL USE_64_BIT_ALL USE_64_BIT_INT
                        USE_LARGE_FILES USE_LOCALE USE_LOCALE_COLLATE
                        USE_LOCALE_CTYPE USE_LOCALE_NUMERIC USE_LOCALE_TIME
                        USE_PERLIO USE_PERL_ATOF
  Built under linux
  Compiled at Aug  1 2014 19:46:22
  %ENV:
    PERL5LIB=""
    PERL5OPT=""
    PERL5_CPANPLUS_IS_RUNNING="24129"
    PERL5_CPAN_IS_RUNNING="24129"
    PERL_MM_USE_DEFAULT="1"
  @INC:
    /home/sand/src/perl/repoperls/installed-perls/perl/v5.21.2-87-g33e493d/165a/lib/site_perl/5.21.3/x86_64-linux
    /home/sand/src/perl/repoperls/installed-perls/perl/v5.21.2-87-g33e493d/165a/lib/site_perl/5.21.3
    /home/sand/src/perl/repoperls/installed-perls/perl/v5.21.2-87-g33e493d/165a/lib/5.21.3/x86_64-linux
    /home/sand/src/perl/repoperls/installed-perls/perl/v5.21.2-87-g33e493d/165a/lib/5.21.3
    .