Back
From: metabase:user:314402c4-2aae-11df-837a-5e0a49663a4f
Subject: FAIL rpm-build-perl-0.82 v5.19.11 GNU/Linux
Date: 2014-04-29T20:16:24Z
This distribution has been tested as part of the CPAN Testers
project, supporting the Perl programming language. See
http://wiki.cpantesters.org/ for more information or email
questions to cpan-testers-discuss@perl.org
--
Dear Alexey Tourbin,
This is a computer-generated report for rpm-build-perl-0.82
on perl 5.19.11, created by CPAN-Reporter-1.2011.
Thank you for uploading your work to CPAN. However, there was a problem
testing your distribution.
If you think this report is invalid, please consult the CPAN Testers Wiki
for suggestions on how to avoid getting FAIL reports for missing library
or binary dependencies, unsupported operating systems, and so on:
http://wiki.cpantesters.org/wiki/CPANAuthorNotes
Sections of this report:
* Tester comments
* Program output
* Prerequisites
* Environment and other context
------------------------------
TESTER COMMENTS
------------------------------
Additional comments from tester:
none provided
------------------------------
PROGRAM OUTPUT
------------------------------
Output from '/usr/bin/make test':
make[1]: Entering directory `/bbbike/cpanbuild/rpm-build-perl-0.82-AiMAER/ConstOptree'
Running Mkbootstrap for B::ConstOptree ()
chmod 644 ConstOptree.bs
make[1]: Leaving directory `/bbbike/cpanbuild/rpm-build-perl-0.82-AiMAER/ConstOptree'
PERL_DL_NONLAZY=1 /bbbike/ctps/51911linux/install/perl-5.19.11/bin/perl "-MExtUtils::Command::MM" "-MTest::Harness" "-e" "undef *Test::Harness::Switches; test_harness(0, 'blib/lib', 'blib/arch')" t/*.t
# Failed test at t/01-B-PerlReq.t line 49.
# got: 'perl(Data/Dumper.pm)'
# expected: ''
dying at -e line 1
at /bbbike/cpanbuild/rpm-build-perl-0.82-AiMAER/blib/lib/B/PerlReq.pm line 388.
B::PerlReq::__ANON__("Can't locate object method \"padix\" via package \"B::SVOP\" at /"...) called at /bbbike/cpanbuild/rpm-build-perl-0.82-AiMAER/blib/lib/B/PerlReq.pm line 319
B::PerlReq::grok_entersub(B::UNOP=SCALAR(0x7f0740)) called at /bbbike/cpanbuild/rpm-build-perl-0.82-AiMAER/blib/lib/B/Walker.pm line 56
B::Walker::walk_root(B::UNOP=SCALAR(0x7f0740)) called at /bbbike/cpanbuild/rpm-build-perl-0.82-AiMAER/blib/lib/B/Walker.pm line 66
B::Walker::walk_root(B::LISTOP=SCALAR(0xa2c890)) called at /bbbike/cpanbuild/rpm-build-perl-0.82-AiMAER/blib/lib/B/Walker.pm line 105
B::Walker::walk_main() called at /bbbike/cpanbuild/rpm-build-perl-0.82-AiMAER/blib/lib/B/PerlReq.pm line 391
B::PerlReq::__ANON__() called at (eval 2) line 31
O::CHECK() called at -e line 0
eval {...} called at -e line 0
Can't locate object method "padix" via package "B::SVOP" at /bbbike/cpanbuild/rpm-build-perl-0.82-AiMAER/blib/lib/B/PerlReq.pm line 319.
CHECK failed--call queue aborted.
# Failed test at t/01-B-PerlReq.t line 93.
# got: 'perl(Try/Tiny.pm)
# perl(Bar.pm)'
# expected: ''
dying at -e line 1
at /bbbike/cpanbuild/rpm-build-perl-0.82-AiMAER/blib/lib/B/PerlReq.pm line 388.
B::PerlReq::__ANON__("Can't locate object method \"padix\" via package \"B::SVOP\" at /"...) called at /bbbike/cpanbuild/rpm-build-perl-0.82-AiMAER/blib/lib/B/PerlReq.pm line 319
B::PerlReq::grok_entersub(B::UNOP=SCALAR(0x1a61920)) called at /bbbike/cpanbuild/rpm-build-perl-0.82-AiMAER/blib/lib/B/Walker.pm line 56
B::Walker::walk_root(B::UNOP=SCALAR(0x1a61920)) called at /bbbike/cpanbuild/rpm-build-perl-0.82-AiMAER/blib/lib/B/Walker.pm line 66
B::Walker::walk_root(B::LISTOP=SCALAR(0x1a61908)) called at /bbbike/cpanbuild/rpm-build-perl-0.82-AiMAER/blib/lib/B/Walker.pm line 66
B::Walker::walk_root(B::UNOP=SCALAR(0x1a618a8)) called at /bbbike/cpanbuild/rpm-build-perl-0.82-AiMAER/blib/lib/B/Walker.pm line 91
B::Walker::walk_cv(B::CV=SCALAR(0x1a61830)) called at /bbbike/cpanbuild/rpm-build-perl-0.82-AiMAER/blib/lib/B/Walker.pm line 116
B::Walker::walk_gv(B::GV=SCALAR(0x1a61620)) called at /bbbike/cpanbuild/rpm-build-perl-0.82-AiMAER/blib/lib/B/Walker.pm line 132
B::Walker::walk_stash(HASH(0x175cfc8), "") called at /bbbike/cpanbuild/rpm-build-perl-0.82-AiMAER/blib/lib/B/Walker.pm line 139
B::Walker::walk_subs() called at /bbbike/cpanbuild/rpm-build-perl-0.82-AiMAER/blib/lib/B/PerlReq.pm line 392
B::PerlReq::__ANON__() called at (eval 2) line 31
O::CHECK() called at -e line 0
eval {...} called at -e line 0
Can't locate object method "padix" via package "B::SVOP" at /bbbike/cpanbuild/rpm-build-perl-0.82-AiMAER/blib/lib/B/PerlReq.pm line 319.
CHECK failed--call queue aborted.
# Failed test at t/01-B-PerlReq.t line 94.
# got: 'perl(Try/Tiny.pm)
# perl(Bar.pm)'
# expected: ''
dying at -e line 1
at /bbbike/cpanbuild/rpm-build-perl-0.82-AiMAER/blib/lib/B/PerlReq.pm line 388.
B::PerlReq::__ANON__("Can't locate object method \"padix\" via package \"B::SVOP\" at /"...) called at /bbbike/cpanbuild/rpm-build-perl-0.82-AiMAER/blib/lib/B/PerlReq.pm line 319
B::PerlReq::grok_entersub(B::UNOP=SCALAR(0x9c3e78)) called at /bbbike/cpanbuild/rpm-build-perl-0.82-AiMAER/blib/lib/B/Walker.pm line 56
B::Walker::walk_root(B::UNOP=SCALAR(0x9c3e78)) called at /bbbike/cpanbuild/rpm-build-perl-0.82-AiMAER/blib/lib/B/Walker.pm line 66
B::Walker::walk_root(B::LISTOP=SCALAR(0x9c3d28)) called at /bbbike/cpanbuild/rpm-build-perl-0.82-AiMAER/blib/lib/B/Walker.pm line 105
B::Walker::walk_main() called at /bbbike/cpanbuild/rpm-build-perl-0.82-AiMAER/blib/lib/B/PerlReq.pm line 391
B::PerlReq::__ANON__() called at (eval 2) line 31
O::CHECK() called at -e line 0
eval {...} called at -e line 0
Can't locate object method "padix" via package "B::SVOP" at /bbbike/cpanbuild/rpm-build-perl-0.82-AiMAER/blib/lib/B/PerlReq.pm line 319.
CHECK failed--call queue aborted.
# Failed test at t/01-B-PerlReq.t line 95.
# got: 'perl(Try/Tiny.pm)
# perl(Baz.pm)'
# expected: ''
# Looks like you failed 4 tests of 78.
t/01-B-PerlReq.t ..
Dubious, test returned 4 (wstat 1024, 0x400)
Failed 4/78 subtests
dying at /home/eserte/var/ctps/51911linux/install/perl-5.19.11/lib/5.19.11/AutoLoader.pm line 30
at /bbbike/cpanbuild/rpm-build-perl-0.82-AiMAER/blib/lib/B/PerlReq.pm line 388.
B::PerlReq::__ANON__("Can't locate object method \"padix\" via package \"B::SVOP\" at /"...) called at /bbbike/cpanbuild/rpm-build-perl-0.82-AiMAER/blib/lib/B/PerlReq.pm line 319
B::PerlReq::grok_entersub(B::UNOP=SCALAR(0x1a6ebe8)) called at /bbbike/cpanbuild/rpm-build-perl-0.82-AiMAER/blib/lib/B/Walker.pm line 56
B::Walker::walk_root(B::UNOP=SCALAR(0x1a6ebe8)) called at /bbbike/cpanbuild/rpm-build-perl-0.82-AiMAER/blib/lib/B/Walker.pm line 66
B::Walker::walk_root(B::BINOP=SCALAR(0x1a6ebd0)) called at /bbbike/cpanbuild/rpm-build-perl-0.82-AiMAER/blib/lib/B/Walker.pm line 66
B::Walker::walk_root(B::LISTOP=SCALAR(0x1a6eb88)) called at /bbbike/cpanbuild/rpm-build-perl-0.82-AiMAER/blib/lib/B/Walker.pm line 66
B::Walker::walk_root(B::UNOP=SCALAR(0x1a6ea50)) called at /bbbike/cpanbuild/rpm-build-perl-0.82-AiMAER/blib/lib/B/Walker.pm line 91
B::Walker::walk_cv(B::CV=SCALAR(0x1a6e960)) called at /bbbike/cpanbuild/rpm-build-perl-0.82-AiMAER/blib/lib/B/Walker.pm line 116
B::Walker::walk_gv(B::GV=SCALAR(0x1a6e408)) called at /bbbike/cpanbuild/rpm-build-perl-0.82-AiMAER/blib/lib/B/Walker.pm line 132
B::Walker::walk_stash(HASH(0x1a33cd8), "AutoLoader::") called at /bbbike/cpanbuild/rpm-build-perl-0.82-AiMAER/blib/lib/B/Walker.pm line 127
B::Walker::walk_stash(HASH(0x17c1fc8), "") called at /bbbike/cpanbuild/rpm-build-perl-0.82-AiMAER/blib/lib/B/Walker.pm line 139
B::Walker::walk_subs() called at /bbbike/cpanbuild/rpm-build-perl-0.82-AiMAER/blib/lib/B/PerlReq.pm line 392
B::PerlReq::__ANON__() called at (eval 3) line 31
O::CHECK() called at /home/eserte/var/ctps/51911linux/install/perl-5.19.11/lib/5.19.11/AutoLoader.pm line 0
eval {...} called at /home/eserte/var/ctps/51911linux/install/perl-5.19.11/lib/5.19.11/AutoLoader.pm line 0
Can't locate object method "padix" via package "B::SVOP" at /bbbike/cpanbuild/rpm-build-perl-0.82-AiMAER/blib/lib/B/PerlReq.pm line 319.
CHECK failed--call queue aborted.
# /home/eserte/var/ctps/51911linux/install/perl-5.19.11/lib/5.19.11/AutoLoader.pm: deparse failed. prefix=/home/eserte/var/ctps/51911linux/install/perl-5.19.11/lib/5.19.11
# Failed test 'AutoLoader.pm zero exit status'
# at t/02-perlreq.t line 33.
dying at /home/eserte/var/ctps/51911linux/install/perl-5.19.11/lib/5.19.11/Exporter.pm line 89
at /bbbike/cpanbuild/rpm-build-perl-0.82-AiMAER/blib/lib/B/PerlReq.pm line 388.
B::PerlReq::__ANON__("Can't locate object method \"padix\" via package \"B::SVOP\" at /"...) called at /bbbike/cpanbuild/rpm-build-perl-0.82-AiMAER/blib/lib/B/PerlReq.pm line 319
B::PerlReq::grok_entersub(B::UNOP=SCALAR(0x12ff678)) called at /bbbike/cpanbuild/rpm-build-perl-0.82-AiMAER/blib/lib/B/Walker.pm line 56
B::Walker::walk_root(B::UNOP=SCALAR(0x12ff678)) called at /bbbike/cpanbuild/rpm-build-perl-0.82-AiMAER/blib/lib/B/Walker.pm line 66
B::Walker::walk_root(B::LISTOP=SCALAR(0x12f6600)) called at /bbbike/cpanbuild/rpm-build-perl-0.82-AiMAER/blib/lib/B/Walker.pm line 66
B::Walker::walk_root(B::UNOP=SCALAR(0x11db898)) called at /bbbike/cpanbuild/rpm-build-perl-0.82-AiMAER/blib/lib/B/Walker.pm line 66
B::Walker::walk_root(B::UNOP=SCALAR(0x120fa40)) called at /bbbike/cpanbuild/rpm-build-perl-0.82-AiMAER/blib/lib/B/Walker.pm line 66
B::Walker::walk_root(B::UNOP=SCALAR(0x11f0dc0)) called at /bbbike/cpanbuild/rpm-build-perl-0.82-AiMAER/blib/lib/B/Walker.pm line 66
B::Walker::walk_root(B::UNOP=SCALAR(0x12013b0)) called at /bbbike/cpanbuild/rpm-build-perl-0.82-AiMAER/blib/lib/B/Walker.pm line 66
B::Walker::walk_root(B::UNOP=SCALAR(0x12654a8)) called at /bbbike/cpanbuild/rpm-build-perl-0.82-AiMAER/blib/lib/B/Walker.pm line 66
B::Walker::walk_root(B::UNOP=SCALAR(0x12bda20)) called at /bbbike/cpanbuild/rpm-build-perl-0.82-AiMAER/blib/lib/B/Walker.pm line 66
B::Walker::walk_root(B::LISTOP=SCALAR(0x1066468)) called at /bbbike/cpanbuild/rpm-build-perl-0.82-AiMAER/blib/lib/B/Walker.pm line 66
B::Walker::walk_root(B::UNOP=SCALAR(0x12f6228)) called at /bbbike/cpanbuild/rpm-build-perl-0.82-AiMAER/blib/lib/B/Walker.pm line 91
B::Walker::walk_cv(B::CV=SCALAR(0x12f6198)) called at /bbbike/cpanbuild/rpm-build-perl-0.82-AiMAER/blib/lib/B/Walker.pm line 116
B::Walker::walk_gv(B::GV=SCALAR(0x12f5fb8)) called at /bbbike/cpanbuild/rpm-build-perl-0.82-AiMAER/blib/lib/B/Walker.pm line 132
B::Walker::walk_stash(HASH(0x105cbc8), "Exporter::") called at /bbbike/cpanbuild/rpm-build-perl-0.82-AiMAER/blib/lib/B/Walker.pm line 127
B::Walker::walk_stash(HASH(0x1049fc8), "") called at /bbbike/cpanbuild/rpm-build-perl-0.82-AiMAER/blib/lib/B/Walker.pm line 139
B::Walker::walk_subs() called at /bbbike/cpanbuild/rpm-build-perl-0.82-AiMAER/blib/lib/B/PerlReq.pm line 392
B::PerlReq::__ANON__() called at (eval 3) line 31
O::CHECK() called at /home/eserte/var/ctps/51911linux/install/perl-5.19.11/lib/5.19.11/Exporter.pm line 0
eval {...} called at /home/eserte/var/ctps/51911linux/install/perl-5.19.11/lib/5.19.11/Exporter.pm line 0
Can't locate object method "padix" via package "B::SVOP" at /bbbike/cpanbuild/rpm-build-perl-0.82-AiMAER/blib/lib/B/PerlReq.pm line 319.
CHECK failed--call queue aborted.
# /home/eserte/var/ctps/51911linux/install/perl-5.19.11/lib/5.19.11/Exporter.pm: deparse failed. prefix=/home/eserte/var/ctps/51911linux/install/perl-5.19.11/lib/5.19.11
# Failed test 'Exporter.pm dependencies'
# at t/02-perlreq.t line 32.
# got: ''
# expected: 'perl(Exporter/Heavy.pm)'
# Failed test 'Exporter.pm zero exit status'
# at t/02-perlreq.t line 33.
# Looks like you failed 3 tests of 4.
t/02-perlreq.t ....
Dubious, test returned 3 (wstat 768, 0x300)
Failed 3/4 subtests
t/03-perlprov.t ... ok
Test Summary Report
-------------------
t/01-B-PerlReq.t (Wstat: 1024 Tests: 78 Failed: 4)
Failed tests: 8, 46-48
Non-zero exit status: 4
t/02-perlreq.t (Wstat: 768 Tests: 4 Failed: 3)
Failed tests: 2-4
Non-zero exit status: 3
Files=3, Tests=112, 6 wallclock secs ( 0.04 usr 0.03 sys + 2.82 cusr 0.88 csys = 3.77 CPU)
Result: FAIL
Failed 2/3 test programs. 7/112 subtests failed.
make: *** [test_dynamic] Error 255
------------------------------
PREREQUISITES
------------------------------
Prerequisite modules loaded:
requires:
Module Need Have
------------------- ---- --------
B 0 1.48
Encode 0 2.59
O 0 1.01
Safe 0 2.37
Test::More 0 1.001003
build_requires:
Module Need Have
------------------- ---- --------
ExtUtils::MakeMaker 0 6.96
configure_requires:
Module Need Have
------------------- ---- --------
ExtUtils::MakeMaker 0 6.96
------------------------------
ENVIRONMENT AND OTHER CONTEXT
------------------------------
Environment variables:
DBIC_NO_WARN_BAD_PERL = 1
LANG = C
PATH = /usr/local/bin:/usr/bin:/bin:/usr/local/sbin:/usr/sbin:/sbin:/home/eserte/bin/linux-gnu:/home/eserte/bin/sh:/home/eserte/bin:/usr/games:/home/eserte/devel:/home/eserte/src/cpan-testers-parallelsmoker/utils/synced
PERL5LIB =
PERL5OPT =
PERL5_CPANPLUS_IS_RUNNING = 31294
PERL5_CPAN_IS_RUNNING = 31294
PERL5_CPAN_IS_RUNNING_IN_RECURSION = 8952,31294
PERLDOC = -MPod::Perldoc::ToTextOverstrike
PERL_BATCH = yes
PERL_CPAN_REPORTER_CONFIG = /var/tmp/cpansmoker-1001/DApwKcjMCc_config.ini
PERL_CPAN_REPORTER_DIR = /home/eserte/var/ctps/51911linux/config/perl-5.19.11/cpanreporter
PERL_EXTUTILS_AUTOINSTALL = --defaultdeps
PERL_HTML_DISPLAY_CLASS = HTML::Display::Mozilla
PERL_PARALLEL_SMOKER = yes
PERL_TEST_UNPATCHED = 1
PERL_TEST_UNPATCHED = 1
SHELL = /usr/bin/zsh
TERM = xterm
TMPDIR = /var/tmp/cpansmoker-1001
Perl special variables (and OS-specific diagnostics, for MSWin32):
$^X = /bbbike/ctps/51911linux/install/perl-5.19.11/bin/perl
$UID/$EUID = 1001 / 1001
$GID = 1001 109 1001
$EGID = 1001 109 1001
Perl module toolchain versions installed:
Module Have
------------------- --------
CPAN 2.05
CPAN::Meta 2.141170
Cwd 3.47
ExtUtils::CBuilder 0.280216
ExtUtils::Command 1.18
ExtUtils::Install 1.67
ExtUtils::MakeMaker 6.96
ExtUtils::Manifest 1.63
ExtUtils::ParseXS 3.24
File::Spec 3.47
JSON 2.90
JSON::PP 2.27203
Module::Build 0.4205
Module::Signature 0.73
Parse::CPAN::Meta 1.4414
Test::Harness 3.30
Test::More 1.001003
YAML 0.90
YAML::Syck 1.27
version 0.9908
--
Summary of my perl5 (revision 5 version 19 subversion 11) configuration:
Platform:
osname=linux, osvers=2.6.32-5-xen-amd64, archname=x86_64-linux
uname='linux eserte 2.6.32-5-xen-amd64 #1 smp mon sep 23 23:29:01 utc 2013 x86_64 gnulinux '
config_args='-ds -e -Uversiononly -Dinstallusrbinperl=n -Dusedevel -Dprefix=/home/eserte/var/ctps/51911linux/install/perl-5.19.11'
hint=recommended, useposix=true, d_sigaction=define
useithreads=undef, usemultiplicity=undef
use64bitint=define, use64bitall=define, uselongdouble=undef
usemymalloc=n, bincompat5005=undef
Compiler:
cc='cc', ccflags ='-fwrapv -fno-strict-aliasing -pipe -fstack-protector -I/usr/local/include -D_LARGEFILE_SOURCE -D_FILE_OFFSET_BITS=64',
optimize='-O2',
cppflags='-fwrapv -fno-strict-aliasing -pipe -fstack-protector -I/usr/local/include'
ccversion='', gccversion='4.4.5', gccosandvers=''
intsize=4, longsize=8, ptrsize=8, doublesize=8, byteorder=12345678
d_longlong=define, longlongsize=8, d_longdbl=define, longdblsize=16
ivtype='long', ivsize=8, nvtype='double', nvsize=8, Off_t='off_t', lseeksize=8
alignbytes=8, prototype=define
Linker and Libraries:
ld='cc', ldflags =' -fstack-protector -L/usr/local/lib'
libpth=/usr/local/lib /usr/lib/gcc/x86_64-linux-gnu/4.4.5/include-fixed /usr/lib /lib/../lib /usr/lib/../lib /lib /lib64 /usr/lib64
libs=-lnsl -ldb -ldl -lm -lcrypt -lutil -lc
perllibs=-lnsl -ldl -lm -lcrypt -lutil -lc
libc=libc-2.11.3.so, so=so, useshrplib=false, libperl=libperl.a
gnulibc_version='2.11.3'
Dynamic Linking:
dlsrc=dl_dlopen.xs, dlext=so, d_dlsymun=undef, ccdlflags='-Wl,-E'
cccdlflags='-fPIC', lddlflags='-shared -O2 -L/usr/local/lib -fstack-protector'
Characteristics of this binary (from libperl):
Compile-time options: HAS_TIMES PERLIO_LAYERS PERL_DONT_CREATE_GVSV
PERL_HASH_FUNC_ONE_AT_A_TIME_HARD PERL_MALLOC_WRAP
PERL_NEW_COPY_ON_WRITE PERL_PRESERVE_IVUV
PERL_USE_DEVEL USE_64_BIT_ALL USE_64_BIT_INT
USE_LARGE_FILES USE_LOCALE USE_LOCALE_COLLATE
USE_LOCALE_CTYPE USE_LOCALE_NUMERIC USE_PERLIO
USE_PERL_ATOF
Built under linux
Compiled at Apr 26 2014 15:05:12
%ENV:
PERL5LIB=""
PERL5OPT=""
PERL5_CPANPLUS_IS_RUNNING="31294"
PERL5_CPAN_IS_RUNNING="31294"
PERL5_CPAN_IS_RUNNING_IN_RECURSION="8952,31294"
PERLDOC="-MPod::Perldoc::ToTextOverstrike"
PERL_BATCH="yes"
PERL_CPAN_REPORTER_CONFIG="/var/tmp/cpansmoker-1001/DApwKcjMCc_config.ini"
PERL_CPAN_REPORTER_DIR="/home/eserte/var/ctps/51911linux/config/perl-5.19.11/cpanreporter"
PERL_EXTUTILS_AUTOINSTALL="--defaultdeps"
PERL_HTML_DISPLAY_CLASS="HTML::Display::Mozilla"
PERL_PARALLEL_SMOKER="yes"
PERL_TEST_UNPATCHED="1"
@INC:
/home/eserte/var/ctps/51911linux/install/perl-5.19.11/lib/site_perl/5.19.11/x86_64-linux
/home/eserte/var/ctps/51911linux/install/perl-5.19.11/lib/site_perl/5.19.11
/home/eserte/var/ctps/51911linux/install/perl-5.19.11/lib/5.19.11/x86_64-linux
/home/eserte/var/ctps/51911linux/install/perl-5.19.11/lib/5.19.11
.