Back
From: metabase:user:3198cbe2-2aae-11df-837a-5e0a49663a4f
Subject: FAIL Drupal-Module-Starter-0.06 v5.12.2 GNU/Linux
Date: 2011-01-06T20:54:21Z
This distribution has been tested as part of the CPAN Testers
project, supporting the Perl programming language. See
http://wiki.cpantesters.org/ for more information or email
questions to cpan-testers-discuss@perl.org
--
Dear Steve McNabb,
This is a computer-generated report for Drupal-Module-Starter-0.06
on perl 5.12.2, created by CPAN-Reporter-1.1803.
Thank you for uploading your work to CPAN. However, there was a problem
testing your distribution.
If you think this report is invalid, please consult the CPAN Testers Wiki
for suggestions on how to avoid getting FAIL reports for missing library
or binary dependencies, unsupported operating systems, and so on:
http://wiki.cpantesters.org/wiki/CPANAuthorNotes
Sections of this report:
* Tester comments
* Program output
* Prerequisites
* Environment and other context
------------------------------
TESTER COMMENTS
------------------------------
Additional comments from tester:
this report is from an automated smoke testing program
and was not reviewed by a human for accuracy
------------------------------
PROGRAM OUTPUT
------------------------------
Output from '/usr/bin/make test':
PERL_DL_NONLAZY=1 /home/graham/perltest/th_ld_perl5122/perl/bin/perl "-MExtUtils::Command::MM" "-e" "test_harness(0, 'blib/lib', 'blib/arch')" t/*.t
t/00-load.t ......................... ok
# todo: add a --pages option to auto-add menu callbacks and menu items
t/01-Drupal-Module-Starter.t ........ ok
Can't exec "/usr/bin/php": No such file or directory at t/02-Drupal-Module-Starter-4_6_2.t line 23.
Use of uninitialized value $this in pattern match (m//) at t/02-Drupal-Module-Starter-4_6_2.t line 24.
# Failed test 'Php syntax check'
# at t/02-Drupal-Module-Starter-4_6_2.t line 24.
# undef
# doesn't match '/No syntax errors detected/'
# Looks like you failed 1 test of 11.
t/02-Drupal-Module-Starter-4_6_2.t ..
Dubious, test returned 1 (wstat 256, 0x100)
Failed 1/11 subtests
t/03-Drupal-Module-Starter-4_7_3.t .. ok
t/pod-coverage.t .................... ok
t/pod.t ............................. ok
Test Summary Report
-------------------
t/02-Drupal-Module-Starter-4_6_2.t (Wstat: 256 Tests: 11 Failed: 1)
Failed test: 11
Non-zero exit status: 1
Files=6, Tests=29, 2 wallclock secs ( 0.08 usr 0.03 sys + 1.40 cusr 0.17 csys = 1.68 CPU)
Result: FAIL
Failed 1/6 test programs. 1/29 subtests failed.
make: *** [test_dynamic] Error 255
------------------------------
PREREQUISITES
------------------------------
Prerequisite modules loaded:
requires:
Module Need Have
------------ ---- -------
Getopt::Long 0 2.38
Pod::Usage 0 1.36
Test::More 0 2.00_01
YAML 0 0.72
------------------------------
ENVIRONMENT AND OTHER CONTEXT
------------------------------
Environment variables:
AUTOMATED_TESTING = 1
LANG = C
PATH = /home/graham/perltest/th_ld_perl5122/perl/bin:/usr/local/bin:/usr/bin:/bin:/usr/local/sbin:/usr/sbin:/sbin:/opt/java/bin:/opt/java/db/bin:/opt/java/jre/bin:/opt/kde/bin:/usr/bin/perlbin/site:/usr/bin/perlbin/vendor:/usr/lib/perl5/core_perl/bin:/opt/qt/bin
PERL5LIB =
PERL5OPT =
PERL5_CPANPLUS_IS_RUNNING = 17211
PERL5_CPAN_IS_RUNNING = 17211
PERL5_CPAN_IS_RUNNING_IN_RECURSION = 8815,17211
PERL_CR_SMOKER_CURRENT = Drupal-Module-Starter-0.06
PERL_EXTUTILS_AUTOINSTALL = --defaultdeps
PERL_MM_USE_DEFAULT = 1
SHELL = /bin/bash
TERM = xterm
Perl special variables (and OS-specific diagnostics, for MSWin32):
$^X = /home/graham/perltest/th_ld_perl5122/perl/bin/perl
$UID/$EUID = 1000 / 1000
$GID = 1000 7 10 91 92 93 95 98 100 108 1000 1001
$EGID = 1000 7 10 91 92 93 95 98 100 108 1000 1001
Perl module toolchain versions installed:
Module Have
------------------- -------
CPAN 1.9402
Cwd 3.33
ExtUtils::CBuilder 0.2802
ExtUtils::Command 1.16
ExtUtils::Install 1.52
ExtUtils::MakeMaker 6.56
ExtUtils::Manifest 1.58
ExtUtils::ParseXS 2.2206
File::Spec 3.33
Module::Build 0.36_20
Module::Signature 0.66
Test::Harness 3.22
Test::More 2.00_01
YAML 0.72
YAML::Syck 1.17
version 0.88
--
Summary of my perl5 (revision 5 version 12 subversion 2) configuration:
Platform:
osname=linux, osvers=2.6.33-arch, archname=i686-linux-thread-multi-ld
uname='linux lorant 2.6.33-arch #1 smp preempt thu may 13 12:06:25 cest 2010 i686 intel(r) pentium(r) 4 cpu 2.80ghz genuineintel gnulinux '
config_args=''
hint=recommended, useposix=true, d_sigaction=define
useithreads=define, usemultiplicity=define
useperlio=define, d_sfio=undef, uselargefiles=define, usesocks=undef
use64bitint=undef, use64bitall=undef, uselongdouble=define
usemymalloc=n, bincompat5005=undef
Compiler:
cc='cc', ccflags ='-D_REENTRANT -D_GNU_SOURCE -fno-strict-aliasing -pipe -fstack-protector -I/usr/local/include -D_LARGEFILE_SOURCE -D_FILE_OFFSET_BITS=64',
optimize='-O2',
cppflags='-D_REENTRANT -D_GNU_SOURCE -fno-strict-aliasing -pipe -fstack-protector -I/usr/local/include'
ccversion='', gccversion='4.5.0 20100520 (prerelease)', gccosandvers=''
intsize=4, longsize=4, ptrsize=4, doublesize=8, byteorder=1234
d_longlong=define, longlongsize=8, d_longdbl=define, longdblsize=12
ivtype='long', ivsize=4, nvtype='long double', nvsize=12, Off_t='off_t', lseeksize=8
alignbytes=4, prototype=define
Linker and Libraries:
ld='cc', ldflags =' -fstack-protector -L/usr/local/lib'
libpth=/usr/local/lib /lib /usr/lib
libs=-lnsl -lgdbm -ldb -ldl -lm -lcrypt -lutil -lpthread -lc -lgdbm_compat
perllibs=-lnsl -ldl -lm -lcrypt -lutil -lpthread -lc
libc=/lib/libc-2.12.so, so=so, useshrplib=false, libperl=libperl.a
gnulibc_version='2.12'
Dynamic Linking:
dlsrc=dl_dlopen.xs, dlext=so, d_dlsymun=undef, ccdlflags='-Wl,-E'
cccdlflags='-fPIC', lddlflags='-shared -O2 -L/usr/local/lib -fstack-protector'
Characteristics of this binary (from libperl):
Compile-time options: MULTIPLICITY PERL_DONT_CREATE_GVSV
PERL_IMPLICIT_CONTEXT PERL_MALLOC_WRAP USE_ITHREADS
USE_LARGE_FILES USE_LONG_DOUBLE USE_PERLIO
USE_PERL_ATOF USE_REENTRANT_API
Built under linux
Compiled at Dec 14 2010 18:01:10
%ENV:
PERL5LIB=""
PERL5OPT=""
PERL5_CPANPLUS_IS_RUNNING="17211"
PERL5_CPAN_IS_RUNNING="17211"
PERL5_CPAN_IS_RUNNING_IN_RECURSION="8815,17211"
PERL_CR_SMOKER_CURRENT="Drupal-Module-Starter-0.06"
PERL_EXTUTILS_AUTOINSTALL="--defaultdeps"
PERL_MM_USE_DEFAULT="1"
@INC:
/home/graham/perltest/th_ld_perl5122/perl/lib/site_perl/5.12.2/i686-linux-thread-multi-ld
/home/graham/perltest/th_ld_perl5122/perl/lib/site_perl/5.12.2
/home/graham/perltest/th_ld_perl5122/perl/lib/5.12.2/i686-linux-thread-multi-ld
/home/graham/perltest/th_ld_perl5122/perl/lib/5.12.2
.