Report for Text-CPP-0.12

Back
From: metabase:user:322078bc-2aae-11df-837a-5e0a49663a4f
Subject: FAIL Text-CPP-0.12 v5.12.2 GNU/Linux
Date: 2010-12-13T08:08:13Z

This distribution has been tested as part of the CPAN Testers
project, supporting the Perl programming language.  See
http://wiki.cpantesters.org/ for more information or email
questions to cpan-testers-discuss@perl.org


--

Dear SHEVEK,
    
This is a computer-generated error report created automatically by
CPANPLUS, version 0.9010. Testers personal comments may appear 
at the end of this report.


Thank you for uploading your work to CPAN.  However, it appears that
there were some problems testing your distribution.

TEST RESULTS:

Below is the error stack from stage 'make test':

[MSG] [Mon Dec 13 08:08:19 2010] Trying to get 'ftp://cpan.bingosnet.co.uk/CPAN/authors/id/S/SH/SHEVEK/Text-CPP-0.12.tar.gz'
[MSG] [Mon Dec 13 08:08:20 2010] Trying to get 'ftp://cpan.bingosnet.co.uk/CPAN/authors/id/S/SH/SHEVEK/CHECKSUMS'
[MSG] [Mon Dec 13 08:08:20 2010] Checksum matches for 'Text-CPP-0.12.tar.gz'
[MSG] [Mon Dec 13 08:08:24 2010] Extracted 'Text::CPP' to '/home/cpan/pit/bare/conf/perl-5.12.2/.cpanplus/5.12.2/build/Text-CPP-0.12'
[MSG] [Mon Dec 13 08:08:24 2010] CPANPLUS is prefering Build.PL
[MSG] [Mon Dec 13 08:08:24 2010] Loading YACSmoke database "/home/cpan/pit/bare/conf/perl-5.12.2/.cpanplus/cpansmoke.dat"
[MSG] [Mon Dec 13 08:08:25 2010] Checking if your kit is complete...
Looks good
Writing Makefile for Text::CPP

[MSG] [Mon Dec 13 08:08:25 2010] DEFAULT 'filter_prereqs' HANDLER RETURNING 'sub return value'
[MSG] [Mon Dec 13 08:08:25 2010] Checking for previous PASS result for "Text-CPP-0.12"
[MSG] [Mon Dec 13 08:08:38 2010] cp CPP.pm blib/lib/Text/CPP.pm
/home/cpan/pit/bare/perl-5.12.2/bin/perl "-Iblib/arch" "-Iblib/lib" typemap.PL typemap
/home/cpan/pit/bare/perl-5.12.2/bin/perl /home/cpan/pit/bare/perl-5.12.2/lib/5.12.2/ExtUtils/xsubpp  -typemap /home/cpan/pit/bare/perl-5.12.2/lib/5.12.2/ExtUtils/typemap -typemap typemap -typemap typemap  CPP.xs > CPP.xsc && mv CPP.xsc CPP.c
/home/cpan/pit/bare/perl-5.12.2/bin/perl "-Iblib/arch" "-Iblib/lib" config.h.PL config.h
cc -c  -I. -fno-strict-aliasing -pipe -fstack-protector -I/usr/local/include -D_LARGEFILE_SOURCE -D_FILE_OFFSET_BITS=64 -O0 -g -Wall -DHAVE_CONFIG_H   -DVERSION=\"0.12\" -DXS_VERSION=\"0.12\" -fPIC "-I/home/cpan/pit/bare/perl-5.12.2/lib/5.12.2/x86_64-linux/CORE"   CPP.c
CPP.xs: In function ‘cb_diagnostic’:
CPP.xs:332: warning: pointer targets in passing argument 3 of ‘cpp_spell_token’ differ in signedness
cpplib.h:575: note: expected ‘unsigned char *’ but argument is of type ‘char *’
CPP.xs:332: warning: pointer targets in assignment differ in signedness
CPP.xs: In function ‘XS_Text__CPP_token’:
CPP.xs:552: warning: pointer targets in assignment differ in signedness
CPP.xs: In function ‘XS_Text__CPP_tokens’:
CPP.xs:593: warning: pointer targets in passing argument 1 of ‘Perl_newSVpv’ differ in signedness
/home/cpan/pit/bare/perl-5.12.2/lib/5.12.2/x86_64-linux/CORE/proto.h:2314: note: expected ‘const char * const’ but argument is of type ‘unsigned char *’
cc -c  -I. -fno-strict-aliasing -pipe -fstack-protector -I/usr/local/include -D_LARGEFILE_SOURCE -D_FILE_OFFSET_BITS=64 -O0 -g -Wall -DHAVE_CONFIG_H   -DVERSION=\"0.12\" -DXS_VERSION=\"0.12\" -fPIC "-I/home/cpan/pit/bare/perl-5.12.2/lib/5.12.2/x86_64-linux/CORE"   concat.c
cc -c  -I. -fno-strict-aliasing -pipe -fstack-protector -I/usr/local/include -D_LARGEFILE_SOURCE -D_FILE_OFFSET_BITS=64 -O0 -g -Wall -DHAVE_CONFIG_H   -DVERSION=\"0.12\" -DXS_VERSION=\"0.12\" -fPIC "-I/home/cpan/pit/bare/perl-5.12.2/lib/5.12.2/x86_64-linux/CORE"   cppdefault.c
cc -c  -I. -fno-strict-aliasing -pipe -fstack-protector -I/usr/local/include -D_LARGEFILE_SOURCE -D_FILE_OFFSET_BITS=64 -O0 -g -Wall -DHAVE_CONFIG_H   -DVERSION=\"0.12\" -DXS_VERSION=\"0.12\" -fPIC "-I/home/cpan/pit/bare/perl-5.12.2/lib/5.12.2/x86_64-linux/CORE"   cpperror.c
cc -c  -I. -fno-strict-aliasing -pipe -fstack-protector -I/usr/local/include -D_LARGEFILE_SOURCE -D_FILE_OFFSET_BITS=64 -O0 -g -Wall -DHAVE_CONFIG_H   -DVERSION=\"0.12\" -DXS_VERSION=\"0.12\" -fPIC "-I/home/cpan/pit/bare/perl-5.12.2/lib/5.12.2/x86_64-linux/CORE"   cppexp.c
cc -c  -I. -fno-strict-aliasing -pipe -fstack-protector -I/usr/local/include -D_LARGEFILE_SOURCE -D_FILE_OFFSET_BITS=64 -O0 -g -Wall -DHAVE_CONFIG_H   -DVERSION=\"0.12\" -DXS_VERSION=\"0.12\" -fPIC "-I/home/cpan/pit/bare/perl-5.12.2/lib/5.12.2/x86_64-linux/CORE"   cppfiles.c
cc -c  -I. -fno-strict-aliasing -pipe -fstack-protector -I/usr/local/include -D_LARGEFILE_SOURCE -D_FILE_OFFSET_BITS=64 -O0 -g -Wall -DHAVE_CONFIG_H   -DVERSION=\"0.12\" -DXS_VERSION=\"0.12\" -fPIC "-I/home/cpan/pit/bare/perl-5.12.2/lib/5.12.2/x86_64-linux/CORE"   cpphash.c
cc -c  -I. -fno-strict-aliasing -pipe -fstack-protector -I/usr/local/include -D_LARGEFILE_SOURCE -D_FILE_OFFSET_BITS=64 -O0 -g -Wall -DHAVE_CONFIG_H   -DVERSION=\"0.12\" -DXS_VERSION=\"0.12\" -fPIC "-I/home/cpan/pit/bare/perl-5.12.2/lib/5.12.2/x86_64-linux/CORE"   cppinit.c
cc -c  -I. -fno-strict-aliasing -pipe -fstack-protector -I/usr/local/include -D_LARGEFILE_SOURCE -D_FILE_OFFSET_BITS=64 -O0 -g -Wall -DHAVE_CONFIG_H   -DVERSION=\"0.12\" -DXS_VERSION=\"0.12\" -fPIC "-I/home/cpan/pit/bare/perl-5.12.2/lib/5.12.2/x86_64-linux/CORE"   cpplex.c
cc -c  -I. -fno-strict-aliasing -pipe -fstack-protector -I/usr/local/include -D_LARGEFILE_SOURCE -D_FILE_OFFSET_BITS=64 -O0 -g -Wall -DHAVE_CONFIG_H   -DVERSION=\"0.12\" -DXS_VERSION=\"0.12\" -fPIC "-I/home/cpan/pit/bare/perl-5.12.2/lib/5.12.2/x86_64-linux/CORE"   cpplib.c
cpplib.c: In function ‘do_error’:
cpplib.c:962: warning: pointer targets in passing argument 3 of ‘cb_diagnostic’ differ in signedness
global.h:77: note: expected ‘const char *’ but argument is of type ‘const uchar * const’
cpplib.c: In function ‘do_warning’:
cpplib.c:971: warning: pointer targets in passing argument 3 of ‘cb_diagnostic’ differ in signedness
global.h:77: note: expected ‘const char *’ but argument is of type ‘const uchar * const’
cc -c  -I. -fno-strict-aliasing -pipe -fstack-protector -I/usr/local/include -D_LARGEFILE_SOURCE -D_FILE_OFFSET_BITS=64 -O0 -g -Wall -DHAVE_CONFIG_H   -DVERSION=\"0.12\" -DXS_VERSION=\"0.12\" -fPIC "-I/home/cpan/pit/bare/perl-5.12.2/lib/5.12.2/x86_64-linux/CORE"   cppmacro.c
cc -c  -I. -fno-strict-aliasing -pipe -fstack-protector -I/usr/local/include -D_LARGEFILE_SOURCE -D_FILE_OFFSET_BITS=64 -O0 -g -Wall -DHAVE_CONFIG_H   -DVERSION=\"0.12\" -DXS_VERSION=\"0.12\" -fPIC "-I/home/cpan/pit/bare/perl-5.12.2/lib/5.12.2/x86_64-linux/CORE"   cppmain.c
cc -c  -I. -fno-strict-aliasing -pipe -fstack-protector -I/usr/local/include -D_LARGEFILE_SOURCE -D_FILE_OFFSET_BITS=64 -O0 -g -Wall -DHAVE_CONFIG_H   -DVERSION=\"0.12\" -DXS_VERSION=\"0.12\" -fPIC "-I/home/cpan/pit/bare/perl-5.12.2/lib/5.12.2/x86_64-linux/CORE"   cpptrad.c
cc -c  -I. -fno-strict-aliasing -pipe -fstack-protector -I/usr/local/include -D_LARGEFILE_SOURCE -D_FILE_OFFSET_BITS=64 -O0 -g -Wall -DHAVE_CONFIG_H   -DVERSION=\"0.12\" -DXS_VERSION=\"0.12\" -fPIC "-I/home/cpan/pit/bare/perl-5.12.2/lib/5.12.2/x86_64-linux/CORE"   hashtable.c
cc -c  -I. -fno-strict-aliasing -pipe -fstack-protector -I/usr/local/include -D_LARGEFILE_SOURCE -D_FILE_OFFSET_BITS=64 -O0 -g -Wall -DHAVE_CONFIG_H   -DVERSION=\"0.12\" -DXS_VERSION=\"0.12\" -fPIC "-I/home/cpan/pit/bare/perl-5.12.2/lib/5.12.2/x86_64-linux/CORE"   hex.c
cc -c  -I. -fno-strict-aliasing -pipe -fstack-protector -I/usr/local/include -D_LARGEFILE_SOURCE -D_FILE_OFFSET_BITS=64 -O0 -g -Wall -DHAVE_CONFIG_H   -DVERSION=\"0.12\" -DXS_VERSION=\"0.12\" -fPIC "-I/home/cpan/pit/bare/perl-5.12.2/lib/5.12.2/x86_64-linux/CORE"   interface.c
cc -c  -I. -fno-strict-aliasing -pipe -fstack-protector -I/usr/local/include -D_LARGEFILE_SOURCE -D_FILE_OFFSET_BITS=64 -O0 -g -Wall -DHAVE_CONFIG_H   -DVERSION=\"0.12\" -DXS_VERSION=\"0.12\" -fPIC "-I/home/cpan/pit/bare/perl-5.12.2/lib/5.12.2/x86_64-linux/CORE"   lbasename.c
cc -c  -I. -fno-strict-aliasing -pipe -fstack-protector -I/usr/local/include -D_LARGEFILE_SOURCE -D_FILE_OFFSET_BITS=64 -O0 -g -Wall -DHAVE_CONFIG_H   -DVERSION=\"0.12\" -DXS_VERSION=\"0.12\" -fPIC "-I/home/cpan/pit/bare/perl-5.12.2/lib/5.12.2/x86_64-linux/CORE"   line-map.c
cc -c  -I. -fno-strict-aliasing -pipe -fstack-protector -I/usr/local/include -D_LARGEFILE_SOURCE -D_FILE_OFFSET_BITS=64 -O0 -g -Wall -DHAVE_CONFIG_H   -DVERSION=\"0.12\" -DXS_VERSION=\"0.12\" -fPIC "-I/home/cpan/pit/bare/perl-5.12.2/lib/5.12.2/x86_64-linux/CORE"   mbchar.c
cc -c  -I. -fno-strict-aliasing -pipe -fstack-protector -I/usr/local/include -D_LARGEFILE_SOURCE -D_FILE_OFFSET_BITS=64 -O0 -g -Wall -DHAVE_CONFIG_H   -DVERSION=\"0.12\" -DXS_VERSION=\"0.12\" -fPIC "-I/home/cpan/pit/bare/perl-5.12.2/lib/5.12.2/x86_64-linux/CORE"   mkdeps.c
cc -c  -I. -fno-strict-aliasing -pipe -fstack-protector -I/usr/local/include -D_LARGEFILE_SOURCE -D_FILE_OFFSET_BITS=64 -O0 -g -Wall -DHAVE_CONFIG_H   -DVERSION=\"0.12\" -DXS_VERSION=\"0.12\" -fPIC "-I/home/cpan/pit/bare/perl-5.12.2/lib/5.12.2/x86_64-linux/CORE"   obstack.c
cc -c  -I. -fno-strict-aliasing -pipe -fstack-protector -I/usr/local/include -D_LARGEFILE_SOURCE -D_FILE_OFFSET_BITS=64 -O0 -g -Wall -DHAVE_CONFIG_H   -DVERSION=\"0.12\" -DXS_VERSION=\"0.12\" -fPIC "-I/home/cpan/pit/bare/perl-5.12.2/lib/5.12.2/x86_64-linux/CORE"   safe-ctype.c
cc -c  -I. -fno-strict-aliasing -pipe -fstack-protector -I/usr/local/include -D_LARGEFILE_SOURCE -D_FILE_OFFSET_BITS=64 -O0 -g -Wall -DHAVE_CONFIG_H   -DVERSION=\"0.12\" -DXS_VERSION=\"0.12\" -fPIC "-I/home/cpan/pit/bare/perl-5.12.2/lib/5.12.2/x86_64-linux/CORE"   splay-tree.c
Running Mkbootstrap for Text::CPP ()
chmod 644 CPP.bs
rm -f blib/arch/auto/Text/CPP/CPP.so
cc  -shared -O2 -L/usr/local/lib -fstack-protector CPP.o concat.o cppdefault.o cpperror.o cppexp.o cppfiles.o cpphash.o cppinit.o cpplex.o cpplib.o cppmacro.o cppmain.o cpptrad.o hashtable.o hex.o interface.o lbasename.o line-map.o mbchar.o mkdeps.o obstack.o safe-ctype.o splay-tree.o  -o blib/arch/auto/Text/CPP/CPP.so 	\
	     	\
	  
chmod 755 blib/arch/auto/Text/CPP/CPP.so
cp CPP.bs blib/arch/auto/Text/CPP/CPP.bs
chmod 644 blib/arch/auto/Text/CPP/CPP.bs
Manifying blib/man3/Text::CPP.3

[ERROR] [Mon Dec 13 08:08:39 2010] MAKE TEST failed: No such file or directory PERL_DL_NONLAZY=1 /home/cpan/pit/bare/perl-5.12.2/bin/perl "-MExtUtils::Command::MM" "-e" "test_harness(0, 'blib/lib', 'blib/arch')" t/*.t
t/01_use.t ...... ok
t/02_basic.t .... ok
t/03_inherit.t .. ok
t/04_data.t ..... ok
t/05_complex.t .. ok
t/06_builtin.t .. ok
t/07_errors.t ... 
Failed 8/10 subtests 
t/08_options.t .. ok
t/09_iflags.t ... ok

Test Summary Report
-------------------
t/07_errors.t (Wstat: 11 Tests: 2 Failed: 0)
  Non-zero wait status: 11
  Parse errors: Bad plan.  You planned 10 tests but ran 2.
Files=9, Tests=77,  1 wallclock secs ( 0.08 usr  0.02 sys +  0.37 cusr  0.14 csys =  0.61 CPU)
Result: FAIL
Failed 1/9 test programs. 0/77 subtests failed.
make: *** [test_dynamic] Error 255

[MSG] [Mon Dec 13 08:08:39 2010] DEFAULT 'proceed_on_test_failure' HANDLER RETURNING 'sub return value'


Perl module toolchain versions installed:
	Module Name                        Have
	CPANPLUS                         0.9010
	CPANPLUS::Dist::Build              0.50
	Cwd                                3.33
	ExtUtils::CBuilder               0.2801
	ExtUtils::Command                  1.16
	ExtUtils::Install                  1.55
	ExtUtils::MakeMaker                6.56
	ExtUtils::Manifest                 1.58
	ExtUtils::ParseXS                2.2206
	File::Spec                         3.33
	Module::Build                    0.3607
	Test::Harness                      3.22
	Test::More                         0.96
	version                            0.86

******************************** NOTE ********************************
The comments above are created mechanically, possibly without manual
checking by the sender.  As there are many people performing automatic
tests on each upload to CPAN, it is likely that you will receive 
identical messages about the same problem.

If you believe that the message is mistaken, please reply to the first
one with correction and/or additional informations, and do not take
it personally.  We appreciate your patience. :)
**********************************************************************

Additional comments:
 

This report was machine-generated by CPANPLUS::Dist::YACSmoke 0.58.
Powered by minismokebox version 0.40

------------------------------
ENVIRONMENT AND OTHER CONTEXT
------------------------------

Environment variables:

    AUTOMATED_TESTING = 1
    LANG = en_GB.UTF-8
    PATH = /usr/local/sbin:/usr/local/bin:/usr/sbin:/usr/bin:/sbin:/bin:/usr/games
    PERL5LIB = :/home/cpan/pit/bare/conf/perl-5.12.2/.cpanplus/5.12.2/build/Text-CPP-0.12/blib/lib:/home/cpan/pit/bare/conf/perl-5.12.2/.cpanplus/5.12.2/build/Text-CPP-0.12/blib/arch
    PERL5_CPANPLUS_IS_RUNNING = 28170
    PERL5_CPANPLUS_IS_VERSION = 0.9010
    PERL5_MINISMOKEBOX = 0.40
    PERL5_YACSMOKE_BASE = /home/cpan/pit/bare/conf/perl-5.12.2
    PERL_EXTUTILS_AUTOINSTALL = --defaultdeps
    PERL_MM_USE_DEFAULT = 1
    SHELL = /bin/bash
    TERM = screen

Perl special variables (and OS-specific diagnostics, for MSWin32):

    Perl: $^X = /home/cpan/pit/bare/perl-5.12.2/bin/perl
    UID:  $<  = 1001
    EUID: $>  = 1001
    GID:  $(  = 1001 1001
    EGID: $)  = 1001 1001


-------------------------------


--

Summary of my perl5 (revision 5 version 12 subversion 2) configuration:
   
  Platform:
    osname=linux, osvers=2.6.32-24-generic, archname=x86_64-linux
    uname='linux velvet 2.6.32-24-generic #41-ubuntu smp thu aug 19 01:38:40 utc 2010 x86_64 gnulinux '
    config_args='-des -Dprefix=/home/cpan/pit/bare/perl-5.12.2'
    hint=recommended, useposix=true, d_sigaction=define
    useithreads=undef, usemultiplicity=undef
    useperlio=define, d_sfio=undef, uselargefiles=define, usesocks=undef
    use64bitint=define, use64bitall=define, uselongdouble=undef
    usemymalloc=n, bincompat5005=undef
  Compiler:
    cc='cc', ccflags ='-fno-strict-aliasing -pipe -fstack-protector -I/usr/local/include -D_LARGEFILE_SOURCE -D_FILE_OFFSET_BITS=64',
    optimize='-O2',
    cppflags='-fno-strict-aliasing -pipe -fstack-protector -I/usr/local/include'
    ccversion='', gccversion='4.4.3', gccosandvers=''
    intsize=4, longsize=8, ptrsize=8, doublesize=8, byteorder=12345678
    d_longlong=define, longlongsize=8, d_longdbl=define, longdblsize=16
    ivtype='long', ivsize=8, nvtype='double', nvsize=8, Off_t='off_t', lseeksize=8
    alignbytes=8, prototype=define
  Linker and Libraries:
    ld='cc', ldflags =' -fstack-protector -L/usr/local/lib'
    libpth=/usr/local/lib /lib /usr/lib /lib64 /usr/lib64
    libs=-lnsl -ldl -lm -lcrypt -lutil -lc
    perllibs=-lnsl -ldl -lm -lcrypt -lutil -lc
    libc=/lib/libc-2.11.1.so, so=so, useshrplib=false, libperl=libperl.a
    gnulibc_version='2.11.1'
  Dynamic Linking:
    dlsrc=dl_dlopen.xs, dlext=so, d_dlsymun=undef, ccdlflags='-Wl,-E'
    cccdlflags='-fPIC', lddlflags='-shared -O2 -L/usr/local/lib -fstack-protector'


Characteristics of this binary (from libperl): 
  Compile-time options: PERL_DONT_CREATE_GVSV PERL_MALLOC_WRAP USE_64_BIT_ALL
                        USE_64_BIT_INT USE_LARGE_FILES USE_PERLIO
                        USE_PERL_ATOF
  Built under linux
  Compiled at Sep  7 2010 10:22:25
  %ENV:
    PERL5LIB=":/home/cpan/pit/bare/conf/perl-5.12.2/.cpanplus/5.12.2/build/Text-CPP-0.12/blib/lib:/home/cpan/pit/bare/conf/perl-5.12.2/.cpanplus/5.12.2/build/Text-CPP-0.12/blib/arch"
    PERL5_CPANPLUS_IS_RUNNING="28170"
    PERL5_CPANPLUS_IS_VERSION="0.9010"
    PERL5_MINISMOKEBOX="0.40"
    PERL5_YACSMOKE_BASE="/home/cpan/pit/bare/conf/perl-5.12.2"
    PERL_EXTUTILS_AUTOINSTALL="--defaultdeps"
    PERL_MM_USE_DEFAULT="1"
  @INC:
    /home/cpan/pit/bare/conf/perl-5.12.2/.cpanplus/5.12.2/build/Text-CPP-0.12/blib/lib
    /home/cpan/pit/bare/conf/perl-5.12.2/.cpanplus/5.12.2/build/Text-CPP-0.12/blib/arch
    /home/cpan/pit/bare/perl-5.12.2/lib/site_perl/5.12.2/x86_64-linux
    /home/cpan/pit/bare/perl-5.12.2/lib/site_perl/5.12.2
    /home/cpan/pit/bare/perl-5.12.2/lib/5.12.2/x86_64-linux
    /home/cpan/pit/bare/perl-5.12.2/lib/5.12.2
    .