CodeGen-Cpppp v0.001_02 Perl 5 v5.12.2 x86_64-linux-thread-multi-ld

Status
Fail
From
Chris Williams (BINGOS)
Dist
CodeGen-Cpppp v0.001_02
Platform
Perl 5 v5.12.2 x86_64-linux-thread-multi-ld
Date
2023-09-16 07:46:23
ID
21ec6088-5465-11ee-98b0-b3c3213a625c
This distribution has been tested as part of the CPAN Testers
project, supporting the Perl programming language.  See
http://wiki.cpantesters.org/ for more information or email
questions to cpan-testers-discuss@perl.org


--

Dear NERDVANA,

This is a computer-generated error report created automatically by
CPANPLUS, version 0.9914. Testers personal comments may appear
at the end of this report.


Thank you for uploading your work to CPAN.  However, it appears that
there were some problems testing your distribution.

TEST RESULTS:

Below is the error stack from stage 'make test':

PERL_DL_NONLAZY=1 "/home/cpan/pit/thr-ld/perl-5.12.2/bin/perl" "-MExtUtils::Command::MM" "-MTest::Harness" "-e" "undef *Test::Harness::Switches; test_harness(0, 'blib/lib', 'blib/arch')" t/*.t
Use of bare << to mean <<"" is deprecated at t/10-parse-code-block.t line 10.
"my" variable $cpppp masks earlier declaration in same scope at t/10-parse-code-block.t line 38.
"my" variable $parsed masks earlier declaration in same scope at t/10-parse-code-block.t line 39.
"my" variable $_ masks earlier declaration in same scope at t/10-parse-code-block.t line 39.
"my" variable $_ masks earlier declaration in same statement at t/10-parse-code-block.t line 39.
"my" variable $parsed masks earlier declaration in same statement at t/10-parse-code-block.t line 40.
Global symbol "$foo" requires explicit package name at t/10-parse-code-block.t line 10.
Global symbol "$el_t" requires explicit package name at t/10-parse-code-block.t line 10.
syntax error at t/10-parse-code-block.t line 36, near "~"
  (Might be a runaway multi-line << string starting on line 10)
Global symbol "@tests" requires explicit package name at t/10-parse-code-block.t line 37.
syntax error at t/10-parse-code-block.t line 41, near "}"
Missing right curly or square bracket at t/10-parse-code-block.t line 43, at end of line
Execution of t/10-parse-code-block.t aborted due to compilation errors.
t/10-parse-code-block.t .. 
Dubious, test returned 255 (wstat 65280, 0xff00)
No subtests run 
Use of bare << to mean <<"" is deprecated at t/20-translate-cpppp.t line 10.
Possible unintended interpolation of @expr_subs in string at t/20-translate-cpppp.t line 10.
Possible unintended interpolation of @expr_subs in string at t/20-translate-cpppp.t line 10.
Global symbol "$x" requires explicit package name at t/20-translate-cpppp.t line 10.
Global symbol "$x" requires explicit package name at t/20-translate-cpppp.t line 10.
Global symbol "$x" requires explicit package name at t/20-translate-cpppp.t line 10.
Global symbol "$x" requires explicit package name at t/20-translate-cpppp.t line 10.
Global symbol "$self" requires explicit package name at t/20-translate-cpppp.t line 10.
Global symbol "@expr_subs" requires explicit package name at t/20-translate-cpppp.t line 10.
Global symbol "$self" requires explicit package name at t/20-translate-cpppp.t line 10.
Global symbol "$self" requires explicit package name at t/20-translate-cpppp.t line 10.
Global symbol "@expr_subs" requires explicit package name at t/20-translate-cpppp.t line 10.
Global symbol "@expr_subs" requires explicit package name at t/20-translate-cpppp.t line 10.
Global symbol "$self" requires explicit package name at t/20-translate-cpppp.t line 10.
Global symbol "@expr_subs" requires explicit package name at t/20-translate-cpppp.t line 10.
Global symbol "$self" requires explicit package name at t/20-translate-cpppp.t line 10.
Global symbol "$self" requires explicit package name at t/20-translate-cpppp.t line 10.
syntax error at t/20-translate-cpppp.t line 59, near "~"
  (Might be a runaway multi-line << string starting on line 10)
t/20-translate-cpppp.t has too many errors.
t/20-translate-cpppp.t ... 
Dubious, test returned 2 (wstat 512, 0x200)
No subtests run 
Use of bare << to mean <<"" is deprecated at t/30-render.t line 10.
"my" variable @tests masks earlier declaration in same statement at t/30-render.t line 39.
"my" variable $cpppp masks earlier declaration in same scope at t/30-render.t line 40.
"my" variable $t masks earlier declaration in same statement at t/30-render.t line 40.
"my" variable $t masks earlier declaration in same scope at t/30-render.t line 40.
"my" variable $t masks earlier declaration in same scope at t/30-render.t line 40.
"my" variable $c masks earlier declaration in same scope at t/30-render.t line 41.
"my" variable $t masks earlier declaration in same scope at t/30-render.t line 41.
"my" variable $t masks earlier declaration in same statement at t/30-render.t line 41.
"my" variable $c masks earlier declaration in same statement at t/30-render.t line 42.
Global symbol "$bits" requires explicit package name at t/30-render.t line 10.
Global symbol "$bits" requires explicit package name at t/30-render.t line 10.
Global symbol "$bits" requires explicit package name at t/30-render.t line 10.
Global symbol "$bits" requires explicit package name at t/30-render.t line 10.
Global symbol "$bits" requires explicit package name at t/30-render.t line 10.
Global symbol "$bits" requires explicit package name at t/30-render.t line 10.
Global symbol "$bits" requires explicit package name at t/30-render.t line 10.
syntax error at t/30-render.t line 38, near "~"
  (Might be a runaway multi-line << string starting on line 10)
syntax error at t/30-render.t line 43, near "}"
Missing right curly or square bracket at t/30-render.t line 45, at end of line
t/30-render.t has too many errors.
t/30-render.t ............ 
Dubious, test returned 255 (wstat 65280, 0xff00)
No subtests run 

Test Summary Report
-------------------
t/10-parse-code-block.t (Wstat: 65280 (exited 255) Tests: 0 Failed: 0)
  Non-zero exit status: 255
  Parse errors: No plan found in TAP output
t/20-translate-cpppp.t (Wstat: 512 (exited 2) Tests: 0 Failed: 0)
  Non-zero exit status: 2
  Parse errors: No plan found in TAP output
t/30-render.t          (Wstat: 65280 (exited 255) Tests: 0 Failed: 0)
  Non-zero exit status: 255
  Parse errors: No plan found in TAP output
Files=3, Tests=0,  1 wallclock secs ( 0.01 usr  0.01 sys +  0.20 cusr  0.04 csys =  0.26 CPU)
Result: FAIL
Failed 3/3 test programs. 0/0 subtests failed.
make: *** [Makefile:881: test_dynamic] Error 255


PREREQUISITES:

Here is a list of prerequisites you specified and versions we
managed to load:

	  Module Name                        Have     Want
	  Carp                               1.17        0
	  Data::Printer                  1.001001        0
	  ExtUtils::MakeMaker                7.70        0
	  Getopt::Long                       2.38        0
	  Test2::Suite                   0.000156 0.000139
	  Test2::V0                      0.000156        0
	  autouse                            1.06        0
	  strict                             1.04        0
	  warnings                           1.09        0

Perl module toolchain versions installed:
	Module Name                        Have
	CPANPLUS                         0.9914
	CPANPLUS::Dist::Build              0.90
	Cwd                                3.75
	ExtUtils::CBuilder             0.280236
	ExtUtils::Command                  7.70
	ExtUtils::Install                  2.22
	ExtUtils::MakeMaker                7.70
	ExtUtils::Manifest                 1.75
	ExtUtils::ParseXS                  3.44
	File::Spec                         3.75
	Module::Build                    0.4234
	Pod::Parser                        1.37
	Pod::Simple                        3.14
	Test2                          1.302195
	Test::Harness                      3.44
	Test::More                     1.302195
	version                          0.9929

******************************** NOTE ********************************
The comments above are created mechanically, possibly without manual
checking by the sender.  As there are many people performing automatic
tests on each upload to CPAN, it is likely that you will receive
identical messages about the same problem.

If you believe that the message is mistaken, please reply to the first
one with correction and/or additional informations, and do not take
it personally.  We appreciate your patience. :)
**********************************************************************

Additional comments:


This report was machine-generated by CPANPLUS::Dist::YACSmoke 1.08.
Powered by minismokebox version 0.68

CPANPLUS is prefering Build.PL

------------------------------
ENVIRONMENT AND OTHER CONTEXT
------------------------------

Environment variables:

    AUTOMATED_TESTING = 1
    LANG = en_GB.UTF-8
    LANGUAGE = en_GB:en
    NONINTERACTIVE_TESTING = 1
    PATH = /home/cpan/pit/thr-ld/conf/perl-5.12.2/.cpanplus/5.12.2/build/Sq_faSskUT/CodeGen-Cpppp-0.001_02/blib/script:/usr/local/sbin:/usr/local/bin:/usr/sbin:/usr/bin:/sbin:/bin:/usr/games:/usr/local/games:/snap/bin
    PERL5LIB = /home/cpan/pit/jail/pztLVxkhm6/lib/perl5:/home/cpan/pit/thr-ld/conf/perl-5.12.2/.cpanplus/5.12.2/build/Sq_faSskUT/CodeGen-Cpppp-0.001_02/blib/lib:/home/cpan/pit/thr-ld/conf/perl-5.12.2/.cpanplus/5.12.2/build/Sq_faSskUT/CodeGen-Cpppp-0.001_02/blib/arch
    PERL5_CPANPLUS_IS_RUNNING = 3037663
    PERL5_CPANPLUS_IS_VERSION = 0.9914
    PERL5_MINISMOKEBOX = 0.68
    PERL5_YACSMOKE_BASE = /home/cpan/pit/thr-ld/conf/perl-5.12.2
    PERL_EXTUTILS_AUTOINSTALL = --defaultdeps
    PERL_LOCAL_LIB_ROOT = /home/cpan/pit/jail/pztLVxkhm6
    PERL_MB_OPT = --install_base "/home/cpan/pit/jail/pztLVxkhm6"
    PERL_MM_OPT = INSTALL_BASE=/home/cpan/pit/jail/pztLVxkhm6
    PERL_MM_USE_DEFAULT = 1
    SHELL = /bin/bash
    TERM = screen.xterm-256color

Perl special variables (and OS-specific diagnostics, for MSWin32):

    Perl: $^X = /home/cpan/pit/thr-ld/perl-5.12.2/bin/perl
    UID:  $<  = 1001
    EUID: $>  = 1001
    GID:  $(  = 1001 1001
    EGID: $)  = 1001 1001


-------------------------------


--

Summary of my perl5 (revision 5 version 12 subversion 2) configuration:
   
  Platform:
    osname=linux, osvers=5.4.0-26-generic, archname=x86_64-linux-thread-multi-ld
    uname='linux uchder 5.4.0-26-generic #30-ubuntu smp mon apr 20 16:58:30 utc 2020 x86_64 x86_64 x86_64 gnulinux '
    config_args='-des -Dprefix=/home/cpan/pit/thr-ld/perl-5.12.2 -Dusethreads -Duselongdouble'
    hint=recommended, useposix=true, d_sigaction=define
    useithreads=define, usemultiplicity=define
    useperlio=define, d_sfio=undef, uselargefiles=define, usesocks=undef
    use64bitint=define, use64bitall=define, uselongdouble=define
    usemymalloc=n, bincompat5005=undef
  Compiler:
    cc='cc', ccflags ='-D_REENTRANT -D_GNU_SOURCE -fwrapv -fno-strict-aliasing -pipe -fstack-protector -I/usr/local/include -D_LARGEFILE_SOURCE -D_FILE_OFFSET_BITS=64',
    optimize='-O2',
    cppflags='-D_REENTRANT -D_GNU_SOURCE -fwrapv -fno-strict-aliasing -pipe -fstack-protector -I/usr/local/include'
    ccversion='', gccversion='9.3.0', gccosandvers=''
    intsize=4, longsize=8, ptrsize=8, doublesize=8, byteorder=12345678
    d_longlong=define, longlongsize=8, d_longdbl=define, longdblsize=16
    ivtype='long', ivsize=8, nvtype='long double', nvsize=16, Off_t='off_t', lseeksize=8
    alignbytes=16, prototype=define
  Linker and Libraries:
    ld='cc', ldflags =' -fstack-protector -L/usr/local/lib'
    libpth=/usr/local/lib /lib/x86_64-linux-gnu /lib/../lib /usr/lib/x86_64-linux-gnu /usr/lib/../lib /lib /usr/lib
    libs=-lnsl -lgdbm -ldl -lm -lcrypt -lutil -lpthread -lc
    perllibs=-lnsl -ldl -lm -lcrypt -lutil -lpthread -lc
    libc=libc-2.31.so, so=so, useshrplib=false, libperl=libperl.a
    gnulibc_version='2.31'
  Dynamic Linking:
    dlsrc=dl_dlopen.xs, dlext=so, d_dlsymun=undef, ccdlflags='-Wl,-E'
    cccdlflags='-fPIC', lddlflags='-shared -O2 -L/usr/local/lib -fstack-protector'


Characteristics of this binary (from libperl): 
  Compile-time options: MULTIPLICITY PERL_DONT_CREATE_GVSV
                        PERL_IMPLICIT_CONTEXT PERL_MALLOC_WRAP USE_64_BIT_ALL
                        USE_64_BIT_INT USE_ITHREADS USE_LARGE_FILES
                        USE_LONG_DOUBLE USE_PERLIO USE_PERL_ATOF
                        USE_REENTRANT_API
  Locally applied patches:
	Devel::PatchPerl 1.92
  Built under linux
  Compiled at Apr 27 2020 23:54:03
  %ENV:
    PERL5LIB="/home/cpan/pit/jail/pztLVxkhm6/lib/perl5:/home/cpan/pit/thr-ld/conf/perl-5.12.2/.cpanplus/5.12.2/build/Sq_faSskUT/CodeGen-Cpppp-0.001_02/blib/lib:/home/cpan/pit/thr-ld/conf/perl-5.12.2/.cpanplus/5.12.2/build/Sq_faSskUT/CodeGen-Cpppp-0.001_02/blib/arch"
    PERL5_CPANPLUS_IS_RUNNING="3037663"
    PERL5_CPANPLUS_IS_VERSION="0.9914"
    PERL5_MINISMOKEBOX="0.68"
    PERL5_YACSMOKE_BASE="/home/cpan/pit/thr-ld/conf/perl-5.12.2"
    PERL_EXTUTILS_AUTOINSTALL="--defaultdeps"
    PERL_LOCAL_LIB_ROOT="/home/cpan/pit/jail/pztLVxkhm6"
    PERL_MB_OPT="--install_base "/home/cpan/pit/jail/pztLVxkhm6""
    PERL_MM_OPT="INSTALL_BASE=/home/cpan/pit/jail/pztLVxkhm6"
    PERL_MM_USE_DEFAULT="1"
  @INC:
    /home/cpan/pit/jail/pztLVxkhm6/lib/perl5/5.12.2/x86_64-linux-thread-multi-ld
    /home/cpan/pit/jail/pztLVxkhm6/lib/perl5/5.12.2
    /home/cpan/pit/jail/pztLVxkhm6/lib/perl5/x86_64-linux-thread-multi-ld
    /home/cpan/pit/jail/pztLVxkhm6/lib/perl5
    /home/cpan/pit/thr-ld/conf/perl-5.12.2/.cpanplus/5.12.2/build/Sq_faSskUT/CodeGen-Cpppp-0.001_02/blib/lib
    /home/cpan/pit/thr-ld/conf/perl-5.12.2/.cpanplus/5.12.2/build/Sq_faSskUT/CodeGen-Cpppp-0.001_02/blib/arch
    /home/cpan/pit/thr-ld/perl-5.12.2/lib/site_perl/5.12.2/x86_64-linux-thread-multi-ld
    /home/cpan/pit/thr-ld/perl-5.12.2/lib/site_perl/5.12.2
    /home/cpan/pit/thr-ld/perl-5.12.2/lib/5.12.2/x86_64-linux-thread-multi-ld
    /home/cpan/pit/thr-ld/perl-5.12.2/lib/5.12.2
    .