Report for WebService-HtmlKitCom-FavIconFromImage-0.001

Back
From: metabase:user:314402c4-2aae-11df-837a-5e0a49663a4f
Subject: FAIL WebService-HtmlKitCom-FavIconFromImage-0.001 v5.16.0 RC0 GNU/Linux
Date: 2012-05-15T22:20:09Z

This distribution has been tested as part of the CPAN Testers
project, supporting the Perl programming language.  See
http://wiki.cpantesters.org/ for more information or email
questions to cpan-testers-discuss@perl.org


--
Dear Zoffix Znet,

This is a computer-generated report for WebService-HtmlKitCom-FavIconFromImage-0.001
on perl 5.16.0, created by CPAN-Reporter-1.2006.

Thank you for uploading your work to CPAN.  However, there was a problem
testing your distribution.

If you think this report is invalid, please consult the CPAN Testers Wiki
for suggestions on how to avoid getting FAIL reports for missing library
or binary dependencies, unsupported operating systems, and so on:

http://wiki.cpantesters.org/wiki/CPANAuthorNotes

Sections of this report:

    * Tester comments
    * Program output
    * Prerequisites
    * Environment and other context

------------------------------
TESTER COMMENTS
------------------------------

Additional comments from tester:

none provided

------------------------------
PROGRAM OUTPUT
------------------------------

Output from './Build test':

Use of qw(...) as parentheses is deprecated at /bbbike/cpan/build/WebService-HtmlKitCom-FavIconFromImage-0.001-qtndkf/blib/lib/WebService/HtmlKitCom/FavIconFromImage.pm line 16.
# Testing WebService::HtmlKitCom::FavIconFromImage 0.001, Perl 5.016000, /bbbike/ctps/5160RC0linux/install/perl-5.16.0-RC0/bin/perl
Link not found at /bbbike/cpan/build/WebService-HtmlKitCom-FavIconFromImage-0.001-qtndkf/blib/lib/WebService/HtmlKitCom/FavIconFromImage.pm line 68.
# Looks like you planned 11 tests but ran 8.
# Looks like your test exited with 255 just after 8.
t/00-load.t ....... 
Dubious, test returned 255 (wstat 65280, 0xff00)
Failed 3/11 subtests 
t/kwalitee.t ...... skipped: Test::Kwalitee not installed; skipping
Use of qw(...) as parentheses is deprecated at /bbbike/cpan/build/WebService-HtmlKitCom-FavIconFromImage-0.001-qtndkf/blib/lib/WebService/HtmlKitCom/FavIconFromImage.pm line 16.
t/pod-coverage.t .. ok
t/pod.t ........... ok

Test Summary Report
-------------------
t/00-load.t     (Wstat: 65280 Tests: 8 Failed: 0)
  Non-zero exit status: 255
  Parse errors: Bad plan.  You planned 11 tests but ran 8.
Files=4, Tests=10,  3 wallclock secs ( 0.02 usr  0.01 sys +  0.25 cusr  0.05 csys =  0.33 CPU)
Result: FAIL
Failed 1/4 test programs. 0/10 subtests failed.

------------------------------
PREREQUISITES
------------------------------

Prerequisite modules loaded:

requires:

    Module                Need    Have   
    --------------------- ------- -------
    Carp                  1.04    1.26   
    Class::Data::Accessor 0.04001 0.04004
    Devel::TakeHashArgs   0.002   0.005  
    WWW::Mechanize        1.34    1.72   

build_requires:

    Module                Need    Have   
    --------------------- ------- -------
    Test::More            0       0.98   


------------------------------
ENVIRONMENT AND OTHER CONTEXT
------------------------------

Environment variables:

    DBIC_NO_WARN_BAD_PERL = 1
    LANG = C
    PATH = /usr/local/bin:/usr/bin:/bin:/usr/local/sbin:/usr/sbin:/sbin:/home/eserte/bin/linux-gnu:/home/eserte/bin/sh:/home/eserte/bin:/usr/X11R6/bin:/usr/X11/bin:/usr/games:/home/eserte/devel:/home/eserte/work/cpan-testers-parallelsmoker/utils
    PERL5LIB = 
    PERL5OPT = 
    PERL5_CPANPLUS_IS_RUNNING = 27747
    PERL5_CPAN_IS_RUNNING = 27747
    PERL5_CPAN_IS_RUNNING_IN_RECURSION = 23838,27747
    PERLDOC = -MPod::Perldoc::ToTextOverstrike
    PERL_BATCH = yes
    PERL_CPAN_REPORTER_DIR = /home/eserte/var/ctps/5160RC0linux/config/perl-5.16.0-RC0/cpanreporter
    PERL_EXTUTILS_AUTOINSTALL = --defaultdeps
    PERL_HTML_DISPLAY_CLASS = HTML::Display::Mozilla
    PERL_PARALLEL_SMOKER = yes
    PERL_TEST_UNPATCHED = 1
    SHELL = /usr/bin/zsh
    TERM = screen
    TMPDIR = /var/tmp/cpansmoker-1001

Perl special variables (and OS-specific diagnostics, for MSWin32):

    $^X = /bbbike/ctps/5160RC0linux/install/perl-5.16.0-RC0/bin/perl
    $UID/$EUID = 1001 / 1001
    $GID = 1001 1001
    $EGID = 1001 1001

Perl module toolchain versions installed:

    Module              Have    
    ------------------- --------
    CPAN                1.9800  
    CPAN::Meta          2.120921
    Cwd                 3.39_02 
    ExtUtils::CBuilder  0.280206
    ExtUtils::Command   1.17    
    ExtUtils::Install   1.58    
    ExtUtils::MakeMaker 6.63_02 
    ExtUtils::Manifest  1.61    
    ExtUtils::ParseXS   3.16    
    File::Spec          3.39_02 
    JSON                2.53    
    JSON::PP            2.27200 
    Module::Build       0.40    
    Module::Signature   0.68    
    Parse::CPAN::Meta   1.4404  
    Test::Harness       3.23    
    Test::More          0.98    
    YAML                0.81    
    YAML::Syck          1.20    
    version             0.99    


--

Summary of my perl5 (revision 5 version 16 subversion 0) configuration:
   
  Platform:
    osname=linux, osvers=2.6.32-5-xen-amd64, archname=x86_64-linux
    uname='linux eserte 2.6.32-5-xen-amd64 #1 smp sat may 5 04:18:09 utc 2012 x86_64 gnulinux '
    config_args='-ds -e -Uversiononly -Dinstallusrbinperl=n -Dusedevel -Dprefix=/home/eserte/var/ctps/5160RC0linux/install/perl-5.16.0-RC0'
    hint=recommended, useposix=true, d_sigaction=define
    useithreads=undef, usemultiplicity=undef
    useperlio=define, d_sfio=undef, uselargefiles=define, usesocks=undef
    use64bitint=define, use64bitall=define, uselongdouble=undef
    usemymalloc=n, bincompat5005=undef
  Compiler:
    cc='cc', ccflags ='-fno-strict-aliasing -pipe -fstack-protector -I/usr/local/include -D_LARGEFILE_SOURCE -D_FILE_OFFSET_BITS=64',
    optimize='-O2',
    cppflags='-fno-strict-aliasing -pipe -fstack-protector -I/usr/local/include'
    ccversion='', gccversion='4.4.5', gccosandvers=''
    intsize=4, longsize=8, ptrsize=8, doublesize=8, byteorder=12345678
    d_longlong=define, longlongsize=8, d_longdbl=define, longdblsize=16
    ivtype='long', ivsize=8, nvtype='double', nvsize=8, Off_t='off_t', lseeksize=8
    alignbytes=8, prototype=define
  Linker and Libraries:
    ld='cc', ldflags =' -fstack-protector -L/usr/local/lib'
    libpth=/usr/local/lib /lib/../lib /usr/lib/../lib /lib /usr/lib /lib64 /usr/lib64
    libs=-lnsl -ldb -ldl -lm -lcrypt -lutil -lc
    perllibs=-lnsl -ldl -lm -lcrypt -lutil -lc
    libc=/lib/libc-2.11.3.so, so=so, useshrplib=false, libperl=libperl.a
    gnulibc_version='2.11.3'
  Dynamic Linking:
    dlsrc=dl_dlopen.xs, dlext=so, d_dlsymun=undef, ccdlflags='-Wl,-E'
    cccdlflags='-fPIC', lddlflags='-shared -O2 -L/usr/local/lib -fstack-protector'


Characteristics of this binary (from libperl): 
  Compile-time options: HAS_TIMES PERLIO_LAYERS PERL_DONT_CREATE_GVSV
                        PERL_MALLOC_WRAP PERL_PRESERVE_IVUV PERL_USE_DEVEL
                        USE_64_BIT_ALL USE_64_BIT_INT USE_LARGE_FILES
                        USE_LOCALE USE_LOCALE_COLLATE USE_LOCALE_CTYPE
                        USE_LOCALE_NUMERIC USE_PERLIO USE_PERL_ATOF
  Locally applied patches:
	RC0
  Built under linux
  Compiled at May 11 2012 20:52:16
  %ENV:
    PERL5LIB=""
    PERL5OPT=""
    PERL5_CPANPLUS_IS_RUNNING="27747"
    PERL5_CPAN_IS_RUNNING="27747"
    PERL5_CPAN_IS_RUNNING_IN_RECURSION="23838,27747"
    PERLDOC="-MPod::Perldoc::ToTextOverstrike"
    PERL_BATCH="yes"
    PERL_CPAN_REPORTER_DIR="/home/eserte/var/ctps/5160RC0linux/config/perl-5.16.0-RC0/cpanreporter"
    PERL_EXTUTILS_AUTOINSTALL="--defaultdeps"
    PERL_HTML_DISPLAY_CLASS="HTML::Display::Mozilla"
    PERL_PARALLEL_SMOKER="yes"
    PERL_TEST_UNPATCHED="1"
  @INC:
    /home/eserte/var/ctps/5160RC0linux/install/perl-5.16.0-RC0/lib/site_perl/5.16.0/x86_64-linux
    /home/eserte/var/ctps/5160RC0linux/install/perl-5.16.0-RC0/lib/site_perl/5.16.0
    /home/eserte/var/ctps/5160RC0linux/install/perl-5.16.0-RC0/lib/5.16.0/x86_64-linux
    /home/eserte/var/ctps/5160RC0linux/install/perl-5.16.0-RC0/lib/5.16.0
    .