Back
From: metabase:user:30977d10-2aae-11df-837a-5e0a49663a4f
Subject: FAIL Dist-Zilla-Plugin-BumpVersionFromGit-0.009 v5.12.4 GNU/Linux
Date: 2011-09-10T09:13:22Z
This distribution has been tested as part of the CPAN Testers
project, supporting the Perl programming language. See
http://wiki.cpantesters.org/ for more information or email
questions to cpan-testers-discuss@perl.org
--
Dear David Golden,
This is a computer-generated report for Dist-Zilla-Plugin-BumpVersionFromGit-0.009
on perl 5.12.4, created by CPAN-Reporter-1.2002.
Thank you for uploading your work to CPAN. However, there was a problem
testing your distribution.
If you think this report is invalid, please consult the CPAN Testers Wiki
for suggestions on how to avoid getting FAIL reports for missing library
or binary dependencies, unsupported operating systems, and so on:
http://wiki.cpantesters.org/wiki/CPANAuthorNotes
Sections of this report:
* Tester comments
* Program output
* Prerequisites
* Environment and other context
------------------------------
TESTER COMMENTS
------------------------------
Additional comments from tester:
this report is from an automated smoke testing program
and was not reviewed by a human for accuracy
------------------------------
PROGRAM OUTPUT
------------------------------
Output from '/usr/bin/make test':
PERL_DL_NONLAZY=1 /home/trushel/perl/perl5124/bin/perl "-MExtUtils::Command::MM" "-e" "test_harness(0, 'blib/lib', 'blib/arch')" t/*.t
t/00-compile.t ....... ok
Name "Win32::Locale::Lexicon" used only once: possible typo at /home/trushel/perl/perl5124/lib/5.12.4/I18N/LangTags/Detect.pm line 140.
Can't exec "git": No such file or directory at t/version-default.t line 41.
Can't exec "git": No such file or directory at /home/trushel/perl/perl5124/lib/5.12.4/IPC/Open3.pm line 270.
open3: exec of git add . failed at /home/trushel/perl/perl5124/lib/site_perl/5.12.4/Git/Wrapper.pm line 89
# Looks like your test exited with 255 before it could output anything.
t/version-default.t ..
Dubious, test returned 255 (wstat 65280, 0xff00)
Failed 6/6 subtests
Name "Win32::Locale::Lexicon" used only once: possible typo at /home/trushel/perl/perl5124/lib/5.12.4/I18N/LangTags/Detect.pm line 140.
Can't exec "git": No such file or directory at t/version-regexp.t line 41.
Can't exec "git": No such file or directory at /home/trushel/perl/perl5124/lib/5.12.4/IPC/Open3.pm line 270.
open3: exec of git add . failed at /home/trushel/perl/perl5124/lib/site_perl/5.12.4/Git/Wrapper.pm line 89
# Looks like your test exited with 255 before it could output anything.
t/version-regexp.t ...
Dubious, test returned 255 (wstat 65280, 0xff00)
Failed 6/6 subtests
Test Summary Report
-------------------
t/version-default.t (Wstat: 65280 Tests: 0 Failed: 0)
Non-zero exit status: 255
Parse errors: Bad plan. You planned 6 tests but ran 0.
t/version-regexp.t (Wstat: 65280 Tests: 0 Failed: 0)
Non-zero exit status: 255
Parse errors: Bad plan. You planned 6 tests but ran 0.
Files=3, Tests=1, 25 wallclock secs ( 0.03 usr 0.00 sys + 2.53 cusr 0.18 csys = 2.74 CPU)
Result: FAIL
Failed 2/3 test programs. 0/1 subtests failed.
make: *** [test_dynamic] Error 255
------------------------------
PREREQUISITES
------------------------------
Prerequisite modules loaded:
requires:
Module Need Have
---------------------------------- ---- --------
Dist::Zilla 4 4.200008
Dist::Zilla::Role::VersionProvider 0 4.200008
Git::Wrapper 0 0.016
Moose 0 2.0205
namespace::autoclean 0.09 0.13
version 0.80 0.94
Version::Next 0 0.002
build_requires:
Module Need Have
---------------------------------- ---- --------
Dist::Zilla::Tester 0 4.200008
File::Copy::Recursive 0 0.38
File::Find 0 1.15
File::pushd 0 1.00
File::Temp 0 0.22
Path::Class 0 0.24
Test::More 0.88 0.98
configure_requires:
Module Need Have
---------------------------------- ---- --------
ExtUtils::MakeMaker 6.30 6.59
------------------------------
ENVIRONMENT AND OTHER CONTEXT
------------------------------
Environment variables:
AUTOMATED_TESTING = 1
LANG = en_US.UTF-8
LANGUAGE = en
LC_COLLATE = C
LC_MONETARY = C
LC_NUMERIC = C
LC_TIME = C
PATH = /usr/local/sbin:/usr/local/bin:/usr/sbin:/usr/bin:/sbin:/bin
PERL5LIB =
PERL5OPT =
PERL5_CPANPLUS_IS_RUNNING = 16215
PERL5_CPAN_IS_RUNNING = 16215
PERL5_CPAN_IS_RUNNING_IN_RECURSION = 5990,16215
PERL_CR_SMOKER_CURRENT = Dist-Zilla-PluginBundle-GETTY-0.007
PERL_EXTUTILS_AUTOINSTALL = --defaultdeps
PERL_MM_USE_DEFAULT = 1
SHELL = /bin/bash
TERM = xterm
Perl special variables (and OS-specific diagnostics, for MSWin32):
$^X = /home/trushel/perl/perl5124/bin/perl
$UID/$EUID = 138375 / 138375
$GID = 5762 4 20 21 24 25 26 30 44 46 104 105 119 122 431 5762
$EGID = 5762 4 20 21 24 25 26 30 44 46 104 105 119 122 431 5762
Perl module toolchain versions installed:
Module Have
------------------- --------
CPAN 1.9800
CPAN::Meta 2.112150
Cwd 3.33
ExtUtils::CBuilder 0.280202
ExtUtils::Command 1.17
ExtUtils::Install 1.54
ExtUtils::MakeMaker 6.59
ExtUtils::Manifest 1.60
ExtUtils::ParseXS 3.04_03
File::Spec 3.33
JSON 2.53
JSON::PP 2.27200
Module::Build 0.39_01
Module::Signature 0.68
Parse::CPAN::Meta 1.4401
Test::Harness 3.23
Test::More 0.98
YAML 0.73
YAML::Syck 1.17
version 0.94
--
Summary of my perl5 (revision 5 version 12 subversion 4) configuration:
Platform:
osname=linux, osvers=2.6.32-32-generic, archname=x86_64-linux
uname='linux trushel-glaptop 2.6.32-32-generic #62-ubuntu smp wed apr 20 21:52:38 utc 2011 x86_64 gnulinux '
config_args=''
hint=recommended, useposix=true, d_sigaction=define
useithreads=undef, usemultiplicity=undef
useperlio=define, d_sfio=undef, uselargefiles=define, usesocks=undef
use64bitint=define, use64bitall=define, uselongdouble=undef
usemymalloc=n, bincompat5005=undef
Compiler:
cc='cc', ccflags ='-fno-strict-aliasing -pipe -fstack-protector -I/usr/local/include -D_LARGEFILE_SOURCE -D_FILE_OFFSET_BITS=64',
optimize='-O2',
cppflags='-fno-strict-aliasing -pipe -fstack-protector -I/usr/local/include'
ccversion='', gccversion='4.4.3', gccosandvers=''
intsize=4, longsize=8, ptrsize=8, doublesize=8, byteorder=12345678
d_longlong=define, longlongsize=8, d_longdbl=define, longdblsize=16
ivtype='long', ivsize=8, nvtype='double', nvsize=8, Off_t='off_t', lseeksize=8
alignbytes=8, prototype=define
Linker and Libraries:
ld='cc', ldflags =' -fstack-protector -L/usr/local/lib'
libpth=/usr/local/lib /lib/../lib /usr/lib/../lib /lib /usr/lib /usr/lib/x86_64-linux-gnu /lib64 /usr/lib64
libs=-lnsl -ldl -lm -lcrypt -lutil -lc
perllibs=-lnsl -ldl -lm -lcrypt -lutil -lc
libc=/lib/libc-2.11.1.so, so=so, useshrplib=false, libperl=libperl.a
gnulibc_version='2.11.1'
Dynamic Linking:
dlsrc=dl_dlopen.xs, dlext=so, d_dlsymun=undef, ccdlflags='-Wl,-E'
cccdlflags='-fPIC', lddlflags='-shared -O2 -L/usr/local/lib -fstack-protector'
Characteristics of this binary (from libperl):
Compile-time options: PERL_DONT_CREATE_GVSV PERL_MALLOC_WRAP USE_64_BIT_ALL
USE_64_BIT_INT USE_LARGE_FILES USE_PERLIO
USE_PERL_ATOF
Built under linux
Compiled at Jun 22 2011 19:00:13
%ENV:
PERL5LIB=""
PERL5OPT=""
PERL5_CPANPLUS_IS_RUNNING="16215"
PERL5_CPAN_IS_RUNNING="16215"
PERL5_CPAN_IS_RUNNING_IN_RECURSION="5990,16215"
PERL_CR_SMOKER_CURRENT="Dist-Zilla-PluginBundle-GETTY-0.007"
PERL_EXTUTILS_AUTOINSTALL="--defaultdeps"
PERL_MM_USE_DEFAULT="1"
@INC:
/home/trushel/perl/perl5124/lib/site_perl/5.12.4/x86_64-linux
/home/trushel/perl/perl5124/lib/site_perl/5.12.4
/home/trushel/perl/perl5124/lib/5.12.4/x86_64-linux
/home/trushel/perl/perl5124/lib/5.12.4
.