Robotics v0.23 Perl 5 v5.27.8 x86_64-linux
- Status
- Fail
- From
- Slaven Rezić (SREZIC)
- Dist
-
Robotics v0.23
- Platform
- Perl 5 v5.27.8 x86_64-linux
- Date
- 2018-01-28 18:43:27
- ID
- 20a076de-045b-11e8-804f-fdf644482ba1
This distribution has been tested as part of the CPAN Testers
project, supporting the Perl programming language. See
http://wiki.cpantesters.org/ for more information or email
questions to cpan-testers-discuss@perl.org
--
Dear Jonathan Cline,
This is a computer-generated report for Robotics-0.23
on perl 5.27.8, created by CPAN-Reporter-1.2018.
Thank you for uploading your work to CPAN. However, there was a problem
testing your distribution.
If you think this report is invalid, please consult the CPAN Testers Wiki
for suggestions on how to avoid getting FAIL reports for missing library
or binary dependencies, unsupported operating systems, and so on:
http://wiki.cpantesters.org/wiki/CPANAuthorNotes
Sections of this report:
* Tester comments
* Program output
* Prerequisites
* Environment and other context
------------------------------
TESTER COMMENTS
------------------------------
Additional comments from tester:
none provided
------------------------------
PROGRAM OUTPUT
------------------------------
Output from '/usr/bin/make test':
PERL_DL_NONLAZY=1 "/opt/perl-5.27.8/bin/perl5.27.8" "-MExtUtils::Command::MM" "-MTest::Harness" "-e" "undef *Test::Harness::Switches; test_harness(0, 'blib/lib', 'blib/arch')" t/*.t
# Testing Robotics 0.23, Perl 5.027008, /opt/perl-5.27.8/bin/perl5.27.8
t/00-load.t ......................... ok
# Looks like you planned 4 tests but ran 6.
t/boilerplate.t .....................
Dubious, test returned 255 (wstat 65280, 0xff00)
All 4 subtests passed
(6 TODO tests unexpectedly succeeded)
# Testing Robotics 0.23, Perl 5.027008, /opt/perl-5.27.8/bin/perl5.27.8
# Looks like you planned 7 tests but ran 8.
t/client-2.t ........................
Dubious, test returned 255 (wstat 65280, 0xff00)
All 7 subtests passed
(less 7 skipped subtests: 0 okay)
# Testing Robotics 0.23, Perl 5.027008, /opt/perl-5.27.8/bin/perl5.27.8
# Looks like you planned 13 tests but ran 15.
t/client.t ..........................
Dubious, test returned 255 (wstat 65280, 0xff00)
All 13 subtests passed
(less 13 skipped subtests: 0 okay)
t/named-pipe-cygwin-activeperl.t .... ok
t/named-pipe-cygwin-perl.t .......... ok
t/named-pipe-mscmd-activeperl.t ..... ok
t/named-pipe-win32io-cygwin-perl.t .. ok
# Failed test 'Pod coverage on Robotics'
# at /opt/perl-5.27.8/lib/site_perl/5.27.8/Test/Pod/Coverage.pm line 133.
# Coverage for Robotics is 55.6%, with 4 naked subroutines:
# BUILD
# findDevice
# printDevices
# probe
# Failed test 'Pod coverage on Robotics::Tecan'
# at /opt/perl-5.27.8/lib/site_perl/5.27.8/Test/Pod/Coverage.pm line 133.
# Coverage for Robotics::Tecan is 62.5%, with 9 naked subroutines:
# BUILD
# Read
# WriteRaw
# aspirate
# command1
# configure_place
# dispense
# hw_get_version
# move_object
# Failed test 'Pod coverage on Robotics::Fialab'
# at /opt/perl-5.27.8/lib/site_perl/5.27.8/Test/Pod/Coverage.pm line 133.
# Robotics::Fialab: requiring 'Robotics::Fialab' failed
# Failed test 'Pod coverage on Robotics::Fialab::Microsia'
# at /opt/perl-5.27.8/lib/site_perl/5.27.8/Test/Pod/Coverage.pm line 133.
# Coverage for Robotics::Fialab::Microsia is 0.0%, with 1 naked subroutine:
# probe
# Failed test 'Pod coverage on Robotics::Fialab::Serial'
# at /opt/perl-5.27.8/lib/site_perl/5.27.8/Test/Pod/Coverage.pm line 133.
# Robotics::Fialab::Serial: requiring 'Robotics::Fialab::Serial' failed
# Failed test 'Pod coverage on Robotics::Tecan::Gemini'
# at /opt/perl-5.27.8/lib/site_perl/5.27.8/Test/Pod/Coverage.pm line 133.
# Coverage for Robotics::Tecan::Gemini is 28.6%, with 5 naked subroutines:
# BUILD
# attach
# close
# read
# write
# Failed test 'Pod coverage on Robotics::Tecan::Client'
# at /opt/perl-5.27.8/lib/site_perl/5.27.8/Test/Pod/Coverage.pm line 133.
# Coverage for Robotics::Tecan::Client is 0.0%, with 5 naked subroutines:
# BUILD
# attach
# close
# read
# write
# Failed test 'Pod coverage on Robotics::Tecan::Genesis'
# at /opt/perl-5.27.8/lib/site_perl/5.27.8/Test/Pod/Coverage.pm line 133.
# Coverage for Robotics::Tecan::Genesis is 0.0%, with 1 naked subroutine:
# probe
# Failed test 'Pod coverage on Robotics::Fialab::Microsia::Compiler'
# at /opt/perl-5.27.8/lib/site_perl/5.27.8/Test/Pod/Coverage.pm line 133.
# Coverage for Robotics::Fialab::Microsia::Compiler is 0.0%, with 1 naked subroutine:
# compile
# Failed test 'Pod coverage on Robotics::Tecan::Genesis::Compiler'
# at /opt/perl-5.27.8/lib/site_perl/5.27.8/Test/Pod/Coverage.pm line 133.
# Coverage for Robotics::Tecan::Genesis::Compiler is 0.0%, with 6 naked subroutines:
# compile
# compile1
# compile_xp
# decompile1_reply
# decompile_reply
# decompile_reply_xp
# Failed test 'Pod coverage on Robotics::Tecan::Genesis::Liha'
# at /opt/perl-5.27.8/lib/site_perl/5.27.8/Test/Pod/Coverage.pm line 133.
# Coverage for Robotics::Tecan::Genesis::Liha is 44.4%, with 10 naked subroutines:
# checkPipetteSteps
# convertVolToSteps
# getPipetteDelay
# getPipettePosition
# getPipetteSpeed
# tip_aspirate_type0
# tip_aspirate_type2
# tip_coupleWorklist
# tip_dispense_type0
# tip_dispense_type2
# Looks like you failed 11 tests of 14.
t/pod-coverage.t ....................
Dubious, test returned 11 (wstat 2816, 0xb00)
Failed 11/14 subtests
# Failed test 'POD test for blib/lib/Robotics.pm'
# at /opt/perl-5.27.8/lib/site_perl/5.27.8/Test/Pod.pm line 187.
# blib/lib/Robotics.pm (149): Unknown directive: =secret
# blib/lib/Robotics.pm (379): '=item' outside of any '=over'
# blib/lib/Robotics.pm (387): You forgot a '=back' before '=head2'
# blib/lib/Robotics.pm (398): '=item' outside of any '=over'
# blib/lib/Robotics.pm (416): You forgot a '=back' before '=head2'
# blib/lib/Robotics.pm (427): '=item' outside of any '=over'
# blib/lib/Robotics.pm (444): You forgot a '=back' before '=head2'
# blib/lib/Robotics.pm (451): '=item' outside of any '=over'
# blib/lib/Robotics.pm (469): You forgot a '=back' before '=head2'
# Failed test 'POD test for blib/lib/Robotics/Tecan.pm'
# at /opt/perl-5.27.8/lib/site_perl/5.27.8/Test/Pod.pm line 187.
# blib/lib/Robotics/Tecan.pm (127): '=item' outside of any '=over'
# blib/lib/Robotics/Tecan.pm (161): You forgot a '=back' before '=head2'
# blib/lib/Robotics/Tecan.pm (351): '=item' outside of any '=over'
# blib/lib/Robotics/Tecan.pm (634): You forgot a '=back' before '=head2'
# blib/lib/Robotics/Tecan.pm (640): '=item' outside of any '=over'
# blib/lib/Robotics/Tecan.pm (1080): You forgot a '=back' before '=head2'
# blib/lib/Robotics/Tecan.pm (1145): '=item' outside of any '=over'
# blib/lib/Robotics/Tecan.pm (1207): You forgot a '=back' before '=head2'
# Failed test 'POD test for blib/lib/Robotics/Manual.pod'
# at /opt/perl-5.27.8/lib/site_perl/5.27.8/Test/Pod.pm line 187.
# blib/lib/Robotics/Manual.pod (20): '=item' outside of any '=over'
# blib/lib/Robotics/Manual.pod (50): You forgot a '=back' before '=head1'
# Failed test 'POD test for blib/lib/Robotics/Fialab.pm'
# at /opt/perl-5.27.8/lib/site_perl/5.27.8/Test/Pod.pm line 187.
# blib/lib/Robotics/Fialab.pm (118): '=item' outside of any '=over'
# blib/lib/Robotics/Fialab.pm (168): You forgot a '=back' before '=head2'
# blib/lib/Robotics/Fialab.pm (232): '=item' outside of any '=over'
# blib/lib/Robotics/Fialab.pm (267): You forgot a '=back' before '=head2'
# Failed test 'POD test for blib/lib/Robotics/Fialab/Serial.pm'
# at /opt/perl-5.27.8/lib/site_perl/5.27.8/Test/Pod.pm line 187.
# blib/lib/Robotics/Fialab/Serial.pm (80): '=item' outside of any '=over'
# blib/lib/Robotics/Fialab/Serial.pm (88): You forgot a '=back' before '=head2'
# Failed test 'POD test for blib/lib/Robotics/Tecan/Gemini.pm'
# at /opt/perl-5.27.8/lib/site_perl/5.27.8/Test/Pod.pm line 187.
# blib/lib/Robotics/Tecan/Gemini.pm (75): '=item' outside of any '=over'
# blib/lib/Robotics/Tecan/Gemini.pm (83): You forgot a '=back' before '=head2'
# blib/lib/Robotics/Tecan/Gemini.pm (92): '=item' outside of any '=over'
# blib/lib/Robotics/Tecan/Gemini.pm (92): =over without closing =back
# Failed test 'POD test for blib/lib/Robotics/Tecan/Genesis/Liha.pm'
# at /opt/perl-5.27.8/lib/site_perl/5.27.8/Test/Pod.pm line 187.
# blib/lib/Robotics/Tecan/Genesis/Liha.pm (188): '=item' outside of any '=over'
# blib/lib/Robotics/Tecan/Genesis/Liha.pm (398): You forgot a '=back' before '=head2'
# blib/lib/Robotics/Tecan/Genesis/Liha.pm (408): '=item' outside of any '=over'
# blib/lib/Robotics/Tecan/Genesis/Liha.pm (507): You forgot a '=back' before '=head2'
# blib/lib/Robotics/Tecan/Genesis/Liha.pm (513): '=item' outside of any '=over'
# blib/lib/Robotics/Tecan/Genesis/Liha.pm (535): You forgot a '=back' before '=head2'
# blib/lib/Robotics/Tecan/Genesis/Liha.pm (541): '=item' outside of any '=over'
# blib/lib/Robotics/Tecan/Genesis/Liha.pm (557): You forgot a '=back' before '=head2'
# blib/lib/Robotics/Tecan/Genesis/Liha.pm (563): '=item' outside of any '=over'
# blib/lib/Robotics/Tecan/Genesis/Liha.pm (580): You forgot a '=back' before '=head2'
# blib/lib/Robotics/Tecan/Genesis/Liha.pm (602): '=item' outside of any '=over'
# blib/lib/Robotics/Tecan/Genesis/Liha.pm (638): You forgot a '=back' before '=head2'
# blib/lib/Robotics/Tecan/Genesis/Liha.pm (642): '=item' outside of any '=over'
# blib/lib/Robotics/Tecan/Genesis/Liha.pm (670): You forgot a '=back' before '=head2'
# blib/lib/Robotics/Tecan/Genesis/Liha.pm (674): '=item' outside of any '=over'
# blib/lib/Robotics/Tecan/Genesis/Liha.pm (699): You forgot a '=back' before '=head2'
# blib/lib/Robotics/Tecan/Genesis/Liha.pm (704): '=item' outside of any '=over'
# blib/lib/Robotics/Tecan/Genesis/Liha.pm (777): You forgot a '=back' before '=head3'
# Looks like you failed 7 tests of 15.
t/pod.t .............................
Dubious, test returned 7 (wstat 1792, 0x700)
Failed 7/15 subtests
# Testing Robotics 0.23, Perl 5.027008, /opt/perl-5.27.8/bin/perl5.27.8
t/server.t .......................... ok
# Testing Robotics 0.23, Perl 5.027008, /opt/perl-5.27.8/bin/perl5.27.8
t/tecan-1.t ......................... ok
# Testing Robotics 0.23, Perl 5.027008, /opt/perl-5.27.8/bin/perl5.27.8
t/tecan-2.t ......................... ok
Test Summary Report
-------------------
t/boilerplate.t (Wstat: 65280 Tests: 6 Failed: 2)
Failed tests: 5-6
TODO passed: 1-6
Non-zero exit status: 255
Parse errors: Bad plan. You planned 4 tests but ran 6.
t/client-2.t (Wstat: 65280 Tests: 8 Failed: 1)
Failed test: 8
Non-zero exit status: 255
Parse errors: Bad plan. You planned 7 tests but ran 8.
t/client.t (Wstat: 65280 Tests: 15 Failed: 2)
Failed tests: 14-15
Non-zero exit status: 255
Parse errors: Bad plan. You planned 13 tests but ran 15.
t/pod-coverage.t (Wstat: 2816 Tests: 14 Failed: 11)
Failed tests: 1-7, 9-11, 13
Non-zero exit status: 11
t/pod.t (Wstat: 1792 Tests: 15 Failed: 7)
Failed tests: 1-4, 6, 8, 14
Non-zero exit status: 7
Files=13, Tests=100, 2 wallclock secs ( 0.02 usr 0.06 sys + 1.47 cusr 0.21 csys = 1.76 CPU)
Result: FAIL
Failed 5/13 test programs. 23/100 subtests failed.
Makefile:901: die Regel für Ziel âÂÂtest_dynamicâ scheiterte
make: *** [test_dynamic] Fehler 255
------------------------------
PREREQUISITES
------------------------------
Prerequisite modules loaded:
requires:
Module Need Have
------------------- ---- --------
Test::More 0 1.302120
build_requires:
Module Need Have
------------------- ---- --------
ExtUtils::MakeMaker 0 7.30
------------------------------
ENVIRONMENT AND OTHER CONTEXT
------------------------------
Environment variables:
LANG = C
LC_ALL = de_DE.UTF-8
PATH = /usr/local/bin:/usr/bin:/bin:/usr/local/sbin:/usr/sbin:/sbin:/home/cpansand/bin/linux-gnu:/home/cpansand/bin/sh:/home/cpansand/bin:/usr/games:/home/cpansand/devel:/home/eserte/src/srezic-misc/scripts
PERL5LIB =
PERL5OPT =
PERL5_CPANPLUS_IS_RUNNING = 1840
PERL5_CPAN_IS_RUNNING = 1840
PERL5_CPAN_IS_RUNNING_IN_RECURSION = 17126,1840
PERLDOC = -MPod::Perldoc::ToTextOverstrike
PERL_BATCH = yes
PERL_CANARY_STABILITY_NOPROMPT = 1
PERL_CPAN_REPORTER_CONFIG = /var/tmp/cpansmoker-1023/2018012815/cpanreporter_000_config.ini
PERL_EXTUTILS_AUTOINSTALL = --defaultdeps
PERL_PARALLEL_SMOKER = yes
PERL_USE_UNSAFE_INC = 1
SHELL = /usr/bin/zsh
TERM = screen
TMPDIR = /var/tmp/cpansmoker-1023/2018012815
Perl special variables (and OS-specific diagnostics, for MSWin32):
$^X = /opt/perl-5.27.8/bin/perl5.27.8
$UID/$EUID = 1023 / 1023
$GID = 1023 1023
$EGID = 1023 1023
Perl module toolchain versions installed:
Module Have
------------------- --------
CPAN 2.16
CPAN::Meta 2.150010
Cwd 3.62
ExtUtils::CBuilder 0.280230
ExtUtils::Command 7.30
ExtUtils::Install 2.14
ExtUtils::MakeMaker 7.30
ExtUtils::Manifest 1.70
ExtUtils::ParseXS 3.35
File::Spec 3.62
JSON 2.97001
JSON::PP 2.97001
Module::Build 0.4224
Module::Signature 0.81
Parse::CPAN::Meta 2.150010
Test::Harness 3.39
Test::More 1.302120
YAML 1.24
YAML::Syck 1.30
version 0.9918
--
Summary of my perl5 (revision 5 version 27 subversion 8) configuration:
Platform:
osname=linux
osvers=4.9.0-3-amd64
archname=x86_64-linux
uname='linux debian9 4.9.0-3-amd64 #1 smp debian 4.9.30-2+deb9u5 (2017-09-19) x86_64 gnulinux '
config_args='-ds -e -Dprefix=/opt/perl-5.27.8 -Dusedevel -Dusemallocwrap=no -Dcf_email=srezic@cpan.org'
hint=recommended
useposix=true
d_sigaction=define
useithreads=undef
usemultiplicity=undef
use64bitint=define
use64bitall=define
uselongdouble=undef
usemymalloc=n
default_inc_excludes_dot=define
bincompat5005=undef
Compiler:
cc='cc'
ccflags ='-fwrapv -fno-strict-aliasing -pipe -fstack-protector-strong -I/usr/local/include -D_LARGEFILE_SOURCE -D_FILE_OFFSET_BITS=64 -D_FORTIFY_SOURCE=2'
optimize='-O2'
cppflags='-fwrapv -fno-strict-aliasing -pipe -fstack-protector-strong -I/usr/local/include'
ccversion=''
gccversion='6.3.0 20170516'
gccosandvers=''
intsize=4
longsize=8
ptrsize=8
doublesize=8
byteorder=12345678
doublekind=3
d_longlong=define
longlongsize=8
d_longdbl=define
longdblsize=16
longdblkind=3
ivtype='long'
ivsize=8
nvtype='double'
nvsize=8
Off_t='off_t'
lseeksize=8
alignbytes=8
prototype=define
Linker and Libraries:
ld='cc'
ldflags =' -fstack-protector-strong -L/usr/local/lib'
libpth=/usr/local/lib /usr/lib/gcc/x86_64-linux-gnu/6/include-fixed /usr/include/x86_64-linux-gnu /usr/lib /lib/x86_64-linux-gnu /lib/../lib /usr/lib/x86_64-linux-gnu /usr/lib/../lib /lib
libs=-lpthread -lnsl -lgdbm -ldb -ldl -lm -lcrypt -lutil -lc -lgdbm_compat
perllibs=-lpthread -lnsl -ldl -lm -lcrypt -lutil -lc
libc=libc-2.24.so
so=so
useshrplib=false
libperl=libperl.a
gnulibc_version='2.24'
Dynamic Linking:
dlsrc=dl_dlopen.xs
dlext=so
d_dlsymun=undef
ccdlflags='-Wl,-E'
cccdlflags='-fPIC'
lddlflags='-shared -O2 -L/usr/local/lib -fstack-protector-strong'
Characteristics of this binary (from libperl):
Compile-time options:
HAS_TIMES
PERLIO_LAYERS
PERL_COPY_ON_WRITE
PERL_DONT_CREATE_GVSV
PERL_OP_PARENT
PERL_PRESERVE_IVUV
PERL_USE_DEVEL
USE_64_BIT_ALL
USE_64_BIT_INT
USE_LARGE_FILES
USE_LOCALE
USE_LOCALE_COLLATE
USE_LOCALE_CTYPE
USE_LOCALE_NUMERIC
USE_LOCALE_TIME
USE_PERLIO
USE_PERL_ATOF
Built under linux
Compiled at Jan 20 2018 08:22:29
%ENV:
PERL5LIB=""
PERL5OPT=""
PERL5_CPANPLUS_IS_RUNNING="1840"
PERL5_CPAN_IS_RUNNING="1840"
PERL5_CPAN_IS_RUNNING_IN_RECURSION="17126,1840"
PERLDOC="-MPod::Perldoc::ToTextOverstrike"
PERL_BATCH="yes"
PERL_CANARY_STABILITY_NOPROMPT="1"
PERL_CPAN_REPORTER_CONFIG="/var/tmp/cpansmoker-1023/2018012815/cpanreporter_000_config.ini"
PERL_EXTUTILS_AUTOINSTALL="--defaultdeps"
PERL_PARALLEL_SMOKER="yes"
PERL_USE_UNSAFE_INC="1"
@INC:
/opt/perl-5.27.8/lib/site_perl/5.27.8/x86_64-linux
/opt/perl-5.27.8/lib/site_perl/5.27.8
/opt/perl-5.27.8/lib/5.27.8/x86_64-linux
/opt/perl-5.27.8/lib/5.27.8
.