Report for Search-Tools-0.99

Back
From: metabase:user:320bfe00-2aae-11df-837a-5e0a49663a4f
Subject: FAIL Search-Tools-0.99 v5.21.1 GNU/Linux
Date: 2014-06-03T20:46:24Z

This distribution has been tested as part of the CPAN Testers
project, supporting the Perl programming language.  See
http://wiki.cpantesters.org/ for more information or email
questions to cpan-testers-discuss@perl.org


--
Dear Peter Karman,

This is a computer-generated report for Search-Tools-0.99
on perl 5.21.1, created by CPAN-Reporter-1.2011.

Thank you for uploading your work to CPAN.  However, there was a problem
testing your distribution.

If you think this report is invalid, please consult the CPAN Testers Wiki
for suggestions on how to avoid getting FAIL reports for missing library
or binary dependencies, unsupported operating systems, and so on:

http://wiki.cpantesters.org/wiki/CPANAuthorNotes

Sections of this report:

    * Tester comments
    * Program output
    * Prerequisites
    * Environment and other context

------------------------------
TESTER COMMENTS
------------------------------

Additional comments from tester:

this report is from an automated smoke testing program
and was not reviewed by a human for accuracy

------------------------------
PROGRAM OUTPUT
------------------------------

Output from '/usr/bin/make test':

Running Mkbootstrap for Search::Tools ()
chmod 644 Tools.bs
PERL_DL_NONLAZY=1 /tmp/basesmoker-reloperl-5lLk/bin/perl "-MExtUtils::Command::MM" "-MTest::Harness" "-e" "undef *Test::Harness::Switches; test_harness(0, 'blib/lib', 'blib/arch')" t/*.t

#   Failed test 'use Search::Tools;'
#   at t/00-load.t line 3.
#     Tried to use 'Search::Tools'.
#     Error:  Can't load '/tmp/loop_over_bdir-24917-CMQ8uh/Search-Tools-0.99-vN0UL6/blib/arch/auto/Search/Tools/Tools.so' for module Search::Tools: /tmp/loop_over_bdir-24917-CMQ8uh/Search-Tools-0.99-vN0UL6/blib/arch/auto/Search/Tools/Tools.so: undefined symbol: _is_utf8_char_slow at /home/sand/src/perl/repoperls/installed-perls/perl/v5.21.0-256-ge09da69/165a/lib/5.21.1/x86_64-linux/DynaLoader.pm line 193.
#  at t/00-load.t line 3.
# Compilation failed in require at t/00-load.t line 3.
# BEGIN failed--compilation aborted at t/00-load.t line 3.
# testing Search::Tools version 0.99
# Looks like you failed 1 test of 1.
t/00-load.t .................... 
Dubious, test returned 1 (wstat 256, 0x100)
Failed 1/1 subtests 

#   Failed test 'use Search::Tools::QueryParser;'
#   at t/02regexp.t line 19.
#     Tried to use 'Search::Tools::QueryParser'.
#     Error:  Can't load '/tmp/loop_over_bdir-24917-CMQ8uh/Search-Tools-0.99-vN0UL6/blib/arch/auto/Search/Tools/Tools.so' for module Search::Tools: /tmp/loop_over_bdir-24917-CMQ8uh/Search-Tools-0.99-vN0UL6/blib/arch/auto/Search/Tools/Tools.so: undefined symbol: _is_utf8_char_slow at /home/sand/src/perl/repoperls/installed-perls/perl/v5.21.0-256-ge09da69/165a/lib/5.21.1/x86_64-linux/DynaLoader.pm line 193.
#  at /tmp/loop_over_bdir-24917-CMQ8uh/Search-Tools-0.99-vN0UL6/blib/lib/Search/Tools/UTF8.pm line 5.
# Compilation failed in require at /tmp/loop_over_bdir-24917-CMQ8uh/Search-Tools-0.99-vN0UL6/blib/lib/Search/Tools/UTF8.pm line 5.
# BEGIN failed--compilation aborted at /tmp/loop_over_bdir-24917-CMQ8uh/Search-Tools-0.99-vN0UL6/blib/lib/Search/Tools/UTF8.pm line 5.
# Compilation failed in require at /tmp/loop_over_bdir-24917-CMQ8uh/Search-Tools-0.99-vN0UL6/blib/lib/Search/Tools/Query.pm line 12.
# BEGIN failed--compilation aborted at /tmp/loop_over_bdir-24917-CMQ8uh/Search-Tools-0.99-vN0UL6/blib/lib/Search/Tools/Query.pm line 12.
# Compilation failed in require at /tmp/loop_over_bdir-24917-CMQ8uh/Search-Tools-0.99-vN0UL6/blib/lib/Search/Tools/QueryParser.pm line 10.
# BEGIN failed--compilation aborted at /tmp/loop_over_bdir-24917-CMQ8uh/Search-Tools-0.99-vN0UL6/blib/lib/Search/Tools/QueryParser.pm line 10.
# Compilation failed in require at t/02regexp.t line 19.
# BEGIN failed--compilation aborted at t/02regexp.t line 19.
No such method locale at t/02regexp.t line 33.
# Looks like you planned 68 tests but ran 1.
# Looks like you failed 1 test of 1 run.
# Looks like your test exited with 255 just after 1.
t/02regexp.t ................... 
Dubious, test returned 255 (wstat 65280, 0xff00)
Failed 68/68 subtests 

#   Failed test 'use Search::Tools::Snipper;'
#   at t/03snip.t line 7.
#     Tried to use 'Search::Tools::Snipper'.
#     Error:  Can't load '/tmp/loop_over_bdir-24917-CMQ8uh/Search-Tools-0.99-vN0UL6/blib/arch/auto/Search/Tools/Tools.so' for module Search::Tools: /tmp/loop_over_bdir-24917-CMQ8uh/Search-Tools-0.99-vN0UL6/blib/arch/auto/Search/Tools/Tools.so: undefined symbol: _is_utf8_char_slow at /home/sand/src/perl/repoperls/installed-perls/perl/v5.21.0-256-ge09da69/165a/lib/5.21.1/x86_64-linux/DynaLoader.pm line 193.
#  at /tmp/loop_over_bdir-24917-CMQ8uh/Search-Tools-0.99-vN0UL6/blib/lib/Search/Tools/XML.pm line 6.
# Compilation failed in require at /tmp/loop_over_bdir-24917-CMQ8uh/Search-Tools-0.99-vN0UL6/blib/lib/Search/Tools/XML.pm line 6.
# BEGIN failed--compilation aborted at /tmp/loop_over_bdir-24917-CMQ8uh/Search-Tools-0.99-vN0UL6/blib/lib/Search/Tools/XML.pm line 6.
# Compilation failed in require at /tmp/loop_over_bdir-24917-CMQ8uh/Search-Tools-0.99-vN0UL6/blib/lib/Search/Tools/Snipper.pm line 7.
# BEGIN failed--compilation aborted at /tmp/loop_over_bdir-24917-CMQ8uh/Search-Tools-0.99-vN0UL6/blib/lib/Search/Tools/Snipper.pm line 7.
# Compilation failed in require at t/03snip.t line 7.
# BEGIN failed--compilation aborted at t/03snip.t line 7.
Can't locate object method "new" via package "Search::Tools::Snipper" at t/03snip.t line 21.
# Looks like you planned 20 tests but ran 1.
# Looks like you failed 1 test of 1 run.
# Looks like your test exited with 255 just after 1.
t/03snip.t ..................... 
Dubious, test returned 255 (wstat 65280, 0xff00)
Failed 20/20 subtests 

#   Failed test 'use Search::Tools::HiLiter;'
#   at t/04hilite.t line 6.
#     Tried to use 'Search::Tools::HiLiter'.
#     Error:  Can't load '/tmp/loop_over_bdir-24917-CMQ8uh/Search-Tools-0.99-vN0UL6/blib/arch/auto/Search/Tools/Tools.so' for module Search::Tools: /tmp/loop_over_bdir-24917-CMQ8uh/Search-Tools-0.99-vN0UL6/blib/arch/auto/Search/Tools/Tools.so: undefined symbol: _is_utf8_char_slow at /home/sand/src/perl/repoperls/installed-perls/perl/v5.21.0-256-ge09da69/165a/lib/5.21.1/x86_64-linux/DynaLoader.pm line 193.
#  at /tmp/loop_over_bdir-24917-CMQ8uh/Search-Tools-0.99-vN0UL6/blib/lib/Search/Tools/Tokenizer.pm line 5.
# Compilation failed in require at /tmp/loop_over_bdir-24917-CMQ8uh/Search-Tools-0.99-vN0UL6/blib/lib/Search/Tools/Tokenizer.pm line 5.
# BEGIN failed--compilation aborted at /tmp/loop_over_bdir-24917-CMQ8uh/Search-Tools-0.99-vN0UL6/blib/lib/Search/Tools/Tokenizer.pm line 5.
# Compilation failed in require at /tmp/loop_over_bdir-24917-CMQ8uh/Search-Tools-0.99-vN0UL6/blib/lib/Search/Tools/HiLiter.pm line 6.
# BEGIN failed--compilation aborted at /tmp/loop_over_bdir-24917-CMQ8uh/Search-Tools-0.99-vN0UL6/blib/lib/Search/Tools/HiLiter.pm line 6.
# Compilation failed in require at t/04hilite.t line 6.
# BEGIN failed--compilation aborted at t/04hilite.t line 6.

#   Failed test 'use Search::Tools::Snipper;'
#   at t/04hilite.t line 7.
#     Tried to use 'Search::Tools::Snipper'.
#     Error:  Attempt to reload Search/Tools.pm aborted.
# Compilation failed in require at /tmp/loop_over_bdir-24917-CMQ8uh/Search-Tools-0.99-vN0UL6/blib/lib/Search/Tools/XML.pm line 6.
# BEGIN failed--compilation aborted at /tmp/loop_over_bdir-24917-CMQ8uh/Search-Tools-0.99-vN0UL6/blib/lib/Search/Tools/XML.pm line 6.
# Compilation failed in require at /tmp/loop_over_bdir-24917-CMQ8uh/Search-Tools-0.99-vN0UL6/blib/lib/Search/Tools/Snipper.pm line 7.
# BEGIN failed--compilation aborted at /tmp/loop_over_bdir-24917-CMQ8uh/Search-Tools-0.99-vN0UL6/blib/lib/Search/Tools/Snipper.pm line 7.
# Compilation failed in require at t/04hilite.t line 7.
# BEGIN failed--compilation aborted at t/04hilite.t line 7.
Attempt to reload Search/Tools.pm aborted.
Compilation failed in require at /tmp/loop_over_bdir-24917-CMQ8uh/Search-Tools-0.99-vN0UL6/blib/lib/Search/Tools/UTF8.pm line 5.
BEGIN failed--compilation aborted at /tmp/loop_over_bdir-24917-CMQ8uh/Search-Tools-0.99-vN0UL6/blib/lib/Search/Tools/UTF8.pm line 5.
Compilation failed in require at /tmp/loop_over_bdir-24917-CMQ8uh/Search-Tools-0.99-vN0UL6/blib/lib/Search/Tools/Query.pm line 12.
BEGIN failed--compilation aborted at /tmp/loop_over_bdir-24917-CMQ8uh/Search-Tools-0.99-vN0UL6/blib/lib/Search/Tools/Query.pm line 12.
Compilation failed in require at /tmp/loop_over_bdir-24917-CMQ8uh/Search-Tools-0.99-vN0UL6/blib/lib/Search/Tools/QueryParser.pm line 10.
BEGIN failed--compilation aborted at /tmp/loop_over_bdir-24917-CMQ8uh/Search-Tools-0.99-vN0UL6/blib/lib/Search/Tools/QueryParser.pm line 10.
Compilation failed in require at /tmp/loop_over_bdir-24917-CMQ8uh/Search-Tools-0.99-vN0UL6/blib/lib/Search/Tools.pm line 18.
# Looks like you planned 19 tests but ran 2.
# Looks like you failed 2 tests of 2 run.
# Looks like your test exited with 255 just after 2.
t/04hilite.t ................... 
Dubious, test returned 255 (wstat 65280, 0xff00)
Failed 19/19 subtests 

#   Failed test 'use Search::Tools;'
#   at t/05stopwords.t line 4.
#     Tried to use 'Search::Tools'.
#     Error:  Can't load '/tmp/loop_over_bdir-24917-CMQ8uh/Search-Tools-0.99-vN0UL6/blib/arch/auto/Search/Tools/Tools.so' for module Search::Tools: /tmp/loop_over_bdir-24917-CMQ8uh/Search-Tools-0.99-vN0UL6/blib/arch/auto/Search/Tools/Tools.so: undefined symbol: _is_utf8_char_slow at /home/sand/src/perl/repoperls/installed-perls/perl/v5.21.0-256-ge09da69/165a/lib/5.21.1/x86_64-linux/DynaLoader.pm line 193.
#  at t/05stopwords.t line 4.
# Compilation failed in require at t/05stopwords.t line 4.
# BEGIN failed--compilation aborted at t/05stopwords.t line 4.
Attempt to reload Search/Tools.pm aborted.
Compilation failed in require at /tmp/loop_over_bdir-24917-CMQ8uh/Search-Tools-0.99-vN0UL6/blib/lib/Search/Tools/UTF8.pm line 5.
BEGIN failed--compilation aborted at /tmp/loop_over_bdir-24917-CMQ8uh/Search-Tools-0.99-vN0UL6/blib/lib/Search/Tools/UTF8.pm line 5.
Compilation failed in require at /tmp/loop_over_bdir-24917-CMQ8uh/Search-Tools-0.99-vN0UL6/blib/lib/Search/Tools/Query.pm line 12.
BEGIN failed--compilation aborted at /tmp/loop_over_bdir-24917-CMQ8uh/Search-Tools-0.99-vN0UL6/blib/lib/Search/Tools/Query.pm line 12.
Compilation failed in require at /tmp/loop_over_bdir-24917-CMQ8uh/Search-Tools-0.99-vN0UL6/blib/lib/Search/Tools/QueryParser.pm line 10.
BEGIN failed--compilation aborted at /tmp/loop_over_bdir-24917-CMQ8uh/Search-Tools-0.99-vN0UL6/blib/lib/Search/Tools/QueryParser.pm line 10.
Compilation failed in require at /tmp/loop_over_bdir-24917-CMQ8uh/Search-Tools-0.99-vN0UL6/blib/lib/Search/Tools.pm line 18.
# Looks like you planned 13 tests but ran 1.
# Looks like you failed 1 test of 1 run.
# Looks like your test exited with 255 just after 1.
t/05stopwords.t ................ 
Dubious, test returned 255 (wstat 65280, 0xff00)
Failed 13/13 subtests 

#   Failed test 'use Search::Tools::XML;'
#   at t/06xml.t line 5.
#     Tried to use 'Search::Tools::XML'.
#     Error:  Can't load '/tmp/loop_over_bdir-24917-CMQ8uh/Search-Tools-0.99-vN0UL6/blib/arch/auto/Search/Tools/Tools.so' for module Search::Tools: /tmp/loop_over_bdir-24917-CMQ8uh/Search-Tools-0.99-vN0UL6/blib/arch/auto/Search/Tools/Tools.so: undefined symbol: _is_utf8_char_slow at /home/sand/src/perl/repoperls/installed-perls/perl/v5.21.0-256-ge09da69/165a/lib/5.21.1/x86_64-linux/DynaLoader.pm line 193.
#  at /tmp/loop_over_bdir-24917-CMQ8uh/Search-Tools-0.99-vN0UL6/blib/lib/Search/Tools/XML.pm line 6.
# Compilation failed in require at /tmp/loop_over_bdir-24917-CMQ8uh/Search-Tools-0.99-vN0UL6/blib/lib/Search/Tools/XML.pm line 6.
# BEGIN failed--compilation aborted at /tmp/loop_over_bdir-24917-CMQ8uh/Search-Tools-0.99-vN0UL6/blib/lib/Search/Tools/XML.pm line 6.
# Compilation failed in require at t/06xml.t line 5.
# BEGIN failed--compilation aborted at t/06xml.t line 5.

#   Failed test 'use Search::Tools::UTF8;'
#   at t/06xml.t line 6.
#     Tried to use 'Search::Tools::UTF8'.
#     Error:  Attempt to reload Search/Tools.pm aborted.
# Compilation failed in require at /tmp/loop_over_bdir-24917-CMQ8uh/Search-Tools-0.99-vN0UL6/blib/lib/Search/Tools/UTF8.pm line 5.
# BEGIN failed--compilation aborted at /tmp/loop_over_bdir-24917-CMQ8uh/Search-Tools-0.99-vN0UL6/blib/lib/Search/Tools/UTF8.pm line 5.
# Compilation failed in require at t/06xml.t line 6.
# BEGIN failed--compilation aborted at t/06xml.t line 6.
Can't locate object method "start_tag" via package "Search::Tools::XML" at t/06xml.t line 13.
# Looks like you planned 13 tests but ran 2.
# Looks like you failed 2 tests of 2 run.
# Looks like your test exited with 255 just after 2.
t/06xml.t ...................... 
Dubious, test returned 255 (wstat 65280, 0xff00)
Failed 13/13 subtests 

#   Failed test 'use Search::Tools;'
#   at t/07stemmer.t line 7.
#     Tried to use 'Search::Tools'.
#     Error:  Can't load '/tmp/loop_over_bdir-24917-CMQ8uh/Search-Tools-0.99-vN0UL6/blib/arch/auto/Search/Tools/Tools.so' for module Search::Tools: /tmp/loop_over_bdir-24917-CMQ8uh/Search-Tools-0.99-vN0UL6/blib/arch/auto/Search/Tools/Tools.so: undefined symbol: _is_utf8_char_slow at /home/sand/src/perl/repoperls/installed-perls/perl/v5.21.0-256-ge09da69/165a/lib/5.21.1/x86_64-linux/DynaLoader.pm line 193.
#  at t/07stemmer.t line 7.
# Compilation failed in require at t/07stemmer.t line 7.
# BEGIN failed--compilation aborted at t/07stemmer.t line 7.
Attempt to reload Search/Tools.pm aborted.
Compilation failed in require at /tmp/loop_over_bdir-24917-CMQ8uh/Search-Tools-0.99-vN0UL6/blib/lib/Search/Tools/UTF8.pm line 5.
BEGIN failed--compilation aborted at /tmp/loop_over_bdir-24917-CMQ8uh/Search-Tools-0.99-vN0UL6/blib/lib/Search/Tools/UTF8.pm line 5.
Compilation failed in require at /tmp/loop_over_bdir-24917-CMQ8uh/Search-Tools-0.99-vN0UL6/blib/lib/Search/Tools/Query.pm line 12.
BEGIN failed--compilation aborted at /tmp/loop_over_bdir-24917-CMQ8uh/Search-Tools-0.99-vN0UL6/blib/lib/Search/Tools/Query.pm line 12.
Compilation failed in require at /tmp/loop_over_bdir-24917-CMQ8uh/Search-Tools-0.99-vN0UL6/blib/lib/Search/Tools/QueryParser.pm line 10.
BEGIN failed--compilation aborted at /tmp/loop_over_bdir-24917-CMQ8uh/Search-Tools-0.99-vN0UL6/blib/lib/Search/Tools/QueryParser.pm line 10.
Compilation failed in require at /tmp/loop_over_bdir-24917-CMQ8uh/Search-Tools-0.99-vN0UL6/blib/lib/Search/Tools.pm line 18.
# Looks like you planned 18 tests but ran 1.
# Looks like you failed 1 test of 1 run.
# Looks like your test exited with 255 just after 1.
t/07stemmer.t .................. 
Dubious, test returned 255 (wstat 65280, 0xff00)
Failed 18/18 subtests 

#   Failed test 'use Search::Tools::Transliterate;'
#   at t/08transliterate.t line 6.
#     Tried to use 'Search::Tools::Transliterate'.
#     Error:  Can't load '/tmp/loop_over_bdir-24917-CMQ8uh/Search-Tools-0.99-vN0UL6/blib/arch/auto/Search/Tools/Tools.so' for module Search::Tools: /tmp/loop_over_bdir-24917-CMQ8uh/Search-Tools-0.99-vN0UL6/blib/arch/auto/Search/Tools/Tools.so: undefined symbol: _is_utf8_char_slow at /home/sand/src/perl/repoperls/installed-perls/perl/v5.21.0-256-ge09da69/165a/lib/5.21.1/x86_64-linux/DynaLoader.pm line 193.
#  at /tmp/loop_over_bdir-24917-CMQ8uh/Search-Tools-0.99-vN0UL6/blib/lib/Search/Tools/UTF8.pm line 5.
# Compilation failed in require at /tmp/loop_over_bdir-24917-CMQ8uh/Search-Tools-0.99-vN0UL6/blib/lib/Search/Tools/UTF8.pm line 5.
# BEGIN failed--compilation aborted at /tmp/loop_over_bdir-24917-CMQ8uh/Search-Tools-0.99-vN0UL6/blib/lib/Search/Tools/UTF8.pm line 5.
# Compilation failed in require at /tmp/loop_over_bdir-24917-CMQ8uh/Search-Tools-0.99-vN0UL6/blib/lib/Search/Tools/Transliterate.pm line 5.
# BEGIN failed--compilation aborted at /tmp/loop_over_bdir-24917-CMQ8uh/Search-Tools-0.99-vN0UL6/blib/lib/Search/Tools/Transliterate.pm line 5.
# Compilation failed in require at t/08transliterate.t line 6.
# BEGIN failed--compilation aborted at t/08transliterate.t line 6.

#   Failed test 'use Search::Tools::UTF8;'
#   at t/08transliterate.t line 7.
#     Tried to use 'Search::Tools::UTF8'.
#     Error:  Attempt to reload Search/Tools/UTF8.pm aborted.
# Compilation failed in require at t/08transliterate.t line 7.
# BEGIN failed--compilation aborted at t/08transliterate.t line 7.
No such method ebit at t/08transliterate.t line 17.
# Looks like you planned 14 tests but ran 2.
# Looks like you failed 2 tests of 2 run.
# Looks like your test exited with 255 just after 2.
t/08transliterate.t ............ 
Dubious, test returned 255 (wstat 65280, 0xff00)
Failed 14/14 subtests 
Can't load '/tmp/loop_over_bdir-24917-CMQ8uh/Search-Tools-0.99-vN0UL6/blib/arch/auto/Search/Tools/Tools.so' for module Search::Tools: /tmp/loop_over_bdir-24917-CMQ8uh/Search-Tools-0.99-vN0UL6/blib/arch/auto/Search/Tools/Tools.so: undefined symbol: _is_utf8_char_slow at /home/sand/src/perl/repoperls/installed-perls/perl/v5.21.0-256-ge09da69/165a/lib/5.21.1/x86_64-linux/DynaLoader.pm line 193.
 at /tmp/loop_over_bdir-24917-CMQ8uh/Search-Tools-0.99-vN0UL6/blib/lib/Search/Tools/UTF8.pm line 5.
Compilation failed in require at /tmp/loop_over_bdir-24917-CMQ8uh/Search-Tools-0.99-vN0UL6/blib/lib/Search/Tools/UTF8.pm line 5.
BEGIN failed--compilation aborted at /tmp/loop_over_bdir-24917-CMQ8uh/Search-Tools-0.99-vN0UL6/blib/lib/Search/Tools/UTF8.pm line 5.
Compilation failed in require at /tmp/loop_over_bdir-24917-CMQ8uh/Search-Tools-0.99-vN0UL6/blib/lib/Search/Tools/Query.pm line 12.
BEGIN failed--compilation aborted at /tmp/loop_over_bdir-24917-CMQ8uh/Search-Tools-0.99-vN0UL6/blib/lib/Search/Tools/Query.pm line 12.
Compilation failed in require at /tmp/loop_over_bdir-24917-CMQ8uh/Search-Tools-0.99-vN0UL6/blib/lib/Search/Tools/QueryParser.pm line 10.
BEGIN failed--compilation aborted at /tmp/loop_over_bdir-24917-CMQ8uh/Search-Tools-0.99-vN0UL6/blib/lib/Search/Tools/QueryParser.pm line 10.
Compilation failed in require at t/09locale.t line 9.
BEGIN failed--compilation aborted at t/09locale.t line 9.
# Looks like your test exited with 2 before it could output anything.
t/09locale.t ................... 
Dubious, test returned 2 (wstat 512, 0x200)
Failed 2/2 subtests 

#   Failed test 'use Search::Tools::SpellCheck;'
#   at t/10spellcheck.t line 17.
#     Tried to use 'Search::Tools::SpellCheck'.
#     Error:  Can't load '/tmp/loop_over_bdir-24917-CMQ8uh/Search-Tools-0.99-vN0UL6/blib/arch/auto/Search/Tools/Tools.so' for module Search::Tools: /tmp/loop_over_bdir-24917-CMQ8uh/Search-Tools-0.99-vN0UL6/blib/arch/auto/Search/Tools/Tools.so: undefined symbol: _is_utf8_char_slow at /home/sand/src/perl/repoperls/installed-perls/perl/v5.21.0-256-ge09da69/165a/lib/5.21.1/x86_64-linux/DynaLoader.pm line 193.
#  at /tmp/loop_over_bdir-24917-CMQ8uh/Search-Tools-0.99-vN0UL6/blib/lib/Search/Tools/UTF8.pm line 5.
# Compilation failed in require at /tmp/loop_over_bdir-24917-CMQ8uh/Search-Tools-0.99-vN0UL6/blib/lib/Search/Tools/UTF8.pm line 5.
# BEGIN failed--compilation aborted at /tmp/loop_over_bdir-24917-CMQ8uh/Search-Tools-0.99-vN0UL6/blib/lib/Search/Tools/UTF8.pm line 5.
# Compilation failed in require at /tmp/loop_over_bdir-24917-CMQ8uh/Search-Tools-0.99-vN0UL6/blib/lib/Search/Tools/Query.pm line 12.
# BEGIN failed--compilation aborted at /tmp/loop_over_bdir-24917-CMQ8uh/Search-Tools-0.99-vN0UL6/blib/lib/Search/Tools/Query.pm line 12.
# Compilation failed in require at /tmp/loop_over_bdir-24917-CMQ8uh/Search-Tools-0.99-vN0UL6/blib/lib/Search/Tools/QueryParser.pm line 10.
# BEGIN failed--compilation aborted at /tmp/loop_over_bdir-24917-CMQ8uh/Search-Tools-0.99-vN0UL6/blib/lib/Search/Tools/QueryParser.pm line 10.
# Compilation failed in require at /tmp/loop_over_bdir-24917-CMQ8uh/Search-Tools-0.99-vN0UL6/blib/lib/Search/Tools/SpellCheck.pm line 7.
# BEGIN failed--compilation aborted at /tmp/loop_over_bdir-24917-CMQ8uh/Search-Tools-0.99-vN0UL6/blib/lib/Search/Tools/SpellCheck.pm line 7.
# Compilation failed in require at t/10spellcheck.t line 17.
# BEGIN failed--compilation aborted at t/10spellcheck.t line 17.
No such method max_suggest at t/10spellcheck.t line 22.
# Looks like you planned 9 tests but ran 1.
# Looks like you failed 1 test of 1 run.
# Looks like your test exited with 2 just after 1.
t/10spellcheck.t ............... 
Dubious, test returned 2 (wstat 512, 0x200)
Failed 9/9 subtests 
Can't load '/tmp/loop_over_bdir-24917-CMQ8uh/Search-Tools-0.99-vN0UL6/blib/arch/auto/Search/Tools/Tools.so' for module Search::Tools: /tmp/loop_over_bdir-24917-CMQ8uh/Search-Tools-0.99-vN0UL6/blib/arch/auto/Search/Tools/Tools.so: undefined symbol: _is_utf8_char_slow at /home/sand/src/perl/repoperls/installed-perls/perl/v5.21.0-256-ge09da69/165a/lib/5.21.1/x86_64-linux/DynaLoader.pm line 193.
 at t/11synopsis.t line 9.
Compilation failed in require at t/11synopsis.t line 9.
BEGIN failed--compilation aborted at t/11synopsis.t line 9.
# Looks like your test exited with 2 before it could output anything.
t/11synopsis.t ................. 
Dubious, test returned 2 (wstat 512, 0x200)
Failed 2/2 subtests 

#   Failed test 'use Search::Tools::UTF8;'
#   at t/12utf8.t line 6.
#     Tried to use 'Search::Tools::UTF8'.
#     Error:  Can't load '/tmp/loop_over_bdir-24917-CMQ8uh/Search-Tools-0.99-vN0UL6/blib/arch/auto/Search/Tools/Tools.so' for module Search::Tools: /tmp/loop_over_bdir-24917-CMQ8uh/Search-Tools-0.99-vN0UL6/blib/arch/auto/Search/Tools/Tools.so: undefined symbol: _is_utf8_char_slow at /home/sand/src/perl/repoperls/installed-perls/perl/v5.21.0-256-ge09da69/165a/lib/5.21.1/x86_64-linux/DynaLoader.pm line 193.
#  at /tmp/loop_over_bdir-24917-CMQ8uh/Search-Tools-0.99-vN0UL6/blib/lib/Search/Tools/UTF8.pm line 5.
# Compilation failed in require at /tmp/loop_over_bdir-24917-CMQ8uh/Search-Tools-0.99-vN0UL6/blib/lib/Search/Tools/UTF8.pm line 5.
# BEGIN failed--compilation aborted at /tmp/loop_over_bdir-24917-CMQ8uh/Search-Tools-0.99-vN0UL6/blib/lib/Search/Tools/UTF8.pm line 5.
# Compilation failed in require at t/12utf8.t line 6.
# BEGIN failed--compilation aborted at t/12utf8.t line 6.
Undefined subroutine &main::is_valid_utf8 called at t/12utf8.t line 12.
# Looks like you planned 34 tests but ran 1.
# Looks like you failed 1 test of 1 run.
# Looks like your test exited with 255 just after 1.
t/12utf8.t ..................... 
Dubious, test returned 255 (wstat 65280, 0xff00)
Failed 34/34 subtests 
Can't load '/tmp/loop_over_bdir-24917-CMQ8uh/Search-Tools-0.99-vN0UL6/blib/arch/auto/Search/Tools/Tools.so' for module Search::Tools: /tmp/loop_over_bdir-24917-CMQ8uh/Search-Tools-0.99-vN0UL6/blib/arch/auto/Search/Tools/Tools.so: undefined symbol: _is_utf8_char_slow at /home/sand/src/perl/repoperls/installed-perls/perl/v5.21.0-256-ge09da69/165a/lib/5.21.1/x86_64-linux/DynaLoader.pm line 193.
 at /tmp/loop_over_bdir-24917-CMQ8uh/Search-Tools-0.99-vN0UL6/blib/lib/Search/Tools/XML.pm line 6.
Compilation failed in require at /tmp/loop_over_bdir-24917-CMQ8uh/Search-Tools-0.99-vN0UL6/blib/lib/Search/Tools/XML.pm line 6.
BEGIN failed--compilation aborted at /tmp/loop_over_bdir-24917-CMQ8uh/Search-Tools-0.99-vN0UL6/blib/lib/Search/Tools/XML.pm line 6.
Compilation failed in require at t/SnipHelp.pm line 7.
BEGIN failed--compilation aborted at t/SnipHelp.pm line 7.
Compilation failed in require at t/13-snip-linux-user-group.t line 4.
BEGIN failed--compilation aborted at t/13-snip-linux-user-group.t line 4.
t/13-snip-linux-user-group.t ... 
Dubious, test returned 2 (wstat 512, 0x200)
No subtests run 
Can't load '/tmp/loop_over_bdir-24917-CMQ8uh/Search-Tools-0.99-vN0UL6/blib/arch/auto/Search/Tools/Tools.so' for module Search::Tools: /tmp/loop_over_bdir-24917-CMQ8uh/Search-Tools-0.99-vN0UL6/blib/arch/auto/Search/Tools/Tools.so: undefined symbol: _is_utf8_char_slow at /home/sand/src/perl/repoperls/installed-perls/perl/v5.21.0-256-ge09da69/165a/lib/5.21.1/x86_64-linux/DynaLoader.pm line 193.
 at /tmp/loop_over_bdir-24917-CMQ8uh/Search-Tools-0.99-vN0UL6/blib/lib/Search/Tools/XML.pm line 6.
Compilation failed in require at /tmp/loop_over_bdir-24917-CMQ8uh/Search-Tools-0.99-vN0UL6/blib/lib/Search/Tools/XML.pm line 6.
BEGIN failed--compilation aborted at /tmp/loop_over_bdir-24917-CMQ8uh/Search-Tools-0.99-vN0UL6/blib/lib/Search/Tools/XML.pm line 6.
Compilation failed in require at t/SnipHelp.pm line 7.
BEGIN failed--compilation aborted at t/SnipHelp.pm line 7.
Compilation failed in require at t/14-findaprofessional.t line 4.
BEGIN failed--compilation aborted at t/14-findaprofessional.t line 4.
t/14-findaprofessional.t ....... 
Dubious, test returned 2 (wstat 512, 0x200)
No subtests run 
Can't load '/tmp/loop_over_bdir-24917-CMQ8uh/Search-Tools-0.99-vN0UL6/blib/arch/auto/Search/Tools/Tools.so' for module Search::Tools: /tmp/loop_over_bdir-24917-CMQ8uh/Search-Tools-0.99-vN0UL6/blib/arch/auto/Search/Tools/Tools.so: undefined symbol: _is_utf8_char_slow at /home/sand/src/perl/repoperls/installed-perls/perl/v5.21.0-256-ge09da69/165a/lib/5.21.1/x86_64-linux/DynaLoader.pm line 193.
 at /tmp/loop_over_bdir-24917-CMQ8uh/Search-Tools-0.99-vN0UL6/blib/lib/Search/Tools/XML.pm line 6.
Compilation failed in require at /tmp/loop_over_bdir-24917-CMQ8uh/Search-Tools-0.99-vN0UL6/blib/lib/Search/Tools/XML.pm line 6.
BEGIN failed--compilation aborted at /tmp/loop_over_bdir-24917-CMQ8uh/Search-Tools-0.99-vN0UL6/blib/lib/Search/Tools/XML.pm line 6.
Compilation failed in require at t/SnipHelp.pm line 7.
BEGIN failed--compilation aborted at t/SnipHelp.pm line 7.
Compilation failed in require at t/15-child-adoption.t line 4.
BEGIN failed--compilation aborted at t/15-child-adoption.t line 4.
t/15-child-adoption.t .......... 
Dubious, test returned 2 (wstat 512, 0x200)
No subtests run 
Can't load '/tmp/loop_over_bdir-24917-CMQ8uh/Search-Tools-0.99-vN0UL6/blib/arch/auto/Search/Tools/Tools.so' for module Search::Tools: /tmp/loop_over_bdir-24917-CMQ8uh/Search-Tools-0.99-vN0UL6/blib/arch/auto/Search/Tools/Tools.so: undefined symbol: _is_utf8_char_slow at /home/sand/src/perl/repoperls/installed-perls/perl/v5.21.0-256-ge09da69/165a/lib/5.21.1/x86_64-linux/DynaLoader.pm line 193.
 at /tmp/loop_over_bdir-24917-CMQ8uh/Search-Tools-0.99-vN0UL6/blib/lib/Search/Tools/XML.pm line 6.
Compilation failed in require at /tmp/loop_over_bdir-24917-CMQ8uh/Search-Tools-0.99-vN0UL6/blib/lib/Search/Tools/XML.pm line 6.
BEGIN failed--compilation aborted at /tmp/loop_over_bdir-24917-CMQ8uh/Search-Tools-0.99-vN0UL6/blib/lib/Search/Tools/XML.pm line 6.
Compilation failed in require at t/SnipHelp.pm line 7.
BEGIN failed--compilation aborted at t/SnipHelp.pm line 7.
Compilation failed in require at t/16-dot.com.t line 4.
BEGIN failed--compilation aborted at t/16-dot.com.t line 4.
t/16-dot.com.t ................. 
Dubious, test returned 2 (wstat 512, 0x200)
No subtests run 
Can't load '/tmp/loop_over_bdir-24917-CMQ8uh/Search-Tools-0.99-vN0UL6/blib/arch/auto/Search/Tools/Tools.so' for module Search::Tools: /tmp/loop_over_bdir-24917-CMQ8uh/Search-Tools-0.99-vN0UL6/blib/arch/auto/Search/Tools/Tools.so: undefined symbol: _is_utf8_char_slow at /home/sand/src/perl/repoperls/installed-perls/perl/v5.21.0-256-ge09da69/165a/lib/5.21.1/x86_64-linux/DynaLoader.pm line 193.
 at /tmp/loop_over_bdir-24917-CMQ8uh/Search-Tools-0.99-vN0UL6/blib/lib/Search/Tools/UTF8.pm line 5.
Compilation failed in require at /tmp/loop_over_bdir-24917-CMQ8uh/Search-Tools-0.99-vN0UL6/blib/lib/Search/Tools/UTF8.pm line 5.
BEGIN failed--compilation aborted at /tmp/loop_over_bdir-24917-CMQ8uh/Search-Tools-0.99-vN0UL6/blib/lib/Search/Tools/UTF8.pm line 5.
Compilation failed in require at t/17-tokenizer.t line 13.
BEGIN failed--compilation aborted at t/17-tokenizer.t line 13.
# Looks like your test exited with 2 before it could output anything.
t/17-tokenizer.t ............... 
Dubious, test returned 2 (wstat 512, 0x200)
Failed 1263/1263 subtests 

#   Failed test 'use Search::Tools;'
#   at t/18-tokenizer-mem.t line 10.
#     Tried to use 'Search::Tools'.
#     Error:  Can't load '/tmp/loop_over_bdir-24917-CMQ8uh/Search-Tools-0.99-vN0UL6/blib/arch/auto/Search/Tools/Tools.so' for module Search::Tools: /tmp/loop_over_bdir-24917-CMQ8uh/Search-Tools-0.99-vN0UL6/blib/arch/auto/Search/Tools/Tools.so: undefined symbol: _is_utf8_char_slow at /home/sand/src/perl/repoperls/installed-perls/perl/v5.21.0-256-ge09da69/165a/lib/5.21.1/x86_64-linux/DynaLoader.pm line 193.
#  at t/18-tokenizer-mem.t line 10.
# Compilation failed in require at t/18-tokenizer-mem.t line 10.
# BEGIN failed--compilation aborted at t/18-tokenizer-mem.t line 10.

#   Failed test 'use Search::Tools::Tokenizer;'
#   at t/18-tokenizer-mem.t line 11.
#     Tried to use 'Search::Tools::Tokenizer'.
#     Error:  Attempt to reload Search/Tools.pm aborted.
# Compilation failed in require at /tmp/loop_over_bdir-24917-CMQ8uh/Search-Tools-0.99-vN0UL6/blib/lib/Search/Tools/Tokenizer.pm line 5.
# BEGIN failed--compilation aborted at /tmp/loop_over_bdir-24917-CMQ8uh/Search-Tools-0.99-vN0UL6/blib/lib/Search/Tools/Tokenizer.pm line 5.
# Compilation failed in require at t/18-tokenizer-mem.t line 11.
# BEGIN failed--compilation aborted at t/18-tokenizer-mem.t line 11.
Can't locate object method "tokenize" via package "Search::Tools::Tokenizer" at t/18-tokenizer-mem.t line 16.
# Looks like you planned 29 tests but ran 3.
# Looks like you failed 2 tests of 3 run.
# Looks like your test exited with 255 just after 3.
t/18-tokenizer-mem.t ........... 
Dubious, test returned 255 (wstat 65280, 0xff00)
Failed 28/29 subtests 
Can't load '/tmp/loop_over_bdir-24917-CMQ8uh/Search-Tools-0.99-vN0UL6/blib/arch/auto/Search/Tools/Tools.so' for module Search::Tools: /tmp/loop_over_bdir-24917-CMQ8uh/Search-Tools-0.99-vN0UL6/blib/arch/auto/Search/Tools/Tools.so: undefined symbol: _is_utf8_char_slow at /home/sand/src/perl/repoperls/installed-perls/perl/v5.21.0-256-ge09da69/165a/lib/5.21.1/x86_64-linux/DynaLoader.pm line 193.
 at /tmp/loop_over_bdir-24917-CMQ8uh/Search-Tools-0.99-vN0UL6/blib/lib/Search/Tools/UTF8.pm line 5.
Compilation failed in require at /tmp/loop_over_bdir-24917-CMQ8uh/Search-Tools-0.99-vN0UL6/blib/lib/Search/Tools/UTF8.pm line 5.
BEGIN failed--compilation aborted at /tmp/loop_over_bdir-24917-CMQ8uh/Search-Tools-0.99-vN0UL6/blib/lib/Search/Tools/UTF8.pm line 5.
Compilation failed in require at t/19-tokenizer-pp.t line 13.
BEGIN failed--compilation aborted at t/19-tokenizer-pp.t line 13.
# Looks like your test exited with 2 before it could output anything.
t/19-tokenizer-pp.t ............ 
Dubious, test returned 2 (wstat 512, 0x200)
Failed 1263/1263 subtests 
Can't load '/tmp/loop_over_bdir-24917-CMQ8uh/Search-Tools-0.99-vN0UL6/blib/arch/auto/Search/Tools/Tools.so' for module Search::Tools: /tmp/loop_over_bdir-24917-CMQ8uh/Search-Tools-0.99-vN0UL6/blib/arch/auto/Search/Tools/Tools.so: undefined symbol: _is_utf8_char_slow at /home/sand/src/perl/repoperls/installed-perls/perl/v5.21.0-256-ge09da69/165a/lib/5.21.1/x86_64-linux/DynaLoader.pm line 193.
 at /tmp/loop_over_bdir-24917-CMQ8uh/Search-Tools-0.99-vN0UL6/blib/lib/Search/Tools/UTF8.pm line 5.
Compilation failed in require at /tmp/loop_over_bdir-24917-CMQ8uh/Search-Tools-0.99-vN0UL6/blib/lib/Search/Tools/UTF8.pm line 5.
BEGIN failed--compilation aborted at /tmp/loop_over_bdir-24917-CMQ8uh/Search-Tools-0.99-vN0UL6/blib/lib/Search/Tools/UTF8.pm line 5.
Compilation failed in require at /tmp/loop_over_bdir-24917-CMQ8uh/Search-Tools-0.99-vN0UL6/blib/lib/Search/Tools/Transliterate.pm line 5.
BEGIN failed--compilation aborted at /tmp/loop_over_bdir-24917-CMQ8uh/Search-Tools-0.99-vN0UL6/blib/lib/Search/Tools/Transliterate.pm line 5.
Compilation failed in require at t/20transliterate-map.t line 5.
BEGIN failed--compilation aborted at t/20transliterate-map.t line 5.
# Looks like your test exited with 2 before it could output anything.
t/20transliterate-map.t ........ 
Dubious, test returned 2 (wstat 512, 0x200)
Failed 10/10 subtests 
Can't load '/tmp/loop_over_bdir-24917-CMQ8uh/Search-Tools-0.99-vN0UL6/blib/arch/auto/Search/Tools/Tools.so' for module Search::Tools: /tmp/loop_over_bdir-24917-CMQ8uh/Search-Tools-0.99-vN0UL6/blib/arch/auto/Search/Tools/Tools.so: undefined symbol: _is_utf8_char_slow at /home/sand/src/perl/repoperls/installed-perls/perl/v5.21.0-256-ge09da69/165a/lib/5.21.1/x86_64-linux/DynaLoader.pm line 193.
 at /tmp/loop_over_bdir-24917-CMQ8uh/Search-Tools-0.99-vN0UL6/blib/lib/Search/Tools/UTF8.pm line 5.
Compilation failed in require at /tmp/loop_over_bdir-24917-CMQ8uh/Search-Tools-0.99-vN0UL6/blib/lib/Search/Tools/UTF8.pm line 5.
BEGIN failed--compilation aborted at /tmp/loop_over_bdir-24917-CMQ8uh/Search-Tools-0.99-vN0UL6/blib/lib/Search/Tools/UTF8.pm line 5.
Compilation failed in require at t/21-hiliter-with-hyphen.t line 4.
BEGIN failed--compilation aborted at t/21-hiliter-with-hyphen.t line 4.
t/21-hiliter-with-hyphen.t ..... 
Dubious, test returned 2 (wstat 512, 0x200)
No subtests run 

#   Failed test 'use Search::Tools::QueryParser;'
#   at t/22-query-parser.t line 6.
#     Tried to use 'Search::Tools::QueryParser'.
#     Error:  Can't load '/tmp/loop_over_bdir-24917-CMQ8uh/Search-Tools-0.99-vN0UL6/blib/arch/auto/Search/Tools/Tools.so' for module Search::Tools: /tmp/loop_over_bdir-24917-CMQ8uh/Search-Tools-0.99-vN0UL6/blib/arch/auto/Search/Tools/Tools.so: undefined symbol: _is_utf8_char_slow at /home/sand/src/perl/repoperls/installed-perls/perl/v5.21.0-256-ge09da69/165a/lib/5.21.1/x86_64-linux/DynaLoader.pm line 193.
#  at /tmp/loop_over_bdir-24917-CMQ8uh/Search-Tools-0.99-vN0UL6/blib/lib/Search/Tools/UTF8.pm line 5.
# Compilation failed in require at /tmp/loop_over_bdir-24917-CMQ8uh/Search-Tools-0.99-vN0UL6/blib/lib/Search/Tools/UTF8.pm line 5.
# BEGIN failed--compilation aborted at /tmp/loop_over_bdir-24917-CMQ8uh/Search-Tools-0.99-vN0UL6/blib/lib/Search/Tools/UTF8.pm line 5.
# Compilation failed in require at /tmp/loop_over_bdir-24917-CMQ8uh/Search-Tools-0.99-vN0UL6/blib/lib/Search/Tools/Query.pm line 12.
# BEGIN failed--compilation aborted at /tmp/loop_over_bdir-24917-CMQ8uh/Search-Tools-0.99-vN0UL6/blib/lib/Search/Tools/Query.pm line 12.
# Compilation failed in require at /tmp/loop_over_bdir-24917-CMQ8uh/Search-Tools-0.99-vN0UL6/blib/lib/Search/Tools/QueryParser.pm line 10.
# BEGIN failed--compilation aborted at /tmp/loop_over_bdir-24917-CMQ8uh/Search-Tools-0.99-vN0UL6/blib/lib/Search/Tools/QueryParser.pm line 10.
# Compilation failed in require at t/22-query-parser.t line 6.
# BEGIN failed--compilation aborted at t/22-query-parser.t line 6.
Can't locate object method "parse" via package "Search::Tools::QueryParser" at t/22-query-parser.t line 9.
# Looks like you planned 25 tests but ran 2.
# Looks like you failed 1 test of 2 run.
# Looks like your test exited with 255 just after 2.
t/22-query-parser.t ............ 
Dubious, test returned 255 (wstat 65280, 0xff00)
Failed 24/25 subtests 

#   Failed test 'use Search::Tools::QueryParser;'
#   at t/23-regex-builder.t line 19.
#     Tried to use 'Search::Tools::QueryParser'.
#     Error:  Can't load '/tmp/loop_over_bdir-24917-CMQ8uh/Search-Tools-0.99-vN0UL6/blib/arch/auto/Search/Tools/Tools.so' for module Search::Tools: /tmp/loop_over_bdir-24917-CMQ8uh/Search-Tools-0.99-vN0UL6/blib/arch/auto/Search/Tools/Tools.so: undefined symbol: _is_utf8_char_slow at /home/sand/src/perl/repoperls/installed-perls/perl/v5.21.0-256-ge09da69/165a/lib/5.21.1/x86_64-linux/DynaLoader.pm line 193.
#  at /tmp/loop_over_bdir-24917-CMQ8uh/Search-Tools-0.99-vN0UL6/blib/lib/Search/Tools/UTF8.pm line 5.
# Compilation failed in require at /tmp/loop_over_bdir-24917-CMQ8uh/Search-Tools-0.99-vN0UL6/blib/lib/Search/Tools/UTF8.pm line 5.
# BEGIN failed--compilation aborted at /tmp/loop_over_bdir-24917-CMQ8uh/Search-Tools-0.99-vN0UL6/blib/lib/Search/Tools/UTF8.pm line 5.
# Compilation failed in require at /tmp/loop_over_bdir-24917-CMQ8uh/Search-Tools-0.99-vN0UL6/blib/lib/Search/Tools/Query.pm line 12.
# BEGIN failed--compilation aborted at /tmp/loop_over_bdir-24917-CMQ8uh/Search-Tools-0.99-vN0UL6/blib/lib/Search/Tools/Query.pm line 12.
# Compilation failed in require at /tmp/loop_over_bdir-24917-CMQ8uh/Search-Tools-0.99-vN0UL6/blib/lib/Search/Tools/QueryParser.pm line 10.
# BEGIN failed--compilation aborted at /tmp/loop_over_bdir-24917-CMQ8uh/Search-Tools-0.99-vN0UL6/blib/lib/Search/Tools/QueryParser.pm line 10.
# Compilation failed in require at t/23-regex-builder.t line 19.
# BEGIN failed--compilation aborted at t/23-regex-builder.t line 19.
Can't locate object method "parse" via package "Search::Tools::QueryParser" at t/23-regex-builder.t line 21.
# Looks like you planned 14 tests but ran 2.
# Looks like you failed 1 test of 2 run.
# Looks like your test exited with 255 just after 2.
t/23-regex-builder.t ........... 
Dubious, test returned 255 (wstat 65280, 0xff00)
Failed 13/14 subtests 
Can't load '/tmp/loop_over_bdir-24917-CMQ8uh/Search-Tools-0.99-vN0UL6/blib/arch/auto/Search/Tools/Tools.so' for module Search::Tools: /tmp/loop_over_bdir-24917-CMQ8uh/Search-Tools-0.99-vN0UL6/blib/arch/auto/Search/Tools/Tools.so: undefined symbol: _is_utf8_char_slow at /home/sand/src/perl/repoperls/installed-perls/perl/v5.21.0-256-ge09da69/165a/lib/5.21.1/x86_64-linux/DynaLoader.pm line 193.
 at t/24-child-abuse.t line 2.
Compilation failed in require at t/24-child-abuse.t line 2.
BEGIN failed--compilation aborted at t/24-child-abuse.t line 2.
t/24-child-abuse.t ............. 
Dubious, test returned 2 (wstat 512, 0x200)
No subtests run 
Can't load '/tmp/loop_over_bdir-24917-CMQ8uh/Search-Tools-0.99-vN0UL6/blib/arch/auto/Search/Tools/Tools.so' for module Search::Tools: /tmp/loop_over_bdir-24917-CMQ8uh/Search-Tools-0.99-vN0UL6/blib/arch/auto/Search/Tools/Tools.so: undefined symbol: _is_utf8_char_slow at /home/sand/src/perl/repoperls/installed-perls/perl/v5.21.0-256-ge09da69/165a/lib/5.21.1/x86_64-linux/DynaLoader.pm line 193.
 at t/25-domestic-accounts.t line 4.
Compilation failed in require at t/25-domestic-accounts.t line 4.
BEGIN failed--compilation aborted at t/25-domestic-accounts.t line 4.
t/25-domestic-accounts.t ....... 
Dubious, test returned 2 (wstat 512, 0x200)
No subtests run 
Can't load '/tmp/loop_over_bdir-24917-CMQ8uh/Search-Tools-0.99-vN0UL6/blib/arch/auto/Search/Tools/Tools.so' for module Search::Tools: /tmp/loop_over_bdir-24917-CMQ8uh/Search-Tools-0.99-vN0UL6/blib/arch/auto/Search/Tools/Tools.so: undefined symbol: _is_utf8_char_slow at /home/sand/src/perl/repoperls/installed-perls/perl/v5.21.0-256-ge09da69/165a/lib/5.21.1/x86_64-linux/DynaLoader.pm line 193.
 at /tmp/loop_over_bdir-24917-CMQ8uh/Search-Tools-0.99-vN0UL6/blib/lib/Search/Tools/Tokenizer.pm line 5.
Compilation failed in require at /tmp/loop_over_bdir-24917-CMQ8uh/Search-Tools-0.99-vN0UL6/blib/lib/Search/Tools/Tokenizer.pm line 5.
BEGIN failed--compilation aborted at /tmp/loop_over_bdir-24917-CMQ8uh/Search-Tools-0.99-vN0UL6/blib/lib/Search/Tools/Tokenizer.pm line 5.
Compilation failed in require at t/26-is-sentence.t line 4.
BEGIN failed--compilation aborted at t/26-is-sentence.t line 4.
# Looks like your test exited with 2 before it could output anything.
t/26-is-sentence.t ............. 
Dubious, test returned 2 (wstat 512, 0x200)
Failed 25/25 subtests 
Can't load '/tmp/loop_over_bdir-24917-CMQ8uh/Search-Tools-0.99-vN0UL6/blib/arch/auto/Search/Tools/Tools.so' for module Search::Tools: /tmp/loop_over_bdir-24917-CMQ8uh/Search-Tools-0.99-vN0UL6/blib/arch/auto/Search/Tools/Tools.so: undefined symbol: _is_utf8_char_slow at /home/sand/src/perl/repoperls/installed-perls/perl/v5.21.0-256-ge09da69/165a/lib/5.21.1/x86_64-linux/DynaLoader.pm line 193.
 at /tmp/loop_over_bdir-24917-CMQ8uh/Search-Tools-0.99-vN0UL6/blib/lib/Search/Tools/XML.pm line 6.
Compilation failed in require at /tmp/loop_over_bdir-24917-CMQ8uh/Search-Tools-0.99-vN0UL6/blib/lib/Search/Tools/XML.pm line 6.
BEGIN failed--compilation aborted at /tmp/loop_over_bdir-24917-CMQ8uh/Search-Tools-0.99-vN0UL6/blib/lib/Search/Tools/XML.pm line 6.
Compilation failed in require at t/27-bigfile.t line 13.
BEGIN failed--compilation aborted at t/27-bigfile.t line 13.
t/27-bigfile.t ................. 
Dubious, test returned 2 (wstat 512, 0x200)
No subtests run 
Can't load '/tmp/loop_over_bdir-24917-CMQ8uh/Search-Tools-0.99-vN0UL6/blib/arch/auto/Search/Tools/Tools.so' for module Search::Tools: /tmp/loop_over_bdir-24917-CMQ8uh/Search-Tools-0.99-vN0UL6/blib/arch/auto/Search/Tools/Tools.so: undefined symbol: _is_utf8_char_slow at /home/sand/src/perl/repoperls/installed-perls/perl/v5.21.0-256-ge09da69/165a/lib/5.21.1/x86_64-linux/DynaLoader.pm line 193.
 at /tmp/loop_over_bdir-24917-CMQ8uh/Search-Tools-0.99-vN0UL6/blib/lib/Search/Tools/UTF8.pm line 5.
Compilation failed in require at /tmp/loop_over_bdir-24917-CMQ8uh/Search-Tools-0.99-vN0UL6/blib/lib/Search/Tools/UTF8.pm line 5.
BEGIN failed--compilation aborted at /tmp/loop_over_bdir-24917-CMQ8uh/Search-Tools-0.99-vN0UL6/blib/lib/Search/Tools/UTF8.pm line 5.
Compilation failed in require at t/28-byte-length.t line 19.
BEGIN failed--compilation aborted at t/28-byte-length.t line 19.
# Looks like your test exited with 2 before it could output anything.
t/28-byte-length.t ............. 
Dubious, test returned 2 (wstat 512, 0x200)
Failed 4/4 subtests 

#   Failed test 'use Search::Tools;'
#   at t/29-hiliter-wildcard.t line 6.
#     Tried to use 'Search::Tools'.
#     Error:  Can't load '/tmp/loop_over_bdir-24917-CMQ8uh/Search-Tools-0.99-vN0UL6/blib/arch/auto/Search/Tools/Tools.so' for module Search::Tools: /tmp/loop_over_bdir-24917-CMQ8uh/Search-Tools-0.99-vN0UL6/blib/arch/auto/Search/Tools/Tools.so: undefined symbol: _is_utf8_char_slow at /home/sand/src/perl/repoperls/installed-perls/perl/v5.21.0-256-ge09da69/165a/lib/5.21.1/x86_64-linux/DynaLoader.pm line 193.
#  at t/29-hiliter-wildcard.t line 6.
# Compilation failed in require at t/29-hiliter-wildcard.t line 6.
# BEGIN failed--compilation aborted at t/29-hiliter-wildcard.t line 6.
Attempt to reload Search/Tools.pm aborted.
Compilation failed in require at /tmp/loop_over_bdir-24917-CMQ8uh/Search-Tools-0.99-vN0UL6/blib/lib/Search/Tools/UTF8.pm line 5.
BEGIN failed--compilation aborted at /tmp/loop_over_bdir-24917-CMQ8uh/Search-Tools-0.99-vN0UL6/blib/lib/Search/Tools/UTF8.pm line 5.
Compilation failed in require at /tmp/loop_over_bdir-24917-CMQ8uh/Search-Tools-0.99-vN0UL6/blib/lib/Search/Tools/Query.pm line 12.
BEGIN failed--compilation aborted at /tmp/loop_over_bdir-24917-CMQ8uh/Search-Tools-0.99-vN0UL6/blib/lib/Search/Tools/Query.pm line 12.
Compilation failed in require at /tmp/loop_over_bdir-24917-CMQ8uh/Search-Tools-0.99-vN0UL6/blib/lib/Search/Tools/QueryParser.pm line 10.
BEGIN failed--compilation aborted at /tmp/loop_over_bdir-24917-CMQ8uh/Search-Tools-0.99-vN0UL6/blib/lib/Search/Tools/QueryParser.pm line 10.
Compilation failed in require at /tmp/loop_over_bdir-24917-CMQ8uh/Search-Tools-0.99-vN0UL6/blib/lib/Search/Tools.pm line 18.
# Looks like you planned 14 tests but ran 1.
# Looks like you failed 1 test of 1 run.
# Looks like your test exited with 255 just after 1.
t/29-hiliter-wildcard.t ........ 
Dubious, test returned 255 (wstat 65280, 0xff00)
Failed 14/14 subtests 
Can't load '/tmp/loop_over_bdir-24917-CMQ8uh/Search-Tools-0.99-vN0UL6/blib/arch/auto/Search/Tools/Tools.so' for module Search::Tools: /tmp/loop_over_bdir-24917-CMQ8uh/Search-Tools-0.99-vN0UL6/blib/arch/auto/Search/Tools/Tools.so: undefined symbol: _is_utf8_char_slow at /home/sand/src/perl/repoperls/installed-perls/perl/v5.21.0-256-ge09da69/165a/lib/5.21.1/x86_64-linux/DynaLoader.pm line 193.
 at /tmp/loop_over_bdir-24917-CMQ8uh/Search-Tools-0.99-vN0UL6/blib/lib/Search/Tools/XML.pm line 6.
Compilation failed in require at /tmp/loop_over_bdir-24917-CMQ8uh/Search-Tools-0.99-vN0UL6/blib/lib/Search/Tools/XML.pm line 6.
BEGIN failed--compilation aborted at /tmp/loop_over_bdir-24917-CMQ8uh/Search-Tools-0.99-vN0UL6/blib/lib/Search/Tools/XML.pm line 6.
Compilation failed in require at t/30-perl-to-xml.t line 7.
BEGIN failed--compilation aborted at t/30-perl-to-xml.t line 7.
# Looks like your test exited with 2 before it could output anything.
t/30-perl-to-xml.t ............. 
Dubious, test returned 2 (wstat 512, 0x200)
Failed 10/10 subtests 

#   Failed test 'use Search::Tools::Snipper;'
#   at t/31-snip-phrases.t line 6.
#     Tried to use 'Search::Tools::Snipper'.
#     Error:  Can't load '/tmp/loop_over_bdir-24917-CMQ8uh/Search-Tools-0.99-vN0UL6/blib/arch/auto/Search/Tools/Tools.so' for module Search::Tools: /tmp/loop_over_bdir-24917-CMQ8uh/Search-Tools-0.99-vN0UL6/blib/arch/auto/Search/Tools/Tools.so: undefined symbol: _is_utf8_char_slow at /home/sand/src/perl/repoperls/installed-perls/perl/v5.21.0-256-ge09da69/165a/lib/5.21.1/x86_64-linux/DynaLoader.pm line 193.
#  at /tmp/loop_over_bdir-24917-CMQ8uh/Search-Tools-0.99-vN0UL6/blib/lib/Search/Tools/XML.pm line 6.
# Compilation failed in require at /tmp/loop_over_bdir-24917-CMQ8uh/Search-Tools-0.99-vN0UL6/blib/lib/Search/Tools/XML.pm line 6.
# BEGIN failed--compilation aborted at /tmp/loop_over_bdir-24917-CMQ8uh/Search-Tools-0.99-vN0UL6/blib/lib/Search/Tools/XML.pm line 6.
# Compilation failed in require at /tmp/loop_over_bdir-24917-CMQ8uh/Search-Tools-0.99-vN0UL6/blib/lib/Search/Tools/Snipper.pm line 7.
# BEGIN failed--compilation aborted at /tmp/loop_over_bdir-24917-CMQ8uh/Search-Tools-0.99-vN0UL6/blib/lib/Search/Tools/Snipper.pm line 7.
# Compilation failed in require at t/31-snip-phrases.t line 6.
# BEGIN failed--compilation aborted at t/31-snip-phrases.t line 6.

#   Failed test 'use Search::Tools::HiLiter;'
#   at t/31-snip-phrases.t line 7.
#     Tried to use 'Search::Tools::HiLiter'.
#     Error:  Attempt to reload Search/Tools.pm aborted.
# Compilation failed in require at /tmp/loop_over_bdir-24917-CMQ8uh/Search-Tools-0.99-vN0UL6/blib/lib/Search/Tools/Tokenizer.pm line 5.
# BEGIN failed--compilation aborted at /tmp/loop_over_bdir-24917-CMQ8uh/Search-Tools-0.99-vN0UL6/blib/lib/Search/Tools/Tokenizer.pm line 5.
# Compilation failed in require at /tmp/loop_over_bdir-24917-CMQ8uh/Search-Tools-0.99-vN0UL6/blib/lib/Search/Tools/HiLiter.pm line 6.
# BEGIN failed--compilation aborted at /tmp/loop_over_bdir-24917-CMQ8uh/Search-Tools-0.99-vN0UL6/blib/lib/Search/Tools/HiLiter.pm line 6.
# Compilation failed in require at t/31-snip-phrases.t line 7.
# BEGIN failed--compilation aborted at t/31-snip-phrases.t line 7.
Can't locate object method "new" via package "Search::Tools::Snipper" at t/31-snip-phrases.t line 13.
# Looks like you planned 22 tests but ran 2.
# Looks like you failed 2 tests of 2 run.
# Looks like your test exited with 255 just after 2.
t/31-snip-phrases.t ............ 
Dubious, test returned 255 (wstat 65280, 0xff00)
Failed 22/22 subtests 

#   Failed test 'use Search::Tools::Snipper;'
#   at t/32-pre-existing.t line 7.
#     Tried to use 'Search::Tools::Snipper'.
#     Error:  Can't load '/tmp/loop_over_bdir-24917-CMQ8uh/Search-Tools-0.99-vN0UL6/blib/arch/auto/Search/Tools/Tools.so' for module Search::Tools: /tmp/loop_over_bdir-24917-CMQ8uh/Search-Tools-0.99-vN0UL6/blib/arch/auto/Search/Tools/Tools.so: undefined symbol: _is_utf8_char_slow at /home/sand/src/perl/repoperls/installed-perls/perl/v5.21.0-256-ge09da69/165a/lib/5.21.1/x86_64-linux/DynaLoader.pm line 193.
#  at /tmp/loop_over_bdir-24917-CMQ8uh/Search-Tools-0.99-vN0UL6/blib/lib/Search/Tools/XML.pm line 6.
# Compilation failed in require at /tmp/loop_over_bdir-24917-CMQ8uh/Search-Tools-0.99-vN0UL6/blib/lib/Search/Tools/XML.pm line 6.
# BEGIN failed--compilation aborted at /tmp/loop_over_bdir-24917-CMQ8uh/Search-Tools-0.99-vN0UL6/blib/lib/Search/Tools/XML.pm line 6.
# Compilation failed in require at /tmp/loop_over_bdir-24917-CMQ8uh/Search-Tools-0.99-vN0UL6/blib/lib/Search/Tools/Snipper.pm line 7.
# BEGIN failed--compilation aborted at /tmp/loop_over_bdir-24917-CMQ8uh/Search-Tools-0.99-vN0UL6/blib/lib/Search/Tools/Snipper.pm line 7.
# Compilation failed in require at t/32-pre-existing.t line 7.
# BEGIN failed--compilation aborted at t/32-pre-existing.t line 7.

#   Failed test 'use Search::Tools::HiLiter;'
#   at t/32-pre-existing.t line 8.
#     Tried to use 'Search::Tools::HiLiter'.
#     Error:  Attempt to reload Search/Tools.pm aborted.
# Compilation failed in require at /tmp/loop_over_bdir-24917-CMQ8uh/Search-Tools-0.99-vN0UL6/blib/lib/Search/Tools/Tokenizer.pm line 5.
# BEGIN failed--compilation aborted at /tmp/loop_over_bdir-24917-CMQ8uh/Search-Tools-0.99-vN0UL6/blib/lib/Search/Tools/Tokenizer.pm line 5.
# Compilation failed in require at /tmp/loop_over_bdir-24917-CMQ8uh/Search-Tools-0.99-vN0UL6/blib/lib/Search/Tools/HiLiter.pm line 6.
# BEGIN failed--compilation aborted at /tmp/loop_over_bdir-24917-CMQ8uh/Search-Tools-0.99-vN0UL6/blib/lib/Search/Tools/HiLiter.pm line 6.
# Compilation failed in require at t/32-pre-existing.t line 8.
# BEGIN failed--compilation aborted at t/32-pre-existing.t line 8.
Can't locate object method "new" via package "Search::Tools::Snipper" at t/32-pre-existing.t line 14.
# Looks like you planned 5 tests but ran 2.
# Looks like you failed 2 tests of 2 run.
# Looks like your test exited with 255 just after 2.
t/32-pre-existing.t ............ 
Dubious, test returned 255 (wstat 65280, 0xff00)
Failed 5/5 subtests 
Can't load '/tmp/loop_over_bdir-24917-CMQ8uh/Search-Tools-0.99-vN0UL6/blib/arch/auto/Search/Tools/Tools.so' for module Search::Tools: /tmp/loop_over_bdir-24917-CMQ8uh/Search-Tools-0.99-vN0UL6/blib/arch/auto/Search/Tools/Tools.so: undefined symbol: _is_utf8_char_slow at /home/sand/src/perl/repoperls/installed-perls/perl/v5.21.0-256-ge09da69/165a/lib/5.21.1/x86_64-linux/DynaLoader.pm line 193.
 at t/33-matches.t line 6.
Compilation failed in require at t/33-matches.t line 6.
BEGIN failed--compilation aborted at t/33-matches.t line 6.
# Looks like your test exited with 2 before it could output anything.
t/33-matches.t ................. 
Dubious, test returned 2 (wstat 512, 0x200)
Failed 8/8 subtests 

#   Failed test 'use Search::Tools::HiLiter;'
#   at t/34-style-hilite.t line 6.
#     Tried to use 'Search::Tools::HiLiter'.
#     Error:  Can't load '/tmp/loop_over_bdir-24917-CMQ8uh/Search-Tools-0.99-vN0UL6/blib/arch/auto/Search/Tools/Tools.so' for module Search::Tools: /tmp/loop_over_bdir-24917-CMQ8uh/Search-Tools-0.99-vN0UL6/blib/arch/auto/Search/Tools/Tools.so: undefined symbol: _is_utf8_char_slow at /home/sand/src/perl/repoperls/installed-perls/perl/v5.21.0-256-ge09da69/165a/lib/5.21.1/x86_64-linux/DynaLoader.pm line 193.
#  at /tmp/loop_over_bdir-24917-CMQ8uh/Search-Tools-0.99-vN0UL6/blib/lib/Search/Tools/Tokenizer.pm line 5.
# Compilation failed in require at /tmp/loop_over_bdir-24917-CMQ8uh/Search-Tools-0.99-vN0UL6/blib/lib/Search/Tools/Tokenizer.pm line 5.
# BEGIN failed--compilation aborted at /tmp/loop_over_bdir-24917-CMQ8uh/Search-Tools-0.99-vN0UL6/blib/lib/Search/Tools/Tokenizer.pm line 5.
# Compilation failed in require at /tmp/loop_over_bdir-24917-CMQ8uh/Search-Tools-0.99-vN0UL6/blib/lib/Search/Tools/HiLiter.pm line 6.
# BEGIN failed--compilation aborted at /tmp/loop_over_bdir-24917-CMQ8uh/Search-Tools-0.99-vN0UL6/blib/lib/Search/Tools/HiLiter.pm line 6.
# Compilation failed in require at t/34-style-hilite.t line 6.
# BEGIN failed--compilation aborted at t/34-style-hilite.t line 6.

#   Failed test 'use Search::Tools::Snipper;'
#   at t/34-style-hilite.t line 7.
#     Tried to use 'Search::Tools::Snipper'.
#     Error:  Attempt to reload Search/Tools.pm aborted.
# Compilation failed in require at /tmp/loop_over_bdir-24917-CMQ8uh/Search-Tools-0.99-vN0UL6/blib/lib/Search/Tools/XML.pm line 6.
# BEGIN failed--compilation aborted at /tmp/loop_over_bdir-24917-CMQ8uh/Search-Tools-0.99-vN0UL6/blib/lib/Search/Tools/XML.pm line 6.
# Compilation failed in require at /tmp/loop_over_bdir-24917-CMQ8uh/Search-Tools-0.99-vN0UL6/blib/lib/Search/Tools/Snipper.pm line 7.
# BEGIN failed--compilation aborted at /tmp/loop_over_bdir-24917-CMQ8uh/Search-Tools-0.99-vN0UL6/blib/lib/Search/Tools/Snipper.pm line 7.
# Compilation failed in require at t/34-style-hilite.t line 7.
# BEGIN failed--compilation aborted at t/34-style-hilite.t line 7.
Attempt to reload Search/Tools.pm aborted.
Compilation failed in require at /tmp/loop_over_bdir-24917-CMQ8uh/Search-Tools-0.99-vN0UL6/blib/lib/Search/Tools/UTF8.pm line 5.
BEGIN failed--compilation aborted at /tmp/loop_over_bdir-24917-CMQ8uh/Search-Tools-0.99-vN0UL6/blib/lib/Search/Tools/UTF8.pm line 5.
Compilation failed in require at /tmp/loop_over_bdir-24917-CMQ8uh/Search-Tools-0.99-vN0UL6/blib/lib/Search/Tools/Query.pm line 12.
BEGIN failed--compilation aborted at /tmp/loop_over_bdir-24917-CMQ8uh/Search-Tools-0.99-vN0UL6/blib/lib/Search/Tools/Query.pm line 12.
Compilation failed in require at /tmp/loop_over_bdir-24917-CMQ8uh/Search-Tools-0.99-vN0UL6/blib/lib/Search/Tools/QueryParser.pm line 10.
BEGIN failed--compilation aborted at /tmp/loop_over_bdir-24917-CMQ8uh/Search-Tools-0.99-vN0UL6/blib/lib/Search/Tools/QueryParser.pm line 10.
Compilation failed in require at /tmp/loop_over_bdir-24917-CMQ8uh/Search-Tools-0.99-vN0UL6/blib/lib/Search/Tools.pm line 18.
# Looks like you planned 6 tests but ran 2.
# Looks like you failed 2 tests of 2 run.
# Looks like your test exited with 255 just after 2.
t/34-style-hilite.t ............ 
Dubious, test returned 255 (wstat 65280, 0xff00)
Failed 6/6 subtests 
Can't load '/tmp/loop_over_bdir-24917-CMQ8uh/Search-Tools-0.99-vN0UL6/blib/arch/auto/Search/Tools/Tools.so' for module Search::Tools: /tmp/loop_over_bdir-24917-CMQ8uh/Search-Tools-0.99-vN0UL6/blib/arch/auto/Search/Tools/Tools.so: undefined symbol: _is_utf8_char_slow at /home/sand/src/perl/repoperls/installed-perls/perl/v5.21.0-256-ge09da69/165a/lib/5.21.1/x86_64-linux/DynaLoader.pm line 193.
 at /tmp/loop_over_bdir-24917-CMQ8uh/Search-Tools-0.99-vN0UL6/blib/lib/Search/Tools/XML.pm line 6.
Compilation failed in require at /tmp/loop_over_bdir-24917-CMQ8uh/Search-Tools-0.99-vN0UL6/blib/lib/Search/Tools/XML.pm line 6.
BEGIN failed--compilation aborted at /tmp/loop_over_bdir-24917-CMQ8uh/Search-Tools-0.99-vN0UL6/blib/lib/Search/Tools/XML.pm line 6.
Compilation failed in require at t/35-whitespace.t line 5.
BEGIN failed--compilation aborted at t/35-whitespace.t line 5.
# Looks like your test exited with 2 before it could output anything.
t/35-whitespace.t .............. 
Dubious, test returned 2 (wstat 512, 0x200)
Failed 9/9 subtests 

#   Failed test 'use Search::Tools;'
#   at t/36-snipper-term-length.t line 5.
#     Tried to use 'Search::Tools'.
#     Error:  Can't load '/tmp/loop_over_bdir-24917-CMQ8uh/Search-Tools-0.99-vN0UL6/blib/arch/auto/Search/Tools/Tools.so' for module Search::Tools: /tmp/loop_over_bdir-24917-CMQ8uh/Search-Tools-0.99-vN0UL6/blib/arch/auto/Search/Tools/Tools.so: undefined symbol: _is_utf8_char_slow at /home/sand/src/perl/repoperls/installed-perls/perl/v5.21.0-256-ge09da69/165a/lib/5.21.1/x86_64-linux/DynaLoader.pm line 193.
#  at t/36-snipper-term-length.t line 5.
# Compilation failed in require at t/36-snipper-term-length.t line 5.
# BEGIN failed--compilation aborted at t/36-snipper-term-length.t line 5.
Attempt to reload Search/Tools.pm aborted.
Compilation failed in require at /tmp/loop_over_bdir-24917-CMQ8uh/Search-Tools-0.99-vN0UL6/blib/lib/Search/Tools/XML.pm line 6.
BEGIN failed--compilation aborted at /tmp/loop_over_bdir-24917-CMQ8uh/Search-Tools-0.99-vN0UL6/blib/lib/Search/Tools/XML.pm line 6.
Compilation failed in require at /tmp/loop_over_bdir-24917-CMQ8uh/Search-Tools-0.99-vN0UL6/blib/lib/Search/Tools/Snipper.pm line 7.
BEGIN failed--compilation aborted at /tmp/loop_over_bdir-24917-CMQ8uh/Search-Tools-0.99-vN0UL6/blib/lib/Search/Tools/Snipper.pm line 7.
Compilation failed in require at /tmp/loop_over_bdir-24917-CMQ8uh/Search-Tools-0.99-vN0UL6/blib/lib/Search/Tools.pm line 36.
# Looks like you planned 6 tests but ran 1.
# Looks like you failed 1 test of 1 run.
# Looks like your test exited with 255 just after 1.
t/36-snipper-term-length.t ..... 
Dubious, test returned 255 (wstat 65280, 0xff00)
Failed 6/6 subtests 
Can't load '/tmp/loop_over_bdir-24917-CMQ8uh/Search-Tools-0.99-vN0UL6/blib/arch/auto/Search/Tools/Tools.so' for module Search::Tools: /tmp/loop_over_bdir-24917-CMQ8uh/Search-Tools-0.99-vN0UL6/blib/arch/auto/Search/Tools/Tools.so: undefined symbol: _is_utf8_char_slow at /home/sand/src/perl/repoperls/installed-perls/perl/v5.21.0-256-ge09da69/165a/lib/5.21.1/x86_64-linux/DynaLoader.pm line 193.
 at /tmp/loop_over_bdir-24917-CMQ8uh/Search-Tools-0.99-vN0UL6/blib/lib/Search/Tools/XML.pm line 6.
Compilation failed in require at /tmp/loop_over_bdir-24917-CMQ8uh/Search-Tools-0.99-vN0UL6/blib/lib/Search/Tools/XML.pm line 6.
BEGIN failed--compilation aborted at /tmp/loop_over_bdir-24917-CMQ8uh/Search-Tools-0.99-vN0UL6/blib/lib/Search/Tools/XML.pm line 6.
Compilation failed in require at /tmp/loop_over_bdir-24917-CMQ8uh/Search-Tools-0.99-vN0UL6/blib/lib/Search/Tools/Snipper.pm line 7.
BEGIN failed--compilation aborted at /tmp/loop_over_bdir-24917-CMQ8uh/Search-Tools-0.99-vN0UL6/blib/lib/Search/Tools/Snipper.pm line 7.
Compilation failed in require at t/37-heatmap-long-sentences.t line 4.
BEGIN failed--compilation aborted at t/37-heatmap-long-sentences.t line 4.
# Looks like your test exited with 2 before it could output anything.
t/37-heatmap-long-sentences.t .. 
Dubious, test returned 2 (wstat 512, 0x200)
Failed 2/2 subtests 

#   Failed test 'use Search::Tools;'
#   at t/38-hiliter-multiple-terms.t line 8.
#     Tried to use 'Search::Tools'.
#     Error:  Can't load '/tmp/loop_over_bdir-24917-CMQ8uh/Search-Tools-0.99-vN0UL6/blib/arch/auto/Search/Tools/Tools.so' for module Search::Tools: /tmp/loop_over_bdir-24917-CMQ8uh/Search-Tools-0.99-vN0UL6/blib/arch/auto/Search/Tools/Tools.so: undefined symbol: _is_utf8_char_slow at /home/sand/src/perl/repoperls/installed-perls/perl/v5.21.0-256-ge09da69/165a/lib/5.21.1/x86_64-linux/DynaLoader.pm line 193.
#  at t/38-hiliter-multiple-terms.t line 8.
# Compilation failed in require at t/38-hiliter-multiple-terms.t line 8.
# BEGIN failed--compilation aborted at t/38-hiliter-multiple-terms.t line 8.
Attempt to reload Search/Tools.pm aborted.
Compilation failed in require at /tmp/loop_over_bdir-24917-CMQ8uh/Search-Tools-0.99-vN0UL6/blib/lib/Search/Tools/UTF8.pm line 5.
BEGIN failed--compilation aborted at /tmp/loop_over_bdir-24917-CMQ8uh/Search-Tools-0.99-vN0UL6/blib/lib/Search/Tools/UTF8.pm line 5.
Compilation failed in require at /tmp/loop_over_bdir-24917-CMQ8uh/Search-Tools-0.99-vN0UL6/blib/lib/Search/Tools/Query.pm line 12.
BEGIN failed--compilation aborted at /tmp/loop_over_bdir-24917-CMQ8uh/Search-Tools-0.99-vN0UL6/blib/lib/Search/Tools/Query.pm line 12.
Compilation failed in require at /tmp/loop_over_bdir-24917-CMQ8uh/Search-Tools-0.99-vN0UL6/blib/lib/Search/Tools/QueryParser.pm line 10.
BEGIN failed--compilation aborted at /tmp/loop_over_bdir-24917-CMQ8uh/Search-Tools-0.99-vN0UL6/blib/lib/Search/Tools/QueryParser.pm line 10.
Compilation failed in require at /tmp/loop_over_bdir-24917-CMQ8uh/Search-Tools-0.99-vN0UL6/blib/lib/Search/Tools.pm line 18.
# Looks like you planned 5 tests but ran 1.
# Looks like you failed 1 test of 1 run.
# Looks like your test exited with 255 just after 1.
t/38-hiliter-multiple-terms.t .. 
Dubious, test returned 255 (wstat 65280, 0xff00)
Failed 5/5 subtests 

#   Failed test 'use Search::Tools::Tokenizer;'
#   at t/39-tokenizer-refcounts.t line 6.
#     Tried to use 'Search::Tools::Tokenizer'.
#     Error:  Can't load '/tmp/loop_over_bdir-24917-CMQ8uh/Search-Tools-0.99-vN0UL6/blib/arch/auto/Search/Tools/Tools.so' for module Search::Tools: /tmp/loop_over_bdir-24917-CMQ8uh/Search-Tools-0.99-vN0UL6/blib/arch/auto/Search/Tools/Tools.so: undefined symbol: _is_utf8_char_slow at /home/sand/src/perl/repoperls/installed-perls/perl/v5.21.0-256-ge09da69/165a/lib/5.21.1/x86_64-linux/DynaLoader.pm line 193.
#  at /tmp/loop_over_bdir-24917-CMQ8uh/Search-Tools-0.99-vN0UL6/blib/lib/Search/Tools/Tokenizer.pm line 5.
# Compilation failed in require at /tmp/loop_over_bdir-24917-CMQ8uh/Search-Tools-0.99-vN0UL6/blib/lib/Search/Tools/Tokenizer.pm line 5.
# BEGIN failed--compilation aborted at /tmp/loop_over_bdir-24917-CMQ8uh/Search-Tools-0.99-vN0UL6/blib/lib/Search/Tools/Tokenizer.pm line 5.
# Compilation failed in require at t/39-tokenizer-refcounts.t line 6.
# BEGIN failed--compilation aborted at t/39-tokenizer-refcounts.t line 6.
Can't locate object method "tokenize" via package "Search::Tools::Tokenizer" at t/39-tokenizer-refcounts.t line 13.
# Looks like you planned 3 tests but ran 1.
# Looks like you failed 1 test of 1 run.
# Looks like your test exited with 255 just after 1.
t/39-tokenizer-refcounts.t ..... 
Dubious, test returned 255 (wstat 65280, 0xff00)
Failed 3/3 subtests 
t/40-perl517-regex.t ........... ok

#   Failed test 'use Search::Tools;'
#   at t/41-hiliter-blessed-query.t line 15.
#     Tried to use 'Search::Tools'.
#     Error:  Can't load '/tmp/loop_over_bdir-24917-CMQ8uh/Search-Tools-0.99-vN0UL6/blib/arch/auto/Search/Tools/Tools.so' for module Search::Tools: /tmp/loop_over_bdir-24917-CMQ8uh/Search-Tools-0.99-vN0UL6/blib/arch/auto/Search/Tools/Tools.so: undefined symbol: _is_utf8_char_slow at /home/sand/src/perl/repoperls/installed-perls/perl/v5.21.0-256-ge09da69/165a/lib/5.21.1/x86_64-linux/DynaLoader.pm line 193.
#  at t/41-hiliter-blessed-query.t line 15.
# Compilation failed in require at t/41-hiliter-blessed-query.t line 15.
# BEGIN failed--compilation aborted at t/41-hiliter-blessed-query.t line 15.

#   Failed test 'use Search::Tools::UTF8;'
#   at t/41-hiliter-blessed-query.t line 16.
#     Tried to use 'Search::Tools::UTF8'.
#     Error:  Attempt to reload Search/Tools.pm aborted.
# Compilation failed in require at /tmp/loop_over_bdir-24917-CMQ8uh/Search-Tools-0.99-vN0UL6/blib/lib/Search/Tools/UTF8.pm line 5.
# BEGIN failed--compilation aborted at /tmp/loop_over_bdir-24917-CMQ8uh/Search-Tools-0.99-vN0UL6/blib/lib/Search/Tools/UTF8.pm line 5.
# Compilation failed in require at t/41-hiliter-blessed-query.t line 16.
# BEGIN failed--compilation aborted at t/41-hiliter-blessed-query.t line 16.
Attempt to reload Search/Tools/UTF8.pm aborted.
Compilation failed in require at /tmp/loop_over_bdir-24917-CMQ8uh/Search-Tools-0.99-vN0UL6/blib/lib/Search/Tools/Query.pm line 12.
BEGIN failed--compilation aborted at /tmp/loop_over_bdir-24917-CMQ8uh/Search-Tools-0.99-vN0UL6/blib/lib/Search/Tools/Query.pm line 12.
Compilation failed in require at /tmp/loop_over_bdir-24917-CMQ8uh/Search-Tools-0.99-vN0UL6/blib/lib/Search/Tools/QueryParser.pm line 10.
BEGIN failed--compilation aborted at /tmp/loop_over_bdir-24917-CMQ8uh/Search-Tools-0.99-vN0UL6/blib/lib/Search/Tools/QueryParser.pm line 10.
Compilation failed in require at /tmp/loop_over_bdir-24917-CMQ8uh/Search-Tools-0.99-vN0UL6/blib/lib/Search/Tools.pm line 18.
# Looks like you planned 8 tests but ran 2.
# Looks like you failed 2 tests of 2 run.
# Looks like your test exited with 255 just after 2.
t/41-hiliter-blessed-query.t ... 
Dubious, test returned 255 (wstat 65280, 0xff00)
Failed 8/8 subtests 
Can't load '/tmp/loop_over_bdir-24917-CMQ8uh/Search-Tools-0.99-vN0UL6/blib/arch/auto/Search/Tools/Tools.so' for module Search::Tools: /tmp/loop_over_bdir-24917-CMQ8uh/Search-Tools-0.99-vN0UL6/blib/arch/auto/Search/Tools/Tools.so: undefined symbol: _is_utf8_char_slow at /home/sand/src/perl/repoperls/installed-perls/perl/v5.21.0-256-ge09da69/165a/lib/5.21.1/x86_64-linux/DynaLoader.pm line 193.
 at /tmp/loop_over_bdir-24917-CMQ8uh/Search-Tools-0.99-vN0UL6/blib/lib/Search/Tools/XML.pm line 6.
Compilation failed in require at /tmp/loop_over_bdir-24917-CMQ8uh/Search-Tools-0.99-vN0UL6/blib/lib/Search/Tools/XML.pm line 6.
BEGIN failed--compilation aborted at /tmp/loop_over_bdir-24917-CMQ8uh/Search-Tools-0.99-vN0UL6/blib/lib/Search/Tools/XML.pm line 6.
Compilation failed in require at /tmp/loop_over_bdir-24917-CMQ8uh/Search-Tools-0.99-vN0UL6/blib/lib/Search/Tools/Snipper.pm line 7.
BEGIN failed--compilation aborted at /tmp/loop_over_bdir-24917-CMQ8uh/Search-Tools-0.99-vN0UL6/blib/lib/Search/Tools/Snipper.pm line 7.
Compilation failed in require at t/90-leaktrace.t line 9.
BEGIN failed--compilation aborted at t/90-leaktrace.t line 9.
# Looks like your test exited with 2 before it could output anything.
t/90-leaktrace.t ............... 
Dubious, test returned 2 (wstat 512, 0x200)
Failed 2/2 subtests 
t/91-valgrind.t ................ skipped: Test::Valgrind has false positives
t/pod-coverage.t ............... skipped: set PERL_AUTHOR_TEST to test POD
t/pod.t ........................ skipped: set PERL_AUTHOR_TEST to test POD

#   Failed test 'use Search::Tools;'
#   at t/Search-Tools.t line 9.
#     Tried to use 'Search::Tools'.
#     Error:  Can't load '/tmp/loop_over_bdir-24917-CMQ8uh/Search-Tools-0.99-vN0UL6/blib/arch/auto/Search/Tools/Tools.so' for module Search::Tools: /tmp/loop_over_bdir-24917-CMQ8uh/Search-Tools-0.99-vN0UL6/blib/arch/auto/Search/Tools/Tools.so: undefined symbol: _is_utf8_char_slow at /home/sand/src/perl/repoperls/installed-perls/perl/v5.21.0-256-ge09da69/165a/lib/5.21.1/x86_64-linux/DynaLoader.pm line 193.
#  at t/Search-Tools.t line 9.
# Compilation failed in require at t/Search-Tools.t line 9.
# BEGIN failed--compilation aborted at t/Search-Tools.t line 9.
# Looks like you failed 1 test of 1.
t/Search-Tools.t ............... 
Dubious, test returned 1 (wstat 256, 0x100)
Failed 1/1 subtests 

Test Summary Report
-------------------
t/00-load.t                  (Wstat: 256 Tests: 1 Failed: 1)
  Failed test:  1
  Non-zero exit status: 1
t/02regexp.t                 (Wstat: 65280 Tests: 1 Failed: 1)
  Failed test:  1
  Non-zero exit status: 255
  Parse errors: Bad plan.  You planned 68 tests but ran 1.
t/03snip.t                   (Wstat: 65280 Tests: 1 Failed: 1)
  Failed test:  1
  Non-zero exit status: 255
  Parse errors: Bad plan.  You planned 20 tests but ran 1.
t/04hilite.t                 (Wstat: 65280 Tests: 2 Failed: 2)
  Failed tests:  1-2
  Non-zero exit status: 255
  Parse errors: Bad plan.  You planned 19 tests but ran 2.
t/05stopwords.t              (Wstat: 65280 Tests: 1 Failed: 1)
  Failed test:  1
  Non-zero exit status: 255
  Parse errors: Bad plan.  You planned 13 tests but ran 1.
t/06xml.t                    (Wstat: 65280 Tests: 2 Failed: 2)
  Failed tests:  1-2
  Non-zero exit status: 255
  Parse errors: Bad plan.  You planned 13 tests but ran 2.
t/07stemmer.t                (Wstat: 65280 Tests: 1 Failed: 1)
  Failed test:  1
  Non-zero exit status: 255
  Parse errors: Bad plan.  You planned 18 tests but ran 1.
t/08transliterate.t          (Wstat: 65280 Tests: 2 Failed: 2)
  Failed tests:  1-2
  Non-zero exit status: 255
  Parse errors: Bad plan.  You planned 14 tests but ran 2.
t/09locale.t                 (Wstat: 512 Tests: 0 Failed: 0)
  Non-zero exit status: 2
  Parse errors: Bad plan.  You planned 2 tests but ran 0.
t/10spellcheck.t             (Wstat: 512 Tests: 1 Failed: 1)
  Failed test:  1
  Non-zero exit status: 2
  Parse errors: Bad plan.  You planned 9 tests but ran 1.
t/11synopsis.t               (Wstat: 512 Tests: 0 Failed: 0)
  Non-zero exit status: 2
  Parse errors: Bad plan.  You planned 2 tests but ran 0.
t/12utf8.t                   (Wstat: 65280 Tests: 1 Failed: 1)
  Failed test:  1
  Non-zero exit status: 255
  Parse errors: Bad plan.  You planned 34 tests but ran 1.
t/13-snip-linux-user-group.t (Wstat: 512 Tests: 0 Failed: 0)
  Non-zero exit status: 2
  Parse errors: No plan found in TAP output
t/14-findaprofessional.t     (Wstat: 512 Tests: 0 Failed: 0)
  Non-zero exit status: 2
  Parse errors: No plan found in TAP output
t/15-child-adoption.t        (Wstat: 512 Tests: 0 Failed: 0)
  Non-zero exit status: 2
  Parse errors: No plan found in TAP output
t/16-dot.com.t               (Wstat: 512 Tests: 0 Failed: 0)
  Non-zero exit status: 2
  Parse errors: No plan found in TAP output
t/17-tokenizer.t             (Wstat: 512 Tests: 0 Failed: 0)
  Non-zero exit status: 2
  Parse errors: Bad plan.  You planned 1263 tests but ran 0.
t/18-tokenizer-mem.t         (Wstat: 65280 Tests: 3 Failed: 2)
  Failed tests:  1-2
  Non-zero exit status: 255
  Parse errors: Bad plan.  You planned 29 tests but ran 3.
t/19-tokenizer-pp.t          (Wstat: 512 Tests: 0 Failed: 0)
  Non-zero exit status: 2
  Parse errors: Bad plan.  You planned 1263 tests but ran 0.
t/20transliterate-map.t      (Wstat: 512 Tests: 0 Failed: 0)
  Non-zero exit status: 2
  Parse errors: Bad plan.  You planned 10 tests but ran 0.
t/21-hiliter-with-hyphen.t   (Wstat: 512 Tests: 0 Failed: 0)
  Non-zero exit status: 2
  Parse errors: No plan found in TAP output
t/22-query-parser.t          (Wstat: 65280 Tests: 2 Failed: 1)
  Failed test:  1
  Non-zero exit status: 255
  Parse errors: Bad plan.  You planned 25 tests but ran 2.
t/23-regex-builder.t         (Wstat: 65280 Tests: 2 Failed: 1)
  Failed test:  1
  Non-zero exit status: 255
  Parse errors: Bad plan.  You planned 14 tests but ran 2.
t/24-child-abuse.t           (Wstat: 512 Tests: 0 Failed: 0)
  Non-zero exit status: 2
  Parse errors: No plan found in TAP output
t/25-domestic-accounts.t     (Wstat: 512 Tests: 0 Failed: 0)
  Non-zero exit status: 2
  Parse errors: No plan found in TAP output
t/26-is-sentence.t           (Wstat: 512 Tests: 0 Failed: 0)
  Non-zero exit status: 2
  Parse errors: Bad plan.  You planned 25 tests but ran 0.
t/27-bigfile.t               (Wstat: 512 Tests: 0 Failed: 0)
  Non-zero exit status: 2
  Parse errors: No plan found in TAP output
t/28-byte-length.t           (Wstat: 512 Tests: 0 Failed: 0)
  Non-zero exit status: 2
  Parse errors: Bad plan.  You planned 4 tests but ran 0.
t/29-hiliter-wildcard.t      (Wstat: 65280 Tests: 1 Failed: 1)
  Failed test:  1
  Non-zero exit status: 255
  Parse errors: Bad plan.  You planned 14 tests but ran 1.
t/30-perl-to-xml.t           (Wstat: 512 Tests: 0 Failed: 0)
  Non-zero exit status: 2
  Parse errors: Bad plan.  You planned 10 tests but ran 0.
t/31-snip-phrases.t          (Wstat: 65280 Tests: 2 Failed: 2)
  Failed tests:  1-2
  Non-zero exit status: 255
  Parse errors: Bad plan.  You planned 22 tests but ran 2.
t/32-pre-existing.t          (Wstat: 65280 Tests: 2 Failed: 2)
  Failed tests:  1-2
  Non-zero exit status: 255
  Parse errors: Bad plan.  You planned 5 tests but ran 2.
t/33-matches.t               (Wstat: 512 Tests: 0 Failed: 0)
  Non-zero exit status: 2
  Parse errors: Bad plan.  You planned 8 tests but ran 0.
t/34-style-hilite.t          (Wstat: 65280 Tests: 2 Failed: 2)
  Failed tests:  1-2
  Non-zero exit status: 255
  Parse errors: Bad plan.  You planned 6 tests but ran 2.
t/35-whitespace.t            (Wstat: 512 Tests: 0 Failed: 0)
  Non-zero exit status: 2
  Parse errors: Bad plan.  You planned 9 tests but ran 0.
t/36-snipper-term-length.t   (Wstat: 65280 Tests: 1 Failed: 1)
  Failed test:  1
  Non-zero exit status: 255
  Parse errors: Bad plan.  You planned 6 tests but ran 1.
t/37-heatmap-long-sentences.t (Wstat: 512 Tests: 0 Failed: 0)
  Non-zero exit status: 2
  Parse errors: Bad plan.  You planned 2 tests but ran 0.
t/38-hiliter-multiple-terms.t (Wstat: 65280 Tests: 1 Failed: 1)
  Failed test:  1
  Non-zero exit status: 255
  Parse errors: Bad plan.  You planned 5 tests but ran 1.
t/39-tokenizer-refcounts.t   (Wstat: 65280 Tests: 1 Failed: 1)
  Failed test:  1
  Non-zero exit status: 255
  Parse errors: Bad plan.  You planned 3 tests but ran 1.
t/41-hiliter-blessed-query.t (Wstat: 65280 Tests: 2 Failed: 2)
  Failed tests:  1-2
  Non-zero exit status: 255
  Parse errors: Bad plan.  You planned 8 tests but ran 2.
t/90-leaktrace.t             (Wstat: 512 Tests: 0 Failed: 0)
  Non-zero exit status: 2
  Parse errors: Bad plan.  You planned 2 tests but ran 0.
t/Search-Tools.t             (Wstat: 256 Tests: 1 Failed: 1)
  Failed test:  1
  Non-zero exit status: 1
Files=46, Tests=35,  2 wallclock secs ( 0.11 usr  0.01 sys +  1.85 cusr  0.20 csys =  2.17 CPU)
Result: FAIL
Failed 42/46 test programs. 30/35 subtests failed.
make: *** [test_dynamic] Error 1

------------------------------
PREREQUISITES
------------------------------

Prerequisite modules loaded:

requires:

    Module              Need     Have    
    ------------------- -------- --------
    Data::Dump          0        1.22    
    Encode              0        2.62    
    Encoding::FixLatin  0        1.04    
    File::Basename      0        2.85    
    File::Slurp         0        9999.19 
    perl                5.008003 5.021001
    Rose::ObjectX::CAF  0.03     0.03    
    Scalar::Util        0        1.38    
    Search::Query       0.18     0.300   
    Test::More          0.94     1.001003

build_requires:

    Module              Need     Have    
    ------------------- -------- --------
    ExtUtils::MakeMaker 0        6.98    

configure_requires:

    Module              Need     Have    
    ------------------- -------- --------
    ExtUtils::MakeMaker 0        6.98    


------------------------------
ENVIRONMENT AND OTHER CONTEXT
------------------------------

Environment variables:

    AUTOMATED_TESTING = 1
    LANG = en_US.UTF-8
    LANGUAGE = en_US:en
    PATH = /usr/lib/ccache:/home/sand/bin:/usr/local/bin:/usr/bin:/bin:/usr/games:/usr/local/perl/bin:/usr/X11/bin:/sbin:/usr/sbin
    PERL5LIB = /tmp/loop_over_bdir-24917-CMQ8uh/ProjectBuilder-0.12.2-jlu8By/blib/arch:/tmp/loop_over_bdir-24917-CMQ8uh/ProjectBuilder-0.12.2-jlu8By/blib/lib
    PERL5OPT = 
    PERL5_CPANPLUS_IS_RUNNING = 5914
    PERL5_CPAN_IS_RUNNING = 5914
    PERL_MM_USE_DEFAULT = 1
    SHELL = /usr/bin/zsh
    TERM = screen

Perl special variables (and OS-specific diagnostics, for MSWin32):

    $^X = /tmp/basesmoker-reloperl-5lLk/bin/perl
    $UID/$EUID = 1005 / 1005
    $GID = 1005 1005
    $EGID = 1005 1005

Perl module toolchain versions installed:

    Module              Have    
    ------------------- --------
    CPAN                2.05    
    CPAN::Meta          2.141520
    Cwd                 3.48    
    ExtUtils::CBuilder  0.280216
    ExtUtils::Command   1.18    
    ExtUtils::Install   1.67    
    ExtUtils::MakeMaker 6.98    
    ExtUtils::Manifest  1.63    
    ExtUtils::ParseXS   3.24    
    File::Spec          3.48    
    JSON                2.90    
    JSON::PP            2.27203 
    Module::Build       0.4205  
    Module::Signature   0.73    
    Parse::CPAN::Meta   1.4414  
    Test::Harness       3.30    
    Test::More          1.001003
    YAML                0.92    
    YAML::Syck          1.27    
    version             0.9908  


--

Summary of my perl5 (revision 5 version 21 subversion 1) configuration:
  Commit id: e09da698b42c898af9dba142f97e619c013fb501
  Platform:
    osname=linux, osvers=3.13-1-amd64, archname=x86_64-linux
    uname='linux k83 3.13-1-amd64 #1 smp debian 3.13.7-1 (2014-03-25) x86_64 gnulinux '
    config_args='-Dprefix=/home/sand/src/perl/repoperls/installed-perls/perl/v5.21.0-256-ge09da69/165a -Dmyhostname=k83 -Dinstallusrbinperl=n -Uversiononly -Dusedevel -des -Ui_db -Uuseithreads -Uuselongdouble -DDEBUGGING=-g'
    hint=recommended, useposix=true, d_sigaction=define
    useithreads=undef, usemultiplicity=undef
    use64bitint=define, use64bitall=define, uselongdouble=undef
    usemymalloc=n, bincompat5005=undef
  Compiler:
    cc='cc', ccflags ='-fwrapv -fno-strict-aliasing -pipe -fstack-protector -I/usr/local/include -D_LARGEFILE_SOURCE -D_FILE_OFFSET_BITS=64',
    optimize='-O2 -g',
    cppflags='-fwrapv -fno-strict-aliasing -pipe -fstack-protector -I/usr/local/include'
    ccversion='', gccversion='4.8.2', gccosandvers=''
    intsize=4, longsize=8, ptrsize=8, doublesize=8, byteorder=12345678
    d_longlong=define, longlongsize=8, d_longdbl=define, longdblsize=16
    ivtype='long', ivsize=8, nvtype='double', nvsize=8, Off_t='off_t', lseeksize=8
    alignbytes=8, prototype=define
  Linker and Libraries:
    ld='cc', ldflags =' -fstack-protector -L/usr/local/lib'
    libpth=/usr/local/lib /usr/lib/gcc/x86_64-linux-gnu/4.8/include-fixed /usr/include/x86_64-linux-gnu /usr/lib /lib/x86_64-linux-gnu /lib/../lib /usr/lib/x86_64-linux-gnu /usr/lib/../lib /lib
    libs=-lnsl -lgdbm -ldb -ldl -lm -lcrypt -lutil -lc -lgdbm_compat
    perllibs=-lnsl -ldl -lm -lcrypt -lutil -lc
    libc=libc-2.18.so, so=so, useshrplib=false, libperl=libperl.a
    gnulibc_version='2.18'
  Dynamic Linking:
    dlsrc=dl_dlopen.xs, dlext=so, d_dlsymun=undef, ccdlflags='-Wl,-E'
    cccdlflags='-fPIC', lddlflags='-shared -O2 -g -L/usr/local/lib -fstack-protector'


Characteristics of this binary (from libperl): 
  Compile-time options: HAS_TIMES PERLIO_LAYERS PERL_DONT_CREATE_GVSV
                        PERL_HASH_FUNC_ONE_AT_A_TIME_HARD PERL_MALLOC_WRAP
                        PERL_NEW_COPY_ON_WRITE PERL_PRESERVE_IVUV
                        PERL_USE_DEVEL USE_64_BIT_ALL USE_64_BIT_INT
                        USE_LARGE_FILES USE_LOCALE USE_LOCALE_COLLATE
                        USE_LOCALE_CTYPE USE_LOCALE_NUMERIC USE_PERLIO
                        USE_PERL_ATOF
  Built under linux
  Compiled at Jun  2 2014 22:07:04
  %ENV:
    PERL5LIB="/tmp/loop_over_bdir-24917-CMQ8uh/ProjectBuilder-0.12.2-jlu8By/blib/arch:/tmp/loop_over_bdir-24917-CMQ8uh/ProjectBuilder-0.12.2-jlu8By/blib/lib"
    PERL5OPT=""
    PERL5_CPANPLUS_IS_RUNNING="5914"
    PERL5_CPAN_IS_RUNNING="5914"
    PERL_MM_USE_DEFAULT="1"
  @INC:
    /tmp/loop_over_bdir-24917-CMQ8uh/ProjectBuilder-0.12.2-jlu8By/blib/arch
    /tmp/loop_over_bdir-24917-CMQ8uh/ProjectBuilder-0.12.2-jlu8By/blib/lib
    /home/sand/src/perl/repoperls/installed-perls/perl/v5.21.0-256-ge09da69/165a/lib/site_perl/5.21.1/x86_64-linux
    /home/sand/src/perl/repoperls/installed-perls/perl/v5.21.0-256-ge09da69/165a/lib/site_perl/5.21.1
    /home/sand/src/perl/repoperls/installed-perls/perl/v5.21.0-256-ge09da69/165a/lib/5.21.1/x86_64-linux
    /home/sand/src/perl/repoperls/installed-perls/perl/v5.21.0-256-ge09da69/165a/lib/5.21.1
    .