Report for POE-Session-Cascading-1.04

Back
From: metabase:user:30977d10-2aae-11df-837a-5e0a49663a4f
Subject: FAIL POE-Session-Cascading-1.04 v5.10.1 GNU/Linux
Date: 2011-07-26T16:05:47Z

This distribution has been tested as part of the CPAN Testers
project, supporting the Perl programming language.  See
http://wiki.cpantesters.org/ for more information or email
questions to cpan-testers-discuss@perl.org


--
Dear sungo,

This is a computer-generated report for POE-Session-Cascading-1.04
on perl 5.10.1, created by CPAN-Reporter-1.19_04.

Thank you for uploading your work to CPAN.  However, there was a problem
testing your distribution.

If you think this report is invalid, please consult the CPAN Testers Wiki
for suggestions on how to avoid getting FAIL reports for missing library
or binary dependencies, unsupported operating systems, and so on:

http://wiki.cpantesters.org/wiki/CPANAuthorNotes

Sections of this report:

    * Tester comments
    * Program output
    * Prerequisites
    * Environment and other context

------------------------------
TESTER COMMENTS
------------------------------

Additional comments from tester:

this report is from an automated smoke testing program
and was not reviewed by a human for accuracy

------------------------------
PROGRAM OUTPUT
------------------------------

Output from '/usr/bin/make test':

PERL_DL_NONLAZY=1 /home/trushel/perl/perl5101th/bin/perl "-MExtUtils::Command::MM" "-e" "test_harness(0, 'inc', 'blib/lib', 'blib/arch')" ./t/00-distribution.t ./t/_internals/creation.t ./t/_internals/invoke_state.t ./t/_internals/swap.t ./t/api/basic.t ./t/api/data_propogation.t ./t/multiplicity/dual.t
./t/00-distribution.t .......... ok
./t/_internals/creation.t ...... ok
./t/_internals/invoke_state.t .. ok
./t/_internals/swap.t .......... ok

#   Failed test 'exception check'
#   at ./t/api/basic.t line 21.
#          got: 'Can't locate object method "_set_id" via package "POE::Session::Cascading" at /home/trushel/perl/perl5101th/lib/site_perl/5.10.1/POE/Kernel.pm line 1399.
# '
#     expected: ''

#   Failed test 'whole tree propogation'
#   at ./t/api/basic.t line 22.
#          got: undef
#     expected: '123456'

#   Failed test 'exception check'
#   at ./t/api/basic.t line 32.
#          got: 'Can't locate object method "_set_id" via package "POE::Session::Cascading" at /home/trushel/perl/perl5101th/lib/site_perl/5.10.1/POE/Kernel.pm line 1399.
# '
#     expected: ''

#   Failed test 'partial tree propogation (2-6)'
#   at ./t/api/basic.t line 33.
#          got: undef
#     expected: '23456'

#   Failed test 'exception check'
#   at ./t/api/basic.t line 42.
#          got: 'Can't locate object method "_set_id" via package "POE::Session::Cascading" at /home/trushel/perl/perl5101th/lib/site_perl/5.10.1/POE/Kernel.pm line 1399.
# '
#     expected: ''

#   Failed test 'partial tree propogation (3-6)'
#   at ./t/api/basic.t line 43.
#          got: undef
#     expected: '3456'

#   Failed test 'exception check'
#   at ./t/api/basic.t line 51.
#          got: 'Can't locate object method "_set_id" via package "POE::Session::Cascading" at /home/trushel/perl/perl5101th/lib/site_perl/5.10.1/POE/Kernel.pm line 1399.
# '
#     expected: ''

#   Failed test 'partial tree propogation (4-6)'
#   at ./t/api/basic.t line 52.
#          got: undef
#     expected: '456'

#   Failed test 'exception check'
#   at ./t/api/basic.t line 61.
#          got: 'Can't locate object method "_set_id" via package "POE::Session::Cascading" at /home/trushel/perl/perl5101th/lib/site_perl/5.10.1/POE/Kernel.pm line 1399.
# '
#     expected: ''

#   Failed test 'partial tree propogation (5-6)'
#   at ./t/api/basic.t line 62.
#          got: undef
#     expected: '56'

#   Failed test 'exception check'
#   at ./t/api/basic.t line 71.
#          got: 'Can't locate object method "_set_id" via package "POE::Session::Cascading" at /home/trushel/perl/perl5101th/lib/site_perl/5.10.1/POE/Kernel.pm line 1399.
# '
#     expected: ''

#   Failed test 'partial tree propogation (6-6)'
#   at ./t/api/basic.t line 72.
#          got: undef
#     expected: '6'

#   Failed test 'exception check'
#   at ./t/api/basic.t line 81.
#          got: 'Can't locate object method "_set_id" via package "POE::Session::Cascading" at /home/trushel/perl/perl5101th/lib/site_perl/5.10.1/POE/Kernel.pm line 1399.
# '
#     expected: ''

#   Failed test 'single state propogation (7)'
#   at ./t/api/basic.t line 82.
#          got: undef
#     expected: 'undef'

#   Failed test 'exception check'
#   at ./t/api/basic.t line 90.
#          got: 'Can't locate object method "_set_id" via package "POE::Session::Cascading" at /home/trushel/perl/perl5101th/lib/site_perl/5.10.1/POE/Kernel.pm line 1399.
# '
#     expected: ''

#   Failed test 'partial tree propogation (3-6)'
#   at ./t/api/basic.t line 91.
#          got: undef
#     expected: '3456'
# Looks like you failed 16 tests of 17.
=== 30275 === Sessions were started, but POE::Kernel's run() method was never
called to execute them.  This usually happens because an error
occurred before POE::Kernel->run() could be called.  Please fix
any errors above this notice, and be sure that POE::Kernel->run()
is called.  See documentation for POE::Kernel's run() method for
another way to disable this warning.
./t/api/basic.t ................ 
Dubious, test returned 16 (wstat 4096, 0x1000)
Failed 16/17 subtests 
Can't locate object method "_set_id" via package "POE::Session::Cascading" at /home/trushel/perl/perl5101th/lib/site_perl/5.10.1/POE/Kernel.pm line 1399.
# Looks like your test exited with 255 just after 1.
=== 30277 === Sessions were started, but POE::Kernel's run() method was never
called to execute them.  This usually happens because an error
occurred before POE::Kernel->run() could be called.  Please fix
any errors above this notice, and be sure that POE::Kernel->run()
is called.  See documentation for POE::Kernel's run() method for
another way to disable this warning.
./t/api/data_propogation.t ..... 
Dubious, test returned 255 (wstat 65280, 0xff00)
All 1 subtests passed 
Can't locate object method "_set_id" via package "POE::Session::Cascading" at /home/trushel/perl/perl5101th/lib/site_perl/5.10.1/POE/Kernel.pm line 1399.
# Looks like you planned 15 tests but ran 1.
# Looks like your test exited with 255 just after 1.
=== 30278 === Sessions were started, but POE::Kernel's run() method was never
called to execute them.  This usually happens because an error
occurred before POE::Kernel->run() could be called.  Please fix
any errors above this notice, and be sure that POE::Kernel->run()
is called.  See documentation for POE::Kernel's run() method for
another way to disable this warning.
./t/multiplicity/dual.t ........ 
Dubious, test returned 255 (wstat 65280, 0xff00)
Failed 14/15 subtests 

Test Summary Report
-------------------
./t/api/basic.t              (Wstat: 4096 Tests: 17 Failed: 16)
  Failed tests:  2-17
  Non-zero exit status: 16
./t/api/data_propogation.t   (Wstat: 65280 Tests: 1 Failed: 0)
  Non-zero exit status: 255
./t/multiplicity/dual.t      (Wstat: 65280 Tests: 1 Failed: 0)
  Non-zero exit status: 255
  Parse errors: Bad plan.  You planned 15 tests but ran 1.
Files=7, Tests=58,  1 wallclock secs ( 0.02 usr  0.03 sys +  0.59 cusr  0.12 csys =  0.76 CPU)
Result: FAIL
Failed 3/7 test programs. 16/58 subtests failed.
make: *** [test_dynamic] Error 255

------------------------------
PREREQUISITES
------------------------------

Prerequisite modules loaded:

requires:

    Module              Need Have 
    ------------------- ---- -----
    Carp                0    1.11 
    ExtUtils::MakeMaker 6.58 6.58 
    POE                 0.19 1.311
    Test::More          0    0.98 

build_requires:

    Module              Need Have 
    ------------------- ---- -----
    ExtUtils::MakeMaker 0    6.58 


------------------------------
ENVIRONMENT AND OTHER CONTEXT
------------------------------

Environment variables:

    AUTOMATED_TESTING = 1
    LANG = en_US.UTF-8
    LANGUAGE = en
    LC_COLLATE = C
    LC_MONETARY = C
    LC_NUMERIC = C
    LC_TIME = C
    PATH = /usr/local/sbin:/usr/local/bin:/usr/sbin:/usr/bin:/sbin:/bin
    PERL5LIB = 
    PERL5OPT = 
    PERL5_CPANPLUS_IS_RUNNING = 30036
    PERL5_CPAN_IS_RUNNING = 30036
    PERL5_CPAN_IS_RUNNING_IN_RECURSION = 6249,30036
    PERL_CR_SMOKER_CURRENT = POE-Session-Cascading-1.04
    PERL_EXTUTILS_AUTOINSTALL = --defaultdeps
    PERL_MM_USE_DEFAULT = 1
    SHELL = /bin/bash
    TERM = xterm

Perl special variables (and OS-specific diagnostics, for MSWin32):

    $^X = /home/trushel/perl/perl5101th/bin/perl
    $UID/$EUID = 138375 / 138375
    $GID = 5762 4 20 21 24 25 26 30 44 46 104 105 119 122 431 5762
    $EGID = 5762 4 20 21 24 25 26 30 44 46 104 105 119 122 431 5762

Perl module toolchain versions installed:

    Module              Have       
    ------------------- -----------
    CPAN                1.97_51    
    CPAN::Meta          2.110930001
    Cwd                 3.33       
    ExtUtils::CBuilder  0.280202   
    ExtUtils::Command   1.16       
    ExtUtils::Install   1.54       
    ExtUtils::MakeMaker 6.58       
    ExtUtils::Manifest  1.58       
    ExtUtils::ParseXS   2.2206     
    File::Spec          3.33       
    JSON                2.53       
    JSON::PP            2.27200    
    Module::Build       0.3800     
    Module::Signature   n/a        
    Parse::CPAN::Meta   1.4401     
    Test::Harness       3.23       
    Test::More          0.98       
    YAML                0.73       
    YAML::Syck          1.17       
    version             0.91       


--

Summary of my perl5 (revision 5 version 10 subversion 1) configuration:
   
  Platform:
    osname=linux, osvers=2.6.32-33-generic, archname=x86_64-linux-thread-multi
    uname='linux trushel-glaptop 2.6.32-33-generic #70-ubuntu smp thu jul 7 21:13:52 utc 2011 x86_64 gnulinux '
    config_args=''
    hint=recommended, useposix=true, d_sigaction=define
    useithreads=define, usemultiplicity=define
    useperlio=define, d_sfio=undef, uselargefiles=define, usesocks=undef
    use64bitint=define, use64bitall=define, uselongdouble=undef
    usemymalloc=n, bincompat5005=undef
  Compiler:
    cc='cc', ccflags ='-D_REENTRANT -D_GNU_SOURCE -fno-strict-aliasing -pipe -fstack-protector -I/usr/local/include -D_LARGEFILE_SOURCE -D_FILE_OFFSET_BITS=64',
    optimize='-O2',
    cppflags='-D_REENTRANT -D_GNU_SOURCE -fno-strict-aliasing -pipe -fstack-protector -I/usr/local/include'
    ccversion='', gccversion='4.4.3', gccosandvers=''
    intsize=4, longsize=8, ptrsize=8, doublesize=8, byteorder=12345678
    d_longlong=define, longlongsize=8, d_longdbl=define, longdblsize=16
    ivtype='long', ivsize=8, nvtype='double', nvsize=8, Off_t='off_t', lseeksize=8
    alignbytes=8, prototype=define
  Linker and Libraries:
    ld='cc', ldflags =' -fstack-protector -L/usr/local/lib'
    libpth=/usr/local/lib /lib /usr/lib /lib64 /usr/lib64
    libs=-lnsl -ldb -ldl -lm -lcrypt -lutil -lpthread -lc
    perllibs=-lnsl -ldl -lm -lcrypt -lutil -lpthread -lc
    libc=/lib/libc-2.11.1.so, so=so, useshrplib=false, libperl=libperl.a
    gnulibc_version='2.11.1'
  Dynamic Linking:
    dlsrc=dl_dlopen.xs, dlext=so, d_dlsymun=undef, ccdlflags='-Wl,-E'
    cccdlflags='-fPIC', lddlflags='-shared -O2 -L/usr/local/lib -fstack-protector'


Characteristics of this binary (from libperl): 
  Compile-time options: MULTIPLICITY PERL_DONT_CREATE_GVSV
                        PERL_IMPLICIT_CONTEXT PERL_MALLOC_WRAP USE_64_BIT_ALL
                        USE_64_BIT_INT USE_ITHREADS USE_LARGE_FILES
                        USE_PERLIO USE_REENTRANT_API
  Built under linux
  Compiled at Jul 22 2011 04:11:41
  %ENV:
    PERL5LIB=""
    PERL5OPT=""
    PERL5_CPANPLUS_IS_RUNNING="30036"
    PERL5_CPAN_IS_RUNNING="30036"
    PERL5_CPAN_IS_RUNNING_IN_RECURSION="6249,30036"
    PERL_CR_SMOKER_CURRENT="POE-Session-Cascading-1.04"
    PERL_EXTUTILS_AUTOINSTALL="--defaultdeps"
    PERL_MM_USE_DEFAULT="1"
  @INC:
    /home/trushel/perl/perl5101th/lib/5.10.1/x86_64-linux-thread-multi
    /home/trushel/perl/perl5101th/lib/5.10.1
    /home/trushel/perl/perl5101th/lib/site_perl/5.10.1/x86_64-linux-thread-multi
    /home/trushel/perl/perl5101th/lib/site_perl/5.10.1
    .