Crypt-PKCS10 v2.005 Perl 5 v5.20.1 i86pc-solaris-thread-multi-64
- Status
- Fail
- From
- Chris Williams (BINGOS)
- Dist
-
Crypt-PKCS10 v2.005
- Platform
- Perl 5 v5.20.1 i86pc-solaris-thread-multi-64
- Date
- 2023-01-11 17:41:05
- ID
- 1f9ea1a2-91d7-11ed-aba6-9a79f339625c
This distribution has been tested as part of the CPAN Testers
project, supporting the Perl programming language. See
http://wiki.cpantesters.org/ for more information or email
questions to cpan-testers-discuss@perl.org
--
Dear MRSCOTTY,
This is a computer-generated error report created automatically by
CPANPLUS, version 0.9914. Testers personal comments may appear
at the end of this report.
Thank you for uploading your work to CPAN. However, it appears that
there were some problems testing your distribution.
TEST RESULTS:
Below is the error stack from stage 'make test':
t/0-signature.t ..... skipped: Set the environment variable TEST_SIGNATURE to enable this test.
# Perl /home/cpan/pit/thr/perl-5.20.1/bin/perl version 5.20.1
# OpenSSL 1.1.1q 5 Jul 2022
# built on: Wed Aug 10 12:56:45 2022 UTC
# platform: solaris64-x86_64-gcc
# options: bn(64,64) rc4(16x,int) des(int) idea(int) blowfish(ptr)
# compiler: gcc -fPIC -m64 -pthread -O2 -fno-aggressive-loop-optimizations
# -fstack-protector-strong -m64 -Wa,--noexecstack -Wall
# -O3 -gdwarf-2 -DFILIO_H -DL_ENDIAN -DOPENSSL_PIC
# -DOPENSSL_CPUID_OBJ -DOPENSSL_IA32_SSE2
# -DOPENSSL_BN_ASM_MONT -DOPENSSL_BN_ASM_MONT5
# -DOPENSSL_BN_ASM_GF2m -DSHA1_ASM -DSHA256_ASM
# -DSHA512_ASM -DKECCAK1600_ASM -DRC4_ASM -DMD5_ASM
# -DAESNI_ASM -DVPAES_ASM -DGHASH_ASM -DECP_NISTZ256_ASM
# -DX25519_ASM -DPOLY1305_ASM -DZLIB -DNDEBUG
# -DOPENSSL_API_COMPAT=0x10000000L
# OPENSSLDIR: "/usr/ssl"
# ENGINESDIR: "/usr/lib/amd64/engines-1.1"
# Seeding source: os-specific
# ciphers: AES128-GCM-SHA256 AES128-SHA AES128-SHA256 AES256-GCM-SHA384 AES256-SHA
# AES256-SHA256 DHE-PSK-AES128-CBC-SHA
# DHE-PSK-AES128-CBC-SHA256 DHE-PSK-AES128-GCM-SHA256
# DHE-PSK-AES256-CBC-SHA DHE-PSK-AES256-CBC-SHA384
# DHE-PSK-AES256-GCM-SHA384 DHE-PSK-CHACHA20-POLY1305
# DHE-RSA-AES128-GCM-SHA256 DHE-RSA-AES128-SHA
# DHE-RSA-AES128-SHA256 DHE-RSA-AES256-GCM-SHA384
# DHE-RSA-AES256-SHA DHE-RSA-AES256-SHA256
# DHE-RSA-CHACHA20-POLY1305 ECDHE-ECDSA-AES128-GCM-SHA256
# ECDHE-ECDSA-AES128-SHA ECDHE-ECDSA-AES128-SHA256
# ECDHE-ECDSA-AES256-GCM-SHA384 ECDHE-ECDSA-AES256-SHA
# ECDHE-ECDSA-AES256-SHA384 ECDHE-ECDSA-CHACHA20-POLY1305
# ECDHE-PSK-AES128-CBC-SHA ECDHE-PSK-AES128-CBC-SHA256
# ECDHE-PSK-AES256-CBC-SHA ECDHE-PSK-AES256-CBC-SHA384
# ECDHE-PSK-CHACHA20-POLY1305 ECDHE-RSA-AES128-GCM-SHA256
# ECDHE-RSA-AES128-SHA ECDHE-RSA-AES128-SHA256
# ECDHE-RSA-AES256-GCM-SHA384 ECDHE-RSA-AES256-SHA
# ECDHE-RSA-AES256-SHA384 ECDHE-RSA-CHACHA20-POLY1305
# PSK-AES128-CBC-SHA PSK-AES128-CBC-SHA256
# PSK-AES128-GCM-SHA256 PSK-AES256-CBC-SHA
# PSK-AES256-CBC-SHA384 PSK-AES256-GCM-SHA384
# PSK-CHACHA20-POLY1305 RSA-PSK-AES128-CBC-SHA
# RSA-PSK-AES128-CBC-SHA256 RSA-PSK-AES128-GCM-SHA256
# RSA-PSK-AES256-CBC-SHA RSA-PSK-AES256-CBC-SHA384
# RSA-PSK-AES256-GCM-SHA384 RSA-PSK-CHACHA20-POLY1305
# SRP-AES-128-CBC-SHA SRP-AES-256-CBC-SHA
# SRP-RSA-AES-128-CBC-SHA SRP-RSA-AES-256-CBC-SHA
# TLS_AES_128_GCM_SHA256 TLS_AES_256_GCM_SHA384
# TLS_CHACHA20_POLY1305_SHA256
# Skipping DSA, RSA tests: no support
t/02_base.t ......... ok
t/03_ecc.t .......... skipped: Crypt::PK::ECC is not installed, skipping ECC tests
Can't call method "subject" on an undefined value at t/04_complex_rdn.t line 33.
# Looks like your test exited with 2 before it could output anything.
t/04_complex_rdn.t ..
Dubious, test returned 2 (wstat 512, 0x200)
Failed 2/2 subtests
Test Summary Report
-------------------
t/04_complex_rdn.t (Wstat: 512 (exited 2) Tests: 0 Failed: 0)
Non-zero exit status: 2
Parse errors: Bad plan. You planned 2 tests but ran 0.
Files=4, Tests=12, 2 wallclock secs ( 0.08 usr 0.03 sys + 1.29 cusr 0.20 csys = 1.60 CPU)
Result: FAIL
PREREQUISITES:
Here is a list of prerequisites you specified and versions we
managed to load:
Module Name Have Want
Convert::ASN1 0.33 0
Encode 2.60 0
MIME::Base64 3.14 0
Scalar::Util 1.38 0
Test::More 1.302191 0.98
Perl module toolchain versions installed:
Module Name Have
CPANPLUS 0.9914
CPANPLUS::Dist::Build 0.90
Cwd 3.75
ExtUtils::CBuilder 0.280236
ExtUtils::Command 7.64
ExtUtils::Install 2.20
ExtUtils::MakeMaker 7.64
ExtUtils::Manifest 1.73
ExtUtils::ParseXS 3.44
File::Spec 3.75
Module::Build 0.4231
Pod::Parser 1.62
Pod::Simple 3.28
Test2 1.302191
Test::Harness 3.44
Test::More 1.302191
version 0.9929
******************************** NOTE ********************************
The comments above are created mechanically, possibly without manual
checking by the sender. As there are many people performing automatic
tests on each upload to CPAN, it is likely that you will receive
identical messages about the same problem.
If you believe that the message is mistaken, please reply to the first
one with correction and/or additional informations, and do not take
it personally. We appreciate your patience. :)
**********************************************************************
Additional comments:
This report was machine-generated by CPANPLUS::Dist::YACSmoke 1.08.
Powered by minismokebox version 0.68
CPANPLUS is prefering Build.PL
------------------------------
ENVIRONMENT AND OTHER CONTEXT
------------------------------
Environment variables:
AUTOMATED_TESTING = 1
LANG = en_GB.UTF-8
NONINTERACTIVE_TESTING = 1
PATH = /usr/bin:/usr/sbin:/sbin:/opt/ooce/bin:/usr/gnu/bin
PERL5LIB = /home/cpan/pit/jail/FSS6OjAQBG/lib/perl5:/home/cpan/pit/thr/conf/perl-5.20.1/.cpanplus/5.20.1/build/KK_PML_2CN/Crypt-PKCS10-2.005/blib/lib:/home/cpan/pit/thr/conf/perl-5.20.1/.cpanplus/5.20.1/build/KK_PML_2CN/Crypt-PKCS10-2.005/blib/arch
PERL5_CPANPLUS_IS_RUNNING = 20698
PERL5_CPANPLUS_IS_VERSION = 0.9914
PERL5_MINISMOKEBOX = 0.68
PERL5_YACSMOKE_BASE = /home/cpan/pit/thr/conf/perl-5.20.1
PERL_EXTUTILS_AUTOINSTALL = --defaultdeps
PERL_LOCAL_LIB_ROOT = /home/cpan/pit/jail/FSS6OjAQBG
PERL_MB_OPT = --install_base "/home/cpan/pit/jail/FSS6OjAQBG"
PERL_MM_OPT = INSTALL_BASE=/home/cpan/pit/jail/FSS6OjAQBG
PERL_MM_USE_DEFAULT = 1
SHELL = /bin/bash
TERM = screen.xterm-256color
Perl special variables (and OS-specific diagnostics, for MSWin32):
Perl: $^X = /home/cpan/pit/thr/perl-5.20.1/bin/perl
UID: $< = 101
EUID: $> = 101
GID: $( = 101 101
EGID: $) = 101 101
-------------------------------
--
Summary of my perl5 (revision 5 version 20 subversion 1) configuration:
Platform:
osname=solaris, osvers=2.11, archname=i86pc-solaris-thread-multi-64
uname='sunos ouzel 5.11 omnios-r151034-0d278a0cc5 i86pc i386 i86pc '
config_args='-des -Dprefix=/home/cpan/pit/thr/perl-5.20.1 -Dusethreads -Duse64bitall -Dcc=gcc'
hint=recommended, useposix=true, d_sigaction=define
useithreads=define, usemultiplicity=define
use64bitint=define, use64bitall=define, uselongdouble=undef
usemymalloc=n, bincompat5005=undef
Compiler:
cc='gcc', ccflags ='-D_REENTRANT -m64 -fwrapv -fno-strict-aliasing -pipe -fstack-protector -D_LARGEFILE_SOURCE -D_FILE_OFFSET_BITS=64 -DPERL_USE_SAFE_PUTENV',
optimize='-O',
cppflags='-D_REENTRANT -m64 -fwrapv -fno-strict-aliasing -pipe -fstack-protector'
ccversion='', gccversion='9.3.0', gccosandvers=''
intsize=4, longsize=8, ptrsize=8, doublesize=8, byteorder=12345678
d_longlong=define, longlongsize=8, d_longdbl=define, longdblsize=16
ivtype='long', ivsize=8, nvtype='double', nvsize=8, Off_t='off_t', lseeksize=8
alignbytes=8, prototype=define
Linker and Libraries:
ld='gcc', ldflags =' -m64 -fstack-protector -L/usr/gnu/lib '
libpth=/opt/gcc-9/lib /opt/gcc-9/lib/gcc/x86_64-pc-solaris2.11/9.3.0/include-fixed /usr/lib /usr/gnu/lib /usr/ccs/lib
libs=-lsocket -lnsl -ldl -lm -lpthread -lc
perllibs=-lsocket -lnsl -ldl -lm -lpthread -lc
libc=/lib/libc.so, so=so, useshrplib=true, libperl=libperl.so
gnulibc_version=''
Dynamic Linking:
dlsrc=dl_dlopen.xs, dlext=so, d_dlsymun=undef, ccdlflags=' -R /home/cpan/pit/thr/perl-5.20.1/lib/5.20.1/i86pc-solaris-thread-multi-64/CORE'
cccdlflags='-fPIC', lddlflags=' -shared -m64 -L/usr/gnu/lib -fstack-protector'
Characteristics of this binary (from libperl):
Compile-time options: HAS_TIMES MULTIPLICITY PERLIO_LAYERS
PERL_DONT_CREATE_GVSV
PERL_HASH_FUNC_ONE_AT_A_TIME_HARD
PERL_IMPLICIT_CONTEXT PERL_MALLOC_WRAP
PERL_NEW_COPY_ON_WRITE PERL_PRESERVE_IVUV
PERL_USE_SAFE_PUTENV USE_64_BIT_ALL USE_64_BIT_INT
USE_ITHREADS USE_LARGE_FILES USE_LOCALE
USE_LOCALE_COLLATE USE_LOCALE_CTYPE
USE_LOCALE_NUMERIC USE_PERLIO USE_PERL_ATOF
USE_REENTRANT_API
Locally applied patches:
Devel::PatchPerl 2.00
Built under solaris
Compiled at Aug 20 2020 05:35:19
%ENV:
PERL5LIB="/home/cpan/pit/jail/FSS6OjAQBG/lib/perl5:/home/cpan/pit/thr/conf/perl-5.20.1/.cpanplus/5.20.1/build/KK_PML_2CN/Crypt-PKCS10-2.005/blib/lib:/home/cpan/pit/thr/conf/perl-5.20.1/.cpanplus/5.20.1/build/KK_PML_2CN/Crypt-PKCS10-2.005/blib/arch"
PERL5_CPANPLUS_IS_RUNNING="20698"
PERL5_CPANPLUS_IS_VERSION="0.9914"
PERL5_MINISMOKEBOX="0.68"
PERL5_YACSMOKE_BASE="/home/cpan/pit/thr/conf/perl-5.20.1"
PERL_EXTUTILS_AUTOINSTALL="--defaultdeps"
PERL_LOCAL_LIB_ROOT="/home/cpan/pit/jail/FSS6OjAQBG"
PERL_MB_OPT="--install_base "/home/cpan/pit/jail/FSS6OjAQBG""
PERL_MM_OPT="INSTALL_BASE=/home/cpan/pit/jail/FSS6OjAQBG"
PERL_MM_USE_DEFAULT="1"
@INC:
/home/cpan/pit/jail/FSS6OjAQBG/lib/perl5/5.20.1/i86pc-solaris-thread-multi-64
/home/cpan/pit/jail/FSS6OjAQBG/lib/perl5/5.20.1
/home/cpan/pit/jail/FSS6OjAQBG/lib/perl5/i86pc-solaris-thread-multi-64
/home/cpan/pit/jail/FSS6OjAQBG/lib/perl5
/home/cpan/pit/thr/conf/perl-5.20.1/.cpanplus/5.20.1/build/KK_PML_2CN/Crypt-PKCS10-2.005/blib/lib
/home/cpan/pit/thr/conf/perl-5.20.1/.cpanplus/5.20.1/build/KK_PML_2CN/Crypt-PKCS10-2.005/blib/arch
/home/cpan/pit/thr/perl-5.20.1/lib/site_perl/5.20.1/i86pc-solaris-thread-multi-64
/home/cpan/pit/thr/perl-5.20.1/lib/site_perl/5.20.1
/home/cpan/pit/thr/perl-5.20.1/lib/5.20.1/i86pc-solaris-thread-multi-64
/home/cpan/pit/thr/perl-5.20.1/lib/5.20.1
.