Dancer v1.3514-TRIAL Perl 5 v5.30.2 MSWin32-x86-multi-thread-64int

Status
Fail
From
gregor herrmann
Dist
Dancer v1.3514-TRIAL
Platform
Perl 5 v5.30.2 MSWin32-x86-multi-thread-64int
Date
2020-06-29 20:36:06
ID
1f5e4048-6bfa-1014-9019-8f6dac01281c
This distribution has been tested as part of the CPAN Testers
project, supporting the Perl programming language.  See
http://wiki.cpantesters.org/ for more information or email
questions to cpan-testers-discuss@perl.org


--
Dear David Precious,

This is a computer-generated report for Dancer-1.3514-TRIAL
on perl 5.30.2, created by CPAN-Reporter-1.2018.

Thank you for uploading your work to CPAN.  However, there was a problem
testing your distribution.

If you think this report is invalid, please consult the CPAN Testers Wiki
for suggestions on how to avoid getting FAIL reports for missing library
or binary dependencies, unsupported operating systems, and so on:

http://wiki.cpantesters.org/wiki/CPANAuthorNotes

Sections of this report:

    * Tester comments
    * Program output
    * Prerequisites
    * Environment and other context

------------------------------
TESTER COMMENTS
------------------------------

Additional comments from tester:

this report is from an automated smoke testing program
and was not reviewed by a human for accuracy

------------------------------
PROGRAM OUTPUT
------------------------------

Output from 'C:\strawberry\c\bin\gmake.EXE test':

"C:\Strawberry\perl\bin\perl.exe" "-MExtUtils::Command::MM" "-MTest::Harness" "-e" "undef *Test::Harness::Switches; test_harness(0, 'blib\lib', 'blib\arch')" t/*.t t/00_base/*.t t/01_config/*.t t/02_request/*.t t/03_route_handler/*.t t/04_static_file/*.t t/05_views/*.t t/06_helpers/*.t t/07_apphandlers/*.t t/08_session/*.t t/09_cookies/*.t t/10_template/*.t t/11_logger/*.t t/12_response/*.t t/13_engines/*.t t/14_serializer/*.t t/15_plugins/*.t t/16_timer/*.t t/17_apps/*.t t/19_dancer/*.t t/20_deprecation/*.t t/21_dependents/*.t t/22_hooks/*.t t/23_dancer_tests/*.t t/24_deployment/*.t t/25_exceptions/*.t
t/00-compile.t ...................................... ok
# 
# Versions for all modules listed in MYMETA.json (including optional ones):
# 
# === Configure Requires ===
# 
#     Module              Want    Have
#     ------------------- ---- -------
#     ExtUtils::MakeMaker  any 7.47_01
# 
# === Configure Suggests ===
# 
#     Module      Want Have
#     -------- ------- ----
#     JSON::PP 2.27300 4.04
# 
# === Build Requires ===
# 
#     Module              Want    Have
#     ------------------- ---- -------
#     ExtUtils::MakeMaker  any 7.47_01
# 
# === Test Requires ===
# 
#     Module               Want     Have
#     ------------------- ----- --------
#     Data::Dump            any     1.23
#     Devel::Hide           any   0.0013
#     Digest::MD5           any     2.55
#     ExtUtils::MakeMaker   any  7.47_01
#     File::Spec            any     3.78
#     HTTP::CookieJar     0.008    0.008
#     HTTP::Request         any     6.25
#     HTTP::Tiny          0.014    0.076
#     IO::Handle            any     1.42
#     IO::Socket::INET      any     1.41
#     IPC::Open3            any     1.20
#     JSON                 2.90     4.02
#     Plack::Builder        any    undef
#     Test::More            any 1.302175
#     Test::NoWarnings      any     1.04
#     utf8                  any     1.22
# 
# === Test Recommends ===
# 
#     Module         Want     Have
#     ---------- -------- --------
#     CPAN::Meta 2.120900 2.150010
# 
# === Runtime Requires ===
# 
#     Module                      Want     Have
#     -------------------------- ----- --------
#     Carp                         any     1.50
#     Cwd                          any     3.78
#     Data::Dumper                 any    2.174
#     Encode                       any     3.06
#     Exporter                     any     5.74
#     Fcntl                        any     1.13
#     File::Basename               any     2.85
#     File::Copy                   any     2.34
#     File::Path                   any     2.16
#     File::Spec                   any     3.78
#     File::Spec::Functions        any     3.78
#     File::Temp                   any   0.2309
#     File::stat                   any     1.08
#     FindBin                      any     1.51
#     Getopt::Long                 any     2.51
#     HTTP::Body                   any     1.22
#     HTTP::Date                   any     6.05
#     HTTP::Headers                any     6.25
#     HTTP::Server::Simple::PSGI   any     0.16
#     HTTP::Tiny                 0.014    0.076
#     Hash::Merge::Simple          any    0.051
#     IO::File                     any     1.41
#     MIME::Types                  any     2.17
#     Module::Runtime              any    0.016
#     POSIX                        any     1.88
#     Pod::Usage                   any     1.70
#     Scalar::Util                 any     1.55
#     Test::Builder                any 1.302175
#     Test::More                   any 1.302175
#     Time::HiRes                  any   1.9760
#     Try::Tiny                    any     0.30
#     URI                          any     1.76
#     URI::Escape                  any     3.31
#     base                         any     2.27
#     bytes                        any     1.07
#     constant                     any     1.33
#     lib                          any     0.65
#     overload                     any     1.30
#     parent                       any    0.238
#     strict                       any     1.11
#     vars                         any     1.05
#     warnings                     any     1.44
# 
# === Runtime Recommends ===
# 
#     Module      Want Have
#     ----------- ---- ----
#     MIME::Types 2.17 2.17
#     YAML         any 1.30
#     YAML::XS     any 0.82
# 
t/00-report-prereqs.t ............................... ok
t/00_base/000_create_fake_env.t ..................... ok
# Testing Dancer 1.3514, Perl 5.030002, C:\Strawberry\perl\bin\perl.exe
t/00_base/001_load.t ................................ ok
t/00_base/002_strict_and_warnings.t ................. ok
t/00_base/003_syntax.t .............................. ok
t/00_base/004_args.t ................................ ok
t/00_base/005_module_loader.t ....................... ok
t/00_base/007_load_syntax.t ......................... ok
t/00_base/008_export.t .............................. ok
t/00_base/009_syntax_export.t ....................... ok
t/00_base/010_export_script.t ....................... ok
t/00_base/06_dancer_object.t ........................ ok
t/00_base/08_pod_coverage_dancer.t .................. ok
t/00_base/09_load_app.t ............................. ok
t/00_base/11_file_utils.t ........................... ok
t/00_base/12_utf8_charset.t ......................... skipped: skip test with Test::TCP in win32/cygwin
t/00_base/13_dancer_singleton.t ..................... ok
t/00_base/15_dependent_modules.t .................... skipped: Author tests not required for installation
t/00_base/17_globalwarnings_config_on.t ............. ok
t/00_base/config.t .................................. ok
t/00_base/easymocker.t .............................. ok
t/00_base/normalize_path.t .......................... ok
# Test::TCP 2.22 loaded successfully
# Test::More 1.302175 loaded successfully
# JSON 4.02 loaded successfully
# YAML 1.30 loaded successfully
# Clone 0.45 loaded successfully
# Plack 1.0047 loaded successfully
# XML::Simple 2.25 loaded successfully
# HTTP::Parser::XS 0.17 loaded successfully
t/00_base/optional-module-versions.t ................ ok
t/00_base/uri_for.t ................................. ok
t/01_config/01_settings.t ........................... ok
t/01_config/02_mime_type.t .......................... ok
t/01_config/03_logger.t ............................. ok
t/01_config/04_config_file.t ........................ ok
Warning: 'ParserOpts' is deprecated, contact the author if you need it at C:\cpan\build\Dancer-1.3514-0\blib\lib/Dancer/Serializer/XML.pm line 99.
t/01_config/05_serializers.t ........................ ok
# Testing YAML parsing with YAML::XS version 0.82
# Testing YAML parsing with YAML version 1.30
t/01_config/06_config_api.t ......................... ok
t/01_config/06_stack_trace.t ........................ ok
t/01_config/07_strict_config.t ...................... ok
cannot unlink file for C:\DOKUME~1\smoker\LOKALE~1\Temp\n_iV79kKq3\logs\prod.log: Permission denied at C:/Strawberry/perl/lib/File/Temp.pm line 916.
cannot remove directory for C:\DOKUME~1\smoker\LOKALE~1\Temp\n_iV79kKq3\logs: Directory not empty at C:/Strawberry/perl/lib/File/Temp.pm line 916.
cannot remove directory for C:/DOKUME~1/smoker/LOKALE~1/Temp/n_iV79kKq3: Directory not empty at C:/Strawberry/perl/lib/File/Temp.pm line 916.
t/01_config/08_environments.t ....................... ok
t/01_config/yaml_dependency.t ....................... ok
t/02_request/000_create_fake_env.t .................. ok
t/02_request/01_load.t .............................. ok
t/02_request/04_custom.t ............................ ok
t/02_request/04_forward.t ........................... ok
t/02_request/05_cgi_pm_compat.t ..................... ok
t/02_request/06_init_env.t .......................... ok
t/02_request/07_raw_data.t .......................... skipped: skip test with Test::TCP in win32/cygwin
t/02_request/08_param_array.t ....................... ok
t/02_request/08_params.t ............................ ok
t/02_request/10_mixed_params.t ...................... skipped: skip test with Test::TCP in win32
t/02_request/11_accessors.t ......................... ok
t/02_request/12_base.t .............................. ok
t/02_request/13_ajax.t .............................. skipped: skip test with Test::TCP in win32
t/02_request/14_uploads.t ........................... ok
t/02_request/15_headers.t ........................... skipped: skip test with Test::TCP in win32
t/02_request/16_delete.t ............................ ok
t/02_request/17_uri_base.t .......................... ok
t/02_request/18_param_accessor.t .................... ok
t/02_request/19_json_body.t ......................... ok
t/02_request/20_body.t .............................. skipped: skip test with Test::TCP in win32/cygwin
t/02_request/21_dancer_response_multiple_params.t ... ok
t/03_route_handler/01_http_methods.t ................ ok
t/03_route_handler/02_params.t ...................... ok
t/03_route_handler/03_routes_api.t .................. ok
t/03_route_handler/04_routes_matching.t ............. ok
t/03_route_handler/04_wildcards_megasplat.t ......... ok
t/03_route_handler/05_filter.t ...................... ok
t/03_route_handler/05_unicode.t ..................... ok
t/03_route_handler/06_redirect.t .................... ok
t/03_route_handler/07_compilation_warning.t ......... ok
t/03_route_handler/08_errors.t ...................... ok
t/03_route_handler/12_response.t .................... ok
t/03_route_handler/12_response_halt.t ............... ok
t/03_route_handler/14_options.t ..................... ok
t/03_route_handler/15_prefix.t ...................... ok
t/03_route_handler/16_caching.t ..................... ok
t/03_route_handler/16_embedded_prefixes.t ........... ok
t/03_route_handler/18_auto_page.t ................... ok
t/03_route_handler/21_ajax.t ........................ skipped: skip test with Test::TCP in win32
t/03_route_handler/23_filter_error_catching.t ....... ok
t/03_route_handler/24_multiple_params.t ............. ok
t/03_route_handler/24_named_captures.t .............. ok
t/03_route_handler/28_plack_mount.t ................. skipped: skip test with Test::TCP in win32
t/03_route_handler/29_forward.t ..................... ok
t/03_route_handler/29_redirect_immediately.t ........ ok
t/03_route_handler/30_forward_session.t ............. ok
t/03_route_handler/31_infinite_loop.t ............... ok
t/03_route_handler/33_vars.t ........................ skipped: skip test with Test::TCP in win32
t/03_route_handler/34_forward_body_post.t ........... skipped: skip test with Test::TCP in win32
t/03_route_handler/35_no_further_routes.t ........... ok
t/03_route_handler/36_false_routes.t ................ ok
t/03_route_handler/99_bugs.t ........................ ok
t/04_static_file/001_base.t ......................... skipped: Skip test with Test::TCP in win32
t/04_static_file/003_mime_types_reinit.t ............ ok
t/04_static_file/01_mime_types.t .................... ok
t/04_static_file/02_dir_traversal.t ................. ok
t/05_views/002_view_rendering.t ..................... ok
t/05_views/03_layout.t .............................. ok
t/06_helpers/000_create_fake_env.t .................. ok
t/06_helpers/01_send_file.t ......................... ok
t/06_helpers/02_http_status.t ....................... ok
t/06_helpers/03_content_type.t ...................... ok
t/06_helpers/04_status.t ............................ ok
t/06_helpers/05_send_error.t ........................ ok
t/06_helpers/06_load.t .............................. ok
t/07_apphandlers/000_create_fake_env.t .............. ok
t/07_apphandlers/01_base.t .......................... ok
t/07_apphandlers/02_apache2_plack.t ................. ok
t/07_apphandlers/03_psgi_app.t ...................... skipped: skip test with Test::TCP in win32
t/07_apphandlers/04_standalone_app.t ................ skipped: skip test with Test::TCP in win32
t/07_apphandlers/05_middlewares.t ................... skipped: skip test with Test::TCP in win32
t/07_apphandlers/05_psgi_api.t ...................... ok
t/07_apphandlers/06_debug.t ......................... ok
t/07_apphandlers/07_middleware_map.t ................ skipped: skip test with Test::TCP in win32
t/07_apphandlers/08_is_text.t ....................... ok
t/08_session/000_create_fake_env.t .................. ok
t/08_session/01_load.t .............................. ok
t/08_session/02_dependency_check.t .................. ok
t/08_session/03_http_requests.t ..................... skipped: skip test with Test::TCP in win32
t/08_session/04_api.t ............................... ok
t/08_session/05_yaml.t .............................. ok
t/08_session/06_abstract.t .......................... ok
t/08_session/07_session_expires.t ................... skipped: skip test with Test::TCP in win32
t/08_session/08_simple.t ............................ ok
t/08_session/09_session.t ........................... ok
t/08_session/10_filter.t ............................ ok
t/08_session/11_session_secure.t .................... ok
t/08_session/12_session_name.t ...................... ok
t/08_session/13_session_httponly.t .................. skipped: skip test with Test::TCP in win32
t/08_session/14_session_domain.t .................... ok
t/09_cookies/000_create_fake_env.t .................. ok
t/09_cookies/01_use.t ............................... ok
t/09_cookies/02_cookie_object.t ..................... ok
t/09_cookies/03_persistence.t ....................... skipped: skip test with Test::TCP in win32
t/09_cookies/04_secure.t ............................ ok
t/09_cookies/05_api.t ............................... ok
t/09_cookies/06_expires.t ........................... ok
t/10_template/000_create_fake_env.t ................. ok
t/10_template/01_factory.t .......................... ok
t/10_template/02_abstract_class.t ................... ok
t/10_template/03_simple.t ........................... ok
Can't call method "process" on an undefined value at C:\cpan\build\Dancer-1.3514-0\blib\lib/Dancer/Template/TemplateToolkit.pm line 132.
# Looks like your test exited with 2 just after 3.
t/10_template/05_template_toolkit.t ................. 
Dubious, test returned 2 (wstat 512, 0x200)
Failed 14/17 subtests 
Prototype mismatch: sub main::pass (;$) vs none at t/lib/FromDataApp.pm line 4.

#   Failed test 'embedded template work'
#   at t/10_template/05_template_toolkit_fromdata.t line 18.
#                   '<!DOCTYPE html PUBLIC "-//W3C//DTD XHTML 1.0 Transitional//EN"
#         "http://www.w3.org/TR/xhtml1/DTD/xhtml1-transitional.dtd">
# <html>
# <head>
# <title>Error 500</title>
# <link rel="stylesheet" href="/css/style.css" />
# <meta http-equiv="Content-type" content="text/html; charset=UTF-8" />
# </head>
# <body>
# <h1>Error 500</h1>
# <div id="content">
# <h2>Unable to process your query</h2>The page you requested is not available
# </div>
# <div id="footer">
# Powered by <a href="http://perldancer.org/">Dancer</a> 1.3514
# </div>
# </body>
# </html>'
#     doesn't match '(?^:Hello embedded world!)'
# Looks like you failed 1 test of 1.
t/10_template/05_template_toolkit_fromdata.t ........ 
Dubious, test returned 1 (wstat 256, 0x100)
Failed 1/1 subtests 
t/10_template/extension.t ........................... ok
t/10_template/template.t ............................ ok
t/11_logger/000_create_fake_env.t ................... ok
t/11_logger/01_abstract.t ........................... ok
t/11_logger/02_factory.t ............................ ok
cannot unlink file for C:\DOKUME~1\smoker\LOKALE~1\Temp\vV5QOp9cHF\foo.bar: Permission denied at C:/Strawberry/perl/lib/File/Temp.pm line 916.
cannot remove directory for C:/DOKUME~1/smoker/LOKALE~1/Temp/vV5QOp9cHF: Directory not empty at C:/Strawberry/perl/lib/File/Temp.pm line 916.
t/11_logger/03_file.t ............................... ok
t/11_logger/04_console.t ............................ ok
t/11_logger/05_format.t ............................. ok
t/11_logger/06_null.t ............................... ok
t/11_logger/07_diag.t ............................... ok
t/11_logger/08_serialize.t .......................... ok
t/11_logger/09_capture.t ............................ ok
t/11_logger/10_note.t ............................... ok
cannot unlink file for C:\DOKUME~1\smoker\LOKALE~1\Temp\N81Zy5d3xv\logs\development.log: Permission denied at C:/Strawberry/perl/lib/File/Temp.pm line 916.
cannot remove directory for C:\DOKUME~1\smoker\LOKALE~1\Temp\N81Zy5d3xv\logs: Directory not empty at C:/Strawberry/perl/lib/File/Temp.pm line 916.
cannot remove directory for C:/DOKUME~1/smoker/LOKALE~1/Temp/N81Zy5d3xv: Directory not empty at C:/Strawberry/perl/lib/File/Temp.pm line 916.
t/11_logger/11_runtime_file.t ....................... ok
t/11_logger/unicode.t ............................... ok
t/12_response/000_create_fake_env.t ................. ok
t/12_response/01_CRLF_injection.t ................... ok
t/12_response/02_headers.t .......................... ok
t/12_response/03_charset.t .......................... ok
t/12_response/04_charset_server.t ................... skipped: skip test with Test::TCP in win32
t/12_response/05_api.t .............................. ok
t/12_response/06_filter_halt_status.t ............... ok
t/12_response/07_cookies.t .......................... ok
t/12_response/08_drop_content.t ..................... skipped: skip test with Test::TCP in win32
t/12_response/09_headers_to_array.t ................. ok
Data exceeding 100 levels, truncating
t/12_response/10_error_dumper.t ..................... ok
Devel::Hide hides Clone.pm
t/12_response/10_error_dumper_without_clone.t ....... ok
t/12_response/11_CVE-2012-5572.t .................... ok
t/13_engines/00_load.t .............................. ok
t/13_engines/02_template_init.t ..................... ok
Warning: 'ParserOpts' is deprecated, contact the author if you need it at C:\cpan\build\Dancer-1.3514-0\blib\lib/Dancer/Serializer/XML.pm line 99.
Warning: 'ParserOpts' is deprecated, contact the author if you need it at C:\cpan\build\Dancer-1.3514-0\blib\lib/Dancer/Serializer/XML.pm line 99.
Warning: 'ParserOpts' is deprecated, contact the author if you need it at C:\cpan\build\Dancer-1.3514-0\blib\lib/Dancer/Serializer/XML.pm line 99.
t/14_serializer/01_helpers.t ........................ ok
t/14_serializer/02_request_json.t ................... ok
t/14_serializer/03_request_yaml.t ................... ok
Warning: 'ParserOpts' is deprecated, contact the author if you need it at C:\cpan\build\Dancer-1.3514-0\blib\lib/Dancer/Serializer/XML.pm line 99.
Warning: 'ParserOpts' is deprecated, contact the author if you need it at C:\cpan\build\Dancer-1.3514-0\blib\lib/Dancer/Serializer/XML.pm line 99.
Warning: 'ParserOpts' is deprecated, contact the author if you need it at C:\cpan\build\Dancer-1.3514-0\blib\lib/Dancer/Serializer/XML.pm line 99.
Warning: 'ParserOpts' is deprecated, contact the author if you need it at C:\cpan\build\Dancer-1.3514-0\blib\lib/Dancer/Serializer/XML.pm line 99.
t/14_serializer/04_request_xml.t .................... ok
t/14_serializer/05_request_mutable.t ................ ok
t/14_serializer/06_api.t ............................ ok
t/14_serializer/07_request_jsonp.t .................. ok
t/14_serializer/17_clear_serializer.t ............... skipped: skip test with Test::TCP in win32
t/14_serializer/18_mutable_template_or_serialize.t .. ok
t/14_serializer/99_bugs.t ........................... ok
t/15_plugins/000_create_fake_env.t .................. ok
t/15_plugins/01_register.t .......................... ok
t/15_plugins/02_config.t ............................ ok
t/15_plugins/03_namespace.t ......................... ok
t/15_plugins/04_apps_and_plugins.t .................. ok
t/15_plugins/05_keywords.t .......................... ok
t/15_plugins/05_plugins_and_OO.t .................... ok
t/15_plugins/05b_plugins_and_c3.t ................... ok
t/15_plugins/06_hook.t .............................. ok
t/15_plugins/07_ajax_plack_builder.t ................ skipped: skip test with Test::TCP in win32
t/16_timer/00_base.t ................................ ok
t/17_apps/000_create_fake_env.t ..................... ok
t/17_apps/00_base.t ................................. ok
t/17_apps/01_settings.t ............................. ok
t/17_apps/02_load_app.t ............................. ok
t/17_apps/03_prefix.t ............................... ok
t/17_apps/05_api.t .................................. ok

#   Failed test 'create A did not return error'
#   at t/19_dancer/01_script.t line 50.
#          got: 'A is an already existing module, please pick a different name for your application.
# '
#     expected: ''
# Looks like you failed 1 test of 7.
t/19_dancer/01_script.t ............................. 
Dubious, test returned 1 (wstat 256, 0x100)
Failed 1/7 subtests 
A is an already existing module, please pick a different name for your application.

#   Failed test 'Created directory for A'
#   at t/19_dancer/02_script_version_from.t line 42.
# Looks like you planned 6 tests but ran 4.
# Looks like you failed 1 test of 4 run.
t/19_dancer/02_script_version_from.t ................ 
Dubious, test returned 1 (wstat 256, 0x100)
Failed 3/6 subtests 
t/20_deprecation/01_api.t ........................... ok
t/21_dependents/Dancer-Session-Cookie.t ............. skipped: Dancer::Session::Cookie 0.14 required
t/22_hooks/00_syntax.t .............................. ok
t/22_hooks/01_api.t ................................. ok
t/22_hooks/02_before.t .............................. ok
t/22_hooks/03_after.t ............................... ok
t/22_hooks/04_template.t ............................ ok
t/22_hooks/05_layout.t .............................. ok
t/22_hooks/06_serializer.t .......................... ok
t/22_hooks/07_file.t ................................ ok
t/22_hooks/08_error.t ............................... ok
t/22_hooks/09_before_error_init.t ................... ok
t/22_hooks/10_error_in_hook.t ....................... ok
t/22_hooks/11_error_in_hook.t ....................... ok
t/23_dancer_tests/01_basic.t ........................ ok
t/23_dancer_tests/02_tests_functions.t .............. ok
t/23_dancer_tests/03_uris.t ......................... ok
t/24_deployment/01_multi_webapp.t ................... skipped: skip test with Test::TCP in win32
t/25_exceptions/01_exceptions.t ..................... ok
t/25_exceptions/02_exceptions.t ..................... ok
t/25_exceptions/03_exceptions.t ..................... ok
t/25_exceptions/04_exceptions_warn.t ................ ok
t/author-pod-syntax.t ............................... skipped: these tests are for testing by the author
t/pod.t ............................................. skipped: Author tests not required for installation
t/release-distmeta.t ................................ skipped: these tests are for release candidate testing

Test Summary Report
-------------------
t/10_template/05_template_toolkit.t               (Wstat: 512 Tests: 3 Failed: 0)
  Non-zero exit status: 2
  Parse errors: Bad plan.  You planned 17 tests but ran 3.
t/10_template/05_template_toolkit_fromdata.t      (Wstat: 256 Tests: 1 Failed: 1)
  Failed test:  1
  Non-zero exit status: 1
t/19_dancer/01_script.t                           (Wstat: 256 Tests: 7 Failed: 1)
  Failed test:  4
  Non-zero exit status: 1
t/19_dancer/02_script_version_from.t              (Wstat: 256 Tests: 4 Failed: 1)
  Failed test:  1
  Non-zero exit status: 1
  Parse errors: Bad plan.  You planned 6 tests but ran 4.
Files=222, Tests=1815, 337 wallclock secs ( 1.00 usr +  0.28 sys =  1.28 CPU)
Result: FAIL
Failed 4/222 test programs. 3/1815 subtests failed.
gmake.EXE: *** [Makefile:1063: test_dynamic] Error 255

------------------------------
PREREQUISITES
------------------------------

Prerequisite modules loaded:

requires:

    Module                     Need  Have    
    -------------------------- ----- --------
    base                       0     2.27    
    bytes                      0     1.07    
    Carp                       0     1.50    
    constant                   0     1.33    
    Cwd                        0     3.78    
    Data::Dumper               0     2.174   
    Encode                     0     3.06    
    Exporter                   0     5.74    
    Fcntl                      0     1.13    
    File::Basename             0     2.85    
    File::Copy                 0     2.34    
    File::Path                 0     2.16    
    File::Spec                 0     3.78    
    File::Spec::Functions      0     3.78    
    File::stat                 0     1.08    
    File::Temp                 0     0.2309  
    FindBin                    0     1.51    
    Getopt::Long               0     2.51    
    Hash::Merge::Simple        0     0.051   
    HTTP::Body                 0     1.22    
    HTTP::Date                 0     6.05    
    HTTP::Headers              0     6.25    
    HTTP::Server::Simple::PSGI 0     0.16    
    HTTP::Tiny                 0.014 0.076   
    IO::File                   0     1.41    
    lib                        0     0.65    
    MIME::Types                0     2.17    
    Module::Runtime            0     0.016   
    overload                   0     1.30    
    parent                     0     0.238   
    perl                       5.006 5.030002
    Pod::Usage                 0     1.70    
    POSIX                      0     1.88    
    Scalar::Util               0     1.55    
    strict                     0     1.11    
    Test::Builder              0     1.302175
    Test::More                 0     1.302175
    Time::HiRes                0     1.9760  
    Try::Tiny                  0     0.30    
    URI                        0     1.76    
    URI::Escape                0     3.31    
    vars                       0     1.05    
    warnings                   0     1.44    

build_requires:

    Module                     Need  Have    
    -------------------------- ----- --------
    Data::Dump                 0     1.23    
    Devel::Hide                0     0.0013  
    Digest::MD5                0     2.55    
    ExtUtils::MakeMaker        0     7.47_01 
    File::Spec                 0     3.78    
    HTTP::CookieJar            0.008 0.008   
    HTTP::Request              0     6.25    
    HTTP::Tiny                 0.014 0.076   
    IO::Handle                 0     1.42    
    IO::Socket::INET           0     1.41    
    IPC::Open3                 0     1.20    
    JSON                       2.90  4.02    
    Plack::Builder             0     0       
    Test::More                 0     1.302175
    Test::NoWarnings           0     1.04    
    utf8                       0     1.22    

configure_requires:

    Module                     Need  Have    
    -------------------------- ----- --------
    ExtUtils::MakeMaker        0     7.47_01 


------------------------------
ENVIRONMENT AND OTHER CONTEXT
------------------------------

Environment variables:

    AUTOMATED_TESTING = 1
    COMSPEC = C:\WINDOWS.0\system32\cmd.exe
    NONINTERACTIVE_TESTING = 1
    NUMBER_OF_PROCESSORS = 1
    PATH = C:\WINDOWS.0\system32;C:\strawberry\c\bin;C:\strawberry\perl\site\bin;C:\strawberry\perl\bin
    PERL5LIB = 
    PERL5OPT = 
    PERL5_CPANPLUS_IS_RUNNING = 2212
    PERL5_CPAN_IS_RUNNING = 2212
    PERL5_CPAN_IS_RUNNING_IN_RECURSION = 3312,2212
    PERL_CR_SMOKER_CURRENT = Dancer-1.3514-TRIAL
    PERL_EXTUTILS_AUTOINSTALL = --defaultdeps
    PERL_MM_USE_DEFAULT = 1
    PERL_USE_UNSAFE_INC = 1
    PROCESSOR_IDENTIFIER = x86 Family 6 Model 14 Stepping 8, GenuineIntel
    TEMP = C:\DOKUME~1\smoker\LOKALE~1\Temp
    TERM = dumb

Perl special variables (and OS-specific diagnostics, for MSWin32):

    $^X = C:\Strawberry\perl\bin\perl.exe
    $UID/$EUID = 0 / 0
    $GID = 0
    $EGID = 0
    Win32::GetOSName = WinXP/.Net
    Win32::GetOSVersion = Service Pack 3, 5, 1, 2600, 2, 3, 0, 256, 1
    Win32::FsType = NTFS
    Win32::IsAdminUser = 1

Perl module toolchain versions installed:

    Module              Have    
    ------------------- --------
    CPAN                2.28    
    CPAN::Meta          2.150010
    Cwd                 3.78    
    ExtUtils::CBuilder  0.280234
    ExtUtils::Command   7.47_01 
    ExtUtils::Install   2.14    
    ExtUtils::MakeMaker 7.47_01 
    ExtUtils::Manifest  1.72    
    ExtUtils::ParseXS   3.40    
    File::Spec          3.78    
    JSON                4.02    
    JSON::PP            4.04    
    Module::Build       0.4231  
    Module::Signature   n/a     
    Parse::CPAN::Meta   2.150010
    Test::Harness       3.43_02 
    Test::More          1.302175
    YAML                1.30    
    YAML::Syck          1.32    
    version             0.9924  


--

Summary of my perl5 (revision 5 version 30 subversion 2) configuration:
   
  Platform:
    osname=MSWin32
    osvers=10.0.18363.720
    archname=MSWin32-x86-multi-thread-64int
    uname='Win32 strawberry-perl 5.30.2.1 #1 Tue Mar 17 00:20:46 2020 i386'
    config_args='undef'
    hint=recommended
    useposix=true
    d_sigaction=undef
    useithreads=define
    usemultiplicity=define
    use64bitint=define
    use64bitall=undef
    uselongdouble=undef
    usemymalloc=n
    default_inc_excludes_dot=define
    bincompat5005=undef
  Compiler:
    cc='gcc'
    ccflags =' -s -O2 -DWIN32 -D__USE_MINGW_ANSI_STDIO -DPERL_TEXTMODE_SCRIPTS -DPERL_IMPLICIT_CONTEXT -DPERL_IMPLICIT_SYS -DUSE_PERLIO -fwrapv -fno-strict-aliasing -mms-bitfields'
    optimize='-s -O2'
    cppflags='-DWIN32'
    ccversion=''
    gccversion='8.3.0'
    gccosandvers=''
    intsize=4
    longsize=4
    ptrsize=4
    doublesize=8
    byteorder=12345678
    doublekind=3
    d_longlong=define
    longlongsize=8
    d_longdbl=define
    longdblsize=12
    longdblkind=3
    ivtype='long long'
    ivsize=8
    nvtype='double'
    nvsize=8
    Off_t='long long'
    lseeksize=8
    alignbytes=8
    prototype=define
  Linker and Libraries:
    ld='g++'
    ldflags ='-s -L"C:\STRAWB~1\perl\lib\CORE" -L"C:\STRAWB~1\c\lib"'
    libpth=C:\STRAWB~1\c\lib C:\STRAWB~1\c\i686-w64-mingw32\lib C:\STRAWB~1\c\lib\gcc\i686-w64-mingw32\8.3.0
    libs= -lmoldname -lkernel32 -luser32 -lgdi32 -lwinspool -lcomdlg32 -ladvapi32 -lshell32 -lole32 -loleaut32 -lnetapi32 -luuid -lws2_32 -lmpr -lwinmm -lversion -lodbc32 -lodbccp32 -lcomctl32
    perllibs= -lmoldname -lkernel32 -luser32 -lgdi32 -lwinspool -lcomdlg32 -ladvapi32 -lshell32 -lole32 -loleaut32 -lnetapi32 -luuid -lws2_32 -lmpr -lwinmm -lversion -lodbc32 -lodbccp32 -lcomctl32
    libc=
    so=dll
    useshrplib=true
    libperl=libperl530.a
    gnulibc_version=''
  Dynamic Linking:
    dlsrc=dl_win32.xs
    dlext=xs.dll
    d_dlsymun=undef
    ccdlflags=' '
    cccdlflags=' '
    lddlflags='-mdll -s -L"C:\STRAWB~1\perl\lib\CORE" -L"C:\STRAWB~1\c\lib"'


Characteristics of this binary (from libperl): 
  Compile-time options:
    HAS_TIMES
    HAVE_INTERP_INTERN
    MULTIPLICITY
    PERLIO_LAYERS
    PERL_COPY_ON_WRITE
    PERL_DONT_CREATE_GVSV
    PERL_IMPLICIT_CONTEXT
    PERL_IMPLICIT_SYS
    PERL_MALLOC_WRAP
    PERL_OP_PARENT
    PERL_PRESERVE_IVUV
    USE_64_BIT_INT
    USE_ITHREADS
    USE_LARGE_FILES
    USE_LOCALE
    USE_LOCALE_COLLATE
    USE_LOCALE_CTYPE
    USE_LOCALE_NUMERIC
    USE_LOCALE_TIME
    USE_PERLIO
    USE_PERL_ATOF
  Built under MSWin32
  Compiled at Mar 17 2020 00:26:40
  %ENV:
    PERL5_CPANPLUS_IS_RUNNING="2212"
    PERL5_CPAN_IS_RUNNING="2212"
    PERL5_CPAN_IS_RUNNING_IN_RECURSION="3312,2212"
    PERL_CR_SMOKER_CURRENT="Dancer-1.3514-TRIAL"
    PERL_EXTUTILS_AUTOINSTALL="--defaultdeps"
    PERL_MM_USE_DEFAULT="1"
    PERL_USE_UNSAFE_INC="1"
  @INC:
    C:/Strawberry/perl/site/lib
    C:/Strawberry/perl/vendor/lib
    C:/Strawberry/perl/lib
    .