Report for HTTP-Engine-0.03005

Back
From: metabase:user:320bfe00-2aae-11df-837a-5e0a49663a4f
Subject: FAIL HTTP-Engine-0.03005 v5.20.0 RC1 GNU/Linux
Date: 2014-05-17T16:27:21Z

This distribution has been tested as part of the CPAN Testers
project, supporting the Perl programming language.  See
http://wiki.cpantesters.org/ for more information or email
questions to cpan-testers-discuss@perl.org


--
Dear Kazuhiro Osawa,

This is a computer-generated report for HTTP-Engine-0.03005
on perl 5.20.0, created by CPAN-Reporter-1.2011.

Thank you for uploading your work to CPAN.  However, there was a problem
testing your distribution.

If you think this report is invalid, please consult the CPAN Testers Wiki
for suggestions on how to avoid getting FAIL reports for missing library
or binary dependencies, unsupported operating systems, and so on:

http://wiki.cpantesters.org/wiki/CPANAuthorNotes

Sections of this report:

    * Tester comments
    * Program output
    * Prerequisites
    * Environment and other context

------------------------------
TESTER COMMENTS
------------------------------

Additional comments from tester:

this report is from an automated smoke testing program
and was not reviewed by a human for accuracy

------------------------------
PROGRAM OUTPUT
------------------------------

Output from '/usr/bin/make test':

PERL_DL_NONLAZY=1 /tmp/basesmoker-reloperl-qVhV/bin/perl "-MExtUtils::Command::MM" "-MTest::Harness" "-e" "undef *Test::Harness::Switches; test_harness(0, 'inc', 'blib/lib', 'blib/arch')" t/*.t t/*/*.t t/moose/*/*.t
Possible precedence issue with control flow operator at /tmp/loop_over_bdir-10534-GLBCKm/HTTP-Engine-0.03005-fn0gPO/inc/Test/Builder.pm line 917.
# Soft dependency versions:
#  Any::Moose 0.21
#  Mouse 2.2.0
#  MooseX::Types 0.44
t/00_compile.t .............................................. ok
Possible precedence issue with control flow operator at /tmp/loop_over_bdir-10534-GLBCKm/HTTP-Engine-0.03005-fn0gPO/inc/Test/Builder.pm line 917.
t/010_core/builder_options-upload_tmp.t ..................... ok
Possible precedence issue with control flow operator at /tmp/loop_over_bdir-10534-GLBCKm/HTTP-Engine-0.03005-fn0gPO/inc/Test/Builder.pm line 917.
t/010_core/interface-require.t .............................. ok
Possible precedence issue with control flow operator at /tmp/loop_over_bdir-10534-GLBCKm/HTTP-Engine-0.03005-fn0gPO/inc/Test/Builder.pm line 917.
t/010_core/interface.t ...................................... ok
Possible precedence issue with control flow operator at /tmp/loop_over_bdir-10534-GLBCKm/HTTP-Engine-0.03005-fn0gPO/inc/Test/Builder.pm line 917.
t/010_core/load_requestbuilder_cgi.t ........................ ok
Possible precedence issue with control flow operator at /tmp/loop_over_bdir-10534-GLBCKm/HTTP-Engine-0.03005-fn0gPO/inc/Test/Builder.pm line 917.
t/010_core/request-absolute_uri.t ........................... ok
Possible precedence issue with control flow operator at /tmp/loop_over_bdir-10534-GLBCKm/HTTP-Engine-0.03005-fn0gPO/inc/Test/Builder.pm line 917.
t/010_core/request-as_http_request.t ........................ ok
Possible precedence issue with control flow operator at /tmp/loop_over_bdir-10534-GLBCKm/HTTP-Engine-0.03005-fn0gPO/inc/Test/Builder.pm line 917.
t/010_core/request-as_string.t .............................. ok
Possible precedence issue with control flow operator at /tmp/loop_over_bdir-10534-GLBCKm/HTTP-Engine-0.03005-fn0gPO/inc/Test/Builder.pm line 917.
t/010_core/request-body.t ................................... ok
Possible precedence issue with control flow operator at /tmp/loop_over_bdir-10534-GLBCKm/HTTP-Engine-0.03005-fn0gPO/inc/Test/Builder.pm line 917.
t/010_core/request-content.t ................................ ok
Possible precedence issue with control flow operator at /tmp/loop_over_bdir-10534-GLBCKm/HTTP-Engine-0.03005-fn0gPO/inc/Test/Builder.pm line 917.
t/010_core/request-cookie.t ................................. ok
Possible precedence issue with control flow operator at /tmp/loop_over_bdir-10534-GLBCKm/HTTP-Engine-0.03005-fn0gPO/inc/Test/Builder.pm line 917.
t/010_core/request-hostname.t ............................... ok
Possible precedence issue with control flow operator at /tmp/loop_over_bdir-10534-GLBCKm/HTTP-Engine-0.03005-fn0gPO/inc/Test/Builder.pm line 917.
t/010_core/request-many_upload.t ............................ ok
Possible precedence issue with control flow operator at /tmp/loop_over_bdir-10534-GLBCKm/HTTP-Engine-0.03005-fn0gPO/inc/Test/Builder.pm line 917.
t/010_core/request-parameters.t ............................. ok
Possible precedence issue with control flow operator at /tmp/loop_over_bdir-10534-GLBCKm/HTTP-Engine-0.03005-fn0gPO/inc/Test/Builder.pm line 917.
t/010_core/request-params.t ................................. ok
Possible precedence issue with control flow operator at /tmp/loop_over_bdir-10534-GLBCKm/HTTP-Engine-0.03005-fn0gPO/inc/Test/Builder.pm line 917.
t/010_core/request-parse.t .................................. ok
Possible precedence issue with control flow operator at /tmp/loop_over_bdir-10534-GLBCKm/HTTP-Engine-0.03005-fn0gPO/inc/Test/Builder.pm line 917.
t/010_core/request-proxy_request.t .......................... ok
Possible precedence issue with control flow operator at /tmp/loop_over_bdir-10534-GLBCKm/HTTP-Engine-0.03005-fn0gPO/inc/Test/Builder.pm line 917.
t/010_core/request-raw_body.t ............................... ok
Possible precedence issue with control flow operator at /tmp/loop_over_bdir-10534-GLBCKm/HTTP-Engine-0.03005-fn0gPO/inc/Test/Builder.pm line 917.
t/010_core/request-readbody.t ............................... ok
Possible precedence issue with control flow operator at /tmp/loop_over_bdir-10534-GLBCKm/HTTP-Engine-0.03005-fn0gPO/inc/Test/Builder.pm line 917.
t/010_core/request-secure.t ................................. ok
Possible precedence issue with control flow operator at /tmp/loop_over_bdir-10534-GLBCKm/HTTP-Engine-0.03005-fn0gPO/inc/Test/Builder.pm line 917.
t/010_core/request-upload.t ................................. ok
Possible precedence issue with control flow operator at /tmp/loop_over_bdir-10534-GLBCKm/HTTP-Engine-0.03005-fn0gPO/inc/Test/Builder.pm line 917.

#   Failed test at /tmp/loop_over_bdir-10534-GLBCKm/HTTP-Engine-0.03005-fn0gPO/inc/Test/More.pm line 376.
#          got: 'http://example.com/?foo=bar&aco=tie'
#     expected: 'http://example.com/?aco=tie&foo=bar'

#   Failed test at /tmp/loop_over_bdir-10534-GLBCKm/HTTP-Engine-0.03005-fn0gPO/inc/Test/More.pm line 376.
#          got: 'http://example.com/?foo=bar&foo=baz&aco=tie'
#     expected: 'http://example.com/?aco=tie&foo=bar&foo=baz'

#   Failed test at /tmp/loop_over_bdir-10534-GLBCKm/HTTP-Engine-0.03005-fn0gPO/inc/Test/More.pm line 376.
#          got: 'http://example.com/?foo=bar&foo=baz&bar=baz&aco=tie'
#     expected: 'http://example.com/?aco=tie&bar=baz&foo=bar&foo=baz'

#   Failed test at /tmp/loop_over_bdir-10534-GLBCKm/HTTP-Engine-0.03005-fn0gPO/inc/Test/More.pm line 376.
#          got: 'http://example.com/?aco=tie&foo=bar&foo=baz&bar=baz&bar=foo'
#     expected: 'http://example.com/?aco=tie&bar=baz&bar=foo&foo=bar&foo=baz'
# Looks like you failed 4 tests of 110.
t/010_core/request-uri.t .................................... 
Dubious, test returned 4 (wstat 1024, 0x400)
Failed 4/110 subtests 
Possible precedence issue with control flow operator at /tmp/loop_over_bdir-10534-GLBCKm/HTTP-Engine-0.03005-fn0gPO/inc/Test/Builder.pm line 917.
t/010_core/request.t ........................................ ok
Possible precedence issue with control flow operator at /tmp/loop_over_bdir-10534-GLBCKm/HTTP-Engine-0.03005-fn0gPO/inc/Test/Builder.pm line 917.
t/010_core/request_builder-noenv.t .......................... ok
Possible precedence issue with control flow operator at /tmp/loop_over_bdir-10534-GLBCKm/HTTP-Engine-0.03005-fn0gPO/inc/Test/Builder.pm line 917.
t/010_core/request_processor-catch_error.t .................. ok
Possible precedence issue with control flow operator at /tmp/loop_over_bdir-10534-GLBCKm/HTTP-Engine-0.03005-fn0gPO/inc/Test/Builder.pm line 917.
t/010_core/request_processor-make_request.t ................. ok
Possible precedence issue with control flow operator at /tmp/loop_over_bdir-10534-GLBCKm/HTTP-Engine-0.03005-fn0gPO/inc/Test/Builder.pm line 917.
t/010_core/request_processor-response_error.t ............... ok
Possible precedence issue with control flow operator at /tmp/loop_over_bdir-10534-GLBCKm/HTTP-Engine-0.03005-fn0gPO/inc/Test/Builder.pm line 917.
t/010_core/request_upload-basename.t ........................ ok
Possible precedence issue with control flow operator at /tmp/loop_over_bdir-10534-GLBCKm/HTTP-Engine-0.03005-fn0gPO/inc/Test/Builder.pm line 917.
t/010_core/response-code.t .................................. ok
Possible precedence issue with control flow operator at /tmp/loop_over_bdir-10534-GLBCKm/HTTP-Engine-0.03005-fn0gPO/inc/Test/Builder.pm line 917.
t/010_core/response-coerce_headers.t ........................ ok
Possible precedence issue with control flow operator at /tmp/loop_over_bdir-10534-GLBCKm/HTTP-Engine-0.03005-fn0gPO/inc/Test/Builder.pm line 917.
t/010_core/response-content_length.t ........................ ok
Possible precedence issue with control flow operator at /tmp/loop_over_bdir-10534-GLBCKm/HTTP-Engine-0.03005-fn0gPO/inc/Test/Builder.pm line 917.
t/010_core/response-cookie.t ................................ ok
Possible precedence issue with control flow operator at /tmp/loop_over_bdir-10534-GLBCKm/HTTP-Engine-0.03005-fn0gPO/inc/Test/Builder.pm line 917.
t/010_core/response-new.t ................................... ok
Possible precedence issue with control flow operator at /tmp/loop_over_bdir-10534-GLBCKm/HTTP-Engine-0.03005-fn0gPO/inc/Test/Builder.pm line 917.
t/010_core/response-set_http_response.t ..................... ok
Possible precedence issue with control flow operator at /tmp/loop_over_bdir-10534-GLBCKm/HTTP-Engine-0.03005-fn0gPO/inc/Test/Builder.pm line 917.
t/010_core/response-status.t ................................ ok
Possible precedence issue with control flow operator at /tmp/loop_over_bdir-10534-GLBCKm/HTTP-Engine-0.03005-fn0gPO/inc/Test/Builder.pm line 917.
t/010_core/response.t ....................................... ok
Possible precedence issue with control flow operator at /tmp/loop_over_bdir-10534-GLBCKm/HTTP-Engine-0.03005-fn0gPO/inc/Test/Builder.pm line 917.
t/010_core/response_finalizer.t ............................. ok
Possible precedence issue with control flow operator at /tmp/loop_over_bdir-10534-GLBCKm/HTTP-Engine-0.03005-fn0gPO/inc/Test/Builder.pm line 917.
t/010_core/response_writer.t ................................ ok
Possible precedence issue with control flow operator at /tmp/loop_over_bdir-10534-GLBCKm/HTTP-Engine-0.03005-fn0gPO/inc/Test/Builder.pm line 917.
t/010_core/responsewriter-broken_io.t ....................... ok
Possible precedence issue with control flow operator at /tmp/loop_over_bdir-10534-GLBCKm/HTTP-Engine-0.03005-fn0gPO/inc/Test/Builder.pm line 917.
t/010_core/responsewriter-with_io.t ......................... ok
Possible precedence issue with control flow operator at /tmp/loop_over_bdir-10534-GLBCKm/HTTP-Engine-0.03005-fn0gPO/inc/Test/Builder.pm line 917.
t/020_interface/cgi.t ....................................... ok
Possible precedence issue with control flow operator at /tmp/loop_over_bdir-10534-GLBCKm/HTTP-Engine-0.03005-fn0gPO/inc/Test/Builder.pm line 917.
t/020_interface/lighty-fcgi.t ............................... skipped: set TEST_LIGHTTPD to enable this test
Possible precedence issue with control flow operator at /tmp/loop_over_bdir-10534-GLBCKm/HTTP-Engine-0.03005-fn0gPO/inc/Test/Builder.pm line 917.
t/020_interface/modperl_wildcard_hostname.t ................. skipped: this test requires mod_perl 2
Possible precedence issue with control flow operator at /tmp/loop_over_bdir-10534-GLBCKm/HTTP-Engine-0.03005-fn0gPO/inc/Test/Builder.pm line 917.
t/020_interface/poe-proxy.t ................................. skipped: this test requires POE::Component::Client::HTTP
Possible precedence issue with control flow operator at /tmp/loop_over_bdir-10534-GLBCKm/HTTP-Engine-0.03005-fn0gPO/inc/Test/Builder.pm line 917.
t/020_interface/poe-uri.t ................................... skipped: this test requires POE::Component::Client::HTTP
Possible precedence issue with control flow operator at /tmp/loop_over_bdir-10534-GLBCKm/HTTP-Engine-0.03005-fn0gPO/inc/Test/Builder.pm line 917.
t/020_interface/poe.t ....................................... skipped: this test requires POE::Component::Client::HTTP
Possible precedence issue with control flow operator at /tmp/loop_over_bdir-10534-GLBCKm/HTTP-Engine-0.03005-fn0gPO/inc/Test/Builder.pm line 917.
t/020_interface/psgi-with_plack.t ........................... ok
Possible precedence issue with control flow operator at /tmp/loop_over_bdir-10534-GLBCKm/HTTP-Engine-0.03005-fn0gPO/inc/Test/Builder.pm line 917.
t/020_interface/psgi.t ...................................... ok
Possible precedence issue with control flow operator at /tmp/loop_over_bdir-10534-GLBCKm/HTTP-Engine-0.03005-fn0gPO/inc/Test/Builder.pm line 917.
t/020_interface/server_simple-net_server_configure.t ........ ok
Possible precedence issue with control flow operator at /tmp/loop_over_bdir-10534-GLBCKm/HTTP-Engine-0.03005-fn0gPO/inc/Test/Builder.pm line 917.
t/020_interface/server_simple-not-send-header-bug.t ......... ok
Possible precedence issue with control flow operator at /tmp/loop_over_bdir-10534-GLBCKm/HTTP-Engine-0.03005-fn0gPO/inc/Test/Builder.pm line 917.
t/020_interface/server_simple-print_banner.t ................ ok
Possible precedence issue with control flow operator at /tmp/loop_over_bdir-10534-GLBCKm/HTTP-Engine-0.03005-fn0gPO/inc/Test/Builder.pm line 917.
t/020_interface/server_simple.t ............................. ok
Possible precedence issue with control flow operator at /tmp/loop_over_bdir-10534-GLBCKm/HTTP-Engine-0.03005-fn0gPO/inc/Test/Builder.pm line 917.
t/020_interface/standalone-keep_alive.t ..................... skipped: Interface::Standalone will be removed
Possible precedence issue with control flow operator at /tmp/loop_over_bdir-10534-GLBCKm/HTTP-Engine-0.03005-fn0gPO/inc/Test/Builder.pm line 917.
t/020_interface/standalone-restart.t ........................ skipped: Interface::Standalone will be removed
Possible precedence issue with control flow operator at /tmp/loop_over_bdir-10534-GLBCKm/HTTP-Engine-0.03005-fn0gPO/inc/Test/Builder.pm line 917.
t/020_interface/streaming_response.t ........................ ok
Possible precedence issue with control flow operator at /tmp/loop_over_bdir-10534-GLBCKm/HTTP-Engine-0.03005-fn0gPO/inc/Test/Builder.pm line 917.
t/020_interface/test-validation.t ........................... ok
Possible precedence issue with control flow operator at /tmp/loop_over_bdir-10534-GLBCKm/HTTP-Engine-0.03005-fn0gPO/inc/Test/Builder.pm line 917.
t/020_interface/test-warn_at_utf8.t ......................... ok
Possible precedence issue with control flow operator at /tmp/loop_over_bdir-10534-GLBCKm/HTTP-Engine-0.03005-fn0gPO/inc/Test/Builder.pm line 917.
t/020_interface/test.t ...................................... ok
Possible precedence issue with control flow operator at /tmp/loop_over_bdir-10534-GLBCKm/HTTP-Engine-0.03005-fn0gPO/inc/Test/Builder.pm line 917.
t/020_interface/test_response-with_io.t ..................... ok
Possible precedence issue with control flow operator at /tmp/loop_over_bdir-10534-GLBCKm/HTTP-Engine-0.03005-fn0gPO/inc/Test/Builder.pm line 917.
t/020_interface/test_upload.t ............................... ok
Possible precedence issue with control flow operator at /tmp/loop_over_bdir-10534-GLBCKm/HTTP-Engine-0.03005-fn0gPO/inc/Test/Builder.pm line 917.
t/030_daemonize/connection_info.t ........................... ok
Possible precedence issue with control flow operator at /tmp/loop_over_bdir-10534-GLBCKm/HTTP-Engine-0.03005-fn0gPO/inc/Test/Builder.pm line 917.
t/030_daemonize/headers.t ................................... ok
Possible precedence issue with control flow operator at /tmp/loop_over_bdir-10534-GLBCKm/HTTP-Engine-0.03005-fn0gPO/inc/Test/Builder.pm line 917.
t/030_daemonize/proxy_path.t ................................ ok
Possible precedence issue with control flow operator at /tmp/loop_over_bdir-10534-GLBCKm/HTTP-Engine-0.03005-fn0gPO/inc/Test/Builder.pm line 917.
t/030_daemonize/raw_body.t .................................. ok
Possible precedence issue with control flow operator at /tmp/loop_over_bdir-10534-GLBCKm/HTTP-Engine-0.03005-fn0gPO/inc/Test/Builder.pm line 917.
t/030_daemonize/request_independence.t ...................... ok
Possible precedence issue with control flow operator at /tmp/loop_over_bdir-10534-GLBCKm/HTTP-Engine-0.03005-fn0gPO/inc/Test/Builder.pm line 917.
t/030_daemonize/responsewriter_io.t ......................... ok
Possible precedence issue with control flow operator at /tmp/loop_over_bdir-10534-GLBCKm/HTTP-Engine-0.03005-fn0gPO/inc/Test/Builder.pm line 917.
t/030_daemonize/upload-methods.t ............................ ok
Possible precedence issue with control flow operator at /tmp/loop_over_bdir-10534-GLBCKm/HTTP-Engine-0.03005-fn0gPO/inc/Test/Builder.pm line 917.
t/030_daemonize/upload.t .................................... ok
Possible precedence issue with control flow operator at /tmp/loop_over_bdir-10534-GLBCKm/HTTP-Engine-0.03005-fn0gPO/inc/Test/Builder.pm line 917.
t/030_daemonize/uri.t ....................................... ok
Possible precedence issue with control flow operator at /tmp/loop_over_bdir-10534-GLBCKm/HTTP-Engine-0.03005-fn0gPO/inc/Test/Builder.pm line 917.
t/030_daemonize/utf8flagged-uri.t ........................... ok
Possible precedence issue with control flow operator at /tmp/loop_over_bdir-10534-GLBCKm/HTTP-Engine-0.03005-fn0gPO/inc/Test/Builder.pm line 917.
t/040_minimal/001_simple.t .................................. ok
Possible precedence issue with control flow operator at /tmp/loop_over_bdir-10534-GLBCKm/HTTP-Engine-0.03005-fn0gPO/inc/Test/Builder.pm line 917.
t/050_tests/request.t ....................................... ok
Possible precedence issue with control flow operator at /tmp/loop_over_bdir-10534-GLBCKm/HTTP-Engine-0.03005-fn0gPO/inc/Test/Builder.pm line 917.
# Soft dependency versions:
#  Any::Moose 0.21
#  Mouse 2.2.0
#  MooseX::Types 0.44
t/moose/00_compile.t ........................................ ok
Possible precedence issue with control flow operator at /tmp/loop_over_bdir-10534-GLBCKm/HTTP-Engine-0.03005-fn0gPO/inc/Test/Builder.pm line 917.
t/moose/010_core/builder_options-upload_tmp.t ............... ok
Possible precedence issue with control flow operator at /tmp/loop_over_bdir-10534-GLBCKm/HTTP-Engine-0.03005-fn0gPO/inc/Test/Builder.pm line 917.
t/moose/010_core/interface-require.t ........................ ok
Possible precedence issue with control flow operator at /tmp/loop_over_bdir-10534-GLBCKm/HTTP-Engine-0.03005-fn0gPO/inc/Test/Builder.pm line 917.
t/moose/010_core/interface.t ................................ ok
Possible precedence issue with control flow operator at /tmp/loop_over_bdir-10534-GLBCKm/HTTP-Engine-0.03005-fn0gPO/inc/Test/Builder.pm line 917.
t/moose/010_core/load_requestbuilder_cgi.t .................. ok
Possible precedence issue with control flow operator at /tmp/loop_over_bdir-10534-GLBCKm/HTTP-Engine-0.03005-fn0gPO/inc/Test/Builder.pm line 917.
t/moose/010_core/request-absolute_uri.t ..................... ok
Possible precedence issue with control flow operator at /tmp/loop_over_bdir-10534-GLBCKm/HTTP-Engine-0.03005-fn0gPO/inc/Test/Builder.pm line 917.
t/moose/010_core/request-as_http_request.t .................. ok
Possible precedence issue with control flow operator at /tmp/loop_over_bdir-10534-GLBCKm/HTTP-Engine-0.03005-fn0gPO/inc/Test/Builder.pm line 917.
t/moose/010_core/request-as_string.t ........................ ok
Possible precedence issue with control flow operator at /tmp/loop_over_bdir-10534-GLBCKm/HTTP-Engine-0.03005-fn0gPO/inc/Test/Builder.pm line 917.
Class::MOP::load_class is deprecated at /home/sand/src/perl/repoperls/installed-perls/perl/v5.20.0-RC1/a2da/lib/site_perl/5.20.0/x86_64-linux-thread-multi-ld/Class/MOP.pm line 73.
	Class::MOP::load_class("HTTP::Engine::Interface::Test") called at /tmp/loop_over_bdir-10534-GLBCKm/HTTP-Engine-0.03005-fn0gPO/blib/lib/HTTP/Engine/Types/Core.pm line 26
	HTTP::Engine::Types::Core::__ANON__(HASH(0x1b88d48)) called at /home/sand/src/perl/repoperls/installed-perls/perl/v5.20.0-RC1/a2da/lib/site_perl/5.20.0/x86_64-linux-thread-multi-ld/Moose/Meta/TypeCoercion.pm line 68
	Moose::Meta::TypeCoercion::__ANON__(HASH(0x1b88d48)) called at constructor HTTP::Engine::new (defined at /tmp/loop_over_bdir-10534-GLBCKm/HTTP-Engine-0.03005-fn0gPO/blib/lib/HTTP/Engine.pm line 17) line 32
	HTTP::Engine::new("HTTP::Engine", "interface", HASH(0x1b88d48)) called at t/Utils.pm line 141
	t::Utils::run_engine(CODE(0x3867dd0), HTTP::Request=HASH(0x1b88e50)) called at t/moose/010_core/request-body.t line 27
t/moose/010_core/request-body.t ............................. ok
Possible precedence issue with control flow operator at /tmp/loop_over_bdir-10534-GLBCKm/HTTP-Engine-0.03005-fn0gPO/inc/Test/Builder.pm line 917.
t/moose/010_core/request-content.t .......................... ok
Possible precedence issue with control flow operator at /tmp/loop_over_bdir-10534-GLBCKm/HTTP-Engine-0.03005-fn0gPO/inc/Test/Builder.pm line 917.
Class::MOP::load_class is deprecated at /home/sand/src/perl/repoperls/installed-perls/perl/v5.20.0-RC1/a2da/lib/site_perl/5.20.0/x86_64-linux-thread-multi-ld/Class/MOP.pm line 73.
	Class::MOP::load_class("HTTP::Engine::Interface::Test") called at /tmp/loop_over_bdir-10534-GLBCKm/HTTP-Engine-0.03005-fn0gPO/blib/lib/HTTP/Engine/Types/Core.pm line 26
	HTTP::Engine::Types::Core::__ANON__(HASH(0x307b7b0)) called at /home/sand/src/perl/repoperls/installed-perls/perl/v5.20.0-RC1/a2da/lib/site_perl/5.20.0/x86_64-linux-thread-multi-ld/Moose/Meta/TypeCoercion.pm line 68
	Moose::Meta::TypeCoercion::__ANON__(HASH(0x307b7b0)) called at constructor HTTP::Engine::new (defined at /tmp/loop_over_bdir-10534-GLBCKm/HTTP-Engine-0.03005-fn0gPO/blib/lib/HTTP/Engine.pm line 17) line 32
	HTTP::Engine::new("HTTP::Engine", "interface", HASH(0x307b7b0)) called at t/Utils.pm line 141
	t::Utils::run_engine(CODE(0x3037958), HTTP::Request=HASH(0x1359e38)) called at t/moose/010_core/request-cookie.t line 32
t/moose/010_core/request-cookie.t ........................... ok
Possible precedence issue with control flow operator at /tmp/loop_over_bdir-10534-GLBCKm/HTTP-Engine-0.03005-fn0gPO/inc/Test/Builder.pm line 917.
t/moose/010_core/request-hostname.t ......................... ok
Possible precedence issue with control flow operator at /tmp/loop_over_bdir-10534-GLBCKm/HTTP-Engine-0.03005-fn0gPO/inc/Test/Builder.pm line 917.
Class::MOP::load_class is deprecated at /home/sand/src/perl/repoperls/installed-perls/perl/v5.20.0-RC1/a2da/lib/site_perl/5.20.0/x86_64-linux-thread-multi-ld/Class/MOP.pm line 73.
	Class::MOP::load_class("HTTP::Engine::Interface::Test") called at /tmp/loop_over_bdir-10534-GLBCKm/HTTP-Engine-0.03005-fn0gPO/blib/lib/HTTP/Engine/Types/Core.pm line 26
	HTTP::Engine::Types::Core::__ANON__(HASH(0x2078e20)) called at /home/sand/src/perl/repoperls/installed-perls/perl/v5.20.0-RC1/a2da/lib/site_perl/5.20.0/x86_64-linux-thread-multi-ld/Moose/Meta/TypeCoercion.pm line 68
	Moose::Meta::TypeCoercion::__ANON__(HASH(0x2078e20)) called at constructor HTTP::Engine::new (defined at /tmp/loop_over_bdir-10534-GLBCKm/HTTP-Engine-0.03005-fn0gPO/blib/lib/HTTP/Engine.pm line 17) line 32
	HTTP::Engine::new("HTTP::Engine", "interface", HASH(0x2078e20)) called at t/Utils.pm line 141
	t::Utils::run_engine(CODE(0x3d88ca8), HTTP::Request=HASH(0x2078f28)) called at t/moose/010_core/request-many_upload.t line 91
t/moose/010_core/request-many_upload.t ...................... ok
Possible precedence issue with control flow operator at /tmp/loop_over_bdir-10534-GLBCKm/HTTP-Engine-0.03005-fn0gPO/inc/Test/Builder.pm line 917.
t/moose/010_core/request-parameters.t ....................... ok
Possible precedence issue with control flow operator at /tmp/loop_over_bdir-10534-GLBCKm/HTTP-Engine-0.03005-fn0gPO/inc/Test/Builder.pm line 917.
t/moose/010_core/request-params.t ........................... ok
Possible precedence issue with control flow operator at /tmp/loop_over_bdir-10534-GLBCKm/HTTP-Engine-0.03005-fn0gPO/inc/Test/Builder.pm line 917.
t/moose/010_core/request-parse.t ............................ ok
Possible precedence issue with control flow operator at /tmp/loop_over_bdir-10534-GLBCKm/HTTP-Engine-0.03005-fn0gPO/inc/Test/Builder.pm line 917.
t/moose/010_core/request-proxy_request.t .................... ok
Possible precedence issue with control flow operator at /tmp/loop_over_bdir-10534-GLBCKm/HTTP-Engine-0.03005-fn0gPO/inc/Test/Builder.pm line 917.
t/moose/010_core/request-raw_body.t ......................... ok
Possible precedence issue with control flow operator at /tmp/loop_over_bdir-10534-GLBCKm/HTTP-Engine-0.03005-fn0gPO/inc/Test/Builder.pm line 917.
t/moose/010_core/request-readbody.t ......................... ok
Possible precedence issue with control flow operator at /tmp/loop_over_bdir-10534-GLBCKm/HTTP-Engine-0.03005-fn0gPO/inc/Test/Builder.pm line 917.
t/moose/010_core/request-secure.t ........................... ok
Possible precedence issue with control flow operator at /tmp/loop_over_bdir-10534-GLBCKm/HTTP-Engine-0.03005-fn0gPO/inc/Test/Builder.pm line 917.
t/moose/010_core/request-upload.t ........................... ok
Possible precedence issue with control flow operator at /tmp/loop_over_bdir-10534-GLBCKm/HTTP-Engine-0.03005-fn0gPO/inc/Test/Builder.pm line 917.

#   Failed test at /tmp/loop_over_bdir-10534-GLBCKm/HTTP-Engine-0.03005-fn0gPO/inc/Test/More.pm line 376.
#          got: 'http://example.com/?foo=bar&foo=baz&bar=baz&bar=foo&aco=tie'
#     expected: 'http://example.com/?aco=tie&bar=baz&bar=foo&foo=bar&foo=baz'
# Looks like you failed 1 test of 110.
t/moose/010_core/request-uri.t .............................. 
Dubious, test returned 1 (wstat 256, 0x100)
Failed 1/110 subtests 
Possible precedence issue with control flow operator at /tmp/loop_over_bdir-10534-GLBCKm/HTTP-Engine-0.03005-fn0gPO/inc/Test/Builder.pm line 917.
t/moose/010_core/request.t .................................. ok
Possible precedence issue with control flow operator at /tmp/loop_over_bdir-10534-GLBCKm/HTTP-Engine-0.03005-fn0gPO/inc/Test/Builder.pm line 917.
t/moose/010_core/request_builder-noenv.t .................... ok
Possible precedence issue with control flow operator at /tmp/loop_over_bdir-10534-GLBCKm/HTTP-Engine-0.03005-fn0gPO/inc/Test/Builder.pm line 917.

#   Failed test at /tmp/loop_over_bdir-10534-GLBCKm/HTTP-Engine-0.03005-fn0gPO/inc/Test/More.pm line 420.
#                   'Class::MOP::load_class is deprecated at /home/sand/src/perl/repoperls/installed-perls/perl/v5.20.0-RC1/a2da/lib/site_perl/5.20.0/x86_64-linux-thread-multi-ld/Class/MOP.pm line 73.
# 	Class::MOP::load_class("HTTP::Engine::Interface::Test") called at /tmp/loop_over_bdir-10534-GLBCKm/HTTP-Engine-0.03005-fn0gPO/blib/lib/HTTP/Engine/Types/Core.pm line 26
# 	HTTP::Engine::Types::Core::__ANON__(HASH(0x3bec860)) called at /home/sand/src/perl/repoperls/installed-perls/perl/v5.20.0-RC1/a2da/lib/site_perl/5.20.0/x86_64-linux-thread-multi-ld/Moose/Meta/TypeCoercion.pm line 68
# 	Moose::Meta::TypeCoercion::__ANON__(HASH(0x3bec860)) called at constructor HTTP::Engine::new (defined at /tmp/loop_over_bdir-10534-GLBCKm/HTTP-Engine-0.03005-fn0gPO/blib/lib/HTTP/Engine.pm line 17) line 32
# 	HTTP::Engine::new("HTTP::Engine", "interface", HASH(0x3bec860)) called at t/Utils.pm line 141
# 	t::Utils::run_engine(CODE(0x23bfed0), HTTP::Request=HASH(0x40cacc8)) called at t/moose/010_core/request_processor-catch_error.t line 15
# 	eval {...} called at t/moose/010_core/request_processor-catch_error.t line 12
# orz at t/moose/010_core/request_processor-catch_error.t line 14.
# '
#     doesn't match '(?^:^orz)'
# Looks like you failed 1 test of 3.
t/moose/010_core/request_processor-catch_error.t ............ 
Dubious, test returned 1 (wstat 256, 0x100)
Failed 1/3 subtests 
Possible precedence issue with control flow operator at /tmp/loop_over_bdir-10534-GLBCKm/HTTP-Engine-0.03005-fn0gPO/inc/Test/Builder.pm line 917.
Class::MOP::load_class is deprecated at /home/sand/src/perl/repoperls/installed-perls/perl/v5.20.0-RC1/a2da/lib/site_perl/5.20.0/x86_64-linux-thread-multi-ld/Class/MOP.pm line 73.
	Class::MOP::load_class("HTTP::Engine::Interface::Test") called at /tmp/loop_over_bdir-10534-GLBCKm/HTTP-Engine-0.03005-fn0gPO/blib/lib/HTTP/Engine/Types/Core.pm line 26
	HTTP::Engine::Types::Core::__ANON__(HASH(0x1266748)) called at /home/sand/src/perl/repoperls/installed-perls/perl/v5.20.0-RC1/a2da/lib/site_perl/5.20.0/x86_64-linux-thread-multi-ld/Moose/Meta/TypeCoercion.pm line 68
	Moose::Meta::TypeCoercion::__ANON__(HASH(0x1266748)) called at constructor HTTP::Engine::new (defined at /tmp/loop_over_bdir-10534-GLBCKm/HTTP-Engine-0.03005-fn0gPO/blib/lib/HTTP/Engine.pm line 17) line 32
	HTTP::Engine::new("HTTP::Engine", "interface", HASH(0x1266748)) called at t/Utils.pm line 141
	t::Utils::run_engine(CODE(0x140f888), HTTP::Request=HASH(0x1259d80), "method", "GET", "raw_body", "test") called at t/moose/010_core/request_processor-make_request.t line 15
t/moose/010_core/request_processor-make_request.t ........... ok
Possible precedence issue with control flow operator at /tmp/loop_over_bdir-10534-GLBCKm/HTTP-Engine-0.03005-fn0gPO/inc/Test/Builder.pm line 917.
t/moose/010_core/request_processor-response_error.t ......... ok
Possible precedence issue with control flow operator at /tmp/loop_over_bdir-10534-GLBCKm/HTTP-Engine-0.03005-fn0gPO/inc/Test/Builder.pm line 917.
t/moose/010_core/request_upload-basename.t .................. ok
Possible precedence issue with control flow operator at /tmp/loop_over_bdir-10534-GLBCKm/HTTP-Engine-0.03005-fn0gPO/inc/Test/Builder.pm line 917.
t/moose/010_core/response-code.t ............................ ok
Possible precedence issue with control flow operator at /tmp/loop_over_bdir-10534-GLBCKm/HTTP-Engine-0.03005-fn0gPO/inc/Test/Builder.pm line 917.
t/moose/010_core/response-coerce_headers.t .................. ok
Possible precedence issue with control flow operator at /tmp/loop_over_bdir-10534-GLBCKm/HTTP-Engine-0.03005-fn0gPO/inc/Test/Builder.pm line 917.
t/moose/010_core/response-content_length.t .................. ok
Possible precedence issue with control flow operator at /tmp/loop_over_bdir-10534-GLBCKm/HTTP-Engine-0.03005-fn0gPO/inc/Test/Builder.pm line 917.
Class::MOP::load_class is deprecated at /home/sand/src/perl/repoperls/installed-perls/perl/v5.20.0-RC1/a2da/lib/site_perl/5.20.0/x86_64-linux-thread-multi-ld/Class/MOP.pm line 73.
	Class::MOP::load_class("HTTP::Engine::Interface::Test") called at /tmp/loop_over_bdir-10534-GLBCKm/HTTP-Engine-0.03005-fn0gPO/blib/lib/HTTP/Engine/Types/Core.pm line 26
	HTTP::Engine::Types::Core::__ANON__(HASH(0x1d21f70)) called at /home/sand/src/perl/repoperls/installed-perls/perl/v5.20.0-RC1/a2da/lib/site_perl/5.20.0/x86_64-linux-thread-multi-ld/Moose/Meta/TypeCoercion.pm line 68
	Moose::Meta::TypeCoercion::__ANON__(HASH(0x1d21f70)) called at constructor HTTP::Engine::new (defined at /tmp/loop_over_bdir-10534-GLBCKm/HTTP-Engine-0.03005-fn0gPO/blib/lib/HTTP/Engine.pm line 17) line 32
	HTTP::Engine::new("HTTP::Engine", "interface", HASH(0x1d21f70)) called at t/Utils.pm line 141
	t::Utils::run_engine(CODE(0x1d2bd78), HTTP::Request=HASH(0x1d21d60)) called at t/moose/010_core/response-cookie.t line 45
t/moose/010_core/response-cookie.t .......................... ok
Possible precedence issue with control flow operator at /tmp/loop_over_bdir-10534-GLBCKm/HTTP-Engine-0.03005-fn0gPO/inc/Test/Builder.pm line 917.
t/moose/010_core/response-new.t ............................. ok
Possible precedence issue with control flow operator at /tmp/loop_over_bdir-10534-GLBCKm/HTTP-Engine-0.03005-fn0gPO/inc/Test/Builder.pm line 917.
t/moose/010_core/response-set_http_response.t ............... ok
Possible precedence issue with control flow operator at /tmp/loop_over_bdir-10534-GLBCKm/HTTP-Engine-0.03005-fn0gPO/inc/Test/Builder.pm line 917.
t/moose/010_core/response-status.t .......................... ok
Possible precedence issue with control flow operator at /tmp/loop_over_bdir-10534-GLBCKm/HTTP-Engine-0.03005-fn0gPO/inc/Test/Builder.pm line 917.
t/moose/010_core/response.t ................................. ok
Possible precedence issue with control flow operator at /tmp/loop_over_bdir-10534-GLBCKm/HTTP-Engine-0.03005-fn0gPO/inc/Test/Builder.pm line 917.
t/moose/010_core/response_finalizer.t ....................... ok
Possible precedence issue with control flow operator at /tmp/loop_over_bdir-10534-GLBCKm/HTTP-Engine-0.03005-fn0gPO/inc/Test/Builder.pm line 917.
Class::MOP::load_class is deprecated at /home/sand/src/perl/repoperls/installed-perls/perl/v5.20.0-RC1/a2da/lib/site_perl/5.20.0/x86_64-linux-thread-multi-ld/Class/MOP.pm line 73.
	Class::MOP::load_class("HTTP::Engine::RequestBuilder::CGI") called at /tmp/loop_over_bdir-10534-GLBCKm/HTTP-Engine-0.03005-fn0gPO/blib/lib/HTTP/Engine/Interface.pm line 65
	HTTP::Engine::Interface::_setup_builder("HTTP::Engine::Interface::CGI", "CGI") called at /tmp/loop_over_bdir-10534-GLBCKm/HTTP-Engine-0.03005-fn0gPO/blib/lib/HTTP/Engine/Interface.pm line 51
	HTTP::Engine::Interface::__INTERFACE__("HTTP::Engine::Interface::CGI") called at /tmp/loop_over_bdir-10534-GLBCKm/HTTP-Engine-0.03005-fn0gPO/blib/lib/HTTP/Engine/Interface.pm line 31
	HTTP::Engine::Interface::__ANON__() called at /tmp/loop_over_bdir-10534-GLBCKm/HTTP-Engine-0.03005-fn0gPO/blib/lib/HTTP/Engine/Interface/CGI.pm line 18
	require HTTP/Engine/Interface/CGI.pm called at t/moose/010_core/response_writer.t line 9
	main::BEGIN() called at /tmp/loop_over_bdir-10534-GLBCKm/HTTP-Engine-0.03005-fn0gPO/blib/lib/HTTP/Engine/Interface/CGI.pm line 0
	eval {...} called at /tmp/loop_over_bdir-10534-GLBCKm/HTTP-Engine-0.03005-fn0gPO/blib/lib/HTTP/Engine/Interface/CGI.pm line 0
t/moose/010_core/response_writer.t .......................... ok
Possible precedence issue with control flow operator at /tmp/loop_over_bdir-10534-GLBCKm/HTTP-Engine-0.03005-fn0gPO/inc/Test/Builder.pm line 917.
t/moose/010_core/responsewriter-broken_io.t ................. ok
Possible precedence issue with control flow operator at /tmp/loop_over_bdir-10534-GLBCKm/HTTP-Engine-0.03005-fn0gPO/inc/Test/Builder.pm line 917.
t/moose/010_core/responsewriter-with_io.t ................... ok
Class::MOP::load_class is deprecated at /home/sand/src/perl/repoperls/installed-perls/perl/v5.20.0-RC1/a2da/lib/site_perl/5.20.0/x86_64-linux-thread-multi-ld/Class/MOP.pm line 73.
	Class::MOP::load_class("HTTP::Engine::RequestBuilder::CGI") called at /tmp/loop_over_bdir-10534-GLBCKm/HTTP-Engine-0.03005-fn0gPO/blib/lib/HTTP/Engine/Interface.pm line 65
	HTTP::Engine::Interface::_setup_builder("HTTP::Engine::Interface::CGI", "CGI") called at /tmp/loop_over_bdir-10534-GLBCKm/HTTP-Engine-0.03005-fn0gPO/blib/lib/HTTP/Engine/Interface.pm line 51
	HTTP::Engine::Interface::__INTERFACE__("HTTP::Engine::Interface::CGI") called at /tmp/loop_over_bdir-10534-GLBCKm/HTTP-Engine-0.03005-fn0gPO/blib/lib/HTTP/Engine/Interface.pm line 31
	HTTP::Engine::Interface::__ANON__() called at /tmp/loop_over_bdir-10534-GLBCKm/HTTP-Engine-0.03005-fn0gPO/blib/lib/HTTP/Engine/Interface/CGI.pm line 18
	require HTTP/Engine/Interface/CGI.pm called at t/moose/020_interface/cgi.t line 5
	main::BEGIN() called at /tmp/loop_over_bdir-10534-GLBCKm/HTTP-Engine-0.03005-fn0gPO/blib/lib/HTTP/Engine/Interface/CGI.pm line 0
	eval {...} called at /tmp/loop_over_bdir-10534-GLBCKm/HTTP-Engine-0.03005-fn0gPO/blib/lib/HTTP/Engine/Interface/CGI.pm line 0
Possible precedence issue with control flow operator at /tmp/loop_over_bdir-10534-GLBCKm/HTTP-Engine-0.03005-fn0gPO/inc/Test/Builder.pm line 917.
Class::MOP::load_class is deprecated at /home/sand/src/perl/repoperls/installed-perls/perl/v5.20.0-RC1/a2da/lib/site_perl/5.20.0/x86_64-linux-thread-multi-ld/Class/MOP.pm line 73, <DATA> line 1.
	Class::MOP::load_class("HTTP::Engine::Interface::CGI") called at /tmp/loop_over_bdir-10534-GLBCKm/HTTP-Engine-0.03005-fn0gPO/blib/lib/HTTP/Engine/Types/Core.pm line 26
	HTTP::Engine::Types::Core::__ANON__(HASH(0x254b3e8)) called at /home/sand/src/perl/repoperls/installed-perls/perl/v5.20.0-RC1/a2da/lib/site_perl/5.20.0/x86_64-linux-thread-multi-ld/Moose/Meta/TypeCoercion.pm line 68
	Moose::Meta::TypeCoercion::__ANON__(HASH(0x254b3e8)) called at constructor HTTP::Engine::new (defined at /tmp/loop_over_bdir-10534-GLBCKm/HTTP-Engine-0.03005-fn0gPO/blib/lib/HTTP/Engine.pm line 17) line 32
	HTTP::Engine::new("HTTP::Engine", "interface", HASH(0x254b3e8)) called at t/moose/020_interface/cgi.t line 36
	main::__ANON__(Test::Base::Block=HASH(0x254b598)) called at /tmp/loop_over_bdir-10534-GLBCKm/HTTP-Engine-0.03005-fn0gPO/inc/Test/Base.pm line 269
	Test::Base::run(undef) called at t/moose/020_interface/cgi.t line 39
t/moose/020_interface/cgi.t ................................. ok
Possible precedence issue with control flow operator at /tmp/loop_over_bdir-10534-GLBCKm/HTTP-Engine-0.03005-fn0gPO/inc/Test/Builder.pm line 917.
t/moose/020_interface/lighty-fcgi.t ......................... skipped: set TEST_LIGHTTPD to enable this test
Possible precedence issue with control flow operator at /tmp/loop_over_bdir-10534-GLBCKm/HTTP-Engine-0.03005-fn0gPO/inc/Test/Builder.pm line 917.
t/moose/020_interface/modperl_wildcard_hostname.t ........... skipped: this test requires mod_perl 2
Possible precedence issue with control flow operator at /tmp/loop_over_bdir-10534-GLBCKm/HTTP-Engine-0.03005-fn0gPO/inc/Test/Builder.pm line 917.
t/moose/020_interface/poe-proxy.t ........................... skipped: this test requires POE::Component::Client::HTTP
Possible precedence issue with control flow operator at /tmp/loop_over_bdir-10534-GLBCKm/HTTP-Engine-0.03005-fn0gPO/inc/Test/Builder.pm line 917.
t/moose/020_interface/poe-uri.t ............................. skipped: this test requires POE::Component::Client::HTTP
Possible precedence issue with control flow operator at /tmp/loop_over_bdir-10534-GLBCKm/HTTP-Engine-0.03005-fn0gPO/inc/Test/Builder.pm line 917.
t/moose/020_interface/poe.t ................................. skipped: this test requires POE::Component::Client::HTTP
Possible precedence issue with control flow operator at /tmp/loop_over_bdir-10534-GLBCKm/HTTP-Engine-0.03005-fn0gPO/inc/Test/Builder.pm line 917.
Class::MOP::load_class is deprecated at /home/sand/src/perl/repoperls/installed-perls/perl/v5.20.0-RC1/a2da/lib/site_perl/5.20.0/x86_64-linux-thread-multi-ld/Class/MOP.pm line 73.
	Class::MOP::load_class("HTTP::Engine::Interface::PSGI") called at /tmp/loop_over_bdir-10534-GLBCKm/HTTP-Engine-0.03005-fn0gPO/blib/lib/HTTP/Engine/Types/Core.pm line 26
	HTTP::Engine::Types::Core::__ANON__(HASH(0x3d79e88)) called at /home/sand/src/perl/repoperls/installed-perls/perl/v5.20.0-RC1/a2da/lib/site_perl/5.20.0/x86_64-linux-thread-multi-ld/Moose/Meta/TypeCoercion.pm line 68
	Moose::Meta::TypeCoercion::__ANON__(HASH(0x3d79e88)) called at constructor HTTP::Engine::new (defined at /tmp/loop_over_bdir-10534-GLBCKm/HTTP-Engine-0.03005-fn0gPO/blib/lib/HTTP/Engine.pm line 17) line 32
	HTTP::Engine::new("HTTP::Engine", "interface", HASH(0x3d79e88)) called at t/moose/020_interface/psgi-with_plack.t line 33
	main::__ANON__(50102) called at /tmp/loop_over_bdir-10534-GLBCKm/HTTP-Engine-0.03005-fn0gPO/inc/Test/TCP.pm line 118
	Test::TCP::start(Test::TCP=HASH(0x3f0d398)) called at /tmp/loop_over_bdir-10534-GLBCKm/HTTP-Engine-0.03005-fn0gPO/inc/Test/TCP.pm line 101
	Test::TCP::new("Test::TCP", "code", CODE(0x4071fc0), "port", 50102) called at /tmp/loop_over_bdir-10534-GLBCKm/HTTP-Engine-0.03005-fn0gPO/inc/Test/TCP.pm line 52
	Test::TCP::test_tcp("client", CODE(0x3f7e9c0), "server", CODE(0x4071fc0)) called at t/moose/020_interface/psgi-with_plack.t line 37
t/moose/020_interface/psgi-with_plack.t ..................... ok
Possible precedence issue with control flow operator at /tmp/loop_over_bdir-10534-GLBCKm/HTTP-Engine-0.03005-fn0gPO/inc/Test/Builder.pm line 917.
Class::MOP::load_class is deprecated at /home/sand/src/perl/repoperls/installed-perls/perl/v5.20.0-RC1/a2da/lib/site_perl/5.20.0/x86_64-linux-thread-multi-ld/Class/MOP.pm line 73.
	Class::MOP::load_class("HTTP::Engine::Interface::PSGI") called at /tmp/loop_over_bdir-10534-GLBCKm/HTTP-Engine-0.03005-fn0gPO/blib/lib/HTTP/Engine/Types/Core.pm line 26
	HTTP::Engine::Types::Core::__ANON__(HASH(0x14dff70)) called at /home/sand/src/perl/repoperls/installed-perls/perl/v5.20.0-RC1/a2da/lib/site_perl/5.20.0/x86_64-linux-thread-multi-ld/Moose/Meta/TypeCoercion.pm line 68
	Moose::Meta::TypeCoercion::__ANON__(HASH(0x14dff70)) called at constructor HTTP::Engine::new (defined at /tmp/loop_over_bdir-10534-GLBCKm/HTTP-Engine-0.03005-fn0gPO/blib/lib/HTTP/Engine.pm line 17) line 32
	HTTP::Engine::new("HTTP::Engine", "interface", HASH(0x14dff70)) called at t/moose/020_interface/psgi.t line 24
t/moose/020_interface/psgi.t ................................ ok
Possible precedence issue with control flow operator at /tmp/loop_over_bdir-10534-GLBCKm/HTTP-Engine-0.03005-fn0gPO/inc/Test/Builder.pm line 917.
Class::MOP::load_class is deprecated at /home/sand/src/perl/repoperls/installed-perls/perl/v5.20.0-RC1/a2da/lib/site_perl/5.20.0/x86_64-linux-thread-multi-ld/Class/MOP.pm line 73, <DATA> line 11.
	Class::MOP::load_class("HTTP::Engine::Interface::ServerSimple") called at /tmp/loop_over_bdir-10534-GLBCKm/HTTP-Engine-0.03005-fn0gPO/blib/lib/HTTP/Engine/Types/Core.pm line 26
	HTTP::Engine::Types::Core::__ANON__(HASH(0x2ad6e28)) called at /home/sand/src/perl/repoperls/installed-perls/perl/v5.20.0-RC1/a2da/lib/site_perl/5.20.0/x86_64-linux-thread-multi-ld/Moose/Meta/TypeCoercion.pm line 68
	Moose::Meta::TypeCoercion::__ANON__(HASH(0x2ad6e28)) called at constructor HTTP::Engine::new (defined at /tmp/loop_over_bdir-10534-GLBCKm/HTTP-Engine-0.03005-fn0gPO/blib/lib/HTTP/Engine.pm line 17) line 32
	HTTP::Engine::new("HTTP::Engine", "interface", HASH(0x2ad6e28)) called at t/moose/020_interface/server_simple-net_server_configure.t line 52
	main::__ANON__(50854) called at /tmp/loop_over_bdir-10534-GLBCKm/HTTP-Engine-0.03005-fn0gPO/inc/Test/TCP.pm line 118
	Test::TCP::start(Test::TCP=HASH(0x2a57338)) called at /tmp/loop_over_bdir-10534-GLBCKm/HTTP-Engine-0.03005-fn0gPO/inc/Test/TCP.pm line 101
	Test::TCP::new("Test::TCP", "code", CODE(0xbc6ed8), "port", 50854) called at /tmp/loop_over_bdir-10534-GLBCKm/HTTP-Engine-0.03005-fn0gPO/inc/Test/TCP.pm line 52
	Test::TCP::test_tcp("client", CODE(0x28ba9c8), "server", CODE(0xbc6ed8)) called at t/moose/020_interface/server_simple-net_server_configure.t line 54
t/moose/020_interface/server_simple-net_server_configure.t .. ok
Possible precedence issue with control flow operator at /tmp/loop_over_bdir-10534-GLBCKm/HTTP-Engine-0.03005-fn0gPO/inc/Test/Builder.pm line 917.
Class::MOP::load_class is deprecated at /home/sand/src/perl/repoperls/installed-perls/perl/v5.20.0-RC1/a2da/lib/site_perl/5.20.0/x86_64-linux-thread-multi-ld/Class/MOP.pm line 73, <DATA> line 11.
	Class::MOP::load_class("HTTP::Engine::Interface::ServerSimple") called at /tmp/loop_over_bdir-10534-GLBCKm/HTTP-Engine-0.03005-fn0gPO/blib/lib/HTTP/Engine/Types/Core.pm line 26
	HTTP::Engine::Types::Core::__ANON__(HASH(0x2c69148)) called at /home/sand/src/perl/repoperls/installed-perls/perl/v5.20.0-RC1/a2da/lib/site_perl/5.20.0/x86_64-linux-thread-multi-ld/Moose/Meta/TypeCoercion.pm line 68
	Moose::Meta::TypeCoercion::__ANON__(HASH(0x2c69148)) called at constructor HTTP::Engine::new (defined at /tmp/loop_over_bdir-10534-GLBCKm/HTTP-Engine-0.03005-fn0gPO/blib/lib/HTTP/Engine.pm line 17) line 32
	HTTP::Engine::new("HTTP::Engine", "interface", HASH(0x2c69148)) called at t/moose/020_interface/server_simple-not-send-header-bug.t line 39
	main::__ANON__(50966) called at /tmp/loop_over_bdir-10534-GLBCKm/HTTP-Engine-0.03005-fn0gPO/inc/Test/TCP.pm line 118
	Test::TCP::start(Test::TCP=HASH(0x12bdda0)) called at /tmp/loop_over_bdir-10534-GLBCKm/HTTP-Engine-0.03005-fn0gPO/inc/Test/TCP.pm line 101
	Test::TCP::new("Test::TCP", "code", CODE(0x289b058), "port", 50966) called at /tmp/loop_over_bdir-10534-GLBCKm/HTTP-Engine-0.03005-fn0gPO/inc/Test/TCP.pm line 52
	Test::TCP::test_tcp("client", CODE(0x15eb788), "server", CODE(0x289b058)) called at t/moose/020_interface/server_simple-not-send-header-bug.t line 41
Class::MOP::load_class is deprecated at /home/sand/src/perl/repoperls/installed-perls/perl/v5.20.0-RC1/a2da/lib/site_perl/5.20.0/x86_64-linux-thread-multi-ld/Class/MOP.pm line 73, <DATA> line 16.
	Class::MOP::load_class("HTTP::Engine::RequestBuilder::NoEnv") called at /tmp/loop_over_bdir-10534-GLBCKm/HTTP-Engine-0.03005-fn0gPO/blib/lib/HTTP/Engine/Interface.pm line 65
	HTTP::Engine::Interface::_setup_builder("HTTP::Engine::Interface::ServerSimple", "NoEnv") called at /tmp/loop_over_bdir-10534-GLBCKm/HTTP-Engine-0.03005-fn0gPO/blib/lib/HTTP/Engine/Interface.pm line 51
	HTTP::Engine::Interface::__INTERFACE__("HTTP::Engine::Interface::ServerSimple") called at /tmp/loop_over_bdir-10534-GLBCKm/HTTP-Engine-0.03005-fn0gPO/blib/lib/HTTP/Engine/Interface.pm line 31
	HTTP::Engine::Interface::__ANON__() called at /tmp/loop_over_bdir-10534-GLBCKm/HTTP-Engine-0.03005-fn0gPO/blib/lib/HTTP/Engine/Interface/ServerSimple.pm line 111
	require HTTP/Engine/Interface/ServerSimple.pm called at /home/sand/src/perl/repoperls/installed-perls/perl/v5.20.0-RC1/a2da/lib/site_perl/5.20.0/Module/Runtime.pm line 317
	Module::Runtime::require_module("HTTP::Engine::Interface::ServerSimple") called at /home/sand/src/perl/repoperls/installed-perls/perl/v5.20.0-RC1/a2da/lib/site_perl/5.20.0/Class/Load.pm line 179
	Class::Load::try {...} () called at /home/sand/src/perl/repoperls/installed-perls/perl/v5.20.0-RC1/a2da/lib/site_perl/5.20.0/Try/Tiny.pm line 77
	eval {...} called at /home/sand/src/perl/repoperls/installed-perls/perl/v5.20.0-RC1/a2da/lib/site_perl/5.20.0/Try/Tiny.pm line 72
	Try::Tiny::try(CODE(0x28c0dd8), Try::Tiny::Catch=REF(0x2716f80)) called at /home/sand/src/perl/repoperls/installed-perls/perl/v5.20.0-RC1/a2da/lib/site_perl/5.20.0/Class/Load.pm line 185
	Class::Load::try_load_class("HTTP::Engine::Interface::ServerSimple", undef) called at /home/sand/src/perl/repoperls/installed-perls/perl/v5.20.0-RC1/a2da/lib/site_perl/5.20.0/Class/Load.pm line 40
	Class::Load::load_class("HTTP::Engine::Interface::ServerSimple") called at /tmp/loop_over_bdir-10534-GLBCKm/HTTP-Engine-0.03005-fn0gPO/blib/lib/HTTP/Engine/Types/Core.pm line 26
	HTTP::Engine::Types::Core::__ANON__(HASH(0x2c69148)) called at /home/sand/src/perl/repoperls/installed-perls/perl/v5.20.0-RC1/a2da/lib/site_perl/5.20.0/x86_64-linux-thread-multi-ld/Moose/Meta/TypeCoercion.pm line 68
	Moose::Meta::TypeCoercion::__ANON__(HASH(0x2c69148)) called at constructor HTTP::Engine::new (defined at /tmp/loop_over_bdir-10534-GLBCKm/HTTP-Engine-0.03005-fn0gPO/blib/lib/HTTP/Engine.pm line 17) line 32
	HTTP::Engine::new("HTTP::Engine", "interface", HASH(0x2c69148)) called at t/moose/020_interface/server_simple-not-send-header-bug.t line 39
	main::__ANON__(50966) called at /tmp/loop_over_bdir-10534-GLBCKm/HTTP-Engine-0.03005-fn0gPO/inc/Test/TCP.pm line 118
	Test::TCP::start(Test::TCP=HASH(0x12bdda0)) called at /tmp/loop_over_bdir-10534-GLBCKm/HTTP-Engine-0.03005-fn0gPO/inc/Test/TCP.pm line 101
	Test::TCP::new("Test::TCP", "code", CODE(0x289b058), "port", 50966) called at /tmp/loop_over_bdir-10534-GLBCKm/HTTP-Engine-0.03005-fn0gPO/inc/Test/TCP.pm line 52
	Test::TCP::test_tcp("client", CODE(0x15eb788), "server", CODE(0x289b058)) called at t/moose/020_interface/server_simple-not-send-header-bug.t line 41
t/moose/020_interface/server_simple-not-send-header-bug.t ... ok
Possible precedence issue with control flow operator at /tmp/loop_over_bdir-10534-GLBCKm/HTTP-Engine-0.03005-fn0gPO/inc/Test/Builder.pm line 917.
Class::MOP::load_class is deprecated at /home/sand/src/perl/repoperls/installed-perls/perl/v5.20.0-RC1/a2da/lib/site_perl/5.20.0/x86_64-linux-thread-multi-ld/Class/MOP.pm line 73, <DATA> line 11.
	Class::MOP::load_class("HTTP::Engine::Interface::ServerSimple") called at /tmp/loop_over_bdir-10534-GLBCKm/HTTP-Engine-0.03005-fn0gPO/blib/lib/HTTP/Engine/Types/Core.pm line 26
	HTTP::Engine::Types::Core::__ANON__(HASH(0x3774e48)) called at /home/sand/src/perl/repoperls/installed-perls/perl/v5.20.0-RC1/a2da/lib/site_perl/5.20.0/x86_64-linux-thread-multi-ld/Moose/Meta/TypeCoercion.pm line 68
	Moose::Meta::TypeCoercion::__ANON__(HASH(0x3774e48)) called at constructor HTTP::Engine::new (defined at /tmp/loop_over_bdir-10534-GLBCKm/HTTP-Engine-0.03005-fn0gPO/blib/lib/HTTP/Engine.pm line 17) line 32
	HTTP::Engine::new("HTTP::Engine", "interface", HASH(0x3774e48)) called at t/moose/020_interface/server_simple-print_banner.t line 32
	main::__ANON__(50125) called at /tmp/loop_over_bdir-10534-GLBCKm/HTTP-Engine-0.03005-fn0gPO/inc/Test/TCP.pm line 118
	Test::TCP::start(Test::TCP=HASH(0x373c8c8)) called at /tmp/loop_over_bdir-10534-GLBCKm/HTTP-Engine-0.03005-fn0gPO/inc/Test/TCP.pm line 101
	Test::TCP::new("Test::TCP", "code", CODE(0x1a13d48), "port", 50125) called at /tmp/loop_over_bdir-10534-GLBCKm/HTTP-Engine-0.03005-fn0gPO/inc/Test/TCP.pm line 52
	Test::TCP::test_tcp("client", CODE(0x37247b0), "server", CODE(0x1a13d48)) called at t/moose/020_interface/server_simple-print_banner.t line 34
t/moose/020_interface/server_simple-print_banner.t .......... ok
Possible precedence issue with control flow operator at /tmp/loop_over_bdir-10534-GLBCKm/HTTP-Engine-0.03005-fn0gPO/inc/Test/Builder.pm line 917.
Class::MOP::load_class is deprecated at /home/sand/src/perl/repoperls/installed-perls/perl/v5.20.0-RC1/a2da/lib/site_perl/5.20.0/x86_64-linux-thread-multi-ld/Class/MOP.pm line 73, <DATA> line 11.
	Class::MOP::load_class("HTTP::Engine::Interface::ServerSimple") called at /tmp/loop_over_bdir-10534-GLBCKm/HTTP-Engine-0.03005-fn0gPO/blib/lib/HTTP/Engine/Types/Core.pm line 26
	HTTP::Engine::Types::Core::__ANON__(HASH(0x439a038)) called at /home/sand/src/perl/repoperls/installed-perls/perl/v5.20.0-RC1/a2da/lib/site_perl/5.20.0/x86_64-linux-thread-multi-ld/Moose/Meta/TypeCoercion.pm line 68
	Moose::Meta::TypeCoercion::__ANON__(HASH(0x439a038)) called at constructor HTTP::Engine::new (defined at /tmp/loop_over_bdir-10534-GLBCKm/HTTP-Engine-0.03005-fn0gPO/blib/lib/HTTP/Engine.pm line 17) line 32
	HTTP::Engine::new("HTTP::Engine", "interface", HASH(0x439a038)) called at t/moose/020_interface/server_simple.t line 36
	main::__ANON__(50328) called at /tmp/loop_over_bdir-10534-GLBCKm/HTTP-Engine-0.03005-fn0gPO/inc/Test/TCP.pm line 118
	Test::TCP::start(Test::TCP=HASH(0x4399fd8)) called at /tmp/loop_over_bdir-10534-GLBCKm/HTTP-Engine-0.03005-fn0gPO/inc/Test/TCP.pm line 101
	Test::TCP::new("Test::TCP", "code", CODE(0x4296fd0), "port", 50328) called at /tmp/loop_over_bdir-10534-GLBCKm/HTTP-Engine-0.03005-fn0gPO/inc/Test/TCP.pm line 52
	Test::TCP::test_tcp("client", CODE(0x41bb750), "server", CODE(0x4296fd0)) called at t/moose/020_interface/server_simple.t line 38
t/moose/020_interface/server_simple.t ....................... ok
Possible precedence issue with control flow operator at /tmp/loop_over_bdir-10534-GLBCKm/HTTP-Engine-0.03005-fn0gPO/inc/Test/Builder.pm line 917.
t/moose/020_interface/standalone-keep_alive.t ............... skipped: Interface::Standalone will be removed
Possible precedence issue with control flow operator at /tmp/loop_over_bdir-10534-GLBCKm/HTTP-Engine-0.03005-fn0gPO/inc/Test/Builder.pm line 917.
t/moose/020_interface/standalone-restart.t .................. skipped: Interface::Standalone will be removed
Possible precedence issue with control flow operator at /tmp/loop_over_bdir-10534-GLBCKm/HTTP-Engine-0.03005-fn0gPO/inc/Test/Builder.pm line 917.
Class::MOP::load_class is deprecated at /home/sand/src/perl/repoperls/installed-perls/perl/v5.20.0-RC1/a2da/lib/site_perl/5.20.0/x86_64-linux-thread-multi-ld/Class/MOP.pm line 73.
	Class::MOP::load_class("HTTP::Engine::Interface::Test") called at /tmp/loop_over_bdir-10534-GLBCKm/HTTP-Engine-0.03005-fn0gPO/blib/lib/HTTP/Engine/Types/Core.pm line 26
	HTTP::Engine::Types::Core::__ANON__(HASH(0x26c6ff0)) called at /home/sand/src/perl/repoperls/installed-perls/perl/v5.20.0-RC1/a2da/lib/site_perl/5.20.0/x86_64-linux-thread-multi-ld/Moose/Meta/TypeCoercion.pm line 68
	Moose::Meta::TypeCoercion::__ANON__(HASH(0x26c6ff0)) called at constructor HTTP::Engine::new (defined at /tmp/loop_over_bdir-10534-GLBCKm/HTTP-Engine-0.03005-fn0gPO/blib/lib/HTTP/Engine.pm line 17) line 32
	HTTP::Engine::new("HTTP::Engine", "interface", HASH(0x26c6ff0)) called at t/moose/020_interface/streaming_response.t line 30
	eval {...} called at t/moose/020_interface/streaming_response.t line 19
t/moose/020_interface/streaming_response.t .................. ok
Possible precedence issue with control flow operator at /tmp/loop_over_bdir-10534-GLBCKm/HTTP-Engine-0.03005-fn0gPO/inc/Test/Builder.pm line 917.

#   Failed test at t/moose/020_interface/test-validation.t line 23.
#          got: '1'
#     expected: '0'
# Looks like you failed 1 test of 10.
t/moose/020_interface/test-validation.t ..................... 
Dubious, test returned 1 (wstat 256, 0x100)
Failed 1/10 subtests 
Possible precedence issue with control flow operator at /tmp/loop_over_bdir-10534-GLBCKm/HTTP-Engine-0.03005-fn0gPO/inc/Test/Builder.pm line 917.
t/moose/020_interface/test-warn_at_utf8.t ................... ok
Possible precedence issue with control flow operator at /tmp/loop_over_bdir-10534-GLBCKm/HTTP-Engine-0.03005-fn0gPO/inc/Test/Builder.pm line 917.
Class::MOP::load_class is deprecated at /home/sand/src/perl/repoperls/installed-perls/perl/v5.20.0-RC1/a2da/lib/site_perl/5.20.0/x86_64-linux-thread-multi-ld/Class/MOP.pm line 73, <DATA> line 1.
	Class::MOP::load_class("HTTP::Engine::Interface::Test") called at /tmp/loop_over_bdir-10534-GLBCKm/HTTP-Engine-0.03005-fn0gPO/blib/lib/HTTP/Engine/Types/Core.pm line 26
	HTTP::Engine::Types::Core::__ANON__(HASH(0x34dab40)) called at /home/sand/src/perl/repoperls/installed-perls/perl/v5.20.0-RC1/a2da/lib/site_perl/5.20.0/x86_64-linux-thread-multi-ld/Moose/Meta/TypeCoercion.pm line 68
	Moose::Meta::TypeCoercion::__ANON__(HASH(0x34dab40)) called at constructor HTTP::Engine::new (defined at /tmp/loop_over_bdir-10534-GLBCKm/HTTP-Engine-0.03005-fn0gPO/blib/lib/HTTP/Engine.pm line 17) line 32
	HTTP::Engine::new("HTTP::Engine", "interface", HASH(0x34dab40)) called at t/moose/020_interface/test.t line 38
	main::__ANON__(Test::Base::Block=HASH(0x3472e48)) called at /tmp/loop_over_bdir-10534-GLBCKm/HTTP-Engine-0.03005-fn0gPO/inc/Test/Base.pm line 269
	Test::Base::run(undef) called at t/moose/020_interface/test.t line 43
t/moose/020_interface/test.t ................................ ok
Possible precedence issue with control flow operator at /tmp/loop_over_bdir-10534-GLBCKm/HTTP-Engine-0.03005-fn0gPO/inc/Test/Builder.pm line 917.
Class::MOP::load_class is deprecated at /home/sand/src/perl/repoperls/installed-perls/perl/v5.20.0-RC1/a2da/lib/site_perl/5.20.0/x86_64-linux-thread-multi-ld/Class/MOP.pm line 73.
	Class::MOP::load_class("HTTP::Engine::Interface::Test") called at /tmp/loop_over_bdir-10534-GLBCKm/HTTP-Engine-0.03005-fn0gPO/blib/lib/HTTP/Engine/Types/Core.pm line 26
	HTTP::Engine::Types::Core::__ANON__(HASH(0x38287a0)) called at /home/sand/src/perl/repoperls/installed-perls/perl/v5.20.0-RC1/a2da/lib/site_perl/5.20.0/x86_64-linux-thread-multi-ld/Moose/Meta/TypeCoercion.pm line 68
	Moose::Meta::TypeCoercion::__ANON__(HASH(0x38287a0)) called at constructor HTTP::Engine::new (defined at /tmp/loop_over_bdir-10534-GLBCKm/HTTP-Engine-0.03005-fn0gPO/blib/lib/HTTP/Engine.pm line 17) line 32
	HTTP::Engine::new("HTTP::Engine", "interface", HASH(0x38287a0)) called at t/moose/020_interface/test_response-with_io.t line 26
t/moose/020_interface/test_response-with_io.t ............... ok
Possible precedence issue with control flow operator at /tmp/loop_over_bdir-10534-GLBCKm/HTTP-Engine-0.03005-fn0gPO/inc/Test/Builder.pm line 917.
Class::MOP::load_class is deprecated at /home/sand/src/perl/repoperls/installed-perls/perl/v5.20.0-RC1/a2da/lib/site_perl/5.20.0/x86_64-linux-thread-multi-ld/Class/MOP.pm line 73, <DATA> line 1.
	Class::MOP::load_class("HTTP::Engine::Interface::Test") called at /tmp/loop_over_bdir-10534-GLBCKm/HTTP-Engine-0.03005-fn0gPO/blib/lib/HTTP/Engine/Types/Core.pm line 26
	HTTP::Engine::Types::Core::__ANON__(HASH(0x3b97d40)) called at /home/sand/src/perl/repoperls/installed-perls/perl/v5.20.0-RC1/a2da/lib/site_perl/5.20.0/x86_64-linux-thread-multi-ld/Moose/Meta/TypeCoercion.pm line 68
	Moose::Meta::TypeCoercion::__ANON__(HASH(0x3b97d40)) called at constructor HTTP::Engine::new (defined at /tmp/loop_over_bdir-10534-GLBCKm/HTTP-Engine-0.03005-fn0gPO/blib/lib/HTTP/Engine.pm line 17) line 32
	HTTP::Engine::new("HTTP::Engine", "interface", HASH(0x3b97d40)) called at t/moose/020_interface/test_upload.t line 55
	main::__ANON__(Test::Base::Block=HASH(0x164afa0)) called at /tmp/loop_over_bdir-10534-GLBCKm/HTTP-Engine-0.03005-fn0gPO/inc/Test/Base.pm line 269
	Test::Base::run(undef) called at t/moose/020_interface/test_upload.t line 91
t/moose/020_interface/test_upload.t ......................... ok
Possible precedence issue with control flow operator at /tmp/loop_over_bdir-10534-GLBCKm/HTTP-Engine-0.03005-fn0gPO/inc/Test/Builder.pm line 917.
Class::MOP::load_class is deprecated at /home/sand/src/perl/repoperls/installed-perls/perl/v5.20.0-RC1/a2da/lib/site_perl/5.20.0/x86_64-linux-thread-multi-ld/Class/MOP.pm line 73.
	Class::MOP::load_class("HTTP::Engine::Interface::Standalone") called at /tmp/loop_over_bdir-10534-GLBCKm/HTTP-Engine-0.03005-fn0gPO/blib/lib/HTTP/Engine/Types/Core.pm line 26
	HTTP::Engine::Types::Core::__ANON__(HASH(0x4566c10)) called at /home/sand/src/perl/repoperls/installed-perls/perl/v5.20.0-RC1/a2da/lib/site_perl/5.20.0/x86_64-linux-thread-multi-ld/Moose/Meta/TypeCoercion.pm line 68
	Moose::Meta::TypeCoercion::__ANON__(HASH(0x4566c10)) called at constructor HTTP::Engine::new (defined at /tmp/loop_over_bdir-10534-GLBCKm/HTTP-Engine-0.03005-fn0gPO/blib/lib/HTTP/Engine.pm line 17) line 32
	HTTP::Engine::new("HTTP::Engine", "interface", HASH(0x4566c10)) called at t/Utils.pm line 129
	t::Utils::__ANON__(50954) called at /tmp/loop_over_bdir-10534-GLBCKm/HTTP-Engine-0.03005-fn0gPO/inc/Test/TCP.pm line 118
	Test::TCP::start(Test::TCP=HASH(0x49a22b8)) called at /tmp/loop_over_bdir-10534-GLBCKm/HTTP-Engine-0.03005-fn0gPO/inc/Test/TCP.pm line 101
	Test::TCP::new("Test::TCP", "code", CODE(0x4988180), "port", 50954) called at /tmp/loop_over_bdir-10534-GLBCKm/HTTP-Engine-0.03005-fn0gPO/inc/Test/TCP.pm line 52
	Test::TCP::test_tcp("client", CODE(0x49153c0), "server", CODE(0x4988180), "port", 50954) called at t/Utils.pm line 132
	t::Utils::daemonize_all(CODE(0x4390d50), "    sub {\x{a}        my \$port = shift;\x{a}        return (\x{a}        "...) called at t/moose/030_daemonize/connection_info.t line 47
Class::MOP::load_class is deprecated at /home/sand/src/perl/repoperls/installed-perls/perl/v5.20.0-RC1/a2da/lib/site_perl/5.20.0/x86_64-linux-thread-multi-ld/Class/MOP.pm line 73.
	Class::MOP::load_class("HTTP::Engine::Interface::ServerSimple") called at /tmp/loop_over_bdir-10534-GLBCKm/HTTP-Engine-0.03005-fn0gPO/blib/lib/HTTP/Engine/Types/Core.pm line 26
	HTTP::Engine::Types::Core::__ANON__(HASH(0x4566c10)) called at /home/sand/src/perl/repoperls/installed-perls/perl/v5.20.0-RC1/a2da/lib/site_perl/5.20.0/x86_64-linux-thread-multi-ld/Moose/Meta/TypeCoercion.pm line 68
	Moose::Meta::TypeCoercion::__ANON__(HASH(0x4566c10)) called at constructor HTTP::Engine::new (defined at /tmp/loop_over_bdir-10534-GLBCKm/HTTP-Engine-0.03005-fn0gPO/blib/lib/HTTP/Engine.pm line 17) line 32
	HTTP::Engine::new("HTTP::Engine", "interface", HASH(0x4566c10)) called at t/Utils.pm line 129
	t::Utils::__ANON__(50954) called at /tmp/loop_over_bdir-10534-GLBCKm/HTTP-Engine-0.03005-fn0gPO/inc/Test/TCP.pm line 118
	Test::TCP::start(Test::TCP=HASH(0x49a2420)) called at /tmp/loop_over_bdir-10534-GLBCKm/HTTP-Engine-0.03005-fn0gPO/inc/Test/TCP.pm line 101
	Test::TCP::new("Test::TCP", "code", CODE(0x4988180), "port", 50954) called at /tmp/loop_over_bdir-10534-GLBCKm/HTTP-Engine-0.03005-fn0gPO/inc/Test/TCP.pm line 52
	Test::TCP::test_tcp("client", CODE(0x49153c0), "server", CODE(0x4988180), "port", 50954) called at t/Utils.pm line 132
	t::Utils::daemonize_all(CODE(0x4390d50), "    sub {\x{a}        my \$port = shift;\x{a}        return (\x{a}        "...) called at t/moose/030_daemonize/connection_info.t line 47
Class::MOP::load_class is deprecated at /home/sand/src/perl/repoperls/installed-perls/perl/v5.20.0-RC1/a2da/lib/site_perl/5.20.0/x86_64-linux-thread-multi-ld/Class/MOP.pm line 73.
	Class::MOP::load_class("HTTP::Engine::Interface::POE") called at /tmp/loop_over_bdir-10534-GLBCKm/HTTP-Engine-0.03005-fn0gPO/blib/lib/HTTP/Engine/Types/Core.pm line 26
	HTTP::Engine::Types::Core::__ANON__(HASH(0x4566c10)) called at /home/sand/src/perl/repoperls/installed-perls/perl/v5.20.0-RC1/a2da/lib/site_perl/5.20.0/x86_64-linux-thread-multi-ld/Moose/Meta/TypeCoercion.pm line 68
	Moose::Meta::TypeCoercion::__ANON__(HASH(0x4566c10)) called at constructor HTTP::Engine::new (defined at /tmp/loop_over_bdir-10534-GLBCKm/HTTP-Engine-0.03005-fn0gPO/blib/lib/HTTP/Engine.pm line 17) line 32
	HTTP::Engine::new("HTTP::Engine", "interface", HASH(0x4566c10)) called at t/Utils.pm line 129
	t::Utils::__ANON__(50954) called at /tmp/loop_over_bdir-10534-GLBCKm/HTTP-Engine-0.03005-fn0gPO/inc/Test/TCP.pm line 118
	Test::TCP::start(Test::TCP=HASH(0x49a71b8)) called at /tmp/loop_over_bdir-10534-GLBCKm/HTTP-Engine-0.03005-fn0gPO/inc/Test/TCP.pm line 101
	Test::TCP::new("Test::TCP", "code", CODE(0x4988180), "port", 50954) called at /tmp/loop_over_bdir-10534-GLBCKm/HTTP-Engine-0.03005-fn0gPO/inc/Test/TCP.pm line 52
	Test::TCP::test_tcp("client", CODE(0x49153c0), "server", CODE(0x4988180), "port", 50954) called at t/Utils.pm line 132
	t::Utils::daemonize_all(CODE(0x4390d50), "    sub {\x{a}        my \$port = shift;\x{a}        return (\x{a}        "...) called at t/moose/030_daemonize/connection_info.t line 47
t/moose/030_daemonize/connection_info.t ..................... ok
Possible precedence issue with control flow operator at /tmp/loop_over_bdir-10534-GLBCKm/HTTP-Engine-0.03005-fn0gPO/inc/Test/Builder.pm line 917.
Class::MOP::load_class is deprecated at /home/sand/src/perl/repoperls/installed-perls/perl/v5.20.0-RC1/a2da/lib/site_perl/5.20.0/x86_64-linux-thread-multi-ld/Class/MOP.pm line 73.
	Class::MOP::load_class("HTTP::Engine::Interface::Standalone") called at /tmp/loop_over_bdir-10534-GLBCKm/HTTP-Engine-0.03005-fn0gPO/blib/lib/HTTP/Engine/Types/Core.pm line 26
	HTTP::Engine::Types::Core::__ANON__(HASH(0x2f0f0f0)) called at /home/sand/src/perl/repoperls/installed-perls/perl/v5.20.0-RC1/a2da/lib/site_perl/5.20.0/x86_64-linux-thread-multi-ld/Moose/Meta/TypeCoercion.pm line 68
	Moose::Meta::TypeCoercion::__ANON__(HASH(0x2f0f0f0)) called at constructor HTTP::Engine::new (defined at /tmp/loop_over_bdir-10534-GLBCKm/HTTP-Engine-0.03005-fn0gPO/blib/lib/HTTP/Engine.pm line 17) line 32
	HTTP::Engine::new("HTTP::Engine", "interface", HASH(0x2f0f0f0)) called at t/Utils.pm line 129
	t::Utils::__ANON__(50167) called at /tmp/loop_over_bdir-10534-GLBCKm/HTTP-Engine-0.03005-fn0gPO/inc/Test/TCP.pm line 118
	Test::TCP::start(Test::TCP=HASH(0x3368f88)) called at /tmp/loop_over_bdir-10534-GLBCKm/HTTP-Engine-0.03005-fn0gPO/inc/Test/TCP.pm line 101
	Test::TCP::new("Test::TCP", "code", CODE(0x334fb88), "port", 50167) called at /tmp/loop_over_bdir-10534-GLBCKm/HTTP-Engine-0.03005-fn0gPO/inc/Test/TCP.pm line 52
	Test::TCP::test_tcp("client", CODE(0x32dd510), "server", CODE(0x334fb88), "port", 50167) called at t/Utils.pm line 132
	t::Utils::daemonize_all(CODE(0x2d5dc38), "    sub {\x{a}        my \$port = shift;\x{a}        return (\x{a}        "...) called at t/moose/030_daemonize/headers.t line 40
Class::MOP::load_class is deprecated at /home/sand/src/perl/repoperls/installed-perls/perl/v5.20.0-RC1/a2da/lib/site_perl/5.20.0/x86_64-linux-thread-multi-ld/Class/MOP.pm line 73.
	Class::MOP::load_class("HTTP::Engine::Interface::ServerSimple") called at /tmp/loop_over_bdir-10534-GLBCKm/HTTP-Engine-0.03005-fn0gPO/blib/lib/HTTP/Engine/Types/Core.pm line 26
	HTTP::Engine::Types::Core::__ANON__(HASH(0x2f0f0f0)) called at /home/sand/src/perl/repoperls/installed-perls/perl/v5.20.0-RC1/a2da/lib/site_perl/5.20.0/x86_64-linux-thread-multi-ld/Moose/Meta/TypeCoercion.pm line 68
	Moose::Meta::TypeCoercion::__ANON__(HASH(0x2f0f0f0)) called at constructor HTTP::Engine::new (defined at /tmp/loop_over_bdir-10534-GLBCKm/HTTP-Engine-0.03005-fn0gPO/blib/lib/HTTP/Engine.pm line 17) line 32
	HTTP::Engine::new("HTTP::Engine", "interface", HASH(0x2f0f0f0)) called at t/Utils.pm line 129
	t::Utils::__ANON__(50167) called at /tmp/loop_over_bdir-10534-GLBCKm/HTTP-Engine-0.03005-fn0gPO/inc/Test/TCP.pm line 118
	Test::TCP::start(Test::TCP=HASH(0x3369480)) called at /tmp/loop_over_bdir-10534-GLBCKm/HTTP-Engine-0.03005-fn0gPO/inc/Test/TCP.pm line 101
	Test::TCP::new("Test::TCP", "code", CODE(0x334fb88), "port", 50167) called at /tmp/loop_over_bdir-10534-GLBCKm/HTTP-Engine-0.03005-fn0gPO/inc/Test/TCP.pm line 52
	Test::TCP::test_tcp("client", CODE(0x32dd510), "server", CODE(0x334fb88), "port", 50167) called at t/Utils.pm line 132
	t::Utils::daemonize_all(CODE(0x2d5dc38), "    sub {\x{a}        my \$port = shift;\x{a}        return (\x{a}        "...) called at t/moose/030_daemonize/headers.t line 40
Class::MOP::load_class is deprecated at /home/sand/src/perl/repoperls/installed-perls/perl/v5.20.0-RC1/a2da/lib/site_perl/5.20.0/x86_64-linux-thread-multi-ld/Class/MOP.pm line 73.
	Class::MOP::load_class("HTTP::Engine::Interface::POE") called at /tmp/loop_over_bdir-10534-GLBCKm/HTTP-Engine-0.03005-fn0gPO/blib/lib/HTTP/Engine/Types/Core.pm line 26
	HTTP::Engine::Types::Core::__ANON__(HASH(0x2f0f0f0)) called at /home/sand/src/perl/repoperls/installed-perls/perl/v5.20.0-RC1/a2da/lib/site_perl/5.20.0/x86_64-linux-thread-multi-ld/Moose/Meta/TypeCoercion.pm line 68
	Moose::Meta::TypeCoercion::__ANON__(HASH(0x2f0f0f0)) called at constructor HTTP::Engine::new (defined at /tmp/loop_over_bdir-10534-GLBCKm/HTTP-Engine-0.03005-fn0gPO/blib/lib/HTTP/Engine.pm line 17) line 32
	HTTP::Engine::new("HTTP::Engine", "interface", HASH(0x2f0f0f0)) called at t/Utils.pm line 129
	t::Utils::__ANON__(50167) called at /tmp/loop_over_bdir-10534-GLBCKm/HTTP-Engine-0.03005-fn0gPO/inc/Test/TCP.pm line 118
	Test::TCP::start(Test::TCP=HASH(0x2f3bd70)) called at /tmp/loop_over_bdir-10534-GLBCKm/HTTP-Engine-0.03005-fn0gPO/inc/Test/TCP.pm line 101
	Test::TCP::new("Test::TCP", "code", CODE(0x334fb88), "port", 50167) called at /tmp/loop_over_bdir-10534-GLBCKm/HTTP-Engine-0.03005-fn0gPO/inc/Test/TCP.pm line 52
	Test::TCP::test_tcp("client", CODE(0x32dd510), "server", CODE(0x334fb88), "port", 50167) called at t/Utils.pm line 132
	t::Utils::daemonize_all(CODE(0x2d5dc38), "    sub {\x{a}        my \$port = shift;\x{a}        return (\x{a}        "...) called at t/moose/030_daemonize/headers.t line 40
t/moose/030_daemonize/headers.t ............................. ok
Possible precedence issue with control flow operator at /tmp/loop_over_bdir-10534-GLBCKm/HTTP-Engine-0.03005-fn0gPO/inc/Test/Builder.pm line 917.
Class::MOP::load_class is deprecated at /home/sand/src/perl/repoperls/installed-perls/perl/v5.20.0-RC1/a2da/lib/site_perl/5.20.0/x86_64-linux-thread-multi-ld/Class/MOP.pm line 73.
	Class::MOP::load_class("HTTP::Engine::Interface::Standalone") called at /tmp/loop_over_bdir-10534-GLBCKm/HTTP-Engine-0.03005-fn0gPO/blib/lib/HTTP/Engine/Types/Core.pm line 26
	HTTP::Engine::Types::Core::__ANON__(HASH(0x3681608)) called at /home/sand/src/perl/repoperls/installed-perls/perl/v5.20.0-RC1/a2da/lib/site_perl/5.20.0/x86_64-linux-thread-multi-ld/Moose/Meta/TypeCoercion.pm line 68
	Moose::Meta::TypeCoercion::__ANON__(HASH(0x3681608)) called at constructor HTTP::Engine::new (defined at /tmp/loop_over_bdir-10534-GLBCKm/HTTP-Engine-0.03005-fn0gPO/blib/lib/HTTP/Engine.pm line 17) line 32
	HTTP::Engine::new("HTTP::Engine", "interface", HASH(0x3681608)) called at t/Utils.pm line 129
	t::Utils::__ANON__(50560) called at /tmp/loop_over_bdir-10534-GLBCKm/HTTP-Engine-0.03005-fn0gPO/inc/Test/TCP.pm line 118
	Test::TCP::start(Test::TCP=HASH(0x3acdd10)) called at /tmp/loop_over_bdir-10534-GLBCKm/HTTP-Engine-0.03005-fn0gPO/inc/Test/TCP.pm line 101
	Test::TCP::new("Test::TCP", "code", CODE(0x3ab3298), "port", 50560) called at /tmp/loop_over_bdir-10534-GLBCKm/HTTP-Engine-0.03005-fn0gPO/inc/Test/TCP.pm line 52
	Test::TCP::test_tcp("client", CODE(0x3a40008), "server", CODE(0x3ab3298), "port", 50560) called at t/Utils.pm line 132
	t::Utils::daemonize_all(CODE(0x3519470), "    sub {\x{a}        my \$port = shift;\x{a}        return (\x{a}        "...) called at t/moose/030_daemonize/proxy_path.t line 25
Class::MOP::load_class is deprecated at /home/sand/src/perl/repoperls/installed-perls/perl/v5.20.0-RC1/a2da/lib/site_perl/5.20.0/x86_64-linux-thread-multi-ld/Class/MOP.pm line 73.
	Class::MOP::load_class("HTTP::Engine::Interface::ServerSimple") called at /tmp/loop_over_bdir-10534-GLBCKm/HTTP-Engine-0.03005-fn0gPO/blib/lib/HTTP/Engine/Types/Core.pm line 26
	HTTP::Engine::Types::Core::__ANON__(HASH(0x3681608)) called at /home/sand/src/perl/repoperls/installed-perls/perl/v5.20.0-RC1/a2da/lib/site_perl/5.20.0/x86_64-linux-thread-multi-ld/Moose/Meta/TypeCoercion.pm line 68
	Moose::Meta::TypeCoercion::__ANON__(HASH(0x3681608)) called at constructor HTTP::Engine::new (defined at /tmp/loop_over_bdir-10534-GLBCKm/HTTP-Engine-0.03005-fn0gPO/blib/lib/HTTP/Engine.pm line 17) line 32
	HTTP::Engine::new("HTTP::Engine", "interface", HASH(0x3681608)) called at t/Utils.pm line 129
	t::Utils::__ANON__(50560) called at /tmp/loop_over_bdir-10534-GLBCKm/HTTP-Engine-0.03005-fn0gPO/inc/Test/TCP.pm line 118
	Test::TCP::start(Test::TCP=HASH(0x3aa7fc8)) called at /tmp/loop_over_bdir-10534-GLBCKm/HTTP-Engine-0.03005-fn0gPO/inc/Test/TCP.pm line 101
	Test::TCP::new("Test::TCP", "code", CODE(0x3ab3298), "port", 50560) called at /tmp/loop_over_bdir-10534-GLBCKm/HTTP-Engine-0.03005-fn0gPO/inc/Test/TCP.pm line 52
	Test::TCP::test_tcp("client", CODE(0x3a40008), "server", CODE(0x3ab3298), "port", 50560) called at t/Utils.pm line 132
	t::Utils::daemonize_all(CODE(0x3519470), "    sub {\x{a}        my \$port = shift;\x{a}        return (\x{a}        "...) called at t/moose/030_daemonize/proxy_path.t line 25
Class::MOP::load_class is deprecated at /home/sand/src/perl/repoperls/installed-perls/perl/v5.20.0-RC1/a2da/lib/site_perl/5.20.0/x86_64-linux-thread-multi-ld/Class/MOP.pm line 73.
	Class::MOP::load_class("HTTP::Engine::Interface::POE") called at /tmp/loop_over_bdir-10534-GLBCKm/HTTP-Engine-0.03005-fn0gPO/blib/lib/HTTP/Engine/Types/Core.pm line 26
	HTTP::Engine::Types::Core::__ANON__(HASH(0x3681608)) called at /home/sand/src/perl/repoperls/installed-perls/perl/v5.20.0-RC1/a2da/lib/site_perl/5.20.0/x86_64-linux-thread-multi-ld/Moose/Meta/TypeCoercion.pm line 68
	Moose::Meta::TypeCoercion::__ANON__(HASH(0x3681608)) called at constructor HTTP::Engine::new (defined at /tmp/loop_over_bdir-10534-GLBCKm/HTTP-Engine-0.03005-fn0gPO/blib/lib/HTTP/Engine.pm line 17) line 32
	HTTP::Engine::new("HTTP::Engine", "interface", HASH(0x3681608)) called at t/Utils.pm line 129
	t::Utils::__ANON__(50560) called at /tmp/loop_over_bdir-10534-GLBCKm/HTTP-Engine-0.03005-fn0gPO/inc/Test/TCP.pm line 118
	Test::TCP::start(Test::TCP=HASH(0x19aaa08)) called at /tmp/loop_over_bdir-10534-GLBCKm/HTTP-Engine-0.03005-fn0gPO/inc/Test/TCP.pm line 101
	Test::TCP::new("Test::TCP", "code", CODE(0x3ab3298), "port", 50560) called at /tmp/loop_over_bdir-10534-GLBCKm/HTTP-Engine-0.03005-fn0gPO/inc/Test/TCP.pm line 52
	Test::TCP::test_tcp("client", CODE(0x3a40008), "server", CODE(0x3ab3298), "port", 50560) called at t/Utils.pm line 132
	t::Utils::daemonize_all(CODE(0x3519470), "    sub {\x{a}        my \$port = shift;\x{a}        return (\x{a}        "...) called at t/moose/030_daemonize/proxy_path.t line 25
t/moose/030_daemonize/proxy_path.t .......................... ok
Possible precedence issue with control flow operator at /tmp/loop_over_bdir-10534-GLBCKm/HTTP-Engine-0.03005-fn0gPO/inc/Test/Builder.pm line 917.
Class::MOP::load_class is deprecated at /home/sand/src/perl/repoperls/installed-perls/perl/v5.20.0-RC1/a2da/lib/site_perl/5.20.0/x86_64-linux-thread-multi-ld/Class/MOP.pm line 73.
	Class::MOP::load_class("HTTP::Engine::Interface::Standalone") called at /tmp/loop_over_bdir-10534-GLBCKm/HTTP-Engine-0.03005-fn0gPO/blib/lib/HTTP/Engine/Types/Core.pm line 26
	HTTP::Engine::Types::Core::__ANON__(HASH(0x40afdb8)) called at /home/sand/src/perl/repoperls/installed-perls/perl/v5.20.0-RC1/a2da/lib/site_perl/5.20.0/x86_64-linux-thread-multi-ld/Moose/Meta/TypeCoercion.pm line 68
	Moose::Meta::TypeCoercion::__ANON__(HASH(0x40afdb8)) called at constructor HTTP::Engine::new (defined at /tmp/loop_over_bdir-10534-GLBCKm/HTTP-Engine-0.03005-fn0gPO/blib/lib/HTTP/Engine.pm line 17) line 32
	HTTP::Engine::new("HTTP::Engine", "interface", HASH(0x40afdb8)) called at t/Utils.pm line 129
	t::Utils::__ANON__(50869) called at /tmp/loop_over_bdir-10534-GLBCKm/HTTP-Engine-0.03005-fn0gPO/inc/Test/TCP.pm line 118
	Test::TCP::start(Test::TCP=HASH(0x44e8500)) called at /tmp/loop_over_bdir-10534-GLBCKm/HTTP-Engine-0.03005-fn0gPO/inc/Test/TCP.pm line 101
	Test::TCP::new("Test::TCP", "code", CODE(0x44cee40), "port", 50869) called at /tmp/loop_over_bdir-10534-GLBCKm/HTTP-Engine-0.03005-fn0gPO/inc/Test/TCP.pm line 52
	Test::TCP::test_tcp("client", CODE(0x445d390), "server", CODE(0x44cee40), "port", 50869) called at t/Utils.pm line 132
	t::Utils::daemonize_all(CODE(0x3edbbd8), "    sub {\x{a}        my \$port = shift;\x{a}        return (\x{a}        "...) called at t/moose/030_daemonize/raw_body.t line 41
Class::MOP::load_class is deprecated at /home/sand/src/perl/repoperls/installed-perls/perl/v5.20.0-RC1/a2da/lib/site_perl/5.20.0/x86_64-linux-thread-multi-ld/Class/MOP.pm line 73.
	Class::MOP::load_class("HTTP::Engine::Interface::ServerSimple") called at /tmp/loop_over_bdir-10534-GLBCKm/HTTP-Engine-0.03005-fn0gPO/blib/lib/HTTP/Engine/Types/Core.pm line 26
	HTTP::Engine::Types::Core::__ANON__(HASH(0x40afdb8)) called at /home/sand/src/perl/repoperls/installed-perls/perl/v5.20.0-RC1/a2da/lib/site_perl/5.20.0/x86_64-linux-thread-multi-ld/Moose/Meta/TypeCoercion.pm line 68
	Moose::Meta::TypeCoercion::__ANON__(HASH(0x40afdb8)) called at constructor HTTP::Engine::new (defined at /tmp/loop_over_bdir-10534-GLBCKm/HTTP-Engine-0.03005-fn0gPO/blib/lib/HTTP/Engine.pm line 17) line 32
	HTTP::Engine::new("HTTP::Engine", "interface", HASH(0x40afdb8)) called at t/Utils.pm line 129
	t::Utils::__ANON__(50869) called at /tmp/loop_over_bdir-10534-GLBCKm/HTTP-Engine-0.03005-fn0gPO/inc/Test/TCP.pm line 118
	Test::TCP::start(Test::TCP=HASH(0x44c6088)) called at /tmp/loop_over_bdir-10534-GLBCKm/HTTP-Engine-0.03005-fn0gPO/inc/Test/TCP.pm line 101
	Test::TCP::new("Test::TCP", "code", CODE(0x44cee40), "port", 50869) called at /tmp/loop_over_bdir-10534-GLBCKm/HTTP-Engine-0.03005-fn0gPO/inc/Test/TCP.pm line 52
	Test::TCP::test_tcp("client", CODE(0x445d390), "server", CODE(0x44cee40), "port", 50869) called at t/Utils.pm line 132
	t::Utils::daemonize_all(CODE(0x3edbbd8), "    sub {\x{a}        my \$port = shift;\x{a}        return (\x{a}        "...) called at t/moose/030_daemonize/raw_body.t line 41
Class::MOP::load_class is deprecated at /home/sand/src/perl/repoperls/installed-perls/perl/v5.20.0-RC1/a2da/lib/site_perl/5.20.0/x86_64-linux-thread-multi-ld/Class/MOP.pm line 73.
	Class::MOP::load_class("HTTP::Engine::Interface::POE") called at /tmp/loop_over_bdir-10534-GLBCKm/HTTP-Engine-0.03005-fn0gPO/blib/lib/HTTP/Engine/Types/Core.pm line 26
	HTTP::Engine::Types::Core::__ANON__(HASH(0x40afdb8)) called at /home/sand/src/perl/repoperls/installed-perls/perl/v5.20.0-RC1/a2da/lib/site_perl/5.20.0/x86_64-linux-thread-multi-ld/Moose/Meta/TypeCoercion.pm line 68
	Moose::Meta::TypeCoercion::__ANON__(HASH(0x40afdb8)) called at constructor HTTP::Engine::new (defined at /tmp/loop_over_bdir-10534-GLBCKm/HTTP-Engine-0.03005-fn0gPO/blib/lib/HTTP/Engine.pm line 17) line 32
	HTTP::Engine::new("HTTP::Engine", "interface", HASH(0x40afdb8)) called at t/Utils.pm line 129
	t::Utils::__ANON__(50869) called at /tmp/loop_over_bdir-10534-GLBCKm/HTTP-Engine-0.03005-fn0gPO/inc/Test/TCP.pm line 118
	Test::TCP::start(Test::TCP=HASH(0x44e86b0)) called at /tmp/loop_over_bdir-10534-GLBCKm/HTTP-Engine-0.03005-fn0gPO/inc/Test/TCP.pm line 101
	Test::TCP::new("Test::TCP", "code", CODE(0x44cee40), "port", 50869) called at /tmp/loop_over_bdir-10534-GLBCKm/HTTP-Engine-0.03005-fn0gPO/inc/Test/TCP.pm line 52
	Test::TCP::test_tcp("client", CODE(0x445d390), "server", CODE(0x44cee40), "port", 50869) called at t/Utils.pm line 132
	t::Utils::daemonize_all(CODE(0x3edbbd8), "    sub {\x{a}        my \$port = shift;\x{a}        return (\x{a}        "...) called at t/moose/030_daemonize/raw_body.t line 41
t/moose/030_daemonize/raw_body.t ............................ ok
Possible precedence issue with control flow operator at /tmp/loop_over_bdir-10534-GLBCKm/HTTP-Engine-0.03005-fn0gPO/inc/Test/Builder.pm line 917.
Class::MOP::load_class is deprecated at /home/sand/src/perl/repoperls/installed-perls/perl/v5.20.0-RC1/a2da/lib/site_perl/5.20.0/x86_64-linux-thread-multi-ld/Class/MOP.pm line 73.
	Class::MOP::load_class("HTTP::Engine::Interface::Standalone") called at /tmp/loop_over_bdir-10534-GLBCKm/HTTP-Engine-0.03005-fn0gPO/blib/lib/HTTP/Engine/Types/Core.pm line 26
	HTTP::Engine::Types::Core::__ANON__(HASH(0x272c5a8)) called at /home/sand/src/perl/repoperls/installed-perls/perl/v5.20.0-RC1/a2da/lib/site_perl/5.20.0/x86_64-linux-thread-multi-ld/Moose/Meta/TypeCoercion.pm line 68
	Moose::Meta::TypeCoercion::__ANON__(HASH(0x272c5a8)) called at constructor HTTP::Engine::new (defined at /tmp/loop_over_bdir-10534-GLBCKm/HTTP-Engine-0.03005-fn0gPO/blib/lib/HTTP/Engine.pm line 17) line 32
	HTTP::Engine::new("HTTP::Engine", "interface", HASH(0x272c5a8)) called at t/Utils.pm line 129
	t::Utils::__ANON__(50679) called at /tmp/loop_over_bdir-10534-GLBCKm/HTTP-Engine-0.03005-fn0gPO/inc/Test/TCP.pm line 118
	Test::TCP::start(Test::TCP=HASH(0x2b5aac8)) called at /tmp/loop_over_bdir-10534-GLBCKm/HTTP-Engine-0.03005-fn0gPO/inc/Test/TCP.pm line 101
	Test::TCP::new("Test::TCP", "code", CODE(0x2b41500), "port", 50679) called at /tmp/loop_over_bdir-10534-GLBCKm/HTTP-Engine-0.03005-fn0gPO/inc/Test/TCP.pm line 52
	Test::TCP::test_tcp("client", CODE(0x2acde78), "server", CODE(0x2b41500), "port", 50679) called at t/Utils.pm line 132
	t::Utils::daemonize_all(CODE(0x254cd08), "    sub {\x{a}        my \$port = shift;\x{a}        return (\x{a}        "...) called at t/moose/030_daemonize/request_independence.t line 51
Class::MOP::load_class is deprecated at /home/sand/src/perl/repoperls/installed-perls/perl/v5.20.0-RC1/a2da/lib/site_perl/5.20.0/x86_64-linux-thread-multi-ld/Class/MOP.pm line 73.
	Class::MOP::load_class("HTTP::Engine::Interface::ServerSimple") called at /tmp/loop_over_bdir-10534-GLBCKm/HTTP-Engine-0.03005-fn0gPO/blib/lib/HTTP/Engine/Types/Core.pm line 26
	HTTP::Engine::Types::Core::__ANON__(HASH(0x272c5a8)) called at /home/sand/src/perl/repoperls/installed-perls/perl/v5.20.0-RC1/a2da/lib/site_perl/5.20.0/x86_64-linux-thread-multi-ld/Moose/Meta/TypeCoercion.pm line 68
	Moose::Meta::TypeCoercion::__ANON__(HASH(0x272c5a8)) called at constructor HTTP::Engine::new (defined at /tmp/loop_over_bdir-10534-GLBCKm/HTTP-Engine-0.03005-fn0gPO/blib/lib/HTTP/Engine.pm line 17) line 32
	HTTP::Engine::new("HTTP::Engine", "interface", HASH(0x272c5a8)) called at t/Utils.pm line 129
	t::Utils::__ANON__(50679) called at /tmp/loop_over_bdir-10534-GLBCKm/HTTP-Engine-0.03005-fn0gPO/inc/Test/TCP.pm line 118
	Test::TCP::start(Test::TCP=HASH(0x2b5b020)) called at /tmp/loop_over_bdir-10534-GLBCKm/HTTP-Engine-0.03005-fn0gPO/inc/Test/TCP.pm line 101
	Test::TCP::new("Test::TCP", "code", CODE(0x2b41500), "port", 50679) called at /tmp/loop_over_bdir-10534-GLBCKm/HTTP-Engine-0.03005-fn0gPO/inc/Test/TCP.pm line 52
	Test::TCP::test_tcp("client", CODE(0x2acde78), "server", CODE(0x2b41500), "port", 50679) called at t/Utils.pm line 132
	t::Utils::daemonize_all(CODE(0x254cd08), "    sub {\x{a}        my \$port = shift;\x{a}        return (\x{a}        "...) called at t/moose/030_daemonize/request_independence.t line 51
Class::MOP::load_class is deprecated at /home/sand/src/perl/repoperls/installed-perls/perl/v5.20.0-RC1/a2da/lib/site_perl/5.20.0/x86_64-linux-thread-multi-ld/Class/MOP.pm line 73.
	Class::MOP::load_class("HTTP::Engine::Interface::POE") called at /tmp/loop_over_bdir-10534-GLBCKm/HTTP-Engine-0.03005-fn0gPO/blib/lib/HTTP/Engine/Types/Core.pm line 26
	HTTP::Engine::Types::Core::__ANON__(HASH(0x272c5a8)) called at /home/sand/src/perl/repoperls/installed-perls/perl/v5.20.0-RC1/a2da/lib/site_perl/5.20.0/x86_64-linux-thread-multi-ld/Moose/Meta/TypeCoercion.pm line 68
	Moose::Meta::TypeCoercion::__ANON__(HASH(0x272c5a8)) called at constructor HTTP::Engine::new (defined at /tmp/loop_over_bdir-10534-GLBCKm/HTTP-Engine-0.03005-fn0gPO/blib/lib/HTTP/Engine.pm line 17) line 32
	HTTP::Engine::new("HTTP::Engine", "interface", HASH(0x272c5a8)) called at t/Utils.pm line 129
	t::Utils::__ANON__(50679) called at /tmp/loop_over_bdir-10534-GLBCKm/HTTP-Engine-0.03005-fn0gPO/inc/Test/TCP.pm line 118
	Test::TCP::start(Test::TCP=HASH(0x2fc1328)) called at /tmp/loop_over_bdir-10534-GLBCKm/HTTP-Engine-0.03005-fn0gPO/inc/Test/TCP.pm line 101
	Test::TCP::new("Test::TCP", "code", CODE(0x2b41500), "port", 50679) called at /tmp/loop_over_bdir-10534-GLBCKm/HTTP-Engine-0.03005-fn0gPO/inc/Test/TCP.pm line 52
	Test::TCP::test_tcp("client", CODE(0x2acde78), "server", CODE(0x2b41500), "port", 50679) called at t/Utils.pm line 132
	t::Utils::daemonize_all(CODE(0x254cd08), "    sub {\x{a}        my \$port = shift;\x{a}        return (\x{a}        "...) called at t/moose/030_daemonize/request_independence.t line 51
t/moose/030_daemonize/request_independence.t ................ ok
Possible precedence issue with control flow operator at /tmp/loop_over_bdir-10534-GLBCKm/HTTP-Engine-0.03005-fn0gPO/inc/Test/Builder.pm line 917.
Class::MOP::load_class is deprecated at /home/sand/src/perl/repoperls/installed-perls/perl/v5.20.0-RC1/a2da/lib/site_perl/5.20.0/x86_64-linux-thread-multi-ld/Class/MOP.pm line 73.
	Class::MOP::load_class("HTTP::Engine::Interface::Standalone") called at /tmp/loop_over_bdir-10534-GLBCKm/HTTP-Engine-0.03005-fn0gPO/blib/lib/HTTP/Engine/Types/Core.pm line 26
	HTTP::Engine::Types::Core::__ANON__(HASH(0x44162f8)) called at /home/sand/src/perl/repoperls/installed-perls/perl/v5.20.0-RC1/a2da/lib/site_perl/5.20.0/x86_64-linux-thread-multi-ld/Moose/Meta/TypeCoercion.pm line 68
	Moose::Meta::TypeCoercion::__ANON__(HASH(0x44162f8)) called at constructor HTTP::Engine::new (defined at /tmp/loop_over_bdir-10534-GLBCKm/HTTP-Engine-0.03005-fn0gPO/blib/lib/HTTP/Engine.pm line 17) line 32
	HTTP::Engine::new("HTTP::Engine", "interface", HASH(0x44162f8)) called at t/Utils.pm line 129
	t::Utils::__ANON__(50107) called at /tmp/loop_over_bdir-10534-GLBCKm/HTTP-Engine-0.03005-fn0gPO/inc/Test/TCP.pm line 118
	Test::TCP::start(Test::TCP=HASH(0x443dbf0)) called at /tmp/loop_over_bdir-10534-GLBCKm/HTTP-Engine-0.03005-fn0gPO/inc/Test/TCP.pm line 101
	Test::TCP::new("Test::TCP", "code", CODE(0x44903b0), "port", 50107) called at /tmp/loop_over_bdir-10534-GLBCKm/HTTP-Engine-0.03005-fn0gPO/inc/Test/TCP.pm line 52
	Test::TCP::test_tcp("client", CODE(0x44166e8), "server", CODE(0x44903b0), "port", 50107) called at t/Utils.pm line 132
	t::Utils::daemonize_all(CODE(0x21d9638), "    sub {\x{a}        require File::Temp;\x{a}        my \$port = shif"...) called at t/moose/030_daemonize/responsewriter_io.t line 50
Class::MOP::load_class is deprecated at /home/sand/src/perl/repoperls/installed-perls/perl/v5.20.0-RC1/a2da/lib/site_perl/5.20.0/x86_64-linux-thread-multi-ld/Class/MOP.pm line 73.
	Class::MOP::load_class("HTTP::Engine::Interface::ServerSimple") called at /tmp/loop_over_bdir-10534-GLBCKm/HTTP-Engine-0.03005-fn0gPO/blib/lib/HTTP/Engine/Types/Core.pm line 26
	HTTP::Engine::Types::Core::__ANON__(HASH(0x44162f8)) called at /home/sand/src/perl/repoperls/installed-perls/perl/v5.20.0-RC1/a2da/lib/site_perl/5.20.0/x86_64-linux-thread-multi-ld/Moose/Meta/TypeCoercion.pm line 68
	Moose::Meta::TypeCoercion::__ANON__(HASH(0x44162f8)) called at constructor HTTP::Engine::new (defined at /tmp/loop_over_bdir-10534-GLBCKm/HTTP-Engine-0.03005-fn0gPO/blib/lib/HTTP/Engine.pm line 17) line 32
	HTTP::Engine::new("HTTP::Engine", "interface", HASH(0x44162f8)) called at t/Utils.pm line 129
	t::Utils::__ANON__(50107) called at /tmp/loop_over_bdir-10534-GLBCKm/HTTP-Engine-0.03005-fn0gPO/inc/Test/TCP.pm line 118
	Test::TCP::start(Test::TCP=HASH(0x44aa080)) called at /tmp/loop_over_bdir-10534-GLBCKm/HTTP-Engine-0.03005-fn0gPO/inc/Test/TCP.pm line 101
	Test::TCP::new("Test::TCP", "code", CODE(0x44903b0), "port", 50107) called at /tmp/loop_over_bdir-10534-GLBCKm/HTTP-Engine-0.03005-fn0gPO/inc/Test/TCP.pm line 52
	Test::TCP::test_tcp("client", CODE(0x44166e8), "server", CODE(0x44903b0), "port", 50107) called at t/Utils.pm line 132
	t::Utils::daemonize_all(CODE(0x21d9638), "    sub {\x{a}        require File::Temp;\x{a}        my \$port = shif"...) called at t/moose/030_daemonize/responsewriter_io.t line 50
Class::MOP::load_class is deprecated at /home/sand/src/perl/repoperls/installed-perls/perl/v5.20.0-RC1/a2da/lib/site_perl/5.20.0/x86_64-linux-thread-multi-ld/Class/MOP.pm line 73.
	Class::MOP::load_class("HTTP::Engine::Interface::POE") called at /tmp/loop_over_bdir-10534-GLBCKm/HTTP-Engine-0.03005-fn0gPO/blib/lib/HTTP/Engine/Types/Core.pm line 26
	HTTP::Engine::Types::Core::__ANON__(HASH(0x44162f8)) called at /home/sand/src/perl/repoperls/installed-perls/perl/v5.20.0-RC1/a2da/lib/site_perl/5.20.0/x86_64-linux-thread-multi-ld/Moose/Meta/TypeCoercion.pm line 68
	Moose::Meta::TypeCoercion::__ANON__(HASH(0x44162f8)) called at constructor HTTP::Engine::new (defined at /tmp/loop_over_bdir-10534-GLBCKm/HTTP-Engine-0.03005-fn0gPO/blib/lib/HTTP/Engine.pm line 17) line 32
	HTTP::Engine::new("HTTP::Engine", "interface", HASH(0x44162f8)) called at t/Utils.pm line 129
	t::Utils::__ANON__(50107) called at /tmp/loop_over_bdir-10534-GLBCKm/HTTP-Engine-0.03005-fn0gPO/inc/Test/TCP.pm line 118
	Test::TCP::start(Test::TCP=HASH(0x443dbf0)) called at /tmp/loop_over_bdir-10534-GLBCKm/HTTP-Engine-0.03005-fn0gPO/inc/Test/TCP.pm line 101
	Test::TCP::new("Test::TCP", "code", CODE(0x44903b0), "port", 50107) called at /tmp/loop_over_bdir-10534-GLBCKm/HTTP-Engine-0.03005-fn0gPO/inc/Test/TCP.pm line 52
	Test::TCP::test_tcp("client", CODE(0x44166e8), "server", CODE(0x44903b0), "port", 50107) called at t/Utils.pm line 132
	t::Utils::daemonize_all(CODE(0x21d9638), "    sub {\x{a}        require File::Temp;\x{a}        my \$port = shif"...) called at t/moose/030_daemonize/responsewriter_io.t line 50
t/moose/030_daemonize/responsewriter_io.t ................... ok
Possible precedence issue with control flow operator at /tmp/loop_over_bdir-10534-GLBCKm/HTTP-Engine-0.03005-fn0gPO/inc/Test/Builder.pm line 917.
Class::MOP::load_class is deprecated at /home/sand/src/perl/repoperls/installed-perls/perl/v5.20.0-RC1/a2da/lib/site_perl/5.20.0/x86_64-linux-thread-multi-ld/Class/MOP.pm line 73.
	Class::MOP::load_class("HTTP::Engine::Interface::Standalone") called at /tmp/loop_over_bdir-10534-GLBCKm/HTTP-Engine-0.03005-fn0gPO/blib/lib/HTTP/Engine/Types/Core.pm line 26
	HTTP::Engine::Types::Core::__ANON__(HASH(0x2e42248)) called at /home/sand/src/perl/repoperls/installed-perls/perl/v5.20.0-RC1/a2da/lib/site_perl/5.20.0/x86_64-linux-thread-multi-ld/Moose/Meta/TypeCoercion.pm line 68
	Moose::Meta::TypeCoercion::__ANON__(HASH(0x2e42248)) called at constructor HTTP::Engine::new (defined at /tmp/loop_over_bdir-10534-GLBCKm/HTTP-Engine-0.03005-fn0gPO/blib/lib/HTTP/Engine.pm line 17) line 32
	HTTP::Engine::new("HTTP::Engine", "interface", HASH(0x2e42248)) called at t/Utils.pm line 129
	t::Utils::__ANON__(50572) called at /tmp/loop_over_bdir-10534-GLBCKm/HTTP-Engine-0.03005-fn0gPO/inc/Test/TCP.pm line 118
	Test::TCP::start(Test::TCP=HASH(0x2f1bff0)) called at /tmp/loop_over_bdir-10534-GLBCKm/HTTP-Engine-0.03005-fn0gPO/inc/Test/TCP.pm line 101
	Test::TCP::new("Test::TCP", "code", CODE(0x2f019f8), "port", 50572) called at /tmp/loop_over_bdir-10534-GLBCKm/HTTP-Engine-0.03005-fn0gPO/inc/Test/TCP.pm line 52
	Test::TCP::test_tcp("client", CODE(0x2e8f470), "server", CODE(0x2f019f8), "port", 50572) called at t/Utils.pm line 132
	t::Utils::daemonize_all(CODE(0xc33d48), "    sub {\x{a}        my \$port = shift;\x{a}        return (\x{a}        "...) called at t/moose/030_daemonize/upload-methods.t line 42
Class::MOP::load_class is deprecated at /home/sand/src/perl/repoperls/installed-perls/perl/v5.20.0-RC1/a2da/lib/site_perl/5.20.0/x86_64-linux-thread-multi-ld/Class/MOP.pm line 73.
	Class::MOP::load_class("HTTP::Engine::Interface::ServerSimple") called at /tmp/loop_over_bdir-10534-GLBCKm/HTTP-Engine-0.03005-fn0gPO/blib/lib/HTTP/Engine/Types/Core.pm line 26
	HTTP::Engine::Types::Core::__ANON__(HASH(0x2e42248)) called at /home/sand/src/perl/repoperls/installed-perls/perl/v5.20.0-RC1/a2da/lib/site_perl/5.20.0/x86_64-linux-thread-multi-ld/Moose/Meta/TypeCoercion.pm line 68
	Moose::Meta::TypeCoercion::__ANON__(HASH(0x2e42248)) called at constructor HTTP::Engine::new (defined at /tmp/loop_over_bdir-10534-GLBCKm/HTTP-Engine-0.03005-fn0gPO/blib/lib/HTTP/Engine.pm line 17) line 32
	HTTP::Engine::new("HTTP::Engine", "interface", HASH(0x2e42248)) called at t/Utils.pm line 129
	t::Utils::__ANON__(50572) called at /tmp/loop_over_bdir-10534-GLBCKm/HTTP-Engine-0.03005-fn0gPO/inc/Test/TCP.pm line 118
	Test::TCP::start(Test::TCP=HASH(0x2ef1570)) called at /tmp/loop_over_bdir-10534-GLBCKm/HTTP-Engine-0.03005-fn0gPO/inc/Test/TCP.pm line 101
	Test::TCP::new("Test::TCP", "code", CODE(0x2f019f8), "port", 50572) called at /tmp/loop_over_bdir-10534-GLBCKm/HTTP-Engine-0.03005-fn0gPO/inc/Test/TCP.pm line 52
	Test::TCP::test_tcp("client", CODE(0x2e8f470), "server", CODE(0x2f019f8), "port", 50572) called at t/Utils.pm line 132
	t::Utils::daemonize_all(CODE(0xc33d48), "    sub {\x{a}        my \$port = shift;\x{a}        return (\x{a}        "...) called at t/moose/030_daemonize/upload-methods.t line 42
Class::MOP::load_class is deprecated at /home/sand/src/perl/repoperls/installed-perls/perl/v5.20.0-RC1/a2da/lib/site_perl/5.20.0/x86_64-linux-thread-multi-ld/Class/MOP.pm line 73.
	Class::MOP::load_class("HTTP::Engine::Interface::POE") called at /tmp/loop_over_bdir-10534-GLBCKm/HTTP-Engine-0.03005-fn0gPO/blib/lib/HTTP/Engine/Types/Core.pm line 26
	HTTP::Engine::Types::Core::__ANON__(HASH(0x2e42248)) called at /home/sand/src/perl/repoperls/installed-perls/perl/v5.20.0-RC1/a2da/lib/site_perl/5.20.0/x86_64-linux-thread-multi-ld/Moose/Meta/TypeCoercion.pm line 68
	Moose::Meta::TypeCoercion::__ANON__(HASH(0x2e42248)) called at constructor HTTP::Engine::new (defined at /tmp/loop_over_bdir-10534-GLBCKm/HTTP-Engine-0.03005-fn0gPO/blib/lib/HTTP/Engine.pm line 17) line 32
	HTTP::Engine::new("HTTP::Engine", "interface", HASH(0x2e42248)) called at t/Utils.pm line 129
	t::Utils::__ANON__(50572) called at /tmp/loop_over_bdir-10534-GLBCKm/HTTP-Engine-0.03005-fn0gPO/inc/Test/TCP.pm line 118
	Test::TCP::start(Test::TCP=HASH(0x2f1bff0)) called at /tmp/loop_over_bdir-10534-GLBCKm/HTTP-Engine-0.03005-fn0gPO/inc/Test/TCP.pm line 101
	Test::TCP::new("Test::TCP", "code", CODE(0x2f019f8), "port", 50572) called at /tmp/loop_over_bdir-10534-GLBCKm/HTTP-Engine-0.03005-fn0gPO/inc/Test/TCP.pm line 52
	Test::TCP::test_tcp("client", CODE(0x2e8f470), "server", CODE(0x2f019f8), "port", 50572) called at t/Utils.pm line 132
	t::Utils::daemonize_all(CODE(0xc33d48), "    sub {\x{a}        my \$port = shift;\x{a}        return (\x{a}        "...) called at t/moose/030_daemonize/upload-methods.t line 42
t/moose/030_daemonize/upload-methods.t ...................... ok
Possible precedence issue with control flow operator at /tmp/loop_over_bdir-10534-GLBCKm/HTTP-Engine-0.03005-fn0gPO/inc/Test/Builder.pm line 917.
Class::MOP::load_class is deprecated at /home/sand/src/perl/repoperls/installed-perls/perl/v5.20.0-RC1/a2da/lib/site_perl/5.20.0/x86_64-linux-thread-multi-ld/Class/MOP.pm line 73.
	Class::MOP::load_class("HTTP::Engine::Interface::Standalone") called at /tmp/loop_over_bdir-10534-GLBCKm/HTTP-Engine-0.03005-fn0gPO/blib/lib/HTTP/Engine/Types/Core.pm line 26
	HTTP::Engine::Types::Core::__ANON__(HASH(0x360cb78)) called at /home/sand/src/perl/repoperls/installed-perls/perl/v5.20.0-RC1/a2da/lib/site_perl/5.20.0/x86_64-linux-thread-multi-ld/Moose/Meta/TypeCoercion.pm line 68
	Moose::Meta::TypeCoercion::__ANON__(HASH(0x360cb78)) called at constructor HTTP::Engine::new (defined at /tmp/loop_over_bdir-10534-GLBCKm/HTTP-Engine-0.03005-fn0gPO/blib/lib/HTTP/Engine.pm line 17) line 32
	HTTP::Engine::new("HTTP::Engine", "interface", HASH(0x360cb78)) called at t/Utils.pm line 129
	t::Utils::__ANON__(50027) called at /tmp/loop_over_bdir-10534-GLBCKm/HTTP-Engine-0.03005-fn0gPO/inc/Test/TCP.pm line 118
	Test::TCP::start(Test::TCP=HASH(0x36e5620)) called at /tmp/loop_over_bdir-10534-GLBCKm/HTTP-Engine-0.03005-fn0gPO/inc/Test/TCP.pm line 101
	Test::TCP::new("Test::TCP", "code", CODE(0x36cc450), "port", 50027) called at /tmp/loop_over_bdir-10534-GLBCKm/HTTP-Engine-0.03005-fn0gPO/inc/Test/TCP.pm line 52
	Test::TCP::test_tcp("client", CODE(0x3659c20), "server", CODE(0x36cc450), "port", 50027) called at t/Utils.pm line 132
	t::Utils::daemonize_all(CODE(0x13fdd48), "    sub {\x{a}        my \$port = shift;\x{a}        return (\x{a}        "...) called at t/moose/030_daemonize/upload.t line 42
Class::MOP::load_class is deprecated at /home/sand/src/perl/repoperls/installed-perls/perl/v5.20.0-RC1/a2da/lib/site_perl/5.20.0/x86_64-linux-thread-multi-ld/Class/MOP.pm line 73.
	Class::MOP::load_class("HTTP::Engine::Interface::ServerSimple") called at /tmp/loop_over_bdir-10534-GLBCKm/HTTP-Engine-0.03005-fn0gPO/blib/lib/HTTP/Engine/Types/Core.pm line 26
	HTTP::Engine::Types::Core::__ANON__(HASH(0x360cb78)) called at /home/sand/src/perl/repoperls/installed-perls/perl/v5.20.0-RC1/a2da/lib/site_perl/5.20.0/x86_64-linux-thread-multi-ld/Moose/Meta/TypeCoercion.pm line 68
	Moose::Meta::TypeCoercion::__ANON__(HASH(0x360cb78)) called at constructor HTTP::Engine::new (defined at /tmp/loop_over_bdir-10534-GLBCKm/HTTP-Engine-0.03005-fn0gPO/blib/lib/HTTP/Engine.pm line 17) line 32
	HTTP::Engine::new("HTTP::Engine", "interface", HASH(0x360cb78)) called at t/Utils.pm line 129
	t::Utils::__ANON__(50027) called at /tmp/loop_over_bdir-10534-GLBCKm/HTTP-Engine-0.03005-fn0gPO/inc/Test/TCP.pm line 118
	Test::TCP::start(Test::TCP=HASH(0x36bbc40)) called at /tmp/loop_over_bdir-10534-GLBCKm/HTTP-Engine-0.03005-fn0gPO/inc/Test/TCP.pm line 101
	Test::TCP::new("Test::TCP", "code", CODE(0x36cc450), "port", 50027) called at /tmp/loop_over_bdir-10534-GLBCKm/HTTP-Engine-0.03005-fn0gPO/inc/Test/TCP.pm line 52
	Test::TCP::test_tcp("client", CODE(0x3659c20), "server", CODE(0x36cc450), "port", 50027) called at t/Utils.pm line 132
	t::Utils::daemonize_all(CODE(0x13fdd48), "    sub {\x{a}        my \$port = shift;\x{a}        return (\x{a}        "...) called at t/moose/030_daemonize/upload.t line 42
Class::MOP::load_class is deprecated at /home/sand/src/perl/repoperls/installed-perls/perl/v5.20.0-RC1/a2da/lib/site_perl/5.20.0/x86_64-linux-thread-multi-ld/Class/MOP.pm line 73.
	Class::MOP::load_class("HTTP::Engine::Interface::POE") called at /tmp/loop_over_bdir-10534-GLBCKm/HTTP-Engine-0.03005-fn0gPO/blib/lib/HTTP/Engine/Types/Core.pm line 26
	HTTP::Engine::Types::Core::__ANON__(HASH(0x360cb78)) called at /home/sand/src/perl/repoperls/installed-perls/perl/v5.20.0-RC1/a2da/lib/site_perl/5.20.0/x86_64-linux-thread-multi-ld/Moose/Meta/TypeCoercion.pm line 68
	Moose::Meta::TypeCoercion::__ANON__(HASH(0x360cb78)) called at constructor HTTP::Engine::new (defined at /tmp/loop_over_bdir-10534-GLBCKm/HTTP-Engine-0.03005-fn0gPO/blib/lib/HTTP/Engine.pm line 17) line 32
	HTTP::Engine::new("HTTP::Engine", "interface", HASH(0x360cb78)) called at t/Utils.pm line 129
	t::Utils::__ANON__(50027) called at /tmp/loop_over_bdir-10534-GLBCKm/HTTP-Engine-0.03005-fn0gPO/inc/Test/TCP.pm line 118
	Test::TCP::start(Test::TCP=HASH(0x36e5620)) called at /tmp/loop_over_bdir-10534-GLBCKm/HTTP-Engine-0.03005-fn0gPO/inc/Test/TCP.pm line 101
	Test::TCP::new("Test::TCP", "code", CODE(0x36cc450), "port", 50027) called at /tmp/loop_over_bdir-10534-GLBCKm/HTTP-Engine-0.03005-fn0gPO/inc/Test/TCP.pm line 52
	Test::TCP::test_tcp("client", CODE(0x3659c20), "server", CODE(0x36cc450), "port", 50027) called at t/Utils.pm line 132
	t::Utils::daemonize_all(CODE(0x13fdd48), "    sub {\x{a}        my \$port = shift;\x{a}        return (\x{a}        "...) called at t/moose/030_daemonize/upload.t line 42
t/moose/030_daemonize/upload.t .............................. ok
Possible precedence issue with control flow operator at /tmp/loop_over_bdir-10534-GLBCKm/HTTP-Engine-0.03005-fn0gPO/inc/Test/Builder.pm line 917.
Class::MOP::load_class is deprecated at /home/sand/src/perl/repoperls/installed-perls/perl/v5.20.0-RC1/a2da/lib/site_perl/5.20.0/x86_64-linux-thread-multi-ld/Class/MOP.pm line 73.
	Class::MOP::load_class("HTTP::Engine::Interface::Standalone") called at /tmp/loop_over_bdir-10534-GLBCKm/HTTP-Engine-0.03005-fn0gPO/blib/lib/HTTP/Engine/Types/Core.pm line 26
	HTTP::Engine::Types::Core::__ANON__(HASH(0x28bf738)) called at /home/sand/src/perl/repoperls/installed-perls/perl/v5.20.0-RC1/a2da/lib/site_perl/5.20.0/x86_64-linux-thread-multi-ld/Moose/Meta/TypeCoercion.pm line 68
	Moose::Meta::TypeCoercion::__ANON__(HASH(0x28bf738)) called at constructor HTTP::Engine::new (defined at /tmp/loop_over_bdir-10534-GLBCKm/HTTP-Engine-0.03005-fn0gPO/blib/lib/HTTP/Engine.pm line 17) line 32
	HTTP::Engine::new("HTTP::Engine", "interface", HASH(0x28bf738)) called at t/Utils.pm line 129
	t::Utils::__ANON__(50894) called at /tmp/loop_over_bdir-10534-GLBCKm/HTTP-Engine-0.03005-fn0gPO/inc/Test/TCP.pm line 118
	Test::TCP::start(Test::TCP=HASH(0x2d15d98)) called at /tmp/loop_over_bdir-10534-GLBCKm/HTTP-Engine-0.03005-fn0gPO/inc/Test/TCP.pm line 101
	Test::TCP::new("Test::TCP", "code", CODE(0x2cfc5c0), "port", 50894) called at /tmp/loop_over_bdir-10534-GLBCKm/HTTP-Engine-0.03005-fn0gPO/inc/Test/TCP.pm line 52
	Test::TCP::test_tcp("client", CODE(0x2c8a228), "server", CODE(0x2cfc5c0), "port", 50894) called at t/Utils.pm line 132
	t::Utils::daemonize_all(CODE(0x2709638), "    sub {\x{a}        my \$port = shift;\x{a}        return (\x{a}        "...) called at t/moose/030_daemonize/uri.t line 20
Class::MOP::load_class is deprecated at /home/sand/src/perl/repoperls/installed-perls/perl/v5.20.0-RC1/a2da/lib/site_perl/5.20.0/x86_64-linux-thread-multi-ld/Class/MOP.pm line 73.
	Class::MOP::load_class("HTTP::Engine::Interface::ServerSimple") called at /tmp/loop_over_bdir-10534-GLBCKm/HTTP-Engine-0.03005-fn0gPO/blib/lib/HTTP/Engine/Types/Core.pm line 26
	HTTP::Engine::Types::Core::__ANON__(HASH(0x28bf738)) called at /home/sand/src/perl/repoperls/installed-perls/perl/v5.20.0-RC1/a2da/lib/site_perl/5.20.0/x86_64-linux-thread-multi-ld/Moose/Meta/TypeCoercion.pm line 68
	Moose::Meta::TypeCoercion::__ANON__(HASH(0x28bf738)) called at constructor HTTP::Engine::new (defined at /tmp/loop_over_bdir-10534-GLBCKm/HTTP-Engine-0.03005-fn0gPO/blib/lib/HTTP/Engine.pm line 17) line 32
	HTTP::Engine::new("HTTP::Engine", "interface", HASH(0x28bf738)) called at t/Utils.pm line 129
	t::Utils::__ANON__(50894) called at /tmp/loop_over_bdir-10534-GLBCKm/HTTP-Engine-0.03005-fn0gPO/inc/Test/TCP.pm line 118
	Test::TCP::start(Test::TCP=HASH(0x2d160f8)) called at /tmp/loop_over_bdir-10534-GLBCKm/HTTP-Engine-0.03005-fn0gPO/inc/Test/TCP.pm line 101
	Test::TCP::new("Test::TCP", "code", CODE(0x2cfc5c0), "port", 50894) called at /tmp/loop_over_bdir-10534-GLBCKm/HTTP-Engine-0.03005-fn0gPO/inc/Test/TCP.pm line 52
	Test::TCP::test_tcp("client", CODE(0x2c8a228), "server", CODE(0x2cfc5c0), "port", 50894) called at t/Utils.pm line 132
	t::Utils::daemonize_all(CODE(0x2709638), "    sub {\x{a}        my \$port = shift;\x{a}        return (\x{a}        "...) called at t/moose/030_daemonize/uri.t line 20
Class::MOP::load_class is deprecated at /home/sand/src/perl/repoperls/installed-perls/perl/v5.20.0-RC1/a2da/lib/site_perl/5.20.0/x86_64-linux-thread-multi-ld/Class/MOP.pm line 73.
	Class::MOP::load_class("HTTP::Engine::Interface::POE") called at /tmp/loop_over_bdir-10534-GLBCKm/HTTP-Engine-0.03005-fn0gPO/blib/lib/HTTP/Engine/Types/Core.pm line 26
	HTTP::Engine::Types::Core::__ANON__(HASH(0x28bf738)) called at /home/sand/src/perl/repoperls/installed-perls/perl/v5.20.0-RC1/a2da/lib/site_perl/5.20.0/x86_64-linux-thread-multi-ld/Moose/Meta/TypeCoercion.pm line 68
	Moose::Meta::TypeCoercion::__ANON__(HASH(0x28bf738)) called at constructor HTTP::Engine::new (defined at /tmp/loop_over_bdir-10534-GLBCKm/HTTP-Engine-0.03005-fn0gPO/blib/lib/HTTP/Engine.pm line 17) line 32
	HTTP::Engine::new("HTTP::Engine", "interface", HASH(0x28bf738)) called at t/Utils.pm line 129
	t::Utils::__ANON__(50894) called at /tmp/loop_over_bdir-10534-GLBCKm/HTTP-Engine-0.03005-fn0gPO/inc/Test/TCP.pm line 118
	Test::TCP::start(Test::TCP=HASH(0x2ddd410)) called at /tmp/loop_over_bdir-10534-GLBCKm/HTTP-Engine-0.03005-fn0gPO/inc/Test/TCP.pm line 101
	Test::TCP::new("Test::TCP", "code", CODE(0x2cfc5c0), "port", 50894) called at /tmp/loop_over_bdir-10534-GLBCKm/HTTP-Engine-0.03005-fn0gPO/inc/Test/TCP.pm line 52
	Test::TCP::test_tcp("client", CODE(0x2c8a228), "server", CODE(0x2cfc5c0), "port", 50894) called at t/Utils.pm line 132
	t::Utils::daemonize_all(CODE(0x2709638), "    sub {\x{a}        my \$port = shift;\x{a}        return (\x{a}        "...) called at t/moose/030_daemonize/uri.t line 20
t/moose/030_daemonize/uri.t ................................. ok
Possible precedence issue with control flow operator at /tmp/loop_over_bdir-10534-GLBCKm/HTTP-Engine-0.03005-fn0gPO/inc/Test/Builder.pm line 917.
Class::MOP::load_class is deprecated at /home/sand/src/perl/repoperls/installed-perls/perl/v5.20.0-RC1/a2da/lib/site_perl/5.20.0/x86_64-linux-thread-multi-ld/Class/MOP.pm line 73.
	Class::MOP::load_class("HTTP::Engine::Interface::Standalone") called at /tmp/loop_over_bdir-10534-GLBCKm/HTTP-Engine-0.03005-fn0gPO/blib/lib/HTTP/Engine/Types/Core.pm line 26
	HTTP::Engine::Types::Core::__ANON__(HASH(0x3b05428)) called at /home/sand/src/perl/repoperls/installed-perls/perl/v5.20.0-RC1/a2da/lib/site_perl/5.20.0/x86_64-linux-thread-multi-ld/Moose/Meta/TypeCoercion.pm line 68
	Moose::Meta::TypeCoercion::__ANON__(HASH(0x3b05428)) called at constructor HTTP::Engine::new (defined at /tmp/loop_over_bdir-10534-GLBCKm/HTTP-Engine-0.03005-fn0gPO/blib/lib/HTTP/Engine.pm line 17) line 32
	HTTP::Engine::new("HTTP::Engine", "interface", HASH(0x3b05428)) called at t/Utils.pm line 129
	t::Utils::__ANON__(50195) called at /tmp/loop_over_bdir-10534-GLBCKm/HTTP-Engine-0.03005-fn0gPO/inc/Test/TCP.pm line 118
	Test::TCP::start(Test::TCP=HASH(0x3f60710)) called at /tmp/loop_over_bdir-10534-GLBCKm/HTTP-Engine-0.03005-fn0gPO/inc/Test/TCP.pm line 101
	Test::TCP::new("Test::TCP", "code", CODE(0x3f49960), "port", 50195) called at /tmp/loop_over_bdir-10534-GLBCKm/HTTP-Engine-0.03005-fn0gPO/inc/Test/TCP.pm line 52
	Test::TCP::test_tcp("client", CODE(0x3ec9ab8), "server", CODE(0x3f49960), "port", 50195) called at t/Utils.pm line 132
	t::Utils::daemonize_all(CODE(0x393b840), "    sub {\x{a}        my \$port = Encode::decode_utf8(shift);\x{a}    "...) called at t/moose/030_daemonize/utf8flagged-uri.t line 23
Class::MOP::load_class is deprecated at /home/sand/src/perl/repoperls/installed-perls/perl/v5.20.0-RC1/a2da/lib/site_perl/5.20.0/x86_64-linux-thread-multi-ld/Class/MOP.pm line 73.
	Class::MOP::load_class("HTTP::Engine::Interface::ServerSimple") called at /tmp/loop_over_bdir-10534-GLBCKm/HTTP-Engine-0.03005-fn0gPO/blib/lib/HTTP/Engine/Types/Core.pm line 26
	HTTP::Engine::Types::Core::__ANON__(HASH(0x3b05428)) called at /home/sand/src/perl/repoperls/installed-perls/perl/v5.20.0-RC1/a2da/lib/site_perl/5.20.0/x86_64-linux-thread-multi-ld/Moose/Meta/TypeCoercion.pm line 68
	Moose::Meta::TypeCoercion::__ANON__(HASH(0x3b05428)) called at constructor HTTP::Engine::new (defined at /tmp/loop_over_bdir-10534-GLBCKm/HTTP-Engine-0.03005-fn0gPO/blib/lib/HTTP/Engine.pm line 17) line 32
	HTTP::Engine::new("HTTP::Engine", "interface", HASH(0x3b05428)) called at t/Utils.pm line 129
	t::Utils::__ANON__(50195) called at /tmp/loop_over_bdir-10534-GLBCKm/HTTP-Engine-0.03005-fn0gPO/inc/Test/TCP.pm line 118
	Test::TCP::start(Test::TCP=HASH(0x3f60c38)) called at /tmp/loop_over_bdir-10534-GLBCKm/HTTP-Engine-0.03005-fn0gPO/inc/Test/TCP.pm line 101
	Test::TCP::new("Test::TCP", "code", CODE(0x3f49960), "port", 50195) called at /tmp/loop_over_bdir-10534-GLBCKm/HTTP-Engine-0.03005-fn0gPO/inc/Test/TCP.pm line 52
	Test::TCP::test_tcp("client", CODE(0x3ec9ab8), "server", CODE(0x3f49960), "port", 50195) called at t/Utils.pm line 132
	t::Utils::daemonize_all(CODE(0x393b840), "    sub {\x{a}        my \$port = Encode::decode_utf8(shift);\x{a}    "...) called at t/moose/030_daemonize/utf8flagged-uri.t line 23
Class::MOP::load_class is deprecated at /home/sand/src/perl/repoperls/installed-perls/perl/v5.20.0-RC1/a2da/lib/site_perl/5.20.0/x86_64-linux-thread-multi-ld/Class/MOP.pm line 73.
	Class::MOP::load_class("HTTP::Engine::Interface::POE") called at /tmp/loop_over_bdir-10534-GLBCKm/HTTP-Engine-0.03005-fn0gPO/blib/lib/HTTP/Engine/Types/Core.pm line 26
	HTTP::Engine::Types::Core::__ANON__(HASH(0x3b05428)) called at /home/sand/src/perl/repoperls/installed-perls/perl/v5.20.0-RC1/a2da/lib/site_perl/5.20.0/x86_64-linux-thread-multi-ld/Moose/Meta/TypeCoercion.pm line 68
	Moose::Meta::TypeCoercion::__ANON__(HASH(0x3b05428)) called at constructor HTTP::Engine::new (defined at /tmp/loop_over_bdir-10534-GLBCKm/HTTP-Engine-0.03005-fn0gPO/blib/lib/HTTP/Engine.pm line 17) line 32
	HTTP::Engine::new("HTTP::Engine", "interface", HASH(0x3b05428)) called at t/Utils.pm line 129
	t::Utils::__ANON__(50195) called at /tmp/loop_over_bdir-10534-GLBCKm/HTTP-Engine-0.03005-fn0gPO/inc/Test/TCP.pm line 118
	Test::TCP::start(Test::TCP=HASH(0x3f606c8)) called at /tmp/loop_over_bdir-10534-GLBCKm/HTTP-Engine-0.03005-fn0gPO/inc/Test/TCP.pm line 101
	Test::TCP::new("Test::TCP", "code", CODE(0x3f49960), "port", 50195) called at /tmp/loop_over_bdir-10534-GLBCKm/HTTP-Engine-0.03005-fn0gPO/inc/Test/TCP.pm line 52
	Test::TCP::test_tcp("client", CODE(0x3ec9ab8), "server", CODE(0x3f49960), "port", 50195) called at t/Utils.pm line 132
	t::Utils::daemonize_all(CODE(0x393b840), "    sub {\x{a}        my \$port = Encode::decode_utf8(shift);\x{a}    "...) called at t/moose/030_daemonize/utf8flagged-uri.t line 23
t/moose/030_daemonize/utf8flagged-uri.t ..................... ok
Possible precedence issue with control flow operator at /tmp/loop_over_bdir-10534-GLBCKm/HTTP-Engine-0.03005-fn0gPO/inc/Test/Builder.pm line 917.
t/moose/040_minimal/001_simple.t ............................ ok
Possible precedence issue with control flow operator at /tmp/loop_over_bdir-10534-GLBCKm/HTTP-Engine-0.03005-fn0gPO/inc/Test/Builder.pm line 917.
t/moose/050_tests/request.t ................................. ok

Test Summary Report
-------------------
t/010_core/request-uri.t                                  (Wstat: 1024 Tests: 110 Failed: 4)
  Failed tests:  38, 43, 48, 53
  Non-zero exit status: 4
t/moose/010_core/request-uri.t                            (Wstat: 256 Tests: 110 Failed: 1)
  Failed test:  53
  Non-zero exit status: 1
t/moose/010_core/request_processor-catch_error.t          (Wstat: 256 Tests: 3 Failed: 1)
  Failed test:  3
  Non-zero exit status: 1
t/moose/020_interface/test-validation.t                   (Wstat: 256 Tests: 10 Failed: 1)
  Failed test:  2
  Non-zero exit status: 1
Files=144, Tests=1362, 63 wallclock secs ( 0.50 usr  0.14 sys + 47.91 cusr  5.05 csys = 53.60 CPU)
Result: FAIL
Failed 4/144 test programs. 7/1362 subtests failed.
make: *** [test_dynamic] Error 255

------------------------------
PREREQUISITES
------------------------------

Prerequisite modules loaded:

requires:

    Module               Need   Have    
    -------------------- ------ --------
    Any::Moose           0.13   0.21    
    CGI::Simple::Cookie  1.103  1.113   
    File::Copy           0      2.29    
    File::Spec::Unix     3.2701 3.47    
    Filter::Util::Call   0      1.49    
    HTTP::Body           1.05   1.19    
    HTTP::Headers::Fast  0.11   0.17    
    HTTP::Server::Simple 0.35   0.44    
    Mouse                0.62   2.2.0   
    MouseX::Types        0.05   0.06    
    perl                 5.008  5.020000
    Scalar::Util         1.19   1.38    
    URI                  1.36   1.60    

build_requires:

    Module               Need   Have    
    -------------------- ------ --------
    ExtUtils::MakeMaker  6.42   6.98    
    File::Temp           0.20   0.2304  
    HTTP::Request::AsCGI 0      1.2     
    IO::File             1.14   1.16    
    IO::Scalar           0      2.110   
    IO::Socket           1.3    1.37    
    IO::Socket::INET     0      1.35    
    Test::More           0      1.001003
    Test::SharedFork     0.11   0.24    
    Test::TCP            0.16   2.02    
    YAML                 0      0.90    

configure_requires:

    Module               Need   Have    
    -------------------- ------ --------
    ExtUtils::MakeMaker  6.42   6.98    


------------------------------
ENVIRONMENT AND OTHER CONTEXT
------------------------------

Environment variables:

    AUTOMATED_TESTING = 1
    LANG = en_US.UTF-8
    LANGUAGE = en_US:en
    PATH = /usr/lib/ccache:/home/sand/bin:/usr/local/bin:/usr/bin:/bin:/usr/games:/usr/local/perl/bin:/usr/X11/bin:/sbin:/usr/sbin
    PERL5LIB = /tmp/loop_over_bdir-10534-GLBCKm/FusionInventory-Agent-2.3.8-N1Zvid/blib/arch:/tmp/loop_over_bdir-10534-GLBCKm/FusionInventory-Agent-2.3.8-N1Zvid/blib/lib
    PERL5OPT = 
    PERL5_CPANPLUS_IS_RUNNING = 20789
    PERL5_CPAN_IS_RUNNING = 20789
    PERL_MM_USE_DEFAULT = 1
    SHELL = /usr/bin/zsh
    TERM = screen

Perl special variables (and OS-specific diagnostics, for MSWin32):

    $^X = /tmp/basesmoker-reloperl-qVhV/bin/perl
    $UID/$EUID = 1005 / 1005
    $GID = 1005 1005
    $EGID = 1005 1005

Perl module toolchain versions installed:

    Module              Have    
    ------------------- --------
    CPAN                2.05    
    CPAN::Meta          2.141170
    Cwd                 3.47    
    ExtUtils::CBuilder  0.280216
    ExtUtils::Command   1.18    
    ExtUtils::Install   1.67    
    ExtUtils::MakeMaker 6.98    
    ExtUtils::Manifest  1.63    
    ExtUtils::ParseXS   3.24    
    File::Spec          3.47    
    JSON                2.90    
    JSON::PP            2.27203 
    Module::Build       0.4205  
    Module::Signature   0.73    
    Parse::CPAN::Meta   1.4414  
    Test::Harness       3.30    
    Test::More          1.001003
    YAML                0.90    
    YAML::Syck          1.27    
    version             0.9908  


--

Summary of my perl5 (revision 5 version 20 subversion 0) configuration:
  Commit id: 54ff0eaa0a8068c19c4e207390dfd6f0a6249cdd
  Platform:
    osname=linux, osvers=3.13-1-amd64, archname=x86_64-linux-thread-multi-ld
    uname='linux k83 3.13-1-amd64 #1 smp debian 3.13.7-1 (2014-03-25) x86_64 gnulinux '
    config_args='-Dprefix=/home/sand/src/perl/repoperls/installed-perls/perl/v5.20.0-RC1/a2da -Dmyhostname=k83 -Dinstallusrbinperl=n -Uversiononly -Dusedevel -des -Ui_db -Duseithreads -Duselongdouble -DDEBUGGING=-g'
    hint=recommended, useposix=true, d_sigaction=define
    useithreads=define, usemultiplicity=define
    use64bitint=define, use64bitall=define, uselongdouble=define
    usemymalloc=n, bincompat5005=undef
  Compiler:
    cc='cc', ccflags ='-D_REENTRANT -D_GNU_SOURCE -fwrapv -fno-strict-aliasing -pipe -fstack-protector -I/usr/local/include -D_LARGEFILE_SOURCE -D_FILE_OFFSET_BITS=64',
    optimize='-O2 -g',
    cppflags='-D_REENTRANT -D_GNU_SOURCE -fwrapv -fno-strict-aliasing -pipe -fstack-protector -I/usr/local/include'
    ccversion='', gccversion='4.8.2', gccosandvers=''
    intsize=4, longsize=8, ptrsize=8, doublesize=8, byteorder=12345678
    d_longlong=define, longlongsize=8, d_longdbl=define, longdblsize=16
    ivtype='long', ivsize=8, nvtype='long double', nvsize=16, Off_t='off_t', lseeksize=8
    alignbytes=16, prototype=define
  Linker and Libraries:
    ld='cc', ldflags =' -fstack-protector -L/usr/local/lib'
    libpth=/usr/local/lib /usr/lib/gcc/x86_64-linux-gnu/4.8/include-fixed /usr/include/x86_64-linux-gnu /usr/lib /lib/x86_64-linux-gnu /lib/../lib /usr/lib/x86_64-linux-gnu /usr/lib/../lib /lib
    libs=-lnsl -lgdbm -ldb -ldl -lm -lcrypt -lutil -lpthread -lc -lgdbm_compat
    perllibs=-lnsl -ldl -lm -lcrypt -lutil -lpthread -lc
    libc=libc-2.18.so, so=so, useshrplib=false, libperl=libperl.a
    gnulibc_version='2.18'
  Dynamic Linking:
    dlsrc=dl_dlopen.xs, dlext=so, d_dlsymun=undef, ccdlflags='-Wl,-E'
    cccdlflags='-fPIC', lddlflags='-shared -O2 -g -L/usr/local/lib -fstack-protector'


Characteristics of this binary (from libperl): 
  Compile-time options: HAS_TIMES MULTIPLICITY PERLIO_LAYERS
                        PERL_DONT_CREATE_GVSV
                        PERL_HASH_FUNC_ONE_AT_A_TIME_HARD
                        PERL_IMPLICIT_CONTEXT PERL_MALLOC_WRAP
                        PERL_NEW_COPY_ON_WRITE PERL_PRESERVE_IVUV
                        PERL_USE_DEVEL USE_64_BIT_ALL USE_64_BIT_INT
                        USE_ITHREADS USE_LARGE_FILES USE_LOCALE
                        USE_LOCALE_COLLATE USE_LOCALE_CTYPE
                        USE_LOCALE_NUMERIC USE_LONG_DOUBLE USE_PERLIO
                        USE_PERL_ATOF USE_REENTRANT_API
  Locally applied patches:
	RC1
  Built under linux
  Compiled at May 17 2014 02:38:17
  %ENV:
    PERL5LIB="/tmp/loop_over_bdir-10534-GLBCKm/FusionInventory-Agent-2.3.8-N1Zvid/blib/arch:/tmp/loop_over_bdir-10534-GLBCKm/FusionInventory-Agent-2.3.8-N1Zvid/blib/lib"
    PERL5OPT=""
    PERL5_CPANPLUS_IS_RUNNING="20789"
    PERL5_CPAN_IS_RUNNING="20789"
    PERL_MM_USE_DEFAULT="1"
  @INC:
    /tmp/loop_over_bdir-10534-GLBCKm/FusionInventory-Agent-2.3.8-N1Zvid/blib/arch
    /tmp/loop_over_bdir-10534-GLBCKm/FusionInventory-Agent-2.3.8-N1Zvid/blib/lib
    /home/sand/src/perl/repoperls/installed-perls/perl/v5.20.0-RC1/a2da/lib/site_perl/5.20.0/x86_64-linux-thread-multi-ld
    /home/sand/src/perl/repoperls/installed-perls/perl/v5.20.0-RC1/a2da/lib/site_perl/5.20.0
    /home/sand/src/perl/repoperls/installed-perls/perl/v5.20.0-RC1/a2da/lib/5.20.0/x86_64-linux-thread-multi-ld
    /home/sand/src/perl/repoperls/installed-perls/perl/v5.20.0-RC1/a2da/lib/5.20.0
    .