Report for String-Gsub-0.04

Back
From: metabase:user:d3bc49c6-e9ce-11e6-95e8-c5cd2189b6c4
Subject: FAIL String-Gsub-0.04 v5.25.9 GNU/Linux
Date: 2017-02-05T10:30:32Z

This distribution has been tested as part of the CPAN Testers
project, supporting the Perl programming language.  See
http://wiki.cpantesters.org/ for more information or email
questions to cpan-testers-discuss@perl.org


--
Dear YAMASHINA Hio,

This is a computer-generated report for String-Gsub-0.04
on perl 5.25.9, created by CPAN-Reporter-1.2018.

Thank you for uploading your work to CPAN.  However, there was a problem
testing your distribution.

If you think this report is invalid, please consult the CPAN Testers Wiki
for suggestions on how to avoid getting FAIL reports for missing library
or binary dependencies, unsupported operating systems, and so on:

http://wiki.cpantesters.org/wiki/CPANAuthorNotes

Sections of this report:

    * Tester comments
    * Program output
    * Prerequisites
    * Environment and other context

------------------------------
TESTER COMMENTS
------------------------------

Additional comments from tester:

this report is from an automated smoke testing program
and was not reviewed by a human for accuracy

NOTE: This perl was built without . in @INC. This will be a new feature in 5.26 and for security reasons,
it is good that your module support this feature. You can try this for yourself by executing:

perl -M-lib=. Makefile.PL (or Build.PL)

If your this fails, then you may need to correct distro to support this. No documentation exists yet but you can try this link for more help:

https://github.com/toddr/perl/issues/15 


------------------------------
PROGRAM OUTPUT
------------------------------

Output from '/usr/bin/make test':

PERL_DL_NONLAZY=1 "/perl/5.25.9/bin/perl5.25.9" "-MExtUtils::Command::MM" "-MTest::Harness" "-e" "undef *Test::Harness::Switches; test_harness(0, 'blib/lib', 'blib/arch')" t/*.t
# Testing String::Gsub 0.04, Perl 5.025009, /perl/5.25.9/bin/perl5.25.9
t/00-load.t ......... ok
t/boilerplate.t ..... ok
t/gsub-functions.t .. ok

#   Failed test 'gsub result'
#   at t/gsub.t line 17.
# An error occurred while using eq:
# ------------------------------------
# Operation "eq": no method found,
# 	left argument in overloaded package String::Gsub,
# 	right argument has no overloaded magic at (eval in cmp_ok) t/gsub.t line 17.
# 
# ------------------------------------
#          got: 'aBcaBc'
#     expected: 'aBcaBc'

#   Failed test 'gsub returns new object'
#   at t/gsub.t line 18.
# An error occurred while using ne:
# ------------------------------------
# Operation "ne": no method found,
# 	left argument in overloaded package String::Gsub,
# 	right argument in overloaded package String::Gsub at (eval in cmp_ok) t/gsub.t line 18.
# 
# ------------------------------------
#          got: 'aBcaBc'
#     expected: anything else

#   Failed test 'gsub twice'
#   at t/gsub.t line 20.
# An error occurred while using eq:
# ------------------------------------
# Operation "eq": no method found,
# 	left argument in overloaded package String::Gsub,
# 	right argument has no overloaded magic at (eval in cmp_ok) t/gsub.t line 20.
# 
# ------------------------------------
#          got: 'AbCAbC'
#     expected: 'AbCAbC'

#   Failed test 'gsub doesnt change original'
#   at t/gsub.t line 21.
# An error occurred while using eq:
# ------------------------------------
# Operation "eq": no method found,
# 	left argument in overloaded package String::Gsub,
# 	right argument has no overloaded magic at (eval in cmp_ok) t/gsub.t line 21.
# 
# ------------------------------------
#          got: 'abcabc'
#     expected: 'abcabc'

#   Failed test 'gsubx result'
#   at t/gsub.t line 28.
# An error occurred while using eq:
# ------------------------------------
# Operation "eq": no method found,
# 	left argument in overloaded package String::Gsub,
# 	right argument has no overloaded magic at (eval in cmp_ok) t/gsub.t line 28.
# 
# ------------------------------------
#          got: 'aBcaBc'
#     expected: 'aBcaBc'

#   Failed test 'gsubx returns itself'
#   at t/gsub.t line 29.
# An error occurred while using eq:
# ------------------------------------
# Operation "eq": no method found,
# 	left argument in overloaded package String::Gsub,
# 	right argument in overloaded package String::Gsub at (eval in cmp_ok) t/gsub.t line 29.
# 
# ------------------------------------
#          got: 'aBcaBc'
#     expected: 'aBcaBc'

#   Failed test 'gsubx changes original'
#   at t/gsub.t line 30.
# An error occurred while using eq:
# ------------------------------------
# Operation "eq": no method found,
# 	left argument in overloaded package String::Gsub,
# 	right argument has no overloaded magic at (eval in cmp_ok) t/gsub.t line 30.
# 
# ------------------------------------
#          got: 'aBcaBc'
#     expected: 'aBcaBc'

#   Failed test 'sub result'
#   at t/gsub.t line 37.
# An error occurred while using eq:
# ------------------------------------
# Operation "eq": no method found,
# 	left argument in overloaded package String::Gsub,
# 	right argument has no overloaded magic at (eval in cmp_ok) t/gsub.t line 37.
# 
# ------------------------------------
#          got: 'aBcabc'
#     expected: 'aBcabc'

#   Failed test 'sub returns new object'
#   at t/gsub.t line 38.
# An error occurred while using ne:
# ------------------------------------
# Operation "ne": no method found,
# 	left argument in overloaded package String::Gsub,
# 	right argument in overloaded package String::Gsub at (eval in cmp_ok) t/gsub.t line 38.
# 
# ------------------------------------
#          got: 'aBcabc'
#     expected: anything else

#   Failed test 'sub twice'
#   at t/gsub.t line 40.
# An error occurred while using eq:
# ------------------------------------
# Operation "eq": no method found,
# 	left argument in overloaded package String::Gsub,
# 	right argument has no overloaded magic at (eval in cmp_ok) t/gsub.t line 40.
# 
# ------------------------------------
#          got: 'AbCabc'
#     expected: 'AbCabc'

#   Failed test 'sub doesnt change original'
#   at t/gsub.t line 41.
# An error occurred while using eq:
# ------------------------------------
# Operation "eq": no method found,
# 	left argument in overloaded package String::Gsub,
# 	right argument has no overloaded magic at (eval in cmp_ok) t/gsub.t line 41.
# 
# ------------------------------------
#          got: 'abcabc'
#     expected: 'abcabc'

#   Failed test 'subx result'
#   at t/gsub.t line 48.
# An error occurred while using eq:
# ------------------------------------
# Operation "eq": no method found,
# 	left argument in overloaded package String::Gsub,
# 	right argument has no overloaded magic at (eval in cmp_ok) t/gsub.t line 48.
# 
# ------------------------------------
#          got: 'aBcabc'
#     expected: 'aBcabc'

#   Failed test 'subx returns itself'
#   at t/gsub.t line 49.
# An error occurred while using eq:
# ------------------------------------
# Operation "eq": no method found,
# 	left argument in overloaded package String::Gsub,
# 	right argument in overloaded package String::Gsub at (eval in cmp_ok) t/gsub.t line 49.
# 
# ------------------------------------
#          got: 'aBcabc'
#     expected: 'aBcabc'

#   Failed test 'subx changes original'
#   at t/gsub.t line 50.
# An error occurred while using eq:
# ------------------------------------
# Operation "eq": no method found,
# 	left argument in overloaded package String::Gsub,
# 	right argument has no overloaded magic at (eval in cmp_ok) t/gsub.t line 50.
# 
# ------------------------------------
#          got: 'aBcabc'
#     expected: 'aBcabc'
# Looks like you failed 14 tests of 16.
t/gsub.t ............ 
Dubious, test returned 14 (wstat 3584, 0xe00)
Failed 14/16 subtests 
t/pod-coverage.t .... ok
t/pod.t ............. ok

#   Failed test 'gsub result'
#   at t/string-pattern.t line 21.
# An error occurred while using eq:
# ------------------------------------
# Operation "eq": no method found,
# 	left argument in overloaded package String::Gsub,
# 	right argument has no overloaded magic at (eval in cmp_ok) t/string-pattern.t line 21.
# 
# ------------------------------------
#          got: 'a(b)ca(b)c'
#     expected: 'a(b)ca(b)c'

#   Failed test 'gsub returns new object'
#   at t/string-pattern.t line 22.
# An error occurred while using ne:
# ------------------------------------
# Operation "ne": no method found,
# 	left argument in overloaded package String::Gsub,
# 	right argument in overloaded package String::Gsub at (eval in cmp_ok) t/string-pattern.t line 22.
# 
# ------------------------------------
#     'a(b)ca(b)c'
#         ne
#     'abcabc'

#   Failed test 'gsub doesnt change original'
#   at t/string-pattern.t line 23.
# An error occurred while using eq:
# ------------------------------------
# Operation "eq": no method found,
# 	left argument in overloaded package String::Gsub,
# 	right argument has no overloaded magic at (eval in cmp_ok) t/string-pattern.t line 23.
# 
# ------------------------------------
#          got: 'abcabc'
#     expected: 'abcabc'

#   Failed test 'gsubx result'
#   at t/string-pattern.t line 30.
# An error occurred while using eq:
# ------------------------------------
# Operation "eq": no method found,
# 	left argument in overloaded package String::Gsub,
# 	right argument has no overloaded magic at (eval in cmp_ok) t/string-pattern.t line 30.
# 
# ------------------------------------
#          got: 'a(b)ca(b)c'
#     expected: 'a(b)ca(b)c'

#   Failed test 'gsubx returns itself'
#   at t/string-pattern.t line 31.
# An error occurred while using eq:
# ------------------------------------
# Operation "eq": no method found,
# 	left argument in overloaded package String::Gsub,
# 	right argument in overloaded package String::Gsub at (eval in cmp_ok) t/string-pattern.t line 31.
# 
# ------------------------------------
#          got: 'a(b)ca(b)c'
#     expected: 'a(b)ca(b)c'

#   Failed test 'gsubx changes original'
#   at t/string-pattern.t line 32.
# An error occurred while using eq:
# ------------------------------------
# Operation "eq": no method found,
# 	left argument in overloaded package String::Gsub,
# 	right argument has no overloaded magic at (eval in cmp_ok) t/string-pattern.t line 32.
# 
# ------------------------------------
#          got: 'a(b)ca(b)c'
#     expected: 'a(b)ca(b)c'

#   Failed test 'sub result'
#   at t/string-pattern.t line 39.
# An error occurred while using eq:
# ------------------------------------
# Operation "eq": no method found,
# 	left argument in overloaded package String::Gsub,
# 	right argument has no overloaded magic at (eval in cmp_ok) t/string-pattern.t line 39.
# 
# ------------------------------------
#          got: 'a(b)cabc'
#     expected: 'a(b)cabc'

#   Failed test 'sub returns new object'
#   at t/string-pattern.t line 40.
# An error occurred while using ne:
# ------------------------------------
# Operation "ne": no method found,
# 	left argument in overloaded package String::Gsub,
# 	right argument in overloaded package String::Gsub at (eval in cmp_ok) t/string-pattern.t line 40.
# 
# ------------------------------------
#     'a(b)cabc'
#         ne
#     'abcabc'

#   Failed test 'sub doesnt change original'
#   at t/string-pattern.t line 41.
# An error occurred while using eq:
# ------------------------------------
# Operation "eq": no method found,
# 	left argument in overloaded package String::Gsub,
# 	right argument has no overloaded magic at (eval in cmp_ok) t/string-pattern.t line 41.
# 
# ------------------------------------
#          got: 'abcabc'
#     expected: 'abcabc'

#   Failed test 'subx result'
#   at t/string-pattern.t line 48.
# An error occurred while using eq:
# ------------------------------------
# Operation "eq": no method found,
# 	left argument in overloaded package String::Gsub,
# 	right argument has no overloaded magic at (eval in cmp_ok) t/string-pattern.t line 48.
# 
# ------------------------------------
#          got: 'a(b)cabc'
#     expected: 'a(b)cabc'

#   Failed test 'subx returns itself'
#   at t/string-pattern.t line 49.
# An error occurred while using eq:
# ------------------------------------
# Operation "eq": no method found,
# 	left argument in overloaded package String::Gsub,
# 	right argument in overloaded package String::Gsub at (eval in cmp_ok) t/string-pattern.t line 49.
# 
# ------------------------------------
#          got: 'a(b)cabc'
#     expected: 'a(b)cabc'

#   Failed test 'subx changes original'
#   at t/string-pattern.t line 50.
# An error occurred while using eq:
# ------------------------------------
# Operation "eq": no method found,
# 	left argument in overloaded package String::Gsub,
# 	right argument has no overloaded magic at (eval in cmp_ok) t/string-pattern.t line 50.
# 
# ------------------------------------
#          got: 'a(b)cabc'
#     expected: 'a(b)cabc'

#   Failed test 'argument of match callback'
#   at t/string-pattern.t line 57.
# An error occurred while using eq:
# ------------------------------------
# Operation "eq": no method found,
# 	left argument in overloaded package String::Gsub,
# 	right argument has no overloaded magic at (eval in cmp_ok) t/string-pattern.t line 57.
# 
# ------------------------------------
#          got: 'aBcaBc'
#     expected: 'aBcaBc'

#   Failed test 'gsub match value'
#   at t/string-pattern.t line 64.
# An error occurred while using eq:
# ------------------------------------
# Operation "eq": no method found,
# 	left argument in overloaded package String::Gsub,
# 	right argument has no overloaded magic at (eval in cmp_ok) t/string-pattern.t line 64.
# 
# ------------------------------------
#          got: 'a(b)ca(b)c'
#     expected: 'a(b)ca(b)c'

#   Failed test 'gsub prematch value'
#   at t/string-pattern.t line 68.
# An error occurred while using eq:
# ------------------------------------
# Operation "eq": no method found,
# 	left argument in overloaded package String::Gsub,
# 	right argument has no overloaded magic at (eval in cmp_ok) t/string-pattern.t line 68.
# 
# ------------------------------------
#          got: 'a(a)ca(abca)c'
#     expected: 'a(a)ca(abca)c'

#   Failed test 'gsub postmatch value'
#   at t/string-pattern.t line 72.
# An error occurred while using eq:
# ------------------------------------
# Operation "eq": no method found,
# 	left argument in overloaded package String::Gsub,
# 	right argument has no overloaded magic at (eval in cmp_ok) t/string-pattern.t line 72.
# 
# ------------------------------------
#          got: 'a(cabc)ca(c)c'
#     expected: 'a(cabc)ca(c)c'

#   Failed test '. matches just `.''
#   at t/string-pattern.t line 79.
# An error occurred while using eq:
# ------------------------------------
# Operation "eq": no method found,
# 	left argument in overloaded package String::Gsub,
# 	right argument has no overloaded magic at (eval in cmp_ok) t/string-pattern.t line 79.
# 
# ------------------------------------
#          got: 'abc(.)abc(.)'
#     expected: 'abc(.)abc(.)'
# Looks like you failed 17 tests of 17.
t/string-pattern.t .. 
Dubious, test returned 17 (wstat 4352, 0x1100)
Failed 17/17 subtests 

Test Summary Report
-------------------
t/gsub.t          (Wstat: 3584 Tests: 16 Failed: 14)
  Failed tests:  1-2, 4-10, 12-16
  Non-zero exit status: 14
t/string-pattern.t (Wstat: 4352 Tests: 17 Failed: 17)
  Failed tests:  1-17
  Non-zero exit status: 17
Files=7, Tests=58,  1 wallclock secs ( 0.07 usr  0.02 sys +  0.81 cusr  0.07 csys =  0.97 CPU)
Result: FAIL
Failed 2/7 test programs. 31/58 subtests failed.
make: *** [test_dynamic] Error 17

------------------------------
PREREQUISITES
------------------------------

Prerequisite modules loaded:

requires:

    Module              Need Have    
    ------------------- ---- --------
    Exporter            0    5.72    
    Test::More          0    1.302075

build_requires:

    Module              Need Have    
    ------------------- ---- --------
    ExtUtils::MakeMaker 0    7.24    


------------------------------
ENVIRONMENT AND OTHER CONTEXT
------------------------------

Environment variables:

    AUTOMATED_TESTING = 1
    CPANEL_SLOW_TESTS = 1
    LANG = en_US.UTF-8
    PATH = /home/smoker/perl5/bin:/perl/5.25.9/bin:/usr/bin:/bin:/usr/sbin:/sbin:/usr/local/bin
    PERL5LIB = /home/smoker/perl5/lib/perl5
    PERL5OPT = 
    PERL5_CPANPLUS_IS_RUNNING = 15342
    PERL5_CPAN_IS_RUNNING = 15342
    PERL_EXTUTILS_AUTOINSTALL = 1
    PERL_LOCAL_LIB_ROOT = /home/smoker/perl5
    PERL_MB_OPT = --install_base "/home/smoker/perl5"
    PERL_MM_OPT = INSTALL_BASE=/home/smoker/perl5
    PERL_MM_USE_DEFAULT = 1
    SHELL = /usr/bin/zsh
    TERM = xterm-color

Perl special variables (and OS-specific diagnostics, for MSWin32):

    $^X = /perl/5.25.9/bin/perl5.25.9
    $UID/$EUID = 1011 / 1011
    $GID = 1012 1012
    $EGID = 1012 1012

Perl module toolchain versions installed:

    Module              Have      
    ------------------- ----------
    CPAN                2.16      
    CPAN::Meta          2.150010  
    Cwd                 3.66      
    ExtUtils::CBuilder  0.280225  
    ExtUtils::Command   7.24      
    ExtUtils::Install   2.04      
    ExtUtils::MakeMaker 7.24      
    ExtUtils::Manifest  1.70      
    ExtUtils::ParseXS   3.33      
    File::Spec          3.66      
    JSON                2.90      
    JSON::PP            2.27400_02
    Module::Build       0.4220    
    Module::Signature   0.81      
    Parse::CPAN::Meta   2.150010  
    Test::Harness       3.37_01   
    Test::More          1.302075  
    YAML                1.21      
    YAML::Syck          1.29      
    version             0.9917    


--

Summary of my perl5 (revision 5 version 25 subversion 9) configuration:
   
  Platform:
    osname=linux
    osvers=3.10.0-514.6.1.el7.x86_64
    archname=x86_64-linux
    uname='linux cpansmoker.dev.cpanel.net 3.10.0-514.6.1.el7.x86_64 #1 smp wed jan 18 13:06:36 utc 2017 x86_64 x86_64 x86_64 gnulinux '
    config_args='-des -Dusedevel -Ddefault_inc_excludes_dot -Dusemymalloc=n -DDEBUGGING=none -Doptimize=-Os -Accflags=-m64 -Duseshrplib -Duselargefiles=yes -Duseposix=true -Dhint=recommended -Duseperlio=yes -Dprefix=/perl/5.25.9 -Dscriptdir=/perl/5.25.9/bin -Dscriptdirexp=/perl/5.25.9/bin -Dman1dir=none -Dman3dir=none -Dsiteman1dir=none -Dsiteman3dir=none -Dinstallman1dir=none -Dversiononly=yes -Dinstallusrbinperl=no -Dcf_by=toddr_dot_inc -Dmyhostname=localhost -Dperladmin=root@localhost -Dcf_email=toddr@cpan.org -Ud_dosuid -Uuserelocatableinc -Umad -Uusethreads -Uusemultiplicity -Uusesocks -Uuselongdouble -Duse64bitint -Uuse64bitall'
    hint=recommended
    useposix=true
    d_sigaction=define
    useithreads=undef
    usemultiplicity=undef
    use64bitint=define
    use64bitall=undef
    uselongdouble=undef
    usemymalloc=n
    bincompat5005=undef
  Compiler:
    cc='cc'
    ccflags ='-m64 -fwrapv -fno-strict-aliasing -pipe -fstack-protector-strong -I/usr/local/include -D_LARGEFILE_SOURCE -D_FILE_OFFSET_BITS=64 -D_FORTIFY_SOURCE=2'
    optimize='-Os'
    cppflags='-m64 -fwrapv -fno-strict-aliasing -pipe -fstack-protector-strong -I/usr/local/include'
    ccversion=''
    gccversion='4.8.5 20150623 (Red Hat 4.8.5-11)'
    gccosandvers=''
    intsize=4
    longsize=8
    ptrsize=8
    doublesize=8
    byteorder=12345678
    doublekind=3
    d_longlong=define
    longlongsize=8
    d_longdbl=define
    longdblsize=16
    longdblkind=3
    ivtype='long'
    ivsize=8
    nvtype='double'
    nvsize=8
    Off_t='off_t'
    lseeksize=8
    alignbytes=8
    prototype=define
  Linker and Libraries:
    ld='cc'
    ldflags =' -fstack-protector-strong -L/usr/local/lib'
    libpth=/usr/local/lib /usr/lib /lib/../lib64 /usr/lib/../lib64 /lib /lib64 /usr/lib64 /usr/local/lib64
    libs=-lpthread -lnsl -lgdbm -ldb -ldl -lm -lcrypt -lutil -lc -lgdbm_compat
    perllibs=-lpthread -lnsl -ldl -lm -lcrypt -lutil -lc
    libc=libc-2.17.so
    so=so
    useshrplib=true
    libperl=libperl.so
    gnulibc_version='2.17'
  Dynamic Linking:
    dlsrc=dl_dlopen.xs
    dlext=so
    d_dlsymun=undef
    ccdlflags='-Wl,-E -Wl,-rpath,/perl/5.25.9/lib/5.25.9/x86_64-linux/CORE'
    cccdlflags='-fPIC'
    lddlflags='-shared -Os -L/usr/local/lib -fstack-protector-strong'


Characteristics of this binary (from libperl): 
  Compile-time options:
    HAS_TIMES
    PERLIO_LAYERS
    PERL_COPY_ON_WRITE
    PERL_DONT_CREATE_GVSV
    PERL_MALLOC_WRAP
    PERL_OP_PARENT
    PERL_PRESERVE_IVUV
    PERL_USE_DEVEL
    USE_64_BIT_INT
    USE_LARGE_FILES
    USE_LOCALE
    USE_LOCALE_COLLATE
    USE_LOCALE_CTYPE
    USE_LOCALE_NUMERIC
    USE_LOCALE_TIME
    USE_PERLIO
    USE_PERL_ATOF
  Built under linux
  Compiled at Feb  2 2017 16:49:26
  %ENV:
    PERL5LIB="/home/smoker/perl5/lib/perl5"
    PERL5OPT=""
    PERL5_CPANPLUS_IS_RUNNING="15342"
    PERL5_CPAN_IS_RUNNING="15342"
    PERL_EXTUTILS_AUTOINSTALL="1"
    PERL_LOCAL_LIB_ROOT="/home/smoker/perl5"
    PERL_MB_OPT="--install_base "/home/smoker/perl5""
    PERL_MM_OPT="INSTALL_BASE=/home/smoker/perl5"
    PERL_MM_USE_DEFAULT="1"
  @INC:
    /home/smoker/perl5/lib/perl5/5.25.9/x86_64-linux
    /home/smoker/perl5/lib/perl5/5.25.9
    /home/smoker/perl5/lib/perl5/x86_64-linux
    /home/smoker/perl5/lib/perl5
    /perl/5.25.9/lib/site_perl/5.25.9/x86_64-linux
    /perl/5.25.9/lib/site_perl/5.25.9
    /perl/5.25.9/lib/5.25.9/x86_64-linux
    /perl/5.25.9/lib/5.25.9