Back
From: metabase:user:320bfe00-2aae-11df-837a-5e0a49663a4f
Subject: FAIL Catalyst-ActionRole-MatchRequestMethod-0.03 v5.13.5 GNU/Linux
Date: 2011-01-08T16:05:31Z
This distribution has been tested as part of the CPAN Testers
project, supporting the Perl programming language. See
http://wiki.cpantesters.org/ for more information or email
questions to cpan-testers-discuss@perl.org
--
Dear Florian Ragwitz,
This is a computer-generated report for Catalyst-ActionRole-MatchRequestMethod-0.03
on perl 5.13.5, created by CPAN-Reporter-1.18_06.
Thank you for uploading your work to CPAN. However, there was a problem
testing your distribution.
If you think this report is invalid, please consult the CPAN Testers Wiki
for suggestions on how to avoid getting FAIL reports for missing library
or binary dependencies, unsupported operating systems, and so on:
http://wiki.cpantesters.org/wiki/CPANAuthorNotes
Sections of this report:
* Tester comments
* Program output
* Prerequisites
* Environment and other context
------------------------------
TESTER COMMENTS
------------------------------
Additional comments from tester:
this report is from an automated smoke testing program
and was not reviewed by a human for accuracy
------------------------------
PROGRAM OUTPUT
------------------------------
Output from '/usr/bin/make test':
PERL_DL_NONLAZY=1 /home/src/perl/repoperls/installed-perls/perl/v5.13.5-533-gc3b19b5/bin/perl "-MExtUtils::Command::MM" "-e" "test_harness(0, 'blib/lib', 'blib/arch')" t/*.t
Couldn't load class (TestApp) because: Can't use an undefined value as a HASH reference at /home/src/perl/repoperls/installed-perls/perl/v5.13.5-533-gc3b19b5/lib/site_perl/5.13.5/Catalyst.pm line 2697.
Compilation failed in require at /home/src/perl/repoperls/installed-perls/perl/v5.13.5-533-gc3b19b5/lib/site_perl/5.13.5/x86_64-linux/Class/MOP.pm line 117.
at /home/src/perl/repoperls/installed-perls/perl/v5.13.5-533-gc3b19b5/lib/site_perl/5.13.5/x86_64-linux/Class/MOP.pm line 123
Class::MOP::__ANON__('Can\'t use an undefined value as a HASH reference at /home/sr...') called at /home/src/perl/repoperls/installed-perls/perl/v5.13.5-533-gc3b19b5/lib/site_perl/5.13.5/Try/Tiny.pm line 100
Try::Tiny::try('CODE(0xbdf558)', 'Try::Tiny::Catch=REF(0x172fb68)') called at /home/src/perl/repoperls/installed-perls/perl/v5.13.5-533-gc3b19b5/lib/site_perl/5.13.5/x86_64-linux/Class/MOP.pm line 128
Class::MOP::load_first_existing_class('TestApp') called at /home/src/perl/repoperls/installed-perls/perl/v5.13.5-533-gc3b19b5/lib/site_perl/5.13.5/x86_64-linux/Class/MOP.pm line 140
Class::MOP::load_class('TestApp') called at /home/src/perl/repoperls/installed-perls/perl/v5.13.5-533-gc3b19b5/lib/site_perl/5.13.5/Catalyst/Test.pm line 23
Catalyst::Test::__ANON__('Catalyst::Test', 'all', 'HASH(0xbdf510)', 'HASH(0x1841f50)') called at /home/src/perl/repoperls/installed-perls/perl/v5.13.5-533-gc3b19b5/lib/site_perl/5.13.5/Sub/Exporter.pm line 493
Sub::Exporter::_expand_group('Catalyst::Test', 'HASH(0x184dab8)', 'ARRAY(0x1841f38)', 'HASH(0x1841f50)', 'HASH(0xbdf588)', 'HASH(0xb32568)') called at /home/src/perl/repoperls/installed-perls/perl/v5.13.5-533-gc3b19b5/lib/site_perl/5.13.5/Sub/Exporter.pm line 424
Sub::Exporter::_expand_groups('Catalyst::Test', 'HASH(0x184dab8)', 'ARRAY(0x184dbf0)', 'HASH(0x1841f50)') called at /home/src/perl/repoperls/installed-perls/perl/v5.13.5-533-gc3b19b5/lib/site_perl/5.13.5/Sub/Exporter.pm line 742
Sub::Exporter::__ANON__('Catalyst::Test', '-all', 'HASH(0xae7f78)') called at /home/src/perl/repoperls/installed-perls/perl/v5.13.5-533-gc3b19b5/lib/site_perl/5.13.5/Catalyst/Test.pm line 122
Catalyst::Test::import('Catalyst::Test', 'TestApp') called at t/basic.t line 9
main::BEGIN() called at /home/src/perl/repoperls/installed-perls/perl/v5.13.5-533-gc3b19b5/lib/site_perl/5.13.5/Catalyst/Test.pm line 9
eval {...} called at /home/src/perl/repoperls/installed-perls/perl/v5.13.5-533-gc3b19b5/lib/site_perl/5.13.5/Catalyst/Test.pm line 9
BEGIN failed--compilation aborted at t/basic.t line 9.
t/basic.t .................
Dubious, test returned 2 (wstat 512, 0x200)
No subtests run
t/release-pod-coverage.t .. skipped: these tests are for release candidate testing
t/release-pod-syntax.t .... skipped: these tests are for release candidate testing
Test Summary Report
-------------------
t/basic.t (Wstat: 512 Tests: 0 Failed: 0)
Non-zero exit status: 2
Parse errors: No plan found in TAP output
Files=3, Tests=0, 1 wallclock secs ( 0.03 usr 0.01 sys + 0.65 cusr 0.08 csys = 0.77 CPU)
Result: FAIL
Failed 1/3 test programs. 0/0 subtests failed.
make: *** [test_dynamic] Error 255
------------------------------
PREREQUISITES
------------------------------
Prerequisite modules loaded:
requires:
Module Need Have
-------------------------------- ---- -------
Catalyst::Controller::ActionRole 0 0.15
Catalyst::Runtime 5.80 5.80029
Moose::Role 0 1.9902
namespace::autoclean 0 0.11
Perl6::Junction 0 1.40000
build_requires:
Module Need Have
-------------------------------- ---- -------
Catalyst::Controller::ActionRole 0 0.15
Catalyst::Test 0 0
FindBin 0 1.50
HTTP::Request::Common 0 5.824
Moose 1.03 1.9902
Test::More 0.89 0.97_01
configure_requires:
Module Need Have
-------------------------------- ---- -------
ExtUtils::MakeMaker 6.31 6.57_06
------------------------------
ENVIRONMENT AND OTHER CONTEXT
------------------------------
Environment variables:
AUTOMATED_TESTING = 1
LANG = en_US.UTF-8
PATH = /home/sand/bin:/usr/local/bin:/usr/bin:/bin:/usr/bin/X11:/usr/games:/usr/local/perl/bin:/usr/X11/bin:/sbin:/usr/sbin
PERL5LIB =
PERL5OPT =
PERL5_CPANPLUS_IS_RUNNING = 30029
PERL5_CPAN_IS_RUNNING = 30029
PERL_MM_USE_DEFAULT = 1
SHELL = /usr/bin/zsh
TERM = screen
Perl special variables (and OS-specific diagnostics, for MSWin32):
$^X = /home/src/perl/repoperls/installed-perls/perl/v5.13.5-533-gc3b19b5/bin/perl
$UID/$EUID = 1001 / 1001
$GID = 1001 1001
$EGID = 1001 1001
Perl module toolchain versions installed:
Module Have
------------------- -------
CPAN 1.94_62
Cwd 3.34
ExtUtils::CBuilder 0.2802
ExtUtils::Command 1.16
ExtUtils::Install 1.55
ExtUtils::MakeMaker 6.57_06
ExtUtils::Manifest 1.58
ExtUtils::ParseXS 2.2207
File::Spec 3.33
Module::Build 0.3607
Module::Signature 0.66
Test::Harness 3.22
Test::More 0.97_01
YAML 0.72
YAML::Syck 1.17
version 0.88
--
Summary of my perl5 (revision 5 version 13 subversion 5) configuration:
Commit id: c3b19b5c6db555d96caf73d7810b391045c5fb7c
Platform:
osname=linux, osvers=2.6.32-2-amd64, archname=x86_64-linux
uname='linux k81 2.6.32-2-amd64 #1 smp fri feb 12 00:01:47 utc 2010 x86_64 gnulinux '
config_args='-Dprefix=/home/src/perl/repoperls/installed-perls/perl/v5.13.5-533-gc3b19b5 -Dinstallusrbinperl=n -Uversiononly -Dusedevel -des -Ui_db -Uuseithreads -Uuselongdouble'
hint=recommended, useposix=true, d_sigaction=define
useithreads=undef, usemultiplicity=undef
useperlio=define, d_sfio=undef, uselargefiles=define, usesocks=undef
use64bitint=define, use64bitall=define, uselongdouble=undef
usemymalloc=n, bincompat5005=undef
Compiler:
cc='cc', ccflags ='-fno-strict-aliasing -pipe -fstack-protector -I/usr/local/include -D_LARGEFILE_SOURCE -D_FILE_OFFSET_BITS=64',
optimize='-O2',
cppflags='-fno-strict-aliasing -pipe -fstack-protector -I/usr/local/include'
ccversion='', gccversion='4.4.4', gccosandvers=''
intsize=4, longsize=8, ptrsize=8, doublesize=8, byteorder=12345678
d_longlong=define, longlongsize=8, d_longdbl=define, longdblsize=16
ivtype='long', ivsize=8, nvtype='double', nvsize=8, Off_t='off_t', lseeksize=8
alignbytes=8, prototype=define
Linker and Libraries:
ld='cc', ldflags =' -fstack-protector -L/usr/local/lib'
libpth=/usr/local/lib /lib /usr/lib /lib64 /usr/lib64
libs=-lnsl -lgdbm -ldb -ldl -lm -lcrypt -lutil -lc -lgdbm_compat
perllibs=-lnsl -ldl -lm -lcrypt -lutil -lc
libc=/lib/libc-2.11.2.so, so=so, useshrplib=false, libperl=libperl.a
gnulibc_version='2.11.2'
Dynamic Linking:
dlsrc=dl_dlopen.xs, dlext=so, d_dlsymun=undef, ccdlflags='-Wl,-E'
cccdlflags='-fPIC', lddlflags='-shared -O2 -L/usr/local/lib -fstack-protector'
Characteristics of this binary (from libperl):
Compile-time options: PERL_DONT_CREATE_GVSV PERL_MALLOC_WRAP PERL_USE_DEVEL
USE_64_BIT_ALL USE_64_BIT_INT USE_LARGE_FILES
USE_PERLIO USE_PERL_ATOF
Built under linux
Compiled at Oct 20 2010 05:33:10
%ENV:
PERL5LIB=""
PERL5OPT=""
PERL5_CPANPLUS_IS_RUNNING="30029"
PERL5_CPAN_IS_RUNNING="30029"
PERL_MM_USE_DEFAULT="1"
@INC:
/home/src/perl/repoperls/installed-perls/perl/v5.13.5-533-gc3b19b5/lib/site_perl/5.13.5/x86_64-linux
/home/src/perl/repoperls/installed-perls/perl/v5.13.5-533-gc3b19b5/lib/site_perl/5.13.5
/home/src/perl/repoperls/installed-perls/perl/v5.13.5-533-gc3b19b5/lib/5.13.5/x86_64-linux
/home/src/perl/repoperls/installed-perls/perl/v5.13.5-533-gc3b19b5/lib/5.13.5
.