Tk-Zinc v3.306 Perl 5 v5.26.0 amd64-freebsd

Status
Fail
From
Chris Williams (BINGOS)
Dist
Tk-Zinc v3.306
Platform
Perl 5 v5.26.0 amd64-freebsd
Date
2021-04-13 03:27:04
ID
1dfe6c22-9c08-11eb-84bc-edd243e66a77
This distribution has been tested as part of the CPAN Testers
project, supporting the Perl programming language.  See
http://wiki.cpantesters.org/ for more information or email
questions to cpan-testers-discuss@perl.org


--

Dear ASB,

This is a computer-generated error report created automatically by
CPANPLUS, version 0.9910. Testers personal comments may appear
at the end of this report.


Thank you for uploading your work to CPAN.  However, it appears that
there were some problems testing your distribution.

TEST RESULTS:

Below is the error stack from stage 'make test':

"/usr/home/cpan/pit/bare/perl-5.26.0/bin/perl" -MExtUtils::Command::MM -e 'cp_nonempty' -- Zinc.bs blib/arch/auto/Tk/Zinc/Zinc.bs 644
Manifying 1 pod document
"/usr/home/cpan/pit/bare/perl-5.26.0/bin/perl" "-MExtUtils::Command::MM" "-MTest::Harness" "-e" "undef *Test::Harness::Switches; test_harness(0, '../blib/lib', '../blib/arch')" t/*.t
t/no-test.t .. ok
All tests successful.
Files=1, Tests=1,  0 wallclock secs ( 0.02 usr +  0.02 sys =  0.04 CPU)
Result: PASS
"/usr/home/cpan/pit/bare/perl-5.26.0/bin/perl" "-MExtUtils::Command::MM" "-MTest::Harness" "-e" "undef *Test::Harness::Switches; test_harness(0, 'blib/lib', 'blib/arch')" t/*.t
couldn't connect to display ":0" at /usr/home/cpan/pit/jail/W0MuQdahc3/lib/perl5/amd64-freebsd/Tk/MainWindow.pm line 53.
MainWindow->new() at t/AnimatedGradient.t line 37.
# Looks like your test exited with 61 before it could output anything.
t/AnimatedGradient.t .......... 
Dubious, test returned 61 (wstat 15616, 0x3d00)
Failed 11/11 subtests 
couldn't connect to display ":0" at /usr/home/cpan/pit/jail/W0MuQdahc3/lib/perl5/amd64-freebsd/Tk/MainWindow.pm line 53.
MainWindow->new() at t/Bbox-curve-multi-contour.t line 36.
# Looks like your test exited with 61 before it could output anything.
t/Bbox-curve-multi-contour.t .. 
Dubious, test returned 61 (wstat 15616, 0x3d00)
Failed 4/4 subtests 
# No tests run!
t/Bbox.t ...................... 
Dubious, test returned 255 (wstat 65280, 0xff00)
Failed 11/12 subtests 
# No tests run!
t/Coords.t .................... 
Dubious, test returned 255 (wstat 65280, 0xff00)
Failed 25/26 subtests 
# No tests run!
t/find.t ...................... 
Dubious, test returned 255 (wstat 65280, 0xff00)
Failed 21/22 subtests 
# No tests run!
t/Images.t .................... 
Dubious, test returned 255 (wstat 65280, 0xff00)
Failed 35/36 subtests 
# ############## all imports
t/Import.t .................... ok
couldn't connect to display ":0" at /usr/home/cpan/pit/jail/W0MuQdahc3/lib/perl5/amd64-freebsd/Tk/MainWindow.pm line 53.
MainWindow->new() at t/Maps.t line 36.
# Looks like your test exited with 61 before it could output anything.
t/Maps.t ...................... 
Dubious, test returned 61 (wstat 15616, 0x3d00)
Failed 2/2 subtests 
# No tests run!
t/PreviousKnownBugs.t ......... 
Dubious, test returned 255 (wstat 65280, 0xff00)
Failed 1/2 subtests 
couldn't connect to display ":0" at /usr/home/cpan/pit/jail/W0MuQdahc3/lib/perl5/amd64-freebsd/Tk/MainWindow.pm line 53.
MainWindow->new() at t/Scale_clipped_group.t line 35.
# Looks like your test exited with 61 before it could output anything.
t/Scale_clipped_group.t ....... 
Dubious, test returned 61 (wstat 15616, 0x3d00)
Failed 1/1 subtests 
# No tests run!
t/Text.t ...................... 
Dubious, test returned 255 (wstat 65280, 0xff00)
Failed 4/5 subtests 
# No tests run!
t/Text2.t ..................... 
Dubious, test returned 255 (wstat 65280, 0xff00)
Failed 50/51 subtests 
# ############## Tk::Zinc::TraceUtils test
t/traceutils.t ................ ok
# No tests run!
t/Transformations.t ........... 
Dubious, test returned 255 (wstat 65280, 0xff00)
Failed 20/21 subtests 

Test Summary Report
-------------------
t/AnimatedGradient.t        (Wstat: 15616 Tests: 0 Failed: 0)
  Non-zero exit status: 61
  Parse errors: Bad plan.  You planned 11 tests but ran 0.
t/Bbox-curve-multi-contour.t (Wstat: 15616 Tests: 0 Failed: 0)
  Non-zero exit status: 61
  Parse errors: Bad plan.  You planned 4 tests but ran 0.
t/Bbox.t                    (Wstat: 65280 Tests: 1 Failed: 0)
  Non-zero exit status: 255
  Parse errors: More than one plan found in TAP output
                Bad plan.  You planned 12 tests but ran 1.
t/Coords.t                  (Wstat: 65280 Tests: 1 Failed: 0)
  Non-zero exit status: 255
  Parse errors: More than one plan found in TAP output
                Bad plan.  You planned 26 tests but ran 1.
t/find.t                    (Wstat: 65280 Tests: 1 Failed: 0)
  Non-zero exit status: 255
  Parse errors: More than one plan found in TAP output
                Bad plan.  You planned 22 tests but ran 1.
t/Images.t                  (Wstat: 65280 Tests: 1 Failed: 0)
  Non-zero exit status: 255
  Parse errors: More than one plan found in TAP output
                Bad plan.  You planned 36 tests but ran 1.
t/Maps.t                    (Wstat: 15616 Tests: 0 Failed: 0)
  Non-zero exit status: 61
  Parse errors: Bad plan.  You planned 2 tests but ran 0.
t/PreviousKnownBugs.t       (Wstat: 65280 Tests: 1 Failed: 0)
  Non-zero exit status: 255
  Parse errors: More than one plan found in TAP output
                Bad plan.  You planned 2 tests but ran 1.
t/Scale_clipped_group.t     (Wstat: 15616 Tests: 0 Failed: 0)
  Non-zero exit status: 61
  Parse errors: Bad plan.  You planned 1 tests but ran 0.
t/Text.t                    (Wstat: 65280 Tests: 1 Failed: 0)
  Non-zero exit status: 255
  Parse errors: More than one plan found in TAP output
                Bad plan.  You planned 5 tests but ran 1.
t/Text2.t                   (Wstat: 65280 Tests: 1 Failed: 0)
  Non-zero exit status: 255
  Parse errors: More than one plan found in TAP output
                Bad plan.  You planned 51 tests but ran 1.
t/Transformations.t         (Wstat: 65280 Tests: 1 Failed: 0)
  Non-zero exit status: 255
  Parse errors: More than one plan found in TAP output
                Bad plan.  You planned 21 tests but ran 1.
Files=14, Tests=29,  4 wallclock secs ( 0.09 usr  0.05 sys +  2.59 cusr  1.08 csys =  3.80 CPU)
Result: FAIL
Failed 12/14 test programs. 0/29 subtests failed.
*** Error code 255

Stop.
make: stopped in /usr/home/cpan/pit/bare/conf/perl-5.26.0/.cpanplus/5.26.0/build/NO9acYeD4W/Tk-Zinc-3.306


PREREQUISITES:

Here is a list of prerequisites you specified and versions we
managed to load:

	  Module Name                        Have     Want
	  ExtUtils::MakeMaker                7.58     6.98
	  Test::More                     1.302183     0.98
	  Tk                              804.036  800.004

Perl module toolchain versions installed:
	Module Name                        Have
	CPANPLUS                         0.9910
	CPANPLUS::Dist::Build              0.90
	Cwd                                3.75
	ExtUtils::CBuilder             0.280235
	ExtUtils::Command                  7.58
	ExtUtils::Install                  2.20
	ExtUtils::MakeMaker                7.58
	ExtUtils::Manifest                 1.73
	ExtUtils::ParseXS                  3.35
	File::Spec                         3.75
	Module::Build                    0.4231
	Pod::Parser                        1.63
	Pod::Simple                        3.35
	Test2                          1.302183
	Test::Harness                      3.42
	Test::More                     1.302183
	version                          0.9928

******************************** NOTE ********************************
The comments above are created mechanically, possibly without manual
checking by the sender.  As there are many people performing automatic
tests on each upload to CPAN, it is likely that you will receive
identical messages about the same problem.

If you believe that the message is mistaken, please reply to the first
one with correction and/or additional informations, and do not take
it personally.  We appreciate your patience. :)
**********************************************************************

Additional comments:


This report was machine-generated by CPANPLUS::Dist::YACSmoke 1.08.
Powered by minismokebox version 0.68

CPANPLUS is prefering Build.PL

------------------------------
ENVIRONMENT AND OTHER CONTEXT
------------------------------

Environment variables:

    AUTOMATED_TESTING = 1
    NONINTERACTIVE_TESTING = 1
    PATH = /usr/home/cpan/pit/bare/conf/perl-5.26.0/.cpanplus/5.26.0/build/NO9acYeD4W/Tk-Zinc-3.306/blib/script:/sbin:/bin:/usr/sbin:/usr/bin:/usr/local/sbin:/usr/local/bin:/home/cpan/bin
    PERL5LIB = /usr/home/cpan/pit/jail/W0MuQdahc3/lib/perl5:/usr/home/cpan/pit/bare/conf/perl-5.26.0/.cpanplus/5.26.0/build/NO9acYeD4W/Tk-Zinc-3.306/blib/lib:/usr/home/cpan/pit/bare/conf/perl-5.26.0/.cpanplus/5.26.0/build/NO9acYeD4W/Tk-Zinc-3.306/blib/arch
    PERL5_CPANPLUS_IS_RUNNING = 83327
    PERL5_CPANPLUS_IS_VERSION = 0.9910
    PERL5_MINISMOKEBOX = 0.68
    PERL5_YACSMOKE_BASE = /usr/home/cpan/pit/bare/conf/perl-5.26.0
    PERL_EXTUTILS_AUTOINSTALL = --defaultdeps
    PERL_LOCAL_LIB_ROOT = /usr/home/cpan/pit/jail/W0MuQdahc3
    PERL_MB_OPT = --install_base "/usr/home/cpan/pit/jail/W0MuQdahc3"
    PERL_MM_OPT = INSTALL_BASE=/usr/home/cpan/pit/jail/W0MuQdahc3
    PERL_MM_USE_DEFAULT = 1
    SHELL = /usr/local/bin/bash
    TERM = screen

Perl special variables (and OS-specific diagnostics, for MSWin32):

    Perl: $^X = /usr/home/cpan/pit/bare/perl-5.26.0/bin/perl
    UID:  $<  = 1002
    EUID: $>  = 1002
    GID:  $(  = 1002 1002
    EGID: $)  = 1002 1002


-------------------------------


--

Summary of my perl5 (revision 5 version 26 subversion 0) configuration:
   
  Platform:
    osname=freebsd
    osvers=12.2-release
    archname=amd64-freebsd
    uname='freebsd fforc 12.2-release freebsd 12.2-release r366954 generic amd64 '
    config_args='-des -Dprefix=/usr/home/cpan/pit/bare/perl-5.26.0'
    hint=recommended
    useposix=true
    d_sigaction=define
    useithreads=undef
    usemultiplicity=undef
    use64bitint=define
    use64bitall=define
    uselongdouble=undef
    usemymalloc=n
    default_inc_excludes_dot=define
    bincompat5005=undef
  Compiler:
    cc='cc'
    ccflags ='-DHAS_FPSETMASK -DHAS_FLOATINGPOINT_H -fno-strict-aliasing -pipe -fstack-protector-strong -I/usr/local/include'
    optimize='-O2'
    cppflags='-DHAS_FPSETMASK -DHAS_FLOATINGPOINT_H -fno-strict-aliasing -pipe -fstack-protector-strong -I/usr/local/include'
    ccversion=''
    gccversion='FreeBSD Clang 10.0.1 (git@github.com:llvm/llvm-project.git llvmorg-10.0.1-0-gef32c611aa2)'
    gccosandvers=''
    intsize=4
    longsize=8
    ptrsize=8
    doublesize=8
    byteorder=12345678
    doublekind=3
    d_longlong=define
    longlongsize=8
    d_longdbl=define
    longdblsize=16
    longdblkind=3
    ivtype='long'
    ivsize=8
    nvtype='double'
    nvsize=8
    Off_t='off_t'
    lseeksize=8
    alignbytes=8
    prototype=define
  Linker and Libraries:
    ld='cc'
    ldflags ='-Wl,-E  -fstack-protector-strong -L/usr/local/lib'
    libpth=/usr/lib /usr/local/lib /usr/lib/clang/10.0.1/lib /usr/lib
    libs=-lpthread -lgdbm -ldl -lm -lcrypt -lutil -lc
    perllibs=-lpthread -ldl -lm -lcrypt -lutil -lc
    libc=
    so=so
    useshrplib=false
    libperl=libperl.a
    gnulibc_version=''
  Dynamic Linking:
    dlsrc=dl_dlopen.xs
    dlext=so
    d_dlsymun=undef
    ccdlflags=' '
    cccdlflags='-DPIC -fPIC'
    lddlflags='-shared  -L/usr/local/lib -fstack-protector-strong'


Characteristics of this binary (from libperl): 
  Compile-time options:
    HAS_TIMES
    PERLIO_LAYERS
    PERL_COPY_ON_WRITE
    PERL_DONT_CREATE_GVSV
    PERL_MALLOC_WRAP
    PERL_OP_PARENT
    PERL_PRESERVE_IVUV
    USE_64_BIT_ALL
    USE_64_BIT_INT
    USE_LARGE_FILES
    USE_LOCALE
    USE_LOCALE_COLLATE
    USE_LOCALE_CTYPE
    USE_LOCALE_NUMERIC
    USE_LOCALE_TIME
    USE_PERLIO
    USE_PERL_ATOF
  Locally applied patches:
    Devel::PatchPerl 2.00
  Built under freebsd
  Compiled at Oct 30 2020 03:32:48
  %ENV:
    PERL5LIB="/usr/home/cpan/pit/jail/W0MuQdahc3/lib/perl5:/usr/home/cpan/pit/bare/conf/perl-5.26.0/.cpanplus/5.26.0/build/NO9acYeD4W/Tk-Zinc-3.306/blib/lib:/usr/home/cpan/pit/bare/conf/perl-5.26.0/.cpanplus/5.26.0/build/NO9acYeD4W/Tk-Zinc-3.306/blib/arch"
    PERL5_CPANPLUS_IS_RUNNING="83327"
    PERL5_CPANPLUS_IS_VERSION="0.9910"
    PERL5_MINISMOKEBOX="0.68"
    PERL5_YACSMOKE_BASE="/usr/home/cpan/pit/bare/conf/perl-5.26.0"
    PERL_EXTUTILS_AUTOINSTALL="--defaultdeps"
    PERL_LOCAL_LIB_ROOT="/usr/home/cpan/pit/jail/W0MuQdahc3"
    PERL_MB_OPT="--install_base "/usr/home/cpan/pit/jail/W0MuQdahc3""
    PERL_MM_OPT="INSTALL_BASE=/usr/home/cpan/pit/jail/W0MuQdahc3"
    PERL_MM_USE_DEFAULT="1"
  @INC:
    /usr/home/cpan/pit/jail/W0MuQdahc3/lib/perl5/5.26.0/amd64-freebsd
    /usr/home/cpan/pit/jail/W0MuQdahc3/lib/perl5/5.26.0
    /usr/home/cpan/pit/jail/W0MuQdahc3/lib/perl5/amd64-freebsd
    /usr/home/cpan/pit/jail/W0MuQdahc3/lib/perl5
    /usr/home/cpan/pit/bare/conf/perl-5.26.0/.cpanplus/5.26.0/build/NO9acYeD4W/Tk-Zinc-3.306/blib/lib
    /usr/home/cpan/pit/bare/conf/perl-5.26.0/.cpanplus/5.26.0/build/NO9acYeD4W/Tk-Zinc-3.306/blib/arch
    /usr/home/cpan/pit/bare/perl-5.26.0/lib/site_perl/5.26.0/amd64-freebsd
    /usr/home/cpan/pit/bare/perl-5.26.0/lib/site_perl/5.26.0
    /usr/home/cpan/pit/bare/perl-5.26.0/lib/5.26.0/amd64-freebsd
    /usr/home/cpan/pit/bare/perl-5.26.0/lib/5.26.0