Report for Class-DBI-Sweet-0.08

Back
From: metabase:user:30977d10-2aae-11df-837a-5e0a49663a4f
Subject: FAIL Class-DBI-Sweet-0.08 v5.8.9 GNU/Linux
Date: 2011-08-02T09:23:43Z

This distribution has been tested as part of the CPAN Testers
project, supporting the Perl programming language.  See
http://wiki.cpantesters.org/ for more information or email
questions to cpan-testers-discuss@perl.org


--
Dear Marcus Ramberg,

This is a computer-generated report for Class-DBI-Sweet-0.08
on perl 5.8.9, created by CPAN-Reporter-1.1902.

Thank you for uploading your work to CPAN.  However, there was a problem
testing your distribution.

If you think this report is invalid, please consult the CPAN Testers Wiki
for suggestions on how to avoid getting FAIL reports for missing library
or binary dependencies, unsupported operating systems, and so on:

http://wiki.cpantesters.org/wiki/CPANAuthorNotes

Sections of this report:

    * Tester comments
    * Program output
    * Prerequisites
    * Environment and other context

------------------------------
TESTER COMMENTS
------------------------------

Additional comments from tester:

this report is from an automated smoke testing program
and was not reviewed by a human for accuracy

------------------------------
PROGRAM OUTPUT
------------------------------

Output from '/usr/bin/make test':

/home/trushel/perl/perl589m/bin/perl Build --makefile_env_macros 1 test
t/01use.t ................................ ok
t/02pod.t ................................ skipped: set TEST_POD to enable this test
t/03podcoverage.t ........................ skipped: set TEST_POD to enable this test

#   Failed test 'WHERE clause ok'
#   at t/04join.t line 32.
#          got: 'artist.name = ? AND me.artist = artist.artistid'
#     expected: '( artist.name = ? ) AND me.artist = artist.artistid'
# Looks like you failed 1 test of 17.
t/04join.t ............................... 
Dubious, test returned 1 (wstat 256, 0x100)
Failed 1/17 subtests 
t/05count.t .............................. ok
t/06object_cache.t ....................... ok
Use of uninitialized value in numeric eq (==) at (eval in cmp_ok) t/07prefetch.t line 48.
t/07prefetch.t ........................... ok
t/08pager.t .............................. ok
t/09sequence.t ........................... ok
t/cdbi-t-ocache/01-columns.t ............. ok
t/cdbi-t-ocache/03-subclassing.t ......... ok
t/cdbi-t-ocache/05-Query.t ............... ok
t/cdbi-t-ocache/06-hasa.t ................ ok
t/cdbi-t-ocache/08-inheritcols.t ......... ok
t/cdbi-t-ocache/09-has_many.t ............ ok
DBI connect('test','',...) failed: Can't connect to local MySQL server through socket '/var/run/mysqld/mysqld.sock' (2) at t/cdbi-t/testlib/MyBase.pm line 10
t/cdbi-t-ocache/10-mysql.t ............... skipped: Need MySQL for this test
mutiple trigger registration in one add_trigger() call is deprecated. at /home/trushel/perl/perl589m/lib/site_perl/5.8.9/Class/DBI.pm line 1019
# Looks like your test exited with 2 before it could output anything.
t/cdbi-t-ocache/11-triggers.t ............ 
Dubious, test returned 2 (wstat 512, 0x200)
Failed 13/13 subtests 
t/cdbi-t-ocache/12-filter.t .............. ok
t/cdbi-t-ocache/13-constraint.t .......... ok
t/cdbi-t-ocache/14-might_have.t .......... ok
t/cdbi-t-ocache/16-reserved.t ............ ok
t/cdbi-t-ocache/17-data_type.t ........... skipped: needs DBD::Pg for testing
Name "Ima::DBI::st::execute" used only once: possible typo at t/cdbi-t-ocache/18-has_a.t line 44.
t/cdbi-t-ocache/18-has_a.t ............... ok
t/cdbi-t-ocache/19-set_sql.t ............. ok
t/cdbi-t-ocache/21-iterator.t ............ ok
t/cdbi-t-ocache/22-deflate_order.t ....... skipped: Need Time::Piece::MySQL for this test
t/cdbi-t-ocache/23-cascade.t ............. ok
t/cdbi-t-ocache/24-meta_info.t ........... ok
DBI connect('test','',...) failed: Can't connect to local MySQL server through socket '/var/run/mysqld/mysqld.sock' (2) at t/cdbi-t/testlib/MyBase.pm line 10
t/cdbi-t-ocache/25-closures_in_meta.t .... skipped: Need MySQL for this test
t/cdbi-t-ocache/97-pod.t ................. ok
t/cdbi-t-ocache/98-failure.t ............. ok
t/cdbi-t-ocache/99-misc.t ................ ok
t/cdbi-t-rescache/01-columns.t ........... ok
t/cdbi-t-rescache/03-subclassing.t ....... ok
t/cdbi-t-rescache/05-Query.t ............. ok
t/cdbi-t-rescache/06-hasa.t .............. ok
t/cdbi-t-rescache/08-inheritcols.t ....... ok
t/cdbi-t-rescache/09-has_many.t .......... ok
DBI connect('test','',...) failed: Can't connect to local MySQL server through socket '/var/run/mysqld/mysqld.sock' (2) at t/cdbi-t/testlib/MyBase.pm line 10
t/cdbi-t-rescache/10-mysql.t ............. skipped: Need MySQL for this test
mutiple trigger registration in one add_trigger() call is deprecated. at /home/trushel/perl/perl589m/lib/site_perl/5.8.9/Class/DBI.pm line 1019
# Looks like your test exited with 2 before it could output anything.
t/cdbi-t-rescache/11-triggers.t .......... 
Dubious, test returned 2 (wstat 512, 0x200)
Failed 13/13 subtests 
t/cdbi-t-rescache/12-filter.t ............ ok
t/cdbi-t-rescache/13-constraint.t ........ ok
t/cdbi-t-rescache/14-might_have.t ........ ok
t/cdbi-t-rescache/16-reserved.t .......... ok
t/cdbi-t-rescache/17-data_type.t ......... skipped: needs DBD::Pg for testing
Name "Ima::DBI::st::execute" used only once: possible typo at t/cdbi-t-rescache/18-has_a.t line 44.
t/cdbi-t-rescache/18-has_a.t ............. ok
t/cdbi-t-rescache/19-set_sql.t ........... ok
t/cdbi-t-rescache/21-iterator.t .......... ok
t/cdbi-t-rescache/22-deflate_order.t ..... skipped: Need Time::Piece::MySQL for this test
t/cdbi-t-rescache/23-cascade.t ........... ok
t/cdbi-t-rescache/24-meta_info.t ......... ok
DBI connect('test','',...) failed: Can't connect to local MySQL server through socket '/var/run/mysqld/mysqld.sock' (2) at t/cdbi-t/testlib/MyBase.pm line 10
t/cdbi-t-rescache/25-closures_in_meta.t .. skipped: Need MySQL for this test
t/cdbi-t-rescache/97-pod.t ............... ok
t/cdbi-t-rescache/98-failure.t ........... ok
t/cdbi-t-rescache/99-misc.t .............. ok
t/cdbi-t/01-columns.t .................... ok
t/cdbi-t/02-Film.t ....................... ok
t/cdbi-t/03-subclassing.t ................ ok
t/cdbi-t/04-lazy.t ....................... ok
t/cdbi-t/05-Query.t ...................... ok
t/cdbi-t/06-hasa.t ....................... ok
t/cdbi-t/08-inheritcols.t ................ ok
t/cdbi-t/09-has_many.t ................... ok
DBI connect('test','',...) failed: Can't connect to local MySQL server through socket '/var/run/mysqld/mysqld.sock' (2) at t/cdbi-t/testlib/MyBase.pm line 10
t/cdbi-t/10-mysql.t ...................... skipped: Need MySQL for this test
mutiple trigger registration in one add_trigger() call is deprecated. at /home/trushel/perl/perl589m/lib/site_perl/5.8.9/Class/DBI.pm line 1019
# Looks like your test exited with 2 before it could output anything.
t/cdbi-t/11-triggers.t ................... 
Dubious, test returned 2 (wstat 512, 0x200)
Failed 13/13 subtests 
t/cdbi-t/12-filter.t ..................... ok
t/cdbi-t/13-constraint.t ................. ok
t/cdbi-t/14-might_have.t ................. ok
t/cdbi-t/17-data_type.t .................. skipped: needs DBD::Pg for testing
Name "Ima::DBI::st::execute" used only once: possible typo at t/cdbi-t/18-has_a.t line 38.
t/cdbi-t/18-has_a.t ...................... ok
t/cdbi-t/19-set_sql.t .................... ok
t/cdbi-t/21-iterator.t ................... ok
t/cdbi-t/22-deflate_order.t .............. skipped: Need Time::Piece::MySQL for this test
t/cdbi-t/23-cascade.t .................... ok
t/cdbi-t/24-meta_info.t .................. ok
DBI connect('test','',...) failed: Can't connect to local MySQL server through socket '/var/run/mysqld/mysqld.sock' (2) at t/cdbi-t/testlib/MyBase.pm line 10
t/cdbi-t/25-closures_in_meta.t ........... skipped: Need MySQL for this test
t/cdbi-t/97-pod.t ........................ ok
t/cdbi-t/98-failure.t .................... ok
t/cdbi-t/99-misc.t ....................... ok

Test Summary Report
-------------------
t/04join.t                             (Wstat: 256 Tests: 17 Failed: 1)
  Failed test:  7
  Non-zero exit status: 1
t/cdbi-t-ocache/11-triggers.t          (Wstat: 512 Tests: 0 Failed: 0)
  Non-zero exit status: 2
  Parse errors: Bad plan.  You planned 13 tests but ran 0.
t/cdbi-t-rescache/11-triggers.t        (Wstat: 512 Tests: 0 Failed: 0)
  Non-zero exit status: 2
  Parse errors: Bad plan.  You planned 13 tests but ran 0.
t/cdbi-t/11-triggers.t                 (Wstat: 512 Tests: 0 Failed: 0)
  Non-zero exit status: 2
  Parse errors: Bad plan.  You planned 13 tests but ran 0.
Files=79, Tests=1241, 108 wallclock secs ( 0.37 usr  0.15 sys +  7.25 cusr  1.76 csys =  9.53 CPU)
Result: FAIL
Failed 4/79 test programs. 1/1241 subtests failed.
make: *** [test] Error 255

------------------------------
PREREQUISITES
------------------------------

Prerequisite modules loaded:

requires:

    Module        Need    Have  
    ------------- ------- ------
    Class::DBI    v3.0.12 3.0.17
    Data::Page    0       2.02  
    DBD::SQLite   1.08    1.33  
    DBI           0       1.616 
    List::Util    0       1.23  
    SQL::Abstract 1.17    1.72  


------------------------------
ENVIRONMENT AND OTHER CONTEXT
------------------------------

Environment variables:

    AUTOMATED_TESTING = 1
    LANG = en_US.UTF-8
    LANGUAGE = en
    LC_COLLATE = C
    LC_MONETARY = C
    LC_NUMERIC = C
    LC_TIME = C
    PATH = /usr/local/sbin:/usr/local/bin:/usr/sbin:/usr/bin:/sbin:/bin
    PERL5LIB = 
    PERL5OPT = 
    PERL5_CPANPLUS_IS_RUNNING = 1263
    PERL5_CPAN_IS_RUNNING = 1263
    PERL5_CPAN_IS_RUNNING_IN_RECURSION = 7140,1263
    PERL_CR_SMOKER_CURRENT = Class-DBI-Sweet-0.08
    PERL_EXTUTILS_AUTOINSTALL = --defaultdeps
    PERL_MM_USE_DEFAULT = 1
    SHELL = /bin/bash
    TERM = xterm

Perl special variables (and OS-specific diagnostics, for MSWin32):

    $^X = /home/trushel/perl/perl589m/bin/perl
    $UID/$EUID = 138375 / 138375
    $GID = 5762 4 20 21 24 25 26 30 44 46 104 105 119 122 431 5762
    $EGID = 5762 4 20 21 24 25 26 30 44 46 104 105 119 122 431 5762

Perl module toolchain versions installed:

    Module              Have    
    ------------------- --------
    CPAN                1.97_51 
    Cwd                 3.33    
    ExtUtils::CBuilder  0.280202
    ExtUtils::Command   1.16    
    ExtUtils::Install   1.52    
    ExtUtils::MakeMaker 6.58    
    ExtUtils::Manifest  1.58    
    ExtUtils::ParseXS   2.2206  
    File::Spec          3.33    
    Module::Build       0.3800  
    Module::Signature   n/a     
    Test::Harness       3.23    
    Test::More          0.98    
    YAML                0.73    
    YAML::Syck          1.17    
    version             0.93    


--

Summary of my perl5 (revision 5 version 8 subversion 9) configuration:
  Platform:
    osname=linux, osvers=2.6.32-33-generic, archname=x86_64-linux-multi
    uname='linux trushel-glaptop 2.6.32-33-generic #70-ubuntu smp thu jul 7 21:13:52 utc 2011 x86_64 gnulinux '
    config_args=''
    hint=recommended, useposix=true, d_sigaction=define
    usethreads=undef use5005threads=undef useithreads=undef usemultiplicity=define
    useperlio=define d_sfio=undef uselargefiles=define usesocks=undef
    use64bitint=define use64bitall=define uselongdouble=undef
    usemymalloc=n, bincompat5005=undef
  Compiler:
    cc='cc', ccflags ='-fno-strict-aliasing -pipe -I/usr/local/include -D_LARGEFILE_SOURCE -D_FILE_OFFSET_BITS=64',
    optimize='-O2',
    cppflags='-fno-strict-aliasing -pipe -I/usr/local/include'
    ccversion='', gccversion='4.4.3', gccosandvers=''
    intsize=4, longsize=8, ptrsize=8, doublesize=8, byteorder=12345678
    d_longlong=define, longlongsize=8, d_longdbl=define, longdblsize=16
    ivtype='long', ivsize=8, nvtype='double', nvsize=8, Off_t='off_t', lseeksize=8
    alignbytes=8, prototype=define
  Linker and Libraries:
    ld='cc', ldflags =' -L/usr/local/lib'
    libpth=/usr/local/lib /lib /usr/lib /lib64 /usr/lib64
    libs=-lnsl -ldb -ldl -lm -lcrypt -lutil -lc
    perllibs=-lnsl -ldl -lm -lcrypt -lutil -lc
    libc=/lib/libc-2.11.1.so, so=so, useshrplib=false, libperl=libperl.a
    gnulibc_version='2.11.1'
  Dynamic Linking:
    dlsrc=dl_dlopen.xs, dlext=so, d_dlsymun=undef, ccdlflags='-Wl,-E'
    cccdlflags='-fPIC', lddlflags='-shared -O2 -L/usr/local/lib'


Characteristics of this binary (from libperl): 
  Compile-time options: MULTIPLICITY PERL_IMPLICIT_CONTEXT PERL_MALLOC_WRAP
                        USE_64_BIT_ALL USE_64_BIT_INT USE_FAST_STDIO
                        USE_LARGE_FILES USE_PERLIO
  Built under linux
  Compiled at Aug  1 2011 06:32:31
  %ENV:
    PERL5LIB=""
    PERL5OPT=""
    PERL5_CPANPLUS_IS_RUNNING="1263"
    PERL5_CPAN_IS_RUNNING="1263"
    PERL5_CPAN_IS_RUNNING_IN_RECURSION="7140,1263"
    PERL_CR_SMOKER_CURRENT="Class-DBI-Sweet-0.08"
    PERL_EXTUTILS_AUTOINSTALL="--defaultdeps"
    PERL_MM_USE_DEFAULT="1"
  @INC:
    /home/trushel/perl/perl589m/lib/5.8.9/x86_64-linux-multi
    /home/trushel/perl/perl589m/lib/5.8.9
    /home/trushel/perl/perl589m/lib/site_perl/5.8.9/x86_64-linux-multi
    /home/trushel/perl/perl589m/lib/site_perl/5.8.9
    .